{"id":78599,"date":"2026-08-27T12:49:00","date_gmt":"2026-08-27T10:49:00","guid":{"rendered":"https:\/\/www.sejourprive.com\/?post_type=product&#038;p=78599"},"modified":"2026-08-27T12:49:00","modified_gmt":"2026-08-27T10:49:00","slug":"antares-appartement-naos-401-meribel-alpes-francaises-france","status":"publish","type":"product","link":"https:\/\/www.sejourprive.com\/en\/biens\/antares-appartement-naos-401-meribel-alpes-francaises-france\/","title":{"rendered":"Antares \u2013 Naos 401 Flat, M\u00e9ribel, French Alps, France"},"content":{"rendered":"<p>Mettez le cap sur l&rsquo;appartement Naos 401 &agrave; M&eacute;ribel pour des vacances au ski alliant journ&eacute;es sur les pistes et soir&eacute;es au coin du feu. Avec son mobilier graphite, ses tons chauds et ses plaids en polaire, cet appartement vous donnera envie de passer vos vacances d&rsquo;hiver blottis au c&oelig;ur de ce refuge raffin&eacute; et &eacute;l&eacute;gant.&lt;span&gt;<div class=\"read-more-wrapper\"><a class=\"read-more-button\" data-target=\"read-more-6a966f0589d94\" data-more-text=\"Read more\" data-less-text=\"Read less\"><span class=\"read-more-text\">Read more<\/span><\/a><div id=\"read-more-6a966f0589d94\" class=\"read-more-content\"> &lt;\/span&gt;<\/p>\n<p>Si le ski n\u2019est pas votre activit\u00e9 de pr\u00e9dilection, pourquoi ne pas passer la journ\u00e9e \u00e0 vous d\u00e9tendre dans l\u2019espace bien-\u00eatre sur deux \u00e9tages de la r\u00e9sidence ? Une grotte de sel, une fontaine de glace et une piscine de 25 m\u00e8tres de long offrant une vue panoramique sur les montagnes et la for\u00eat bicentenaire vous attendent. Si, en revanche, vous souhaitez d\u00e9valer les pistes du c\u00e9l\u00e8bre domaine des 3 Vall\u00e9es, enfilez vos skis et partez \u00e0 la conqu\u00eate des sommets les plus proches, situ\u00e9s \u00e0 deux pas de chez vous. Le soir venu, installez-vous confortablement dans le canap\u00e9 pour une pause chocolat chaud en famille avant de savourer un d\u00eener savoyard bien m\u00e9rit\u00e9.<\/div><\/div><\/p>","protected":false},"excerpt":{"rendered":"<p>Mettez le cap sur l\u2019appartement Naos 401 \u00e0 M\u00e9ribel pour des vacances au ski alliant journ\u00e9es sur les pistes et&#8230;<\/p>","protected":false},"featured_media":78613,"comment_status":"open","ping_status":"closed","template":"","meta":{"_acf_changed":false},"product_brand":[],"product_cat":[95,172],"product_tag":[],"class_list":["post-78599","product","type-product","status-publish","has-post-thumbnail","product_cat-appartement","product_cat-montagne","property_location-alpes-francaises","property_location-france","property_location-meribel","first","instock","sold-individually","shipping-taxable","purchasable","product-type-simple"],"acf":[],"yoast_head":"<!-- This site is optimized with the Yoast SEO plugin v26.6 - https:\/\/yoast.com\/wordpress\/plugins\/seo\/ -->\n<title>Antares - Appartement Naos 401, M\u00e9ribel, Alpes Fran\u00e7aises, France - S\u00e9jour Priv\u00e9<\/title>\n<meta name=\"description\" content=\"Mettez le cap sur l\u2019appartement Naos 401 \u00e0 M\u00e9ribel pour des vacances au ski alliant journ\u00e9es sur les pistes et soir\u00e9es au coin du feu. Avec son mobilier\" \/>\n<meta name=\"robots\" content=\"index, follow, max-snippet:-1, max-image-preview:large, max-video-preview:-1\" \/>\n<link rel=\"canonical\" href=\"https:\/\/www.sejourprive.com\/en\/biens\/antares-appartement-naos-401-meribel-alpes-francaises-france\/\" \/>\n<meta property=\"og:locale\" content=\"en_GB\" \/>\n<meta property=\"og:type\" content=\"article\" \/>\n<meta property=\"og:title\" content=\"Antares - Appartement Naos 401, M\u00e9ribel, Alpes Fran\u00e7aises, France - S\u00e9jour Priv\u00e9\" \/>\n<meta property=\"og:description\" content=\"Mettez le cap sur l\u2019appartement Naos 401 \u00e0 M\u00e9ribel pour des vacances au ski alliant journ\u00e9es sur les pistes et soir\u00e9es au coin du feu. Avec son mobilier\" \/>\n<meta property=\"og:url\" content=\"https:\/\/www.sejourprive.com\/en\/biens\/antares-appartement-naos-401-meribel-alpes-francaises-france\/\" \/>\n<meta property=\"og:site_name\" content=\"S\u00e9jour Priv\u00e9\" \/>\n<meta property=\"og:image\" content=\"https:\/\/www.sejourprive.com\/wp-content\/uploads\/2026\/08\/0-113.jpg\" \/>\n\t<meta property=\"og:image:width\" content=\"1200\" \/>\n\t<meta property=\"og:image:height\" content=\"839\" \/>\n\t<meta property=\"og:image:type\" content=\"image\/jpeg\" \/>\n<meta name=\"twitter:card\" content=\"summary_large_image\" \/>\n<meta name=\"twitter:label1\" content=\"Estimated reading time\" \/>\n\t<meta name=\"twitter:data1\" content=\"2 minutes\" \/>\n<script type=\"application\/ld+json\" class=\"yoast-schema-graph\">{\"@context\":\"https:\/\/schema.org\",\"@graph\":[{\"@type\":\"WebPage\",\"@id\":\"https:\/\/www.sejourprive.com\/biens\/antares-appartement-naos-401-meribel-alpes-francaises-france\/\",\"url\":\"https:\/\/www.sejourprive.com\/biens\/antares-appartement-naos-401-meribel-alpes-francaises-france\/\",\"name\":\"Antares - Appartement Naos 401, M\u00e9ribel, Alpes Fran\u00e7aises, France - S\u00e9jour Priv\u00e9\",\"isPartOf\":{\"@id\":\"https:\/\/www.sejourprive.com\/#website\"},\"primaryImageOfPage\":{\"@id\":\"https:\/\/www.sejourprive.com\/biens\/antares-appartement-naos-401-meribel-alpes-francaises-france\/#primaryimage\"},\"image\":{\"@id\":\"https:\/\/www.sejourprive.com\/biens\/antares-appartement-naos-401-meribel-alpes-francaises-france\/#primaryimage\"},\"thumbnailUrl\":\"https:\/\/www.sejourprive.com\/wp-content\/uploads\/2026\/08\/0-113.jpg\",\"datePublished\":\"2026-08-27T10:49:00+00:00\",\"description\":\"Mettez le cap sur l\u2019appartement Naos 401 \u00e0 M\u00e9ribel pour des vacances au ski alliant journ\u00e9es sur les pistes et soir\u00e9es au coin du feu. Avec son mobilier\",\"breadcrumb\":{\"@id\":\"https:\/\/www.sejourprive.com\/biens\/antares-appartement-naos-401-meribel-alpes-francaises-france\/#breadcrumb\"},\"inLanguage\":\"en-GB\",\"potentialAction\":[{\"@type\":\"ReadAction\",\"target\":[\"https:\/\/www.sejourprive.com\/biens\/antares-appartement-naos-401-meribel-alpes-francaises-france\/\"]}]},{\"@type\":\"ImageObject\",\"inLanguage\":\"en-GB\",\"@id\":\"https:\/\/www.sejourprive.com\/biens\/antares-appartement-naos-401-meribel-alpes-francaises-france\/#primaryimage\",\"url\":\"https:\/\/www.sejourprive.com\/wp-content\/uploads\/2026\/08\/0-113.jpg\",\"contentUrl\":\"https:\/\/www.sejourprive.com\/wp-content\/uploads\/2026\/08\/0-113.jpg\",\"width\":1200,\"height\":839},{\"@type\":\"BreadcrumbList\",\"@id\":\"https:\/\/www.sejourprive.com\/biens\/antares-appartement-naos-401-meribel-alpes-francaises-france\/#breadcrumb\",\"itemListElement\":[{\"@type\":\"ListItem\",\"position\":1,\"name\":\"Accueil\",\"item\":\"https:\/\/www.sejourprive.com\/\"},{\"@type\":\"ListItem\",\"position\":2,\"name\":\"Shop\",\"item\":\"https:\/\/www.sejourprive.com\/shop\/\"},{\"@type\":\"ListItem\",\"position\":3,\"name\":\"Antares &#8211; Appartement Naos 401, M\u00e9ribel, Alpes Fran\u00e7aises, France\"}]},{\"@type\":\"WebSite\",\"@id\":\"https:\/\/www.sejourprive.com\/#website\",\"url\":\"https:\/\/www.sejourprive.com\/\",\"name\":\"S\u00e9jour Priv\u00e9\",\"description\":\"Nous imaginons pour vous des s\u00e9jours d\u2019exception.\",\"publisher\":{\"@id\":\"https:\/\/www.sejourprive.com\/#organization\"},\"potentialAction\":[{\"@type\":\"SearchAction\",\"target\":{\"@type\":\"EntryPoint\",\"urlTemplate\":\"https:\/\/www.sejourprive.com\/?s={search_term_string}\"},\"query-input\":{\"@type\":\"PropertyValueSpecification\",\"valueRequired\":true,\"valueName\":\"search_term_string\"}}],\"inLanguage\":\"en-GB\"},{\"@type\":\"Organization\",\"@id\":\"https:\/\/www.sejourprive.com\/#organization\",\"name\":\"S\u00e9jour Priv\u00e9\",\"url\":\"https:\/\/www.sejourprive.com\/\",\"logo\":{\"@type\":\"ImageObject\",\"inLanguage\":\"en-GB\",\"@id\":\"https:\/\/www.sejourprive.com\/#\/schema\/logo\/image\/\",\"url\":\"https:\/\/www.sejourprive.com\/wp-content\/uploads\/2026\/02\/SP-Apple-touch-144-couleur-1-2.png\",\"contentUrl\":\"https:\/\/www.sejourprive.com\/wp-content\/uploads\/2026\/02\/SP-Apple-touch-144-couleur-1-2.png\",\"width\":145,\"height\":145,\"caption\":\"S\u00e9jour Priv\u00e9\"},\"image\":{\"@id\":\"https:\/\/www.sejourprive.com\/#\/schema\/logo\/image\/\"}}]}<\/script>\n<!-- \/ Yoast SEO plugin. -->","yoast_head_json":{"title":"Antares - Appartement Naos 401, M\u00e9ribel, Alpes Fran\u00e7aises, France - S\u00e9jour Priv\u00e9","description":"Mettez le cap sur l\u2019appartement Naos 401 \u00e0 M\u00e9ribel pour des vacances au ski alliant journ\u00e9es sur les pistes et soir\u00e9es au coin du feu. Avec son mobilier","robots":{"index":"index","follow":"follow","max-snippet":"max-snippet:-1","max-image-preview":"max-image-preview:large","max-video-preview":"max-video-preview:-1"},"canonical":"https:\/\/www.sejourprive.com\/en\/biens\/antares-appartement-naos-401-meribel-alpes-francaises-france\/","og_locale":"en_GB","og_type":"article","og_title":"Antares - Appartement Naos 401, M\u00e9ribel, Alpes Fran\u00e7aises, France - S\u00e9jour Priv\u00e9","og_description":"Mettez le cap sur l\u2019appartement Naos 401 \u00e0 M\u00e9ribel pour des vacances au ski alliant journ\u00e9es sur les pistes et soir\u00e9es au coin du feu. Avec son mobilier","og_url":"https:\/\/www.sejourprive.com\/en\/biens\/antares-appartement-naos-401-meribel-alpes-francaises-france\/","og_site_name":"S\u00e9jour Priv\u00e9","og_image":[{"width":1200,"height":839,"url":"https:\/\/www.sejourprive.com\/wp-content\/uploads\/2026\/08\/0-113.jpg","type":"image\/jpeg"}],"twitter_card":"summary_large_image","twitter_misc":{"Estimated reading time":"2 minutes"},"schema":{"@context":"https:\/\/schema.org","@graph":[{"@type":"WebPage","@id":"https:\/\/www.sejourprive.com\/biens\/antares-appartement-naos-401-meribel-alpes-francaises-france\/","url":"https:\/\/www.sejourprive.com\/biens\/antares-appartement-naos-401-meribel-alpes-francaises-france\/","name":"Antares - Appartement Naos 401, M\u00e9ribel, Alpes Fran\u00e7aises, France - S\u00e9jour Priv\u00e9","isPartOf":{"@id":"https:\/\/www.sejourprive.com\/#website"},"primaryImageOfPage":{"@id":"https:\/\/www.sejourprive.com\/biens\/antares-appartement-naos-401-meribel-alpes-francaises-france\/#primaryimage"},"image":{"@id":"https:\/\/www.sejourprive.com\/biens\/antares-appartement-naos-401-meribel-alpes-francaises-france\/#primaryimage"},"thumbnailUrl":"https:\/\/www.sejourprive.com\/wp-content\/uploads\/2026\/08\/0-113.jpg","datePublished":"2026-08-27T10:49:00+00:00","description":"Mettez le cap sur l\u2019appartement Naos 401 \u00e0 M\u00e9ribel pour des vacances au ski alliant journ\u00e9es sur les pistes et soir\u00e9es au coin du feu. Avec son mobilier","breadcrumb":{"@id":"https:\/\/www.sejourprive.com\/biens\/antares-appartement-naos-401-meribel-alpes-francaises-france\/#breadcrumb"},"inLanguage":"en-GB","potentialAction":[{"@type":"ReadAction","target":["https:\/\/www.sejourprive.com\/biens\/antares-appartement-naos-401-meribel-alpes-francaises-france\/"]}]},{"@type":"ImageObject","inLanguage":"en-GB","@id":"https:\/\/www.sejourprive.com\/biens\/antares-appartement-naos-401-meribel-alpes-francaises-france\/#primaryimage","url":"https:\/\/www.sejourprive.com\/wp-content\/uploads\/2026\/08\/0-113.jpg","contentUrl":"https:\/\/www.sejourprive.com\/wp-content\/uploads\/2026\/08\/0-113.jpg","width":1200,"height":839},{"@type":"BreadcrumbList","@id":"https:\/\/www.sejourprive.com\/biens\/antares-appartement-naos-401-meribel-alpes-francaises-france\/#breadcrumb","itemListElement":[{"@type":"ListItem","position":1,"name":"Accueil","item":"https:\/\/www.sejourprive.com\/"},{"@type":"ListItem","position":2,"name":"Shop","item":"https:\/\/www.sejourprive.com\/shop\/"},{"@type":"ListItem","position":3,"name":"Antares &#8211; Appartement Naos 401, M\u00e9ribel, Alpes Fran\u00e7aises, France"}]},{"@type":"WebSite","@id":"https:\/\/www.sejourprive.com\/#website","url":"https:\/\/www.sejourprive.com\/","name":"Private Stay","description":"We design exceptional holidays for you.","publisher":{"@id":"https:\/\/www.sejourprive.com\/#organization"},"potentialAction":[{"@type":"SearchAction","target":{"@type":"EntryPoint","urlTemplate":"https:\/\/www.sejourprive.com\/?s={search_term_string}"},"query-input":{"@type":"PropertyValueSpecification","valueRequired":true,"valueName":"search_term_string"}}],"inLanguage":"en-GB"},{"@type":"Organization","@id":"https:\/\/www.sejourprive.com\/#organization","name":"Private Stay","url":"https:\/\/www.sejourprive.com\/","logo":{"@type":"ImageObject","inLanguage":"en-GB","@id":"https:\/\/www.sejourprive.com\/#\/schema\/logo\/image\/","url":"https:\/\/www.sejourprive.com\/wp-content\/uploads\/2026\/02\/SP-Apple-touch-144-couleur-1-2.png","contentUrl":"https:\/\/www.sejourprive.com\/wp-content\/uploads\/2026\/02\/SP-Apple-touch-144-couleur-1-2.png","width":145,"height":145,"caption":"S\u00e9jour Priv\u00e9"},"image":{"@id":"https:\/\/www.sejourprive.com\/#\/schema\/logo\/image\/"}}]}},"_links":{"self":[{"href":"https:\/\/www.sejourprive.com\/en\/wp-json\/wp\/v2\/product\/78599","targetHints":{"allow":["GET"]}}],"collection":[{"href":"https:\/\/www.sejourprive.com\/en\/wp-json\/wp\/v2\/product"}],"about":[{"href":"https:\/\/www.sejourprive.com\/en\/wp-json\/wp\/v2\/types\/product"}],"replies":[{"embeddable":true,"href":"https:\/\/www.sejourprive.com\/en\/wp-json\/wp\/v2\/comments?post=78599"}],"version-history":[{"count":1,"href":"https:\/\/www.sejourprive.com\/en\/wp-json\/wp\/v2\/product\/78599\/revisions"}],"predecessor-version":[{"id":78600,"href":"https:\/\/www.sejourprive.com\/en\/wp-json\/wp\/v2\/product\/78599\/revisions\/78600"}],"wp:featuredmedia":[{"embeddable":true,"href":"https:\/\/www.sejourprive.com\/en\/wp-json\/wp\/v2\/media\/78613"}],"wp:attachment":[{"href":"https:\/\/www.sejourprive.com\/en\/wp-json\/wp\/v2\/media?parent=78599"}],"wp:term":[{"taxonomy":"product_brand","embeddable":true,"href":"https:\/\/www.sejourprive.com\/en\/wp-json\/wp\/v2\/product_brand?post=78599"},{"taxonomy":"product_cat","embeddable":true,"href":"https:\/\/www.sejourprive.com\/en\/wp-json\/wp\/v2\/product_cat?post=78599"},{"taxonomy":"product_tag","embeddable":true,"href":"https:\/\/www.sejourprive.com\/en\/wp-json\/wp\/v2\/product_tag?post=78599"}],"curies":[{"name":"wp","href":"https:\/\/api.w.org\/{rel}","templated":true}]}}

Antares – Naos 401 Flat, Méribel, French Alps, France

<p>Mettez le cap sur l&rsquo;appartement Naos 401 &agrave; M&eacute;ribel pour des vacances au ski alliant journ&eacute;es sur les pistes et soir&eacute;es au coin du feu. Avec son mobilier graphite, ses tons chauds et ses plaids en polaire, cet appartement vous donnera envie de passer vos vacances d&rsquo;hiver blottis au c&oelig;ur de ce refuge raffin&eacute; et &eacute;l&eacute;gant.&lt;span&gt;<div class="read-more-wrapper"><a class="read-more-button" data-target="read-more-6a966f0589d94" data-more-text="Read more" data-less-text="Read less"><span class="read-more-text">Read more</span></a><div id="read-more-6a966f0589d94" class="read-more-content"> &lt;/span&gt;</p>
<p>Si le ski n’est pas votre activité de prédilection, pourquoi ne pas passer la journée à vous détendre dans l’espace bien-être sur deux étages de la résidence ? Une grotte de sel, une fontaine de glace et une piscine de 25 mètres de long offrant une vue panoramique sur les montagnes et la forêt bicentenaire vous attendent. Si, en revanche, vous souhaitez dévaler les pistes du célèbre domaine des 3 Vallées, enfilez vos skis et partez à la conquête des sommets les plus proches, situés à deux pas de chez vous. Le soir venu, installez-vous confortablement dans le canapé pour une pause chocolat chaud en famille avant de savourer un dîner savoyard bien mérité.</div></div></p>

<p>Mettez le cap sur l’appartement Naos 401 à Méribel pour des vacances au ski alliant journées sur les pistes et&#8230;</p>

<!-- This site is optimized with the Yoast SEO plugin v26.6 - https://yoast.com/wordpress/plugins/seo/ -->
<title>Antares - Appartement Naos 401, Méribel, Alpes Françaises, France - Séjour Privé</title>
<meta name="description" content="Mettez le cap sur l’appartement Naos 401 à Méribel pour des vacances au ski alliant journées sur les pistes et soirées au coin du feu. Avec son mobilier" />
<meta name="robots" content="index, follow, max-snippet:-1, max-image-preview:large, max-video-preview:-1" />
<link rel="canonical" href="https://www.sejourprive.com/en/biens/antares-appartement-naos-401-meribel-alpes-francaises-france/" />
<meta property="og:locale" content="en_GB" />
<meta property="og:type" content="article" />
<meta property="og:title" content="Antares - Appartement Naos 401, Méribel, Alpes Françaises, France - Séjour Privé" />
<meta property="og:description" content="Mettez le cap sur l’appartement Naos 401 à Méribel pour des vacances au ski alliant journées sur les pistes et soirées au coin du feu. Avec son mobilier" />
<meta property="og:url" content="https://www.sejourprive.com/en/biens/antares-appartement-naos-401-meribel-alpes-francaises-france/" />
<meta property="og:site_name" content="Séjour Privé" />
<meta property="og:image" content="https://www.sejourprive.com/wp-content/uploads/2026/08/0-113.jpg" />
	<meta property="og:image:width" content="1200" />
	<meta property="og:image:height" content="839" />
	<meta property="og:image:type" content="image/jpeg" />
<meta name="twitter:card" content="summary_large_image" />
<meta name="twitter:label1" content="Estimated reading time" />
	<meta name="twitter:data1" content="2 minutes" />
<script type="application/ld+json" class="yoast-schema-graph">{"@context":"https://schema.org","@graph":[{"@type":"WebPage","@id":"https://www.sejourprive.com/biens/antares-appartement-naos-401-meribel-alpes-francaises-france/","url":"https://www.sejourprive.com/biens/antares-appartement-naos-401-meribel-alpes-francaises-france/","name":"Antares - Appartement Naos 401, Méribel, Alpes Françaises, France - Séjour Privé","isPartOf":{"@id":"https://www.sejourprive.com/#website"},"primaryImageOfPage":{"@id":"https://www.sejourprive.com/biens/antares-appartement-naos-401-meribel-alpes-francaises-france/#primaryimage"},"image":{"@id":"https://www.sejourprive.com/biens/antares-appartement-naos-401-meribel-alpes-francaises-france/#primaryimage"},"thumbnailUrl":"https://www.sejourprive.com/wp-content/uploads/2026/08/0-113.jpg","datePublished":"2026-08-27T10:49:00+00:00","description":"Mettez le cap sur l’appartement Naos 401 à Méribel pour des vacances au ski alliant journées sur les pistes et soirées au coin du feu. Avec son mobilier","breadcrumb":{"@id":"https://www.sejourprive.com/biens/antares-appartement-naos-401-meribel-alpes-francaises-france/#breadcrumb"},"inLanguage":"en-GB","potentialAction":[{"@type":"ReadAction","target":["https://www.sejourprive.com/biens/antares-appartement-naos-401-meribel-alpes-francaises-france/"]}]},{"@type":"ImageObject","inLanguage":"en-GB","@id":"https://www.sejourprive.com/biens/antares-appartement-naos-401-meribel-alpes-francaises-france/#primaryimage","url":"https://www.sejourprive.com/wp-content/uploads/2026/08/0-113.jpg","contentUrl":"https://www.sejourprive.com/wp-content/uploads/2026/08/0-113.jpg","width":1200,"height":839},{"@type":"BreadcrumbList","@id":"https://www.sejourprive.com/biens/antares-appartement-naos-401-meribel-alpes-francaises-france/#breadcrumb","itemListElement":[{"@type":"ListItem","position":1,"name":"Accueil","item":"https://www.sejourprive.com/"},{"@type":"ListItem","position":2,"name":"Shop","item":"https://www.sejourprive.com/shop/"},{"@type":"ListItem","position":3,"name":"Antares &#8211; Appartement Naos 401, Méribel, Alpes Françaises, France"}]},{"@type":"WebSite","@id":"https://www.sejourprive.com/#website","url":"https://www.sejourprive.com/","name":"Séjour Privé","description":"Nous imaginons pour vous des séjours d’exception.","publisher":{"@id":"https://www.sejourprive.com/#organization"},"potentialAction":[{"@type":"SearchAction","target":{"@type":"EntryPoint","urlTemplate":"https://www.sejourprive.com/?s={search_term_string}"},"query-input":{"@type":"PropertyValueSpecification","valueRequired":true,"valueName":"search_term_string"}}],"inLanguage":"en-GB"},{"@type":"Organization","@id":"https://www.sejourprive.com/#organization","name":"Séjour Privé","url":"https://www.sejourprive.com/","logo":{"@type":"ImageObject","inLanguage":"en-GB","@id":"https://www.sejourprive.com/#/schema/logo/image/","url":"https://www.sejourprive.com/wp-content/uploads/2026/02/SP-Apple-touch-144-couleur-1-2.png","contentUrl":"https://www.sejourprive.com/wp-content/uploads/2026/02/SP-Apple-touch-144-couleur-1-2.png","width":145,"height":145,"caption":"Séjour Privé"},"image":{"@id":"https://www.sejourprive.com/#/schema/logo/image/"}}]}</script>
<!-- / Yoast SEO plugin. -->

Antares - Appartement Naos 401, Méribel, Alpes Françaises, France - Séjour Privé

Mettez le cap sur l’appartement Naos 401 à Méribel pour des vacances au ski alliant journées sur les pistes et soirées au coin du feu. Avec son mobilier

Séjour Privé

Antares &#8211; Appartement Naos 401, Méribel, Alpes Françaises, France
