{"id":76981,"date":"2026-08-17T12:23:45","date_gmt":"2026-08-17T10:23:45","guid":{"rendered":"https:\/\/www.sejourprive.com\/?post_type=product&#038;p=76981"},"modified":"2026-08-26T14:58:29","modified_gmt":"2026-08-26T12:58:29","slug":"appartement-la-sana-val-disere-alpes-francaises-france","status":"publish","type":"product","link":"https:\/\/www.sejourprive.com\/en\/biens\/appartement-la-sana-val-disere-alpes-francaises-france\/","title":{"rendered":"La Sana Apartment, Val d\u2019Is\u00e8re, French Alps, France"},"content":{"rendered":"<p>Discover the La Sana Apartment, nestled in the heart of the French Alps, in the picturesque resort of Val d\u2019Is\u00e8re. This masterpiece of modern architecture harmoniously blends irresistible rustic charm with the Alpine setting. The interior features a typically Alpine yet refined d\u00e9cor, offering breathtaking views of the snow-capped peaks and the neighbouring village.<span><div class=\"read-more-wrapper\"><a class=\"read-more-button\" data-target=\"read-more-6a98a3a9af2f7\" data-more-text=\"Read more\" data-less-text=\"Read less\"><span class=\"read-more-text\">Read more<\/span><\/a><div id=\"read-more-6a98a3a9af2f7\" class=\"read-more-content\"> <\/span><\/p>\n<p>Imagine waking up at La Sana Apartment and starting your day with a delicious breakfast, prepared by your dedicated staff. Then spend the morning whizzing down the snow-covered slopes, just a stone\u2019s throw from your door. On your return, relax in the hot tub and sauna or lose yourself in a good book by the crackling fire. Round off your day with a relaxing stroll into the town centre, where plenty of restaurants, bars and local shops await you.<\/div><\/div><\/p>","protected":false},"excerpt":{"rendered":"<p>D\u00e9couvrez l\u2019Appartement La Sana, nich\u00e9 au c\u0153ur des Alpes fran\u00e7aises, dans la station pittoresque de Val d\u2019Is\u00e8re. Ce chef-d\u2019\u0153uvre d\u2019architecture&#8230;<\/p>","protected":false},"featured_media":76998,"comment_status":"open","ping_status":"closed","template":"","meta":{"_acf_changed":false},"product_brand":[],"product_cat":[95,172],"product_tag":[],"class_list":["post-76981","product","type-product","status-publish","has-post-thumbnail","product_cat-appartement","product_cat-montagne","property_location-alpes-francaises","property_location-france","property_location-val-disere","first","instock","sold-individually","shipping-taxable","purchasable","product-type-simple"],"acf":[],"yoast_head":"<!-- This site is optimized with the Yoast SEO plugin v26.6 - https:\/\/yoast.com\/wordpress\/plugins\/seo\/ -->\n<title>Appartement La Sana, Val D&#039;Is\u00e8re, Alpes Fran\u00e7aises, France - S\u00e9jour Priv\u00e9<\/title>\n<meta name=\"description\" content=\"D\u00e9couvrez l\u2019Appartement La Sana, nich\u00e9 au c\u0153ur des Alpes fran\u00e7aises, dans la station pittoresque de Val d\u2019Is\u00e8re. Ce chef-d\u2019\u0153uvre d\u2019architecture moderne\" \/>\n<meta name=\"robots\" content=\"index, follow, max-snippet:-1, max-image-preview:large, max-video-preview:-1\" \/>\n<link rel=\"canonical\" href=\"https:\/\/www.sejourprive.com\/en\/biens\/appartement-la-sana-val-disere-alpes-francaises-france\/\" \/>\n<meta property=\"og:locale\" content=\"en_GB\" \/>\n<meta property=\"og:type\" content=\"article\" \/>\n<meta property=\"og:title\" content=\"Appartement La Sana, Val D&#039;Is\u00e8re, Alpes Fran\u00e7aises, France - S\u00e9jour Priv\u00e9\" \/>\n<meta property=\"og:description\" content=\"D\u00e9couvrez l\u2019Appartement La Sana, nich\u00e9 au c\u0153ur des Alpes fran\u00e7aises, dans la station pittoresque de Val d\u2019Is\u00e8re. Ce chef-d\u2019\u0153uvre d\u2019architecture moderne\" \/>\n<meta property=\"og:url\" content=\"https:\/\/www.sejourprive.com\/en\/biens\/appartement-la-sana-val-disere-alpes-francaises-france\/\" \/>\n<meta property=\"og:site_name\" content=\"S\u00e9jour Priv\u00e9\" \/>\n<meta property=\"article:modified_time\" content=\"2026-08-26T12:58:29+00:00\" \/>\n<meta property=\"og:image\" content=\"https:\/\/www.sejourprive.com\/wp-content\/uploads\/2026\/08\/2-61.jpg\" \/>\n\t<meta property=\"og:image:width\" content=\"1200\" \/>\n\t<meta property=\"og:image:height\" content=\"800\" \/>\n\t<meta property=\"og:image:type\" content=\"image\/jpeg\" \/>\n<meta name=\"twitter:card\" content=\"summary_large_image\" \/>\n<meta name=\"twitter:label1\" content=\"Estimated reading time\" \/>\n\t<meta name=\"twitter:data1\" content=\"1 minute\" \/>\n<script type=\"application\/ld+json\" class=\"yoast-schema-graph\">{\"@context\":\"https:\/\/schema.org\",\"@graph\":[{\"@type\":\"WebPage\",\"@id\":\"https:\/\/www.sejourprive.com\/biens\/appartement-la-sana-val-disere-alpes-francaises-france\/\",\"url\":\"https:\/\/www.sejourprive.com\/biens\/appartement-la-sana-val-disere-alpes-francaises-france\/\",\"name\":\"Appartement La Sana, Val D'Is\u00e8re, Alpes Fran\u00e7aises, France - S\u00e9jour Priv\u00e9\",\"isPartOf\":{\"@id\":\"https:\/\/www.sejourprive.com\/#website\"},\"primaryImageOfPage\":{\"@id\":\"https:\/\/www.sejourprive.com\/biens\/appartement-la-sana-val-disere-alpes-francaises-france\/#primaryimage\"},\"image\":{\"@id\":\"https:\/\/www.sejourprive.com\/biens\/appartement-la-sana-val-disere-alpes-francaises-france\/#primaryimage\"},\"thumbnailUrl\":\"https:\/\/www.sejourprive.com\/wp-content\/uploads\/2026\/08\/2-61.jpg\",\"datePublished\":\"2026-08-17T10:23:45+00:00\",\"dateModified\":\"2026-08-26T12:58:29+00:00\",\"description\":\"D\u00e9couvrez l\u2019Appartement La Sana, nich\u00e9 au c\u0153ur des Alpes fran\u00e7aises, dans la station pittoresque de Val d\u2019Is\u00e8re. Ce chef-d\u2019\u0153uvre d\u2019architecture moderne\",\"breadcrumb\":{\"@id\":\"https:\/\/www.sejourprive.com\/biens\/appartement-la-sana-val-disere-alpes-francaises-france\/#breadcrumb\"},\"inLanguage\":\"en-GB\",\"potentialAction\":[{\"@type\":\"ReadAction\",\"target\":[\"https:\/\/www.sejourprive.com\/biens\/appartement-la-sana-val-disere-alpes-francaises-france\/\"]}]},{\"@type\":\"ImageObject\",\"inLanguage\":\"en-GB\",\"@id\":\"https:\/\/www.sejourprive.com\/biens\/appartement-la-sana-val-disere-alpes-francaises-france\/#primaryimage\",\"url\":\"https:\/\/www.sejourprive.com\/wp-content\/uploads\/2026\/08\/2-61.jpg\",\"contentUrl\":\"https:\/\/www.sejourprive.com\/wp-content\/uploads\/2026\/08\/2-61.jpg\",\"width\":1200,\"height\":800},{\"@type\":\"BreadcrumbList\",\"@id\":\"https:\/\/www.sejourprive.com\/biens\/appartement-la-sana-val-disere-alpes-francaises-france\/#breadcrumb\",\"itemListElement\":[{\"@type\":\"ListItem\",\"position\":1,\"name\":\"Accueil\",\"item\":\"https:\/\/www.sejourprive.com\/\"},{\"@type\":\"ListItem\",\"position\":2,\"name\":\"Shop\",\"item\":\"https:\/\/www.sejourprive.com\/shop\/\"},{\"@type\":\"ListItem\",\"position\":3,\"name\":\"Appartement La Sana, Val D&#8217;Is\u00e8re, Alpes Fran\u00e7aises, France\"}]},{\"@type\":\"WebSite\",\"@id\":\"https:\/\/www.sejourprive.com\/#website\",\"url\":\"https:\/\/www.sejourprive.com\/\",\"name\":\"S\u00e9jour Priv\u00e9\",\"description\":\"Nous imaginons pour vous des s\u00e9jours d\u2019exception.\",\"publisher\":{\"@id\":\"https:\/\/www.sejourprive.com\/#organization\"},\"potentialAction\":[{\"@type\":\"SearchAction\",\"target\":{\"@type\":\"EntryPoint\",\"urlTemplate\":\"https:\/\/www.sejourprive.com\/?s={search_term_string}\"},\"query-input\":{\"@type\":\"PropertyValueSpecification\",\"valueRequired\":true,\"valueName\":\"search_term_string\"}}],\"inLanguage\":\"en-GB\"},{\"@type\":\"Organization\",\"@id\":\"https:\/\/www.sejourprive.com\/#organization\",\"name\":\"S\u00e9jour Priv\u00e9\",\"url\":\"https:\/\/www.sejourprive.com\/\",\"logo\":{\"@type\":\"ImageObject\",\"inLanguage\":\"en-GB\",\"@id\":\"https:\/\/www.sejourprive.com\/#\/schema\/logo\/image\/\",\"url\":\"https:\/\/www.sejourprive.com\/wp-content\/uploads\/2026\/02\/SP-Apple-touch-144-couleur-1-2.png\",\"contentUrl\":\"https:\/\/www.sejourprive.com\/wp-content\/uploads\/2026\/02\/SP-Apple-touch-144-couleur-1-2.png\",\"width\":145,\"height\":145,\"caption\":\"S\u00e9jour Priv\u00e9\"},\"image\":{\"@id\":\"https:\/\/www.sejourprive.com\/#\/schema\/logo\/image\/\"}}]}<\/script>\n<!-- \/ Yoast SEO plugin. -->","yoast_head_json":{"title":"Appartement La Sana, Val D'Is\u00e8re, Alpes Fran\u00e7aises, France - S\u00e9jour Priv\u00e9","description":"D\u00e9couvrez l\u2019Appartement La Sana, nich\u00e9 au c\u0153ur des Alpes fran\u00e7aises, dans la station pittoresque de Val d\u2019Is\u00e8re. Ce chef-d\u2019\u0153uvre d\u2019architecture moderne","robots":{"index":"index","follow":"follow","max-snippet":"max-snippet:-1","max-image-preview":"max-image-preview:large","max-video-preview":"max-video-preview:-1"},"canonical":"https:\/\/www.sejourprive.com\/en\/biens\/appartement-la-sana-val-disere-alpes-francaises-france\/","og_locale":"en_GB","og_type":"article","og_title":"Appartement La Sana, Val D'Is\u00e8re, Alpes Fran\u00e7aises, France - S\u00e9jour Priv\u00e9","og_description":"D\u00e9couvrez l\u2019Appartement La Sana, nich\u00e9 au c\u0153ur des Alpes fran\u00e7aises, dans la station pittoresque de Val d\u2019Is\u00e8re. Ce chef-d\u2019\u0153uvre d\u2019architecture moderne","og_url":"https:\/\/www.sejourprive.com\/en\/biens\/appartement-la-sana-val-disere-alpes-francaises-france\/","og_site_name":"S\u00e9jour Priv\u00e9","article_modified_time":"2026-08-26T12:58:29+00:00","og_image":[{"width":1200,"height":800,"url":"https:\/\/www.sejourprive.com\/wp-content\/uploads\/2026\/08\/2-61.jpg","type":"image\/jpeg"}],"twitter_card":"summary_large_image","twitter_misc":{"Estimated reading time":"1 minute"},"schema":{"@context":"https:\/\/schema.org","@graph":[{"@type":"WebPage","@id":"https:\/\/www.sejourprive.com\/biens\/appartement-la-sana-val-disere-alpes-francaises-france\/","url":"https:\/\/www.sejourprive.com\/biens\/appartement-la-sana-val-disere-alpes-francaises-france\/","name":"Appartement La Sana, Val D'Is\u00e8re, Alpes Fran\u00e7aises, France - S\u00e9jour Priv\u00e9","isPartOf":{"@id":"https:\/\/www.sejourprive.com\/#website"},"primaryImageOfPage":{"@id":"https:\/\/www.sejourprive.com\/biens\/appartement-la-sana-val-disere-alpes-francaises-france\/#primaryimage"},"image":{"@id":"https:\/\/www.sejourprive.com\/biens\/appartement-la-sana-val-disere-alpes-francaises-france\/#primaryimage"},"thumbnailUrl":"https:\/\/www.sejourprive.com\/wp-content\/uploads\/2026\/08\/2-61.jpg","datePublished":"2026-08-17T10:23:45+00:00","dateModified":"2026-08-26T12:58:29+00:00","description":"D\u00e9couvrez l\u2019Appartement La Sana, nich\u00e9 au c\u0153ur des Alpes fran\u00e7aises, dans la station pittoresque de Val d\u2019Is\u00e8re. Ce chef-d\u2019\u0153uvre d\u2019architecture moderne","breadcrumb":{"@id":"https:\/\/www.sejourprive.com\/biens\/appartement-la-sana-val-disere-alpes-francaises-france\/#breadcrumb"},"inLanguage":"en-GB","potentialAction":[{"@type":"ReadAction","target":["https:\/\/www.sejourprive.com\/biens\/appartement-la-sana-val-disere-alpes-francaises-france\/"]}]},{"@type":"ImageObject","inLanguage":"en-GB","@id":"https:\/\/www.sejourprive.com\/biens\/appartement-la-sana-val-disere-alpes-francaises-france\/#primaryimage","url":"https:\/\/www.sejourprive.com\/wp-content\/uploads\/2026\/08\/2-61.jpg","contentUrl":"https:\/\/www.sejourprive.com\/wp-content\/uploads\/2026\/08\/2-61.jpg","width":1200,"height":800},{"@type":"BreadcrumbList","@id":"https:\/\/www.sejourprive.com\/biens\/appartement-la-sana-val-disere-alpes-francaises-france\/#breadcrumb","itemListElement":[{"@type":"ListItem","position":1,"name":"Accueil","item":"https:\/\/www.sejourprive.com\/"},{"@type":"ListItem","position":2,"name":"Shop","item":"https:\/\/www.sejourprive.com\/shop\/"},{"@type":"ListItem","position":3,"name":"Appartement La Sana, Val D&#8217;Is\u00e8re, Alpes Fran\u00e7aises, France"}]},{"@type":"WebSite","@id":"https:\/\/www.sejourprive.com\/#website","url":"https:\/\/www.sejourprive.com\/","name":"Private Stay","description":"We design exceptional holidays for you.","publisher":{"@id":"https:\/\/www.sejourprive.com\/#organization"},"potentialAction":[{"@type":"SearchAction","target":{"@type":"EntryPoint","urlTemplate":"https:\/\/www.sejourprive.com\/?s={search_term_string}"},"query-input":{"@type":"PropertyValueSpecification","valueRequired":true,"valueName":"search_term_string"}}],"inLanguage":"en-GB"},{"@type":"Organization","@id":"https:\/\/www.sejourprive.com\/#organization","name":"Private Stay","url":"https:\/\/www.sejourprive.com\/","logo":{"@type":"ImageObject","inLanguage":"en-GB","@id":"https:\/\/www.sejourprive.com\/#\/schema\/logo\/image\/","url":"https:\/\/www.sejourprive.com\/wp-content\/uploads\/2026\/02\/SP-Apple-touch-144-couleur-1-2.png","contentUrl":"https:\/\/www.sejourprive.com\/wp-content\/uploads\/2026\/02\/SP-Apple-touch-144-couleur-1-2.png","width":145,"height":145,"caption":"S\u00e9jour Priv\u00e9"},"image":{"@id":"https:\/\/www.sejourprive.com\/#\/schema\/logo\/image\/"}}]}},"_links":{"self":[{"href":"https:\/\/www.sejourprive.com\/en\/wp-json\/wp\/v2\/product\/76981","targetHints":{"allow":["GET"]}}],"collection":[{"href":"https:\/\/www.sejourprive.com\/en\/wp-json\/wp\/v2\/product"}],"about":[{"href":"https:\/\/www.sejourprive.com\/en\/wp-json\/wp\/v2\/types\/product"}],"replies":[{"embeddable":true,"href":"https:\/\/www.sejourprive.com\/en\/wp-json\/wp\/v2\/comments?post=76981"}],"version-history":[{"count":1,"href":"https:\/\/www.sejourprive.com\/en\/wp-json\/wp\/v2\/product\/76981\/revisions"}],"predecessor-version":[{"id":76982,"href":"https:\/\/www.sejourprive.com\/en\/wp-json\/wp\/v2\/product\/76981\/revisions\/76982"}],"wp:featuredmedia":[{"embeddable":true,"href":"https:\/\/www.sejourprive.com\/en\/wp-json\/wp\/v2\/media\/76998"}],"wp:attachment":[{"href":"https:\/\/www.sejourprive.com\/en\/wp-json\/wp\/v2\/media?parent=76981"}],"wp:term":[{"taxonomy":"product_brand","embeddable":true,"href":"https:\/\/www.sejourprive.com\/en\/wp-json\/wp\/v2\/product_brand?post=76981"},{"taxonomy":"product_cat","embeddable":true,"href":"https:\/\/www.sejourprive.com\/en\/wp-json\/wp\/v2\/product_cat?post=76981"},{"taxonomy":"product_tag","embeddable":true,"href":"https:\/\/www.sejourprive.com\/en\/wp-json\/wp\/v2\/product_tag?post=76981"}],"curies":[{"name":"wp","href":"https:\/\/api.w.org\/{rel}","templated":true}]}}

La Sana Apartment, Val d’Isère, French Alps, France

<p>Discover the La Sana Apartment, nestled in the heart of the French Alps, in the picturesque resort of Val d’Isère. This masterpiece of modern architecture harmoniously blends irresistible rustic charm with the Alpine setting. The interior features a typically Alpine yet refined décor, offering breathtaking views of the snow-capped peaks and the neighbouring village.<span><div class="read-more-wrapper"><a class="read-more-button" data-target="read-more-6a98a3a9af2f7" data-more-text="Read more" data-less-text="Read less"><span class="read-more-text">Read more</span></a><div id="read-more-6a98a3a9af2f7" class="read-more-content"> </span></p>
<p>Imagine waking up at La Sana Apartment and starting your day with a delicious breakfast, prepared by your dedicated staff. Then spend the morning whizzing down the snow-covered slopes, just a stone’s throw from your door. On your return, relax in the hot tub and sauna or lose yourself in a good book by the crackling fire. Round off your day with a relaxing stroll into the town centre, where plenty of restaurants, bars and local shops await you.</div></div></p>

<p>Découvrez l’Appartement La Sana, niché au cœur des Alpes françaises, dans la station pittoresque de Val d’Isère. Ce chef-d’œuvre d’architecture&#8230;</p>

<!-- This site is optimized with the Yoast SEO plugin v26.6 - https://yoast.com/wordpress/plugins/seo/ -->
<title>Appartement La Sana, Val D&#039;Isère, Alpes Françaises, France - Séjour Privé</title>
<meta name="description" content="Découvrez l’Appartement La Sana, niché au cœur des Alpes françaises, dans la station pittoresque de Val d’Isère. Ce chef-d’œuvre d’architecture moderne" />
<meta name="robots" content="index, follow, max-snippet:-1, max-image-preview:large, max-video-preview:-1" />
<link rel="canonical" href="https://www.sejourprive.com/en/biens/appartement-la-sana-val-disere-alpes-francaises-france/" />
<meta property="og:locale" content="en_GB" />
<meta property="og:type" content="article" />
<meta property="og:title" content="Appartement La Sana, Val D&#039;Isère, Alpes Françaises, France - Séjour Privé" />
<meta property="og:description" content="Découvrez l’Appartement La Sana, niché au cœur des Alpes françaises, dans la station pittoresque de Val d’Isère. Ce chef-d’œuvre d’architecture moderne" />
<meta property="og:url" content="https://www.sejourprive.com/en/biens/appartement-la-sana-val-disere-alpes-francaises-france/" />
<meta property="og:site_name" content="Séjour Privé" />
<meta property="article:modified_time" content="2026-08-26T12:58:29+00:00" />
<meta property="og:image" content="https://www.sejourprive.com/wp-content/uploads/2026/08/2-61.jpg" />
	<meta property="og:image:width" content="1200" />
	<meta property="og:image:height" content="800" />
	<meta property="og:image:type" content="image/jpeg" />
<meta name="twitter:card" content="summary_large_image" />
<meta name="twitter:label1" content="Estimated reading time" />
	<meta name="twitter:data1" content="1 minute" />
<script type="application/ld+json" class="yoast-schema-graph">{"@context":"https://schema.org","@graph":[{"@type":"WebPage","@id":"https://www.sejourprive.com/biens/appartement-la-sana-val-disere-alpes-francaises-france/","url":"https://www.sejourprive.com/biens/appartement-la-sana-val-disere-alpes-francaises-france/","name":"Appartement La Sana, Val D'Isère, Alpes Françaises, France - Séjour Privé","isPartOf":{"@id":"https://www.sejourprive.com/#website"},"primaryImageOfPage":{"@id":"https://www.sejourprive.com/biens/appartement-la-sana-val-disere-alpes-francaises-france/#primaryimage"},"image":{"@id":"https://www.sejourprive.com/biens/appartement-la-sana-val-disere-alpes-francaises-france/#primaryimage"},"thumbnailUrl":"https://www.sejourprive.com/wp-content/uploads/2026/08/2-61.jpg","datePublished":"2026-08-17T10:23:45+00:00","dateModified":"2026-08-26T12:58:29+00:00","description":"Découvrez l’Appartement La Sana, niché au cœur des Alpes françaises, dans la station pittoresque de Val d’Isère. Ce chef-d’œuvre d’architecture moderne","breadcrumb":{"@id":"https://www.sejourprive.com/biens/appartement-la-sana-val-disere-alpes-francaises-france/#breadcrumb"},"inLanguage":"en-GB","potentialAction":[{"@type":"ReadAction","target":["https://www.sejourprive.com/biens/appartement-la-sana-val-disere-alpes-francaises-france/"]}]},{"@type":"ImageObject","inLanguage":"en-GB","@id":"https://www.sejourprive.com/biens/appartement-la-sana-val-disere-alpes-francaises-france/#primaryimage","url":"https://www.sejourprive.com/wp-content/uploads/2026/08/2-61.jpg","contentUrl":"https://www.sejourprive.com/wp-content/uploads/2026/08/2-61.jpg","width":1200,"height":800},{"@type":"BreadcrumbList","@id":"https://www.sejourprive.com/biens/appartement-la-sana-val-disere-alpes-francaises-france/#breadcrumb","itemListElement":[{"@type":"ListItem","position":1,"name":"Accueil","item":"https://www.sejourprive.com/"},{"@type":"ListItem","position":2,"name":"Shop","item":"https://www.sejourprive.com/shop/"},{"@type":"ListItem","position":3,"name":"Appartement La Sana, Val D&#8217;Isère, Alpes Françaises, France"}]},{"@type":"WebSite","@id":"https://www.sejourprive.com/#website","url":"https://www.sejourprive.com/","name":"Séjour Privé","description":"Nous imaginons pour vous des séjours d’exception.","publisher":{"@id":"https://www.sejourprive.com/#organization"},"potentialAction":[{"@type":"SearchAction","target":{"@type":"EntryPoint","urlTemplate":"https://www.sejourprive.com/?s={search_term_string}"},"query-input":{"@type":"PropertyValueSpecification","valueRequired":true,"valueName":"search_term_string"}}],"inLanguage":"en-GB"},{"@type":"Organization","@id":"https://www.sejourprive.com/#organization","name":"Séjour Privé","url":"https://www.sejourprive.com/","logo":{"@type":"ImageObject","inLanguage":"en-GB","@id":"https://www.sejourprive.com/#/schema/logo/image/","url":"https://www.sejourprive.com/wp-content/uploads/2026/02/SP-Apple-touch-144-couleur-1-2.png","contentUrl":"https://www.sejourprive.com/wp-content/uploads/2026/02/SP-Apple-touch-144-couleur-1-2.png","width":145,"height":145,"caption":"Séjour Privé"},"image":{"@id":"https://www.sejourprive.com/#/schema/logo/image/"}}]}</script>
<!-- / Yoast SEO plugin. -->

Appartement La Sana, Val D'Isère, Alpes Françaises, France - Séjour Privé

Découvrez l’Appartement La Sana, niché au cœur des Alpes françaises, dans la station pittoresque de Val d’Isère. Ce chef-d’œuvre d’architecture moderne

Séjour Privé

Appartement La Sana, Val D&#8217;Isère, Alpes Françaises, France
