{"id":70882,"date":"2026-07-14T11:15:47","date_gmt":"2026-07-14T09:15:47","guid":{"rendered":"https:\/\/www.sejourprive.com\/?post_type=product&#038;p=70882"},"modified":"2026-08-26T14:56:17","modified_gmt":"2026-08-26T12:56:17","slug":"chalet-eugenia-megeve-alpes-francaises-france","status":"publish","type":"product","link":"https:\/\/www.sejourprive.com\/en\/biens\/chalet-eugenia-megeve-alpes-francaises-france\/","title":{"rendered":"Chalet Eug\u00e9nia, Meg\u00e8ve, French Alps, France"},"content":{"rendered":"<p>Perched at the top of the private Mont Arbois estate, Chalet Eugenia perfectly combines contemporary design with traditional Savoyard charm. Situated at the foot of the slopes, it offers unrivalled access to a world-class ski area, whilst retaining the cosy charm of a mountain retreat.<span><div class=\"read-more-wrapper\"><a class=\"read-more-button\" data-target=\"read-more-6a9c06948c043\" data-more-text=\"Read more\" data-less-text=\"Read less\"><span class=\"read-more-text\">Read more<\/span><\/a><div id=\"read-more-6a9c06948c043\" class=\"read-more-content\"> <\/span><\/p>\n<p>Start your day with a coffee in hand, admiring the breathtaking view of the Mont Arbois resort through the living room\u2019s large floor-to-ceiling windows, bathed in the warm glow of the fireplace. Later on, relax at the spa or enjoy a refreshing dip in the indoor pool. As night falls, settle in comfortably for film nights in the private screening room.<\/div><\/div><\/p>","protected":false},"excerpt":{"rendered":"<p>Perch\u00e9 au sommet du domaine priv\u00e9 du Mont Arbois, le Chalet Eugenia allie \u00e0 la perfection un design contemporain au&#8230;<\/p>","protected":false},"featured_media":70920,"comment_status":"open","ping_status":"closed","template":"","meta":{"_acf_changed":false},"product_brand":[],"product_cat":[96,172],"product_tag":[],"class_list":["post-70882","product","type-product","status-publish","has-post-thumbnail","product_cat-chalet","product_cat-montagne","property_location-alpes-francaises","property_location-france","property_location-megeve","first","instock","sold-individually","shipping-taxable","purchasable","product-type-simple"],"acf":[],"yoast_head":"<!-- This site is optimized with the Yoast SEO plugin v26.6 - https:\/\/yoast.com\/wordpress\/plugins\/seo\/ -->\n<title>Chalet Eug\u00e9nia, Meg\u00e8ve, Alpes Fran\u00e7aises, France - S\u00e9jour Priv\u00e9<\/title>\n<meta name=\"description\" content=\"Perch\u00e9 au sommet du domaine priv\u00e9 du Mont Arbois, le Chalet Eugenia allie \u00e0 la perfection un design contemporain au charme savoyard traditionnel. Situ\u00e9 au\" \/>\n<meta name=\"robots\" content=\"index, follow, max-snippet:-1, max-image-preview:large, max-video-preview:-1\" \/>\n<link rel=\"canonical\" href=\"https:\/\/www.sejourprive.com\/en\/biens\/chalet-eugenia-megeve-alpes-francaises-france\/\" \/>\n<meta property=\"og:locale\" content=\"en_GB\" \/>\n<meta property=\"og:type\" content=\"article\" \/>\n<meta property=\"og:title\" content=\"Chalet Eug\u00e9nia, Meg\u00e8ve, Alpes Fran\u00e7aises, France - S\u00e9jour Priv\u00e9\" \/>\n<meta property=\"og:description\" content=\"Perch\u00e9 au sommet du domaine priv\u00e9 du Mont Arbois, le Chalet Eugenia allie \u00e0 la perfection un design contemporain au charme savoyard traditionnel. Situ\u00e9 au\" \/>\n<meta property=\"og:url\" content=\"https:\/\/www.sejourprive.com\/en\/biens\/chalet-eugenia-megeve-alpes-francaises-france\/\" \/>\n<meta property=\"og:site_name\" content=\"S\u00e9jour Priv\u00e9\" \/>\n<meta property=\"article:modified_time\" content=\"2026-08-26T12:56:17+00:00\" \/>\n<meta property=\"og:image\" content=\"https:\/\/www.sejourprive.com\/wp-content\/uploads\/2026\/07\/36-16.jpg\" \/>\n\t<meta property=\"og:image:width\" content=\"1200\" \/>\n\t<meta property=\"og:image:height\" content=\"800\" \/>\n\t<meta property=\"og:image:type\" content=\"image\/jpeg\" \/>\n<meta name=\"twitter:card\" content=\"summary_large_image\" \/>\n<meta name=\"twitter:label1\" content=\"Estimated reading time\" \/>\n\t<meta name=\"twitter:data1\" content=\"1 minute\" \/>\n<script type=\"application\/ld+json\" class=\"yoast-schema-graph\">{\"@context\":\"https:\/\/schema.org\",\"@graph\":[{\"@type\":\"WebPage\",\"@id\":\"https:\/\/www.sejourprive.com\/biens\/chalet-eugenia-megeve-alpes-francaises-france\/\",\"url\":\"https:\/\/www.sejourprive.com\/biens\/chalet-eugenia-megeve-alpes-francaises-france\/\",\"name\":\"Chalet Eug\u00e9nia, Meg\u00e8ve, Alpes Fran\u00e7aises, France - S\u00e9jour Priv\u00e9\",\"isPartOf\":{\"@id\":\"https:\/\/www.sejourprive.com\/#website\"},\"primaryImageOfPage\":{\"@id\":\"https:\/\/www.sejourprive.com\/biens\/chalet-eugenia-megeve-alpes-francaises-france\/#primaryimage\"},\"image\":{\"@id\":\"https:\/\/www.sejourprive.com\/biens\/chalet-eugenia-megeve-alpes-francaises-france\/#primaryimage\"},\"thumbnailUrl\":\"https:\/\/www.sejourprive.com\/wp-content\/uploads\/2026\/07\/36-16.jpg\",\"datePublished\":\"2026-07-14T09:15:47+00:00\",\"dateModified\":\"2026-08-26T12:56:17+00:00\",\"description\":\"Perch\u00e9 au sommet du domaine priv\u00e9 du Mont Arbois, le Chalet Eugenia allie \u00e0 la perfection un design contemporain au charme savoyard traditionnel. Situ\u00e9 au\",\"breadcrumb\":{\"@id\":\"https:\/\/www.sejourprive.com\/biens\/chalet-eugenia-megeve-alpes-francaises-france\/#breadcrumb\"},\"inLanguage\":\"en-GB\",\"potentialAction\":[{\"@type\":\"ReadAction\",\"target\":[\"https:\/\/www.sejourprive.com\/biens\/chalet-eugenia-megeve-alpes-francaises-france\/\"]}]},{\"@type\":\"ImageObject\",\"inLanguage\":\"en-GB\",\"@id\":\"https:\/\/www.sejourprive.com\/biens\/chalet-eugenia-megeve-alpes-francaises-france\/#primaryimage\",\"url\":\"https:\/\/www.sejourprive.com\/wp-content\/uploads\/2026\/07\/36-16.jpg\",\"contentUrl\":\"https:\/\/www.sejourprive.com\/wp-content\/uploads\/2026\/07\/36-16.jpg\",\"width\":1200,\"height\":800},{\"@type\":\"BreadcrumbList\",\"@id\":\"https:\/\/www.sejourprive.com\/biens\/chalet-eugenia-megeve-alpes-francaises-france\/#breadcrumb\",\"itemListElement\":[{\"@type\":\"ListItem\",\"position\":1,\"name\":\"Accueil\",\"item\":\"https:\/\/www.sejourprive.com\/\"},{\"@type\":\"ListItem\",\"position\":2,\"name\":\"Shop\",\"item\":\"https:\/\/www.sejourprive.com\/shop\/\"},{\"@type\":\"ListItem\",\"position\":3,\"name\":\"Chalet Eug\u00e9nia, Meg\u00e8ve, Alpes Fran\u00e7aises, France\"}]},{\"@type\":\"WebSite\",\"@id\":\"https:\/\/www.sejourprive.com\/#website\",\"url\":\"https:\/\/www.sejourprive.com\/\",\"name\":\"S\u00e9jour Priv\u00e9\",\"description\":\"Nous imaginons pour vous des s\u00e9jours d\u2019exception.\",\"publisher\":{\"@id\":\"https:\/\/www.sejourprive.com\/#organization\"},\"potentialAction\":[{\"@type\":\"SearchAction\",\"target\":{\"@type\":\"EntryPoint\",\"urlTemplate\":\"https:\/\/www.sejourprive.com\/?s={search_term_string}\"},\"query-input\":{\"@type\":\"PropertyValueSpecification\",\"valueRequired\":true,\"valueName\":\"search_term_string\"}}],\"inLanguage\":\"en-GB\"},{\"@type\":\"Organization\",\"@id\":\"https:\/\/www.sejourprive.com\/#organization\",\"name\":\"S\u00e9jour Priv\u00e9\",\"url\":\"https:\/\/www.sejourprive.com\/\",\"logo\":{\"@type\":\"ImageObject\",\"inLanguage\":\"en-GB\",\"@id\":\"https:\/\/www.sejourprive.com\/#\/schema\/logo\/image\/\",\"url\":\"https:\/\/www.sejourprive.com\/wp-content\/uploads\/2026\/02\/SP-Apple-touch-144-couleur-1-2.png\",\"contentUrl\":\"https:\/\/www.sejourprive.com\/wp-content\/uploads\/2026\/02\/SP-Apple-touch-144-couleur-1-2.png\",\"width\":145,\"height\":145,\"caption\":\"S\u00e9jour Priv\u00e9\"},\"image\":{\"@id\":\"https:\/\/www.sejourprive.com\/#\/schema\/logo\/image\/\"}}]}<\/script>\n<!-- \/ Yoast SEO plugin. -->","yoast_head_json":{"title":"Chalet Eug\u00e9nia, Meg\u00e8ve, Alpes Fran\u00e7aises, France - S\u00e9jour Priv\u00e9","description":"Perch\u00e9 au sommet du domaine priv\u00e9 du Mont Arbois, le Chalet Eugenia allie \u00e0 la perfection un design contemporain au charme savoyard traditionnel. Situ\u00e9 au","robots":{"index":"index","follow":"follow","max-snippet":"max-snippet:-1","max-image-preview":"max-image-preview:large","max-video-preview":"max-video-preview:-1"},"canonical":"https:\/\/www.sejourprive.com\/en\/biens\/chalet-eugenia-megeve-alpes-francaises-france\/","og_locale":"en_GB","og_type":"article","og_title":"Chalet Eug\u00e9nia, Meg\u00e8ve, Alpes Fran\u00e7aises, France - S\u00e9jour Priv\u00e9","og_description":"Perch\u00e9 au sommet du domaine priv\u00e9 du Mont Arbois, le Chalet Eugenia allie \u00e0 la perfection un design contemporain au charme savoyard traditionnel. Situ\u00e9 au","og_url":"https:\/\/www.sejourprive.com\/en\/biens\/chalet-eugenia-megeve-alpes-francaises-france\/","og_site_name":"S\u00e9jour Priv\u00e9","article_modified_time":"2026-08-26T12:56:17+00:00","og_image":[{"width":1200,"height":800,"url":"https:\/\/www.sejourprive.com\/wp-content\/uploads\/2026\/07\/36-16.jpg","type":"image\/jpeg"}],"twitter_card":"summary_large_image","twitter_misc":{"Estimated reading time":"1 minute"},"schema":{"@context":"https:\/\/schema.org","@graph":[{"@type":"WebPage","@id":"https:\/\/www.sejourprive.com\/biens\/chalet-eugenia-megeve-alpes-francaises-france\/","url":"https:\/\/www.sejourprive.com\/biens\/chalet-eugenia-megeve-alpes-francaises-france\/","name":"Chalet Eug\u00e9nia, Meg\u00e8ve, Alpes Fran\u00e7aises, France - S\u00e9jour Priv\u00e9","isPartOf":{"@id":"https:\/\/www.sejourprive.com\/#website"},"primaryImageOfPage":{"@id":"https:\/\/www.sejourprive.com\/biens\/chalet-eugenia-megeve-alpes-francaises-france\/#primaryimage"},"image":{"@id":"https:\/\/www.sejourprive.com\/biens\/chalet-eugenia-megeve-alpes-francaises-france\/#primaryimage"},"thumbnailUrl":"https:\/\/www.sejourprive.com\/wp-content\/uploads\/2026\/07\/36-16.jpg","datePublished":"2026-07-14T09:15:47+00:00","dateModified":"2026-08-26T12:56:17+00:00","description":"Perch\u00e9 au sommet du domaine priv\u00e9 du Mont Arbois, le Chalet Eugenia allie \u00e0 la perfection un design contemporain au charme savoyard traditionnel. Situ\u00e9 au","breadcrumb":{"@id":"https:\/\/www.sejourprive.com\/biens\/chalet-eugenia-megeve-alpes-francaises-france\/#breadcrumb"},"inLanguage":"en-GB","potentialAction":[{"@type":"ReadAction","target":["https:\/\/www.sejourprive.com\/biens\/chalet-eugenia-megeve-alpes-francaises-france\/"]}]},{"@type":"ImageObject","inLanguage":"en-GB","@id":"https:\/\/www.sejourprive.com\/biens\/chalet-eugenia-megeve-alpes-francaises-france\/#primaryimage","url":"https:\/\/www.sejourprive.com\/wp-content\/uploads\/2026\/07\/36-16.jpg","contentUrl":"https:\/\/www.sejourprive.com\/wp-content\/uploads\/2026\/07\/36-16.jpg","width":1200,"height":800},{"@type":"BreadcrumbList","@id":"https:\/\/www.sejourprive.com\/biens\/chalet-eugenia-megeve-alpes-francaises-france\/#breadcrumb","itemListElement":[{"@type":"ListItem","position":1,"name":"Accueil","item":"https:\/\/www.sejourprive.com\/"},{"@type":"ListItem","position":2,"name":"Shop","item":"https:\/\/www.sejourprive.com\/shop\/"},{"@type":"ListItem","position":3,"name":"Chalet Eug\u00e9nia, Meg\u00e8ve, Alpes Fran\u00e7aises, France"}]},{"@type":"WebSite","@id":"https:\/\/www.sejourprive.com\/#website","url":"https:\/\/www.sejourprive.com\/","name":"Private Stay","description":"We design exceptional holidays for you.","publisher":{"@id":"https:\/\/www.sejourprive.com\/#organization"},"potentialAction":[{"@type":"SearchAction","target":{"@type":"EntryPoint","urlTemplate":"https:\/\/www.sejourprive.com\/?s={search_term_string}"},"query-input":{"@type":"PropertyValueSpecification","valueRequired":true,"valueName":"search_term_string"}}],"inLanguage":"en-GB"},{"@type":"Organization","@id":"https:\/\/www.sejourprive.com\/#organization","name":"Private Stay","url":"https:\/\/www.sejourprive.com\/","logo":{"@type":"ImageObject","inLanguage":"en-GB","@id":"https:\/\/www.sejourprive.com\/#\/schema\/logo\/image\/","url":"https:\/\/www.sejourprive.com\/wp-content\/uploads\/2026\/02\/SP-Apple-touch-144-couleur-1-2.png","contentUrl":"https:\/\/www.sejourprive.com\/wp-content\/uploads\/2026\/02\/SP-Apple-touch-144-couleur-1-2.png","width":145,"height":145,"caption":"S\u00e9jour Priv\u00e9"},"image":{"@id":"https:\/\/www.sejourprive.com\/#\/schema\/logo\/image\/"}}]}},"_links":{"self":[{"href":"https:\/\/www.sejourprive.com\/en\/wp-json\/wp\/v2\/product\/70882","targetHints":{"allow":["GET"]}}],"collection":[{"href":"https:\/\/www.sejourprive.com\/en\/wp-json\/wp\/v2\/product"}],"about":[{"href":"https:\/\/www.sejourprive.com\/en\/wp-json\/wp\/v2\/types\/product"}],"replies":[{"embeddable":true,"href":"https:\/\/www.sejourprive.com\/en\/wp-json\/wp\/v2\/comments?post=70882"}],"version-history":[{"count":1,"href":"https:\/\/www.sejourprive.com\/en\/wp-json\/wp\/v2\/product\/70882\/revisions"}],"predecessor-version":[{"id":78010,"href":"https:\/\/www.sejourprive.com\/en\/wp-json\/wp\/v2\/product\/70882\/revisions\/78010"}],"wp:featuredmedia":[{"embeddable":true,"href":"https:\/\/www.sejourprive.com\/en\/wp-json\/wp\/v2\/media\/70920"}],"wp:attachment":[{"href":"https:\/\/www.sejourprive.com\/en\/wp-json\/wp\/v2\/media?parent=70882"}],"wp:term":[{"taxonomy":"product_brand","embeddable":true,"href":"https:\/\/www.sejourprive.com\/en\/wp-json\/wp\/v2\/product_brand?post=70882"},{"taxonomy":"product_cat","embeddable":true,"href":"https:\/\/www.sejourprive.com\/en\/wp-json\/wp\/v2\/product_cat?post=70882"},{"taxonomy":"product_tag","embeddable":true,"href":"https:\/\/www.sejourprive.com\/en\/wp-json\/wp\/v2\/product_tag?post=70882"}],"curies":[{"name":"wp","href":"https:\/\/api.w.org\/{rel}","templated":true}]}}

Chalet Eugénia, Megève, French Alps, France

<p>Perché au sommet du domaine privé du Mont Arbois, le Chalet Eugenia allie à la perfection un design contemporain au&#8230;</p>

<!-- This site is optimized with the Yoast SEO plugin v26.6 - https://yoast.com/wordpress/plugins/seo/ -->
<title>Chalet Eugénia, Megève, Alpes Françaises, France - Séjour Privé</title>
<meta name="description" content="Perché au sommet du domaine privé du Mont Arbois, le Chalet Eugenia allie à la perfection un design contemporain au charme savoyard traditionnel. Situé au" />
<meta name="robots" content="index, follow, max-snippet:-1, max-image-preview:large, max-video-preview:-1" />
<link rel="canonical" href="https://www.sejourprive.com/en/biens/chalet-eugenia-megeve-alpes-francaises-france/" />
<meta property="og:locale" content="en_GB" />
<meta property="og:type" content="article" />
<meta property="og:title" content="Chalet Eugénia, Megève, Alpes Françaises, France - Séjour Privé" />
<meta property="og:description" content="Perché au sommet du domaine privé du Mont Arbois, le Chalet Eugenia allie à la perfection un design contemporain au charme savoyard traditionnel. Situé au" />
<meta property="og:url" content="https://www.sejourprive.com/en/biens/chalet-eugenia-megeve-alpes-francaises-france/" />
<meta property="og:site_name" content="Séjour Privé" />
<meta property="article:modified_time" content="2026-08-26T12:56:17+00:00" />
<meta property="og:image" content="https://www.sejourprive.com/wp-content/uploads/2026/07/36-16.jpg" />
	<meta property="og:image:width" content="1200" />
	<meta property="og:image:height" content="800" />
	<meta property="og:image:type" content="image/jpeg" />
<meta name="twitter:card" content="summary_large_image" />
<meta name="twitter:label1" content="Estimated reading time" />
	<meta name="twitter:data1" content="1 minute" />
<script type="application/ld+json" class="yoast-schema-graph">{"@context":"https://schema.org","@graph":[{"@type":"WebPage","@id":"https://www.sejourprive.com/biens/chalet-eugenia-megeve-alpes-francaises-france/","url":"https://www.sejourprive.com/biens/chalet-eugenia-megeve-alpes-francaises-france/","name":"Chalet Eugénia, Megève, Alpes Françaises, France - Séjour Privé","isPartOf":{"@id":"https://www.sejourprive.com/#website"},"primaryImageOfPage":{"@id":"https://www.sejourprive.com/biens/chalet-eugenia-megeve-alpes-francaises-france/#primaryimage"},"image":{"@id":"https://www.sejourprive.com/biens/chalet-eugenia-megeve-alpes-francaises-france/#primaryimage"},"thumbnailUrl":"https://www.sejourprive.com/wp-content/uploads/2026/07/36-16.jpg","datePublished":"2026-07-14T09:15:47+00:00","dateModified":"2026-08-26T12:56:17+00:00","description":"Perché au sommet du domaine privé du Mont Arbois, le Chalet Eugenia allie à la perfection un design contemporain au charme savoyard traditionnel. Situé au","breadcrumb":{"@id":"https://www.sejourprive.com/biens/chalet-eugenia-megeve-alpes-francaises-france/#breadcrumb"},"inLanguage":"en-GB","potentialAction":[{"@type":"ReadAction","target":["https://www.sejourprive.com/biens/chalet-eugenia-megeve-alpes-francaises-france/"]}]},{"@type":"ImageObject","inLanguage":"en-GB","@id":"https://www.sejourprive.com/biens/chalet-eugenia-megeve-alpes-francaises-france/#primaryimage","url":"https://www.sejourprive.com/wp-content/uploads/2026/07/36-16.jpg","contentUrl":"https://www.sejourprive.com/wp-content/uploads/2026/07/36-16.jpg","width":1200,"height":800},{"@type":"BreadcrumbList","@id":"https://www.sejourprive.com/biens/chalet-eugenia-megeve-alpes-francaises-france/#breadcrumb","itemListElement":[{"@type":"ListItem","position":1,"name":"Accueil","item":"https://www.sejourprive.com/"},{"@type":"ListItem","position":2,"name":"Shop","item":"https://www.sejourprive.com/shop/"},{"@type":"ListItem","position":3,"name":"Chalet Eugénia, Megève, Alpes Françaises, France"}]},{"@type":"WebSite","@id":"https://www.sejourprive.com/#website","url":"https://www.sejourprive.com/","name":"Séjour Privé","description":"Nous imaginons pour vous des séjours d’exception.","publisher":{"@id":"https://www.sejourprive.com/#organization"},"potentialAction":[{"@type":"SearchAction","target":{"@type":"EntryPoint","urlTemplate":"https://www.sejourprive.com/?s={search_term_string}"},"query-input":{"@type":"PropertyValueSpecification","valueRequired":true,"valueName":"search_term_string"}}],"inLanguage":"en-GB"},{"@type":"Organization","@id":"https://www.sejourprive.com/#organization","name":"Séjour Privé","url":"https://www.sejourprive.com/","logo":{"@type":"ImageObject","inLanguage":"en-GB","@id":"https://www.sejourprive.com/#/schema/logo/image/","url":"https://www.sejourprive.com/wp-content/uploads/2026/02/SP-Apple-touch-144-couleur-1-2.png","contentUrl":"https://www.sejourprive.com/wp-content/uploads/2026/02/SP-Apple-touch-144-couleur-1-2.png","width":145,"height":145,"caption":"Séjour Privé"},"image":{"@id":"https://www.sejourprive.com/#/schema/logo/image/"}}]}</script>
<!-- / Yoast SEO plugin. -->

Chalet Eugénia, Megève, Alpes Françaises, France - Séjour Privé

Perché au sommet du domaine privé du Mont Arbois, le Chalet Eugenia allie à la perfection un design contemporain au charme savoyard traditionnel. Situé au

Séjour Privé

Chalet Eugénia, Megève, Alpes Françaises, France
