{"id":58736,"date":"2026-04-14T16:39:15","date_gmt":"2026-04-14T14:39:15","guid":{"rendered":"https:\/\/www.sejourprive.com\/?post_type=product&#038;p=58736"},"modified":"2026-04-14T16:39:15","modified_gmt":"2026-04-14T14:39:15","slug":"mas-estia-eygalieres-provence-france","status":"publish","type":"product","link":"https:\/\/www.sejourprive.com\/en\/biens\/mas-estia-eygalieres-provence-france\/","title":{"rendered":"Mas Estia, Eygali\u00e8res, Provence, France"},"content":{"rendered":"<p>Id\u00e9alement situ\u00e9e dans le cadre embl\u00e9matique d&#8217;Eygali\u00e8res, cette propri\u00e9t\u00e9 est un v\u00e9ritable chef-d&#8217;\u0153uvre du luxe proven\u00e7al. Elle offre un niveau de raffinement in\u00e9gal\u00e9, o\u00f9 l&#8217;architecture traditionnelle en pierre se marie au confort et au design modernes.<span><div class=\"read-more-wrapper\"><a class=\"read-more-button\" data-target=\"read-more-69edf35f4d647\" data-more-text=\"Read more\" data-less-text=\"Read less\"><span class=\"read-more-text\">Read more<\/span><\/a><div id=\"read-more-69edf35f4d647\" class=\"read-more-content\"> <\/span><\/p>\n<p>Commencez la journ\u00e9e par une s\u00e9ance d&#8217;entra\u00eenement dans la salle de sport ou un plongeon rafra\u00eechissant dans la piscine chauff\u00e9e. L&#8217;apr\u00e8s-midi vous invite \u00e0 profiter d&#8217;une exp\u00e9rience de bien-\u00eatre compl\u00e8te, passant de la chaleur r\u00e9paratrice du sauna \u00e0 un soin professionnel dans la salle de massage priv\u00e9e. \u00c0 la tomb\u00e9e de la nuit, r\u00e9unissez-vous pour une partie amicale de p\u00e9tanque suivie d&#8217;un d\u00eener convivial sous le ciel \u00e9toil\u00e9 de Provence.<\/div><\/div><\/p>","protected":false},"excerpt":{"rendered":"<p>Id\u00e9alement situ\u00e9e dans le cadre embl\u00e9matique d&#8217;Eygali\u00e8res, cette propri\u00e9t\u00e9 est un v\u00e9ritable chef-d&#8217;\u0153uvre du luxe proven\u00e7al. Elle offre un niveau&#8230;<\/p>","protected":false},"featured_media":58769,"comment_status":"open","ping_status":"closed","template":"","meta":{"_acf_changed":false},"product_brand":[],"product_cat":[15],"product_tag":[],"class_list":{"0":"post-58736","1":"product","2":"type-product","3":"status-publish","4":"has-post-thumbnail","6":"product_cat-villa","7":"property_location-france","8":"property_location-provence","10":"first","11":"instock","12":"sold-individually","13":"shipping-taxable","14":"purchasable","15":"product-type-simple"},"acf":[],"yoast_head":"<!-- This site is optimized with the Yoast SEO plugin v26.6 - https:\/\/yoast.com\/wordpress\/plugins\/seo\/ -->\n<title>Mas Estia, Eygali\u00e8res, Provence, France - S\u00e9jour Priv\u00e9<\/title>\n<meta name=\"description\" content=\"Id\u00e9alement situ\u00e9e dans le cadre embl\u00e9matique d&#039;Eygali\u00e8res, cette propri\u00e9t\u00e9 est un v\u00e9ritable chef-d&#039;\u0153uvre du luxe proven\u00e7al. Elle offre un niveau de\" \/>\n<meta name=\"robots\" content=\"index, follow, max-snippet:-1, max-image-preview:large, max-video-preview:-1\" \/>\n<link rel=\"canonical\" href=\"https:\/\/www.sejourprive.com\/en\/biens\/mas-estia-eygalieres-provence-france\/\" \/>\n<meta property=\"og:locale\" content=\"en_GB\" \/>\n<meta property=\"og:type\" content=\"article\" \/>\n<meta property=\"og:title\" content=\"Mas Estia, Eygali\u00e8res, Provence, France - S\u00e9jour Priv\u00e9\" \/>\n<meta property=\"og:description\" content=\"Id\u00e9alement situ\u00e9e dans le cadre embl\u00e9matique d&#039;Eygali\u00e8res, cette propri\u00e9t\u00e9 est un v\u00e9ritable chef-d&#039;\u0153uvre du luxe proven\u00e7al. Elle offre un niveau de\" \/>\n<meta property=\"og:url\" content=\"https:\/\/www.sejourprive.com\/en\/biens\/mas-estia-eygalieres-provence-france\/\" \/>\n<meta property=\"og:site_name\" content=\"S\u00e9jour Priv\u00e9\" \/>\n<meta property=\"og:image\" content=\"https:\/\/www.sejourprive.com\/wp-content\/uploads\/2026\/04\/0-58.jpg\" \/>\n\t<meta property=\"og:image:width\" content=\"1200\" \/>\n\t<meta property=\"og:image:height\" content=\"560\" \/>\n\t<meta property=\"og:image:type\" content=\"image\/jpeg\" \/>\n<meta name=\"twitter:card\" content=\"summary_large_image\" \/>\n<meta name=\"twitter:label1\" content=\"Estimated reading time\" \/>\n\t<meta name=\"twitter:data1\" content=\"1 minute\" \/>\n<script type=\"application\/ld+json\" class=\"yoast-schema-graph\">{\"@context\":\"https:\/\/schema.org\",\"@graph\":[{\"@type\":\"WebPage\",\"@id\":\"https:\/\/www.sejourprive.com\/biens\/mas-estia-eygalieres-provence-france\/\",\"url\":\"https:\/\/www.sejourprive.com\/biens\/mas-estia-eygalieres-provence-france\/\",\"name\":\"Mas Estia, Eygali\u00e8res, Provence, France - S\u00e9jour Priv\u00e9\",\"isPartOf\":{\"@id\":\"https:\/\/www.sejourprive.com\/#website\"},\"primaryImageOfPage\":{\"@id\":\"https:\/\/www.sejourprive.com\/biens\/mas-estia-eygalieres-provence-france\/#primaryimage\"},\"image\":{\"@id\":\"https:\/\/www.sejourprive.com\/biens\/mas-estia-eygalieres-provence-france\/#primaryimage\"},\"thumbnailUrl\":\"https:\/\/www.sejourprive.com\/wp-content\/uploads\/2026\/04\/0-58.jpg\",\"datePublished\":\"2026-04-14T14:39:15+00:00\",\"description\":\"Id\u00e9alement situ\u00e9e dans le cadre embl\u00e9matique d'Eygali\u00e8res, cette propri\u00e9t\u00e9 est un v\u00e9ritable chef-d'\u0153uvre du luxe proven\u00e7al. Elle offre un niveau de\",\"breadcrumb\":{\"@id\":\"https:\/\/www.sejourprive.com\/biens\/mas-estia-eygalieres-provence-france\/#breadcrumb\"},\"inLanguage\":\"en-GB\",\"potentialAction\":[{\"@type\":\"ReadAction\",\"target\":[\"https:\/\/www.sejourprive.com\/biens\/mas-estia-eygalieres-provence-france\/\"]}]},{\"@type\":\"ImageObject\",\"inLanguage\":\"en-GB\",\"@id\":\"https:\/\/www.sejourprive.com\/biens\/mas-estia-eygalieres-provence-france\/#primaryimage\",\"url\":\"https:\/\/www.sejourprive.com\/wp-content\/uploads\/2026\/04\/0-58.jpg\",\"contentUrl\":\"https:\/\/www.sejourprive.com\/wp-content\/uploads\/2026\/04\/0-58.jpg\",\"width\":1200,\"height\":560},{\"@type\":\"BreadcrumbList\",\"@id\":\"https:\/\/www.sejourprive.com\/biens\/mas-estia-eygalieres-provence-france\/#breadcrumb\",\"itemListElement\":[{\"@type\":\"ListItem\",\"position\":1,\"name\":\"Accueil\",\"item\":\"https:\/\/www.sejourprive.com\/\"},{\"@type\":\"ListItem\",\"position\":2,\"name\":\"Shop\",\"item\":\"https:\/\/www.sejourprive.com\/shop\/\"},{\"@type\":\"ListItem\",\"position\":3,\"name\":\"Mas Estia, Eygali\u00e8res, Provence, France\"}]},{\"@type\":\"WebSite\",\"@id\":\"https:\/\/www.sejourprive.com\/#website\",\"url\":\"https:\/\/www.sejourprive.com\/\",\"name\":\"S\u00e9jour Priv\u00e9\",\"description\":\"Nous imaginons pour vous des s\u00e9jours d\u2019exception.\",\"publisher\":{\"@id\":\"https:\/\/www.sejourprive.com\/#organization\"},\"potentialAction\":[{\"@type\":\"SearchAction\",\"target\":{\"@type\":\"EntryPoint\",\"urlTemplate\":\"https:\/\/www.sejourprive.com\/?s={search_term_string}\"},\"query-input\":{\"@type\":\"PropertyValueSpecification\",\"valueRequired\":true,\"valueName\":\"search_term_string\"}}],\"inLanguage\":\"en-GB\"},{\"@type\":\"Organization\",\"@id\":\"https:\/\/www.sejourprive.com\/#organization\",\"name\":\"S\u00e9jour Priv\u00e9\",\"url\":\"https:\/\/www.sejourprive.com\/\",\"logo\":{\"@type\":\"ImageObject\",\"inLanguage\":\"en-GB\",\"@id\":\"https:\/\/www.sejourprive.com\/#\/schema\/logo\/image\/\",\"url\":\"https:\/\/www.sejourprive.com\/wp-content\/uploads\/2026\/02\/SP-Apple-touch-144-couleur-1-2.png\",\"contentUrl\":\"https:\/\/www.sejourprive.com\/wp-content\/uploads\/2026\/02\/SP-Apple-touch-144-couleur-1-2.png\",\"width\":145,\"height\":145,\"caption\":\"S\u00e9jour Priv\u00e9\"},\"image\":{\"@id\":\"https:\/\/www.sejourprive.com\/#\/schema\/logo\/image\/\"}}]}<\/script>\n<!-- \/ Yoast SEO plugin. -->","yoast_head_json":{"title":"Mas Estia, Eygali\u00e8res, Provence, France - S\u00e9jour Priv\u00e9","description":"Id\u00e9alement situ\u00e9e dans le cadre embl\u00e9matique d'Eygali\u00e8res, cette propri\u00e9t\u00e9 est un v\u00e9ritable chef-d'\u0153uvre du luxe proven\u00e7al. Elle offre un niveau de","robots":{"index":"index","follow":"follow","max-snippet":"max-snippet:-1","max-image-preview":"max-image-preview:large","max-video-preview":"max-video-preview:-1"},"canonical":"https:\/\/www.sejourprive.com\/en\/biens\/mas-estia-eygalieres-provence-france\/","og_locale":"en_GB","og_type":"article","og_title":"Mas Estia, Eygali\u00e8res, Provence, France - S\u00e9jour Priv\u00e9","og_description":"Id\u00e9alement situ\u00e9e dans le cadre embl\u00e9matique d'Eygali\u00e8res, cette propri\u00e9t\u00e9 est un v\u00e9ritable chef-d'\u0153uvre du luxe proven\u00e7al. Elle offre un niveau de","og_url":"https:\/\/www.sejourprive.com\/en\/biens\/mas-estia-eygalieres-provence-france\/","og_site_name":"S\u00e9jour Priv\u00e9","og_image":[{"width":1200,"height":560,"url":"https:\/\/www.sejourprive.com\/wp-content\/uploads\/2026\/04\/0-58.jpg","type":"image\/jpeg"}],"twitter_card":"summary_large_image","twitter_misc":{"Estimated reading time":"1 minute"},"schema":{"@context":"https:\/\/schema.org","@graph":[{"@type":"WebPage","@id":"https:\/\/www.sejourprive.com\/biens\/mas-estia-eygalieres-provence-france\/","url":"https:\/\/www.sejourprive.com\/biens\/mas-estia-eygalieres-provence-france\/","name":"Mas Estia, Eygali\u00e8res, Provence, France - S\u00e9jour Priv\u00e9","isPartOf":{"@id":"https:\/\/www.sejourprive.com\/#website"},"primaryImageOfPage":{"@id":"https:\/\/www.sejourprive.com\/biens\/mas-estia-eygalieres-provence-france\/#primaryimage"},"image":{"@id":"https:\/\/www.sejourprive.com\/biens\/mas-estia-eygalieres-provence-france\/#primaryimage"},"thumbnailUrl":"https:\/\/www.sejourprive.com\/wp-content\/uploads\/2026\/04\/0-58.jpg","datePublished":"2026-04-14T14:39:15+00:00","description":"Id\u00e9alement situ\u00e9e dans le cadre embl\u00e9matique d'Eygali\u00e8res, cette propri\u00e9t\u00e9 est un v\u00e9ritable chef-d'\u0153uvre du luxe proven\u00e7al. Elle offre un niveau de","breadcrumb":{"@id":"https:\/\/www.sejourprive.com\/biens\/mas-estia-eygalieres-provence-france\/#breadcrumb"},"inLanguage":"en-GB","potentialAction":[{"@type":"ReadAction","target":["https:\/\/www.sejourprive.com\/biens\/mas-estia-eygalieres-provence-france\/"]}]},{"@type":"ImageObject","inLanguage":"en-GB","@id":"https:\/\/www.sejourprive.com\/biens\/mas-estia-eygalieres-provence-france\/#primaryimage","url":"https:\/\/www.sejourprive.com\/wp-content\/uploads\/2026\/04\/0-58.jpg","contentUrl":"https:\/\/www.sejourprive.com\/wp-content\/uploads\/2026\/04\/0-58.jpg","width":1200,"height":560},{"@type":"BreadcrumbList","@id":"https:\/\/www.sejourprive.com\/biens\/mas-estia-eygalieres-provence-france\/#breadcrumb","itemListElement":[{"@type":"ListItem","position":1,"name":"Accueil","item":"https:\/\/www.sejourprive.com\/"},{"@type":"ListItem","position":2,"name":"Shop","item":"https:\/\/www.sejourprive.com\/shop\/"},{"@type":"ListItem","position":3,"name":"Mas Estia, Eygali\u00e8res, Provence, France"}]},{"@type":"WebSite","@id":"https:\/\/www.sejourprive.com\/#website","url":"https:\/\/www.sejourprive.com\/","name":"Private Stay","description":"We design exceptional holidays for you.","publisher":{"@id":"https:\/\/www.sejourprive.com\/#organization"},"potentialAction":[{"@type":"SearchAction","target":{"@type":"EntryPoint","urlTemplate":"https:\/\/www.sejourprive.com\/?s={search_term_string}"},"query-input":{"@type":"PropertyValueSpecification","valueRequired":true,"valueName":"search_term_string"}}],"inLanguage":"en-GB"},{"@type":"Organization","@id":"https:\/\/www.sejourprive.com\/#organization","name":"Private Stay","url":"https:\/\/www.sejourprive.com\/","logo":{"@type":"ImageObject","inLanguage":"en-GB","@id":"https:\/\/www.sejourprive.com\/#\/schema\/logo\/image\/","url":"https:\/\/www.sejourprive.com\/wp-content\/uploads\/2026\/02\/SP-Apple-touch-144-couleur-1-2.png","contentUrl":"https:\/\/www.sejourprive.com\/wp-content\/uploads\/2026\/02\/SP-Apple-touch-144-couleur-1-2.png","width":145,"height":145,"caption":"S\u00e9jour Priv\u00e9"},"image":{"@id":"https:\/\/www.sejourprive.com\/#\/schema\/logo\/image\/"}}]}},"_links":{"self":[{"href":"https:\/\/www.sejourprive.com\/en\/wp-json\/wp\/v2\/product\/58736","targetHints":{"allow":["GET"]}}],"collection":[{"href":"https:\/\/www.sejourprive.com\/en\/wp-json\/wp\/v2\/product"}],"about":[{"href":"https:\/\/www.sejourprive.com\/en\/wp-json\/wp\/v2\/types\/product"}],"replies":[{"embeddable":true,"href":"https:\/\/www.sejourprive.com\/en\/wp-json\/wp\/v2\/comments?post=58736"}],"version-history":[{"count":1,"href":"https:\/\/www.sejourprive.com\/en\/wp-json\/wp\/v2\/product\/58736\/revisions"}],"predecessor-version":[{"id":58737,"href":"https:\/\/www.sejourprive.com\/en\/wp-json\/wp\/v2\/product\/58736\/revisions\/58737"}],"wp:featuredmedia":[{"embeddable":true,"href":"https:\/\/www.sejourprive.com\/en\/wp-json\/wp\/v2\/media\/58769"}],"wp:attachment":[{"href":"https:\/\/www.sejourprive.com\/en\/wp-json\/wp\/v2\/media?parent=58736"}],"wp:term":[{"taxonomy":"product_brand","embeddable":true,"href":"https:\/\/www.sejourprive.com\/en\/wp-json\/wp\/v2\/product_brand?post=58736"},{"taxonomy":"product_cat","embeddable":true,"href":"https:\/\/www.sejourprive.com\/en\/wp-json\/wp\/v2\/product_cat?post=58736"},{"taxonomy":"product_tag","embeddable":true,"href":"https:\/\/www.sejourprive.com\/en\/wp-json\/wp\/v2\/product_tag?post=58736"}],"curies":[{"name":"wp","href":"https:\/\/api.w.org\/{rel}","templated":true}]}}

Mas Estia, Eygalières, Provence, France

<p>Idéalement située dans le cadre emblématique d&#8217;Eygalières, cette propriété est un véritable chef-d&#8217;œuvre du luxe provençal. Elle offre un niveau de raffinement inégalé, où l&#8217;architecture traditionnelle en pierre se marie au confort et au design modernes.<span><div class="read-more-wrapper"><a class="read-more-button" data-target="read-more-69edf35f4d647" data-more-text="Read more" data-less-text="Read less"><span class="read-more-text">Read more</span></a><div id="read-more-69edf35f4d647" class="read-more-content"> </span></p>
<p>Commencez la journée par une séance d&#8217;entraînement dans la salle de sport ou un plongeon rafraîchissant dans la piscine chauffée. L&#8217;après-midi vous invite à profiter d&#8217;une expérience de bien-être complète, passant de la chaleur réparatrice du sauna à un soin professionnel dans la salle de massage privée. À la tombée de la nuit, réunissez-vous pour une partie amicale de pétanque suivie d&#8217;un dîner convivial sous le ciel étoilé de Provence.</div></div></p>

<p>Idéalement située dans le cadre emblématique d&#8217;Eygalières, cette propriété est un véritable chef-d&#8217;œuvre du luxe provençal. Elle offre un niveau&#8230;</p>

<!-- This site is optimized with the Yoast SEO plugin v26.6 - https://yoast.com/wordpress/plugins/seo/ -->
<title>Mas Estia, Eygalières, Provence, France - Séjour Privé</title>
<meta name="description" content="Idéalement située dans le cadre emblématique d&#039;Eygalières, cette propriété est un véritable chef-d&#039;œuvre du luxe provençal. Elle offre un niveau de" />
<meta name="robots" content="index, follow, max-snippet:-1, max-image-preview:large, max-video-preview:-1" />
<link rel="canonical" href="https://www.sejourprive.com/en/biens/mas-estia-eygalieres-provence-france/" />
<meta property="og:locale" content="en_GB" />
<meta property="og:type" content="article" />
<meta property="og:title" content="Mas Estia, Eygalières, Provence, France - Séjour Privé" />
<meta property="og:description" content="Idéalement située dans le cadre emblématique d&#039;Eygalières, cette propriété est un véritable chef-d&#039;œuvre du luxe provençal. Elle offre un niveau de" />
<meta property="og:url" content="https://www.sejourprive.com/en/biens/mas-estia-eygalieres-provence-france/" />
<meta property="og:site_name" content="Séjour Privé" />
<meta property="og:image" content="https://www.sejourprive.com/wp-content/uploads/2026/04/0-58.jpg" />
	<meta property="og:image:width" content="1200" />
	<meta property="og:image:height" content="560" />
	<meta property="og:image:type" content="image/jpeg" />
<meta name="twitter:card" content="summary_large_image" />
<meta name="twitter:label1" content="Estimated reading time" />
	<meta name="twitter:data1" content="1 minute" />
<script type="application/ld+json" class="yoast-schema-graph">{"@context":"https://schema.org","@graph":[{"@type":"WebPage","@id":"https://www.sejourprive.com/biens/mas-estia-eygalieres-provence-france/","url":"https://www.sejourprive.com/biens/mas-estia-eygalieres-provence-france/","name":"Mas Estia, Eygalières, Provence, France - Séjour Privé","isPartOf":{"@id":"https://www.sejourprive.com/#website"},"primaryImageOfPage":{"@id":"https://www.sejourprive.com/biens/mas-estia-eygalieres-provence-france/#primaryimage"},"image":{"@id":"https://www.sejourprive.com/biens/mas-estia-eygalieres-provence-france/#primaryimage"},"thumbnailUrl":"https://www.sejourprive.com/wp-content/uploads/2026/04/0-58.jpg","datePublished":"2026-04-14T14:39:15+00:00","description":"Idéalement située dans le cadre emblématique d'Eygalières, cette propriété est un véritable chef-d'œuvre du luxe provençal. Elle offre un niveau de","breadcrumb":{"@id":"https://www.sejourprive.com/biens/mas-estia-eygalieres-provence-france/#breadcrumb"},"inLanguage":"en-GB","potentialAction":[{"@type":"ReadAction","target":["https://www.sejourprive.com/biens/mas-estia-eygalieres-provence-france/"]}]},{"@type":"ImageObject","inLanguage":"en-GB","@id":"https://www.sejourprive.com/biens/mas-estia-eygalieres-provence-france/#primaryimage","url":"https://www.sejourprive.com/wp-content/uploads/2026/04/0-58.jpg","contentUrl":"https://www.sejourprive.com/wp-content/uploads/2026/04/0-58.jpg","width":1200,"height":560},{"@type":"BreadcrumbList","@id":"https://www.sejourprive.com/biens/mas-estia-eygalieres-provence-france/#breadcrumb","itemListElement":[{"@type":"ListItem","position":1,"name":"Accueil","item":"https://www.sejourprive.com/"},{"@type":"ListItem","position":2,"name":"Shop","item":"https://www.sejourprive.com/shop/"},{"@type":"ListItem","position":3,"name":"Mas Estia, Eygalières, Provence, France"}]},{"@type":"WebSite","@id":"https://www.sejourprive.com/#website","url":"https://www.sejourprive.com/","name":"Séjour Privé","description":"Nous imaginons pour vous des séjours d’exception.","publisher":{"@id":"https://www.sejourprive.com/#organization"},"potentialAction":[{"@type":"SearchAction","target":{"@type":"EntryPoint","urlTemplate":"https://www.sejourprive.com/?s={search_term_string}"},"query-input":{"@type":"PropertyValueSpecification","valueRequired":true,"valueName":"search_term_string"}}],"inLanguage":"en-GB"},{"@type":"Organization","@id":"https://www.sejourprive.com/#organization","name":"Séjour Privé","url":"https://www.sejourprive.com/","logo":{"@type":"ImageObject","inLanguage":"en-GB","@id":"https://www.sejourprive.com/#/schema/logo/image/","url":"https://www.sejourprive.com/wp-content/uploads/2026/02/SP-Apple-touch-144-couleur-1-2.png","contentUrl":"https://www.sejourprive.com/wp-content/uploads/2026/02/SP-Apple-touch-144-couleur-1-2.png","width":145,"height":145,"caption":"Séjour Privé"},"image":{"@id":"https://www.sejourprive.com/#/schema/logo/image/"}}]}</script>
<!-- / Yoast SEO plugin. -->

Mas Estia, Eygalières, Provence, France - Séjour Privé

Idéalement située dans le cadre emblématique d'Eygalières, cette propriété est un véritable chef-d'œuvre du luxe provençal. Elle offre un niveau de

Séjour Privé
