{"id":57189,"date":"2026-04-08T16:59:58","date_gmt":"2026-04-08T14:59:58","guid":{"rendered":"https:\/\/www.sejourprive.com\/?post_type=product&#038;p=57189"},"modified":"2026-04-08T16:59:58","modified_gmt":"2026-04-08T14:59:58","slug":"le-mas-du-borie-gordes-provence-france","status":"publish","type":"product","link":"https:\/\/www.sejourprive.com\/en\/biens\/le-mas-du-borie-gordes-provence-france\/","title":{"rendered":"Le Mas du Borie, Gordes, Provence, France"},"content":{"rendered":"<p>Nich\u00e9 \u00e0 Gordes, le Mas du Borie se trouve au c\u0153ur d\u2019un havre de nature, alliant l\u2019essence d\u2019une ferme traditionnelle \u00e0 l\u2019\u00e9l\u00e9gance d\u2019un design moderne. Dans le jardin, la piscine se fond harmonieusement dans le paysage, offrant une vue imprenable sur le Luberon.<span><div class=\"read-more-wrapper\"><a class=\"read-more-button\" data-target=\"read-more-69f5eaaa4e912\" data-more-text=\"Read more\" data-less-text=\"Read less\"><span class=\"read-more-text\">Read more<\/span><\/a><div id=\"read-more-69f5eaaa4e912\" class=\"read-more-content\"> <\/span><\/p>\n<p>La journ\u00e9e commence par une promenade paisible \u00e0 travers le village, \u00e0 la d\u00e9couverte des ruelles secr\u00e8tes de Gordes. L&#8217;apr\u00e8s-midi, la tranquillit\u00e9 du jardin invite \u00e0 la d\u00e9tente, tandis que les enfants explorent les environs. Au coucher du soleil, la terrasse devient l&#8217;endroit id\u00e9al pour un d\u00eener en famille ou entre amis, o\u00f9 les rires se m\u00ealent \u00e0 la douce brise proven\u00e7ale.<\/div><\/div><\/p>","protected":false},"excerpt":{"rendered":"<p>Nich\u00e9 \u00e0 Gordes, le Mas du Borie se trouve au c\u0153ur d\u2019un havre de nature, alliant l\u2019essence d\u2019une ferme traditionnelle&#8230;<\/p>","protected":false},"featured_media":57191,"comment_status":"open","ping_status":"closed","template":"","meta":{"_acf_changed":false},"product_brand":[],"product_cat":[15],"product_tag":[],"class_list":{"0":"post-57189","1":"product","2":"type-product","3":"status-publish","4":"has-post-thumbnail","6":"product_cat-villa","7":"property_location-france","8":"property_location-provence","10":"first","11":"instock","12":"sold-individually","13":"shipping-taxable","14":"purchasable","15":"product-type-simple"},"acf":[],"yoast_head":"<!-- This site is optimized with the Yoast SEO plugin v26.6 - https:\/\/yoast.com\/wordpress\/plugins\/seo\/ -->\n<title>Le Mas du Borie, Gordes, Provence, France - S\u00e9jour Priv\u00e9<\/title>\n<meta name=\"description\" content=\"Nich\u00e9 \u00e0 Gordes, le Mas du Borie se trouve au c\u0153ur d\u2019un havre de nature, alliant l\u2019essence d\u2019une ferme traditionnelle \u00e0 l\u2019\u00e9l\u00e9gance d\u2019un design moderne.\" \/>\n<meta name=\"robots\" content=\"index, follow, max-snippet:-1, max-image-preview:large, max-video-preview:-1\" \/>\n<link rel=\"canonical\" href=\"https:\/\/www.sejourprive.com\/en\/biens\/le-mas-du-borie-gordes-provence-france\/\" \/>\n<meta property=\"og:locale\" content=\"en_GB\" \/>\n<meta property=\"og:type\" content=\"article\" \/>\n<meta property=\"og:title\" content=\"Le Mas du Borie, Gordes, Provence, France - S\u00e9jour Priv\u00e9\" \/>\n<meta property=\"og:description\" content=\"Nich\u00e9 \u00e0 Gordes, le Mas du Borie se trouve au c\u0153ur d\u2019un havre de nature, alliant l\u2019essence d\u2019une ferme traditionnelle \u00e0 l\u2019\u00e9l\u00e9gance d\u2019un design moderne.\" \/>\n<meta property=\"og:url\" content=\"https:\/\/www.sejourprive.com\/en\/biens\/le-mas-du-borie-gordes-provence-france\/\" \/>\n<meta property=\"og:site_name\" content=\"S\u00e9jour Priv\u00e9\" \/>\n<meta property=\"og:image\" content=\"https:\/\/www.sejourprive.com\/wp-content\/uploads\/2026\/04\/0-31.jpg\" \/>\n\t<meta property=\"og:image:width\" content=\"1200\" \/>\n\t<meta property=\"og:image:height\" content=\"800\" \/>\n\t<meta property=\"og:image:type\" content=\"image\/jpeg\" \/>\n<meta name=\"twitter:card\" content=\"summary_large_image\" \/>\n<meta name=\"twitter:label1\" content=\"Estimated reading time\" \/>\n\t<meta name=\"twitter:data1\" content=\"1 minute\" \/>\n<script type=\"application\/ld+json\" class=\"yoast-schema-graph\">{\"@context\":\"https:\/\/schema.org\",\"@graph\":[{\"@type\":\"WebPage\",\"@id\":\"https:\/\/www.sejourprive.com\/biens\/le-mas-du-borie-gordes-provence-france\/\",\"url\":\"https:\/\/www.sejourprive.com\/biens\/le-mas-du-borie-gordes-provence-france\/\",\"name\":\"Le Mas du Borie, Gordes, Provence, France - S\u00e9jour Priv\u00e9\",\"isPartOf\":{\"@id\":\"https:\/\/www.sejourprive.com\/#website\"},\"primaryImageOfPage\":{\"@id\":\"https:\/\/www.sejourprive.com\/biens\/le-mas-du-borie-gordes-provence-france\/#primaryimage\"},\"image\":{\"@id\":\"https:\/\/www.sejourprive.com\/biens\/le-mas-du-borie-gordes-provence-france\/#primaryimage\"},\"thumbnailUrl\":\"https:\/\/www.sejourprive.com\/wp-content\/uploads\/2026\/04\/0-31.jpg\",\"datePublished\":\"2026-04-08T14:59:58+00:00\",\"description\":\"Nich\u00e9 \u00e0 Gordes, le Mas du Borie se trouve au c\u0153ur d\u2019un havre de nature, alliant l\u2019essence d\u2019une ferme traditionnelle \u00e0 l\u2019\u00e9l\u00e9gance d\u2019un design moderne.\",\"breadcrumb\":{\"@id\":\"https:\/\/www.sejourprive.com\/biens\/le-mas-du-borie-gordes-provence-france\/#breadcrumb\"},\"inLanguage\":\"en-GB\",\"potentialAction\":[{\"@type\":\"ReadAction\",\"target\":[\"https:\/\/www.sejourprive.com\/biens\/le-mas-du-borie-gordes-provence-france\/\"]}]},{\"@type\":\"ImageObject\",\"inLanguage\":\"en-GB\",\"@id\":\"https:\/\/www.sejourprive.com\/biens\/le-mas-du-borie-gordes-provence-france\/#primaryimage\",\"url\":\"https:\/\/www.sejourprive.com\/wp-content\/uploads\/2026\/04\/0-31.jpg\",\"contentUrl\":\"https:\/\/www.sejourprive.com\/wp-content\/uploads\/2026\/04\/0-31.jpg\",\"width\":1200,\"height\":800},{\"@type\":\"BreadcrumbList\",\"@id\":\"https:\/\/www.sejourprive.com\/biens\/le-mas-du-borie-gordes-provence-france\/#breadcrumb\",\"itemListElement\":[{\"@type\":\"ListItem\",\"position\":1,\"name\":\"Accueil\",\"item\":\"https:\/\/www.sejourprive.com\/\"},{\"@type\":\"ListItem\",\"position\":2,\"name\":\"Shop\",\"item\":\"https:\/\/www.sejourprive.com\/shop\/\"},{\"@type\":\"ListItem\",\"position\":3,\"name\":\"Le Mas du Borie, Gordes, Provence, France\"}]},{\"@type\":\"WebSite\",\"@id\":\"https:\/\/www.sejourprive.com\/#website\",\"url\":\"https:\/\/www.sejourprive.com\/\",\"name\":\"S\u00e9jour Priv\u00e9\",\"description\":\"Nous imaginons pour vous des s\u00e9jours d\u2019exception.\",\"publisher\":{\"@id\":\"https:\/\/www.sejourprive.com\/#organization\"},\"potentialAction\":[{\"@type\":\"SearchAction\",\"target\":{\"@type\":\"EntryPoint\",\"urlTemplate\":\"https:\/\/www.sejourprive.com\/?s={search_term_string}\"},\"query-input\":{\"@type\":\"PropertyValueSpecification\",\"valueRequired\":true,\"valueName\":\"search_term_string\"}}],\"inLanguage\":\"en-GB\"},{\"@type\":\"Organization\",\"@id\":\"https:\/\/www.sejourprive.com\/#organization\",\"name\":\"S\u00e9jour Priv\u00e9\",\"url\":\"https:\/\/www.sejourprive.com\/\",\"logo\":{\"@type\":\"ImageObject\",\"inLanguage\":\"en-GB\",\"@id\":\"https:\/\/www.sejourprive.com\/#\/schema\/logo\/image\/\",\"url\":\"https:\/\/www.sejourprive.com\/wp-content\/uploads\/2026\/02\/SP-Apple-touch-144-couleur-1-2.png\",\"contentUrl\":\"https:\/\/www.sejourprive.com\/wp-content\/uploads\/2026\/02\/SP-Apple-touch-144-couleur-1-2.png\",\"width\":145,\"height\":145,\"caption\":\"S\u00e9jour Priv\u00e9\"},\"image\":{\"@id\":\"https:\/\/www.sejourprive.com\/#\/schema\/logo\/image\/\"}}]}<\/script>\n<!-- \/ Yoast SEO plugin. -->","yoast_head_json":{"title":"Le Mas du Borie, Gordes, Provence, France - S\u00e9jour Priv\u00e9","description":"Nich\u00e9 \u00e0 Gordes, le Mas du Borie se trouve au c\u0153ur d\u2019un havre de nature, alliant l\u2019essence d\u2019une ferme traditionnelle \u00e0 l\u2019\u00e9l\u00e9gance d\u2019un design moderne.","robots":{"index":"index","follow":"follow","max-snippet":"max-snippet:-1","max-image-preview":"max-image-preview:large","max-video-preview":"max-video-preview:-1"},"canonical":"https:\/\/www.sejourprive.com\/en\/biens\/le-mas-du-borie-gordes-provence-france\/","og_locale":"en_GB","og_type":"article","og_title":"Le Mas du Borie, Gordes, Provence, France - S\u00e9jour Priv\u00e9","og_description":"Nich\u00e9 \u00e0 Gordes, le Mas du Borie se trouve au c\u0153ur d\u2019un havre de nature, alliant l\u2019essence d\u2019une ferme traditionnelle \u00e0 l\u2019\u00e9l\u00e9gance d\u2019un design moderne.","og_url":"https:\/\/www.sejourprive.com\/en\/biens\/le-mas-du-borie-gordes-provence-france\/","og_site_name":"S\u00e9jour Priv\u00e9","og_image":[{"width":1200,"height":800,"url":"https:\/\/www.sejourprive.com\/wp-content\/uploads\/2026\/04\/0-31.jpg","type":"image\/jpeg"}],"twitter_card":"summary_large_image","twitter_misc":{"Estimated reading time":"1 minute"},"schema":{"@context":"https:\/\/schema.org","@graph":[{"@type":"WebPage","@id":"https:\/\/www.sejourprive.com\/biens\/le-mas-du-borie-gordes-provence-france\/","url":"https:\/\/www.sejourprive.com\/biens\/le-mas-du-borie-gordes-provence-france\/","name":"Le Mas du Borie, Gordes, Provence, France - S\u00e9jour Priv\u00e9","isPartOf":{"@id":"https:\/\/www.sejourprive.com\/#website"},"primaryImageOfPage":{"@id":"https:\/\/www.sejourprive.com\/biens\/le-mas-du-borie-gordes-provence-france\/#primaryimage"},"image":{"@id":"https:\/\/www.sejourprive.com\/biens\/le-mas-du-borie-gordes-provence-france\/#primaryimage"},"thumbnailUrl":"https:\/\/www.sejourprive.com\/wp-content\/uploads\/2026\/04\/0-31.jpg","datePublished":"2026-04-08T14:59:58+00:00","description":"Nich\u00e9 \u00e0 Gordes, le Mas du Borie se trouve au c\u0153ur d\u2019un havre de nature, alliant l\u2019essence d\u2019une ferme traditionnelle \u00e0 l\u2019\u00e9l\u00e9gance d\u2019un design moderne.","breadcrumb":{"@id":"https:\/\/www.sejourprive.com\/biens\/le-mas-du-borie-gordes-provence-france\/#breadcrumb"},"inLanguage":"en-GB","potentialAction":[{"@type":"ReadAction","target":["https:\/\/www.sejourprive.com\/biens\/le-mas-du-borie-gordes-provence-france\/"]}]},{"@type":"ImageObject","inLanguage":"en-GB","@id":"https:\/\/www.sejourprive.com\/biens\/le-mas-du-borie-gordes-provence-france\/#primaryimage","url":"https:\/\/www.sejourprive.com\/wp-content\/uploads\/2026\/04\/0-31.jpg","contentUrl":"https:\/\/www.sejourprive.com\/wp-content\/uploads\/2026\/04\/0-31.jpg","width":1200,"height":800},{"@type":"BreadcrumbList","@id":"https:\/\/www.sejourprive.com\/biens\/le-mas-du-borie-gordes-provence-france\/#breadcrumb","itemListElement":[{"@type":"ListItem","position":1,"name":"Accueil","item":"https:\/\/www.sejourprive.com\/"},{"@type":"ListItem","position":2,"name":"Shop","item":"https:\/\/www.sejourprive.com\/shop\/"},{"@type":"ListItem","position":3,"name":"Le Mas du Borie, Gordes, Provence, France"}]},{"@type":"WebSite","@id":"https:\/\/www.sejourprive.com\/#website","url":"https:\/\/www.sejourprive.com\/","name":"Private Stay","description":"We design exceptional holidays for you.","publisher":{"@id":"https:\/\/www.sejourprive.com\/#organization"},"potentialAction":[{"@type":"SearchAction","target":{"@type":"EntryPoint","urlTemplate":"https:\/\/www.sejourprive.com\/?s={search_term_string}"},"query-input":{"@type":"PropertyValueSpecification","valueRequired":true,"valueName":"search_term_string"}}],"inLanguage":"en-GB"},{"@type":"Organization","@id":"https:\/\/www.sejourprive.com\/#organization","name":"Private Stay","url":"https:\/\/www.sejourprive.com\/","logo":{"@type":"ImageObject","inLanguage":"en-GB","@id":"https:\/\/www.sejourprive.com\/#\/schema\/logo\/image\/","url":"https:\/\/www.sejourprive.com\/wp-content\/uploads\/2026\/02\/SP-Apple-touch-144-couleur-1-2.png","contentUrl":"https:\/\/www.sejourprive.com\/wp-content\/uploads\/2026\/02\/SP-Apple-touch-144-couleur-1-2.png","width":145,"height":145,"caption":"S\u00e9jour Priv\u00e9"},"image":{"@id":"https:\/\/www.sejourprive.com\/#\/schema\/logo\/image\/"}}]}},"_links":{"self":[{"href":"https:\/\/www.sejourprive.com\/en\/wp-json\/wp\/v2\/product\/57189","targetHints":{"allow":["GET"]}}],"collection":[{"href":"https:\/\/www.sejourprive.com\/en\/wp-json\/wp\/v2\/product"}],"about":[{"href":"https:\/\/www.sejourprive.com\/en\/wp-json\/wp\/v2\/types\/product"}],"replies":[{"embeddable":true,"href":"https:\/\/www.sejourprive.com\/en\/wp-json\/wp\/v2\/comments?post=57189"}],"version-history":[{"count":0,"href":"https:\/\/www.sejourprive.com\/en\/wp-json\/wp\/v2\/product\/57189\/revisions"}],"wp:featuredmedia":[{"embeddable":true,"href":"https:\/\/www.sejourprive.com\/en\/wp-json\/wp\/v2\/media\/57191"}],"wp:attachment":[{"href":"https:\/\/www.sejourprive.com\/en\/wp-json\/wp\/v2\/media?parent=57189"}],"wp:term":[{"taxonomy":"product_brand","embeddable":true,"href":"https:\/\/www.sejourprive.com\/en\/wp-json\/wp\/v2\/product_brand?post=57189"},{"taxonomy":"product_cat","embeddable":true,"href":"https:\/\/www.sejourprive.com\/en\/wp-json\/wp\/v2\/product_cat?post=57189"},{"taxonomy":"product_tag","embeddable":true,"href":"https:\/\/www.sejourprive.com\/en\/wp-json\/wp\/v2\/product_tag?post=57189"}],"curies":[{"name":"wp","href":"https:\/\/api.w.org\/{rel}","templated":true}]}}

<p>Niché à Gordes, le Mas du Borie se trouve au cœur d’un havre de nature, alliant l’essence d’une ferme traditionnelle à l’élégance d’un design moderne. Dans le jardin, la piscine se fond harmonieusement dans le paysage, offrant une vue imprenable sur le Luberon.<span><div class="read-more-wrapper"><a class="read-more-button" data-target="read-more-69f5eaaa4e912" data-more-text="Read more" data-less-text="Read less"><span class="read-more-text">Read more</span></a><div id="read-more-69f5eaaa4e912" class="read-more-content"> </span></p>
<p>La journée commence par une promenade paisible à travers le village, à la découverte des ruelles secrètes de Gordes. L&#8217;après-midi, la tranquillité du jardin invite à la détente, tandis que les enfants explorent les environs. Au coucher du soleil, la terrasse devient l&#8217;endroit idéal pour un dîner en famille ou entre amis, où les rires se mêlent à la douce brise provençale.</div></div></p>

<p>Niché à Gordes, le Mas du Borie se trouve au cœur d’un havre de nature, alliant l’essence d’une ferme traditionnelle&#8230;</p>

<!-- This site is optimized with the Yoast SEO plugin v26.6 - https://yoast.com/wordpress/plugins/seo/ -->
<title>Le Mas du Borie, Gordes, Provence, France - Séjour Privé</title>
<meta name="description" content="Niché à Gordes, le Mas du Borie se trouve au cœur d’un havre de nature, alliant l’essence d’une ferme traditionnelle à l’élégance d’un design moderne." />
<meta name="robots" content="index, follow, max-snippet:-1, max-image-preview:large, max-video-preview:-1" />
<link rel="canonical" href="https://www.sejourprive.com/en/biens/le-mas-du-borie-gordes-provence-france/" />
<meta property="og:locale" content="en_GB" />
<meta property="og:type" content="article" />
<meta property="og:title" content="Le Mas du Borie, Gordes, Provence, France - Séjour Privé" />
<meta property="og:description" content="Niché à Gordes, le Mas du Borie se trouve au cœur d’un havre de nature, alliant l’essence d’une ferme traditionnelle à l’élégance d’un design moderne." />
<meta property="og:url" content="https://www.sejourprive.com/en/biens/le-mas-du-borie-gordes-provence-france/" />
<meta property="og:site_name" content="Séjour Privé" />
<meta property="og:image" content="https://www.sejourprive.com/wp-content/uploads/2026/04/0-31.jpg" />
	<meta property="og:image:width" content="1200" />
	<meta property="og:image:height" content="800" />
	<meta property="og:image:type" content="image/jpeg" />
<meta name="twitter:card" content="summary_large_image" />
<meta name="twitter:label1" content="Estimated reading time" />
	<meta name="twitter:data1" content="1 minute" />
<script type="application/ld+json" class="yoast-schema-graph">{"@context":"https://schema.org","@graph":[{"@type":"WebPage","@id":"https://www.sejourprive.com/biens/le-mas-du-borie-gordes-provence-france/","url":"https://www.sejourprive.com/biens/le-mas-du-borie-gordes-provence-france/","name":"Le Mas du Borie, Gordes, Provence, France - Séjour Privé","isPartOf":{"@id":"https://www.sejourprive.com/#website"},"primaryImageOfPage":{"@id":"https://www.sejourprive.com/biens/le-mas-du-borie-gordes-provence-france/#primaryimage"},"image":{"@id":"https://www.sejourprive.com/biens/le-mas-du-borie-gordes-provence-france/#primaryimage"},"thumbnailUrl":"https://www.sejourprive.com/wp-content/uploads/2026/04/0-31.jpg","datePublished":"2026-04-08T14:59:58+00:00","description":"Niché à Gordes, le Mas du Borie se trouve au cœur d’un havre de nature, alliant l’essence d’une ferme traditionnelle à l’élégance d’un design moderne.","breadcrumb":{"@id":"https://www.sejourprive.com/biens/le-mas-du-borie-gordes-provence-france/#breadcrumb"},"inLanguage":"en-GB","potentialAction":[{"@type":"ReadAction","target":["https://www.sejourprive.com/biens/le-mas-du-borie-gordes-provence-france/"]}]},{"@type":"ImageObject","inLanguage":"en-GB","@id":"https://www.sejourprive.com/biens/le-mas-du-borie-gordes-provence-france/#primaryimage","url":"https://www.sejourprive.com/wp-content/uploads/2026/04/0-31.jpg","contentUrl":"https://www.sejourprive.com/wp-content/uploads/2026/04/0-31.jpg","width":1200,"height":800},{"@type":"BreadcrumbList","@id":"https://www.sejourprive.com/biens/le-mas-du-borie-gordes-provence-france/#breadcrumb","itemListElement":[{"@type":"ListItem","position":1,"name":"Accueil","item":"https://www.sejourprive.com/"},{"@type":"ListItem","position":2,"name":"Shop","item":"https://www.sejourprive.com/shop/"},{"@type":"ListItem","position":3,"name":"Le Mas du Borie, Gordes, Provence, France"}]},{"@type":"WebSite","@id":"https://www.sejourprive.com/#website","url":"https://www.sejourprive.com/","name":"Séjour Privé","description":"Nous imaginons pour vous des séjours d’exception.","publisher":{"@id":"https://www.sejourprive.com/#organization"},"potentialAction":[{"@type":"SearchAction","target":{"@type":"EntryPoint","urlTemplate":"https://www.sejourprive.com/?s={search_term_string}"},"query-input":{"@type":"PropertyValueSpecification","valueRequired":true,"valueName":"search_term_string"}}],"inLanguage":"en-GB"},{"@type":"Organization","@id":"https://www.sejourprive.com/#organization","name":"Séjour Privé","url":"https://www.sejourprive.com/","logo":{"@type":"ImageObject","inLanguage":"en-GB","@id":"https://www.sejourprive.com/#/schema/logo/image/","url":"https://www.sejourprive.com/wp-content/uploads/2026/02/SP-Apple-touch-144-couleur-1-2.png","contentUrl":"https://www.sejourprive.com/wp-content/uploads/2026/02/SP-Apple-touch-144-couleur-1-2.png","width":145,"height":145,"caption":"Séjour Privé"},"image":{"@id":"https://www.sejourprive.com/#/schema/logo/image/"}}]}</script>
<!-- / Yoast SEO plugin. -->

Le Mas du Borie, Gordes, Provence, France - Séjour Privé

Niché à Gordes, le Mas du Borie se trouve au cœur d’un havre de nature, alliant l’essence d’une ferme traditionnelle à l’élégance d’un design moderne.

Séjour Privé
