{"id":56723,"date":"2026-04-07T14:56:37","date_gmt":"2026-04-07T12:56:37","guid":{"rendered":"https:\/\/www.sejourprive.com\/?post_type=product&#038;p=56723"},"modified":"2026-04-07T14:56:37","modified_gmt":"2026-04-07T12:56:37","slug":"mas-du-verger-aix-en-provence-provence-france","status":"publish","type":"product","link":"https:\/\/www.sejourprive.com\/en\/biens\/mas-du-verger-aix-en-provence-provence-france\/","title":{"rendered":"Mas du Verger, Aix-En-Provence, Provence, France"},"content":{"rendered":"<p>Au c\u0153ur de la campagne d&#8217;Aix, le Mas du Verger est une oasis de tranquillit\u00e9 o\u00f9 l&#8217;\u00e9l\u00e9gance proven\u00e7ale se marie \u00e0 l&#8217;authenticit\u00e9 d&#8217;un domaine bois\u00e9. Entour\u00e9e de vergers et de jardins luxuriants, cette demeure en pierre allie charme traditionnel et confort raffin\u00e9, offrant un cadre enchanteur pour une escapade hors du temps.<span><div class=\"read-more-wrapper\"><a class=\"read-more-button\" data-target=\"read-more-69f7181d26070\" data-more-text=\"Read more\" data-less-text=\"Read less\"><span class=\"read-more-text\">Read more<\/span><\/a><div id=\"read-more-69f7181d26070\" class=\"read-more-content\"> <\/span><\/p>\n<p>Commencez la journ\u00e9e par un petit-d\u00e9jeuner en plein air avant de piquer une t\u00eate dans la piscine. L&#8217;apr\u00e8s-midi, perfectionnez votre revers sur le court de tennis priv\u00e9 ou profitez d&#8217;une partie de p\u00e9tanque \u00e0 l&#8217;ombre des arbres. \u00c0 la tomb\u00e9e de la nuit, installez-vous sur la terrasse pour partager un repas sous le ciel \u00e9toil\u00e9, berc\u00e9s par le chant des cigales et la douceur de l&#8217;air du soir.<\/div><\/div><\/p>","protected":false},"excerpt":{"rendered":"<p>Au c\u0153ur de la campagne d&#8217;Aix, le Mas du Verger est une oasis de tranquillit\u00e9 o\u00f9 l&#8217;\u00e9l\u00e9gance proven\u00e7ale se marie&#8230;<\/p>","protected":false},"featured_media":56770,"comment_status":"open","ping_status":"closed","template":"","meta":{"_acf_changed":false},"product_brand":[],"product_cat":[15],"product_tag":[],"class_list":{"0":"post-56723","1":"product","2":"type-product","3":"status-publish","4":"has-post-thumbnail","6":"product_cat-villa","7":"property_location-france","8":"property_location-provence","10":"first","11":"instock","12":"sold-individually","13":"shipping-taxable","14":"purchasable","15":"product-type-simple"},"acf":[],"yoast_head":"<!-- This site is optimized with the Yoast SEO plugin v26.6 - https:\/\/yoast.com\/wordpress\/plugins\/seo\/ -->\n<title>Mas du Verger, Aix-En-Provence, Provence, France - S\u00e9jour Priv\u00e9<\/title>\n<meta name=\"description\" content=\"Au c\u0153ur de la campagne d&#039;Aix, le Mas du Verger est une oasis de tranquillit\u00e9 o\u00f9 l&#039;\u00e9l\u00e9gance proven\u00e7ale se marie \u00e0 l&#039;authenticit\u00e9 d&#039;un domaine bois\u00e9.\" \/>\n<meta name=\"robots\" content=\"index, follow, max-snippet:-1, max-image-preview:large, max-video-preview:-1\" \/>\n<link rel=\"canonical\" href=\"https:\/\/www.sejourprive.com\/en\/biens\/mas-du-verger-aix-en-provence-provence-france\/\" \/>\n<meta property=\"og:locale\" content=\"en_GB\" \/>\n<meta property=\"og:type\" content=\"article\" \/>\n<meta property=\"og:title\" content=\"Mas du Verger, Aix-En-Provence, Provence, France - S\u00e9jour Priv\u00e9\" \/>\n<meta property=\"og:description\" content=\"Au c\u0153ur de la campagne d&#039;Aix, le Mas du Verger est une oasis de tranquillit\u00e9 o\u00f9 l&#039;\u00e9l\u00e9gance proven\u00e7ale se marie \u00e0 l&#039;authenticit\u00e9 d&#039;un domaine bois\u00e9.\" \/>\n<meta property=\"og:url\" content=\"https:\/\/www.sejourprive.com\/en\/biens\/mas-du-verger-aix-en-provence-provence-france\/\" \/>\n<meta property=\"og:site_name\" content=\"S\u00e9jour Priv\u00e9\" \/>\n<meta property=\"og:image\" content=\"https:\/\/www.sejourprive.com\/wp-content\/uploads\/2026\/04\/2-25.jpg\" \/>\n\t<meta property=\"og:image:width\" content=\"1200\" \/>\n\t<meta property=\"og:image:height\" content=\"800\" \/>\n\t<meta property=\"og:image:type\" content=\"image\/jpeg\" \/>\n<meta name=\"twitter:card\" content=\"summary_large_image\" \/>\n<meta name=\"twitter:label1\" content=\"Estimated reading time\" \/>\n\t<meta name=\"twitter:data1\" content=\"1 minute\" \/>\n<script type=\"application\/ld+json\" class=\"yoast-schema-graph\">{\"@context\":\"https:\/\/schema.org\",\"@graph\":[{\"@type\":\"WebPage\",\"@id\":\"https:\/\/www.sejourprive.com\/biens\/mas-du-verger-aix-en-provence-provence-france\/\",\"url\":\"https:\/\/www.sejourprive.com\/biens\/mas-du-verger-aix-en-provence-provence-france\/\",\"name\":\"Mas du Verger, Aix-En-Provence, Provence, France - S\u00e9jour Priv\u00e9\",\"isPartOf\":{\"@id\":\"https:\/\/www.sejourprive.com\/#website\"},\"primaryImageOfPage\":{\"@id\":\"https:\/\/www.sejourprive.com\/biens\/mas-du-verger-aix-en-provence-provence-france\/#primaryimage\"},\"image\":{\"@id\":\"https:\/\/www.sejourprive.com\/biens\/mas-du-verger-aix-en-provence-provence-france\/#primaryimage\"},\"thumbnailUrl\":\"https:\/\/www.sejourprive.com\/wp-content\/uploads\/2026\/04\/2-25.jpg\",\"datePublished\":\"2026-04-07T12:56:37+00:00\",\"description\":\"Au c\u0153ur de la campagne d'Aix, le Mas du Verger est une oasis de tranquillit\u00e9 o\u00f9 l'\u00e9l\u00e9gance proven\u00e7ale se marie \u00e0 l'authenticit\u00e9 d'un domaine bois\u00e9.\",\"breadcrumb\":{\"@id\":\"https:\/\/www.sejourprive.com\/biens\/mas-du-verger-aix-en-provence-provence-france\/#breadcrumb\"},\"inLanguage\":\"en-GB\",\"potentialAction\":[{\"@type\":\"ReadAction\",\"target\":[\"https:\/\/www.sejourprive.com\/biens\/mas-du-verger-aix-en-provence-provence-france\/\"]}]},{\"@type\":\"ImageObject\",\"inLanguage\":\"en-GB\",\"@id\":\"https:\/\/www.sejourprive.com\/biens\/mas-du-verger-aix-en-provence-provence-france\/#primaryimage\",\"url\":\"https:\/\/www.sejourprive.com\/wp-content\/uploads\/2026\/04\/2-25.jpg\",\"contentUrl\":\"https:\/\/www.sejourprive.com\/wp-content\/uploads\/2026\/04\/2-25.jpg\",\"width\":1200,\"height\":800},{\"@type\":\"BreadcrumbList\",\"@id\":\"https:\/\/www.sejourprive.com\/biens\/mas-du-verger-aix-en-provence-provence-france\/#breadcrumb\",\"itemListElement\":[{\"@type\":\"ListItem\",\"position\":1,\"name\":\"Accueil\",\"item\":\"https:\/\/www.sejourprive.com\/\"},{\"@type\":\"ListItem\",\"position\":2,\"name\":\"Shop\",\"item\":\"https:\/\/www.sejourprive.com\/shop\/\"},{\"@type\":\"ListItem\",\"position\":3,\"name\":\"Mas du Verger, Aix-En-Provence, Provence, France\"}]},{\"@type\":\"WebSite\",\"@id\":\"https:\/\/www.sejourprive.com\/#website\",\"url\":\"https:\/\/www.sejourprive.com\/\",\"name\":\"S\u00e9jour Priv\u00e9\",\"description\":\"Nous imaginons pour vous des s\u00e9jours d\u2019exception.\",\"publisher\":{\"@id\":\"https:\/\/www.sejourprive.com\/#organization\"},\"potentialAction\":[{\"@type\":\"SearchAction\",\"target\":{\"@type\":\"EntryPoint\",\"urlTemplate\":\"https:\/\/www.sejourprive.com\/?s={search_term_string}\"},\"query-input\":{\"@type\":\"PropertyValueSpecification\",\"valueRequired\":true,\"valueName\":\"search_term_string\"}}],\"inLanguage\":\"en-GB\"},{\"@type\":\"Organization\",\"@id\":\"https:\/\/www.sejourprive.com\/#organization\",\"name\":\"S\u00e9jour Priv\u00e9\",\"url\":\"https:\/\/www.sejourprive.com\/\",\"logo\":{\"@type\":\"ImageObject\",\"inLanguage\":\"en-GB\",\"@id\":\"https:\/\/www.sejourprive.com\/#\/schema\/logo\/image\/\",\"url\":\"https:\/\/www.sejourprive.com\/wp-content\/uploads\/2026\/02\/SP-Apple-touch-144-couleur-1-2.png\",\"contentUrl\":\"https:\/\/www.sejourprive.com\/wp-content\/uploads\/2026\/02\/SP-Apple-touch-144-couleur-1-2.png\",\"width\":145,\"height\":145,\"caption\":\"S\u00e9jour Priv\u00e9\"},\"image\":{\"@id\":\"https:\/\/www.sejourprive.com\/#\/schema\/logo\/image\/\"}}]}<\/script>\n<!-- \/ Yoast SEO plugin. -->","yoast_head_json":{"title":"Mas du Verger, Aix-En-Provence, Provence, France - S\u00e9jour Priv\u00e9","description":"Au c\u0153ur de la campagne d'Aix, le Mas du Verger est une oasis de tranquillit\u00e9 o\u00f9 l'\u00e9l\u00e9gance proven\u00e7ale se marie \u00e0 l'authenticit\u00e9 d'un domaine bois\u00e9.","robots":{"index":"index","follow":"follow","max-snippet":"max-snippet:-1","max-image-preview":"max-image-preview:large","max-video-preview":"max-video-preview:-1"},"canonical":"https:\/\/www.sejourprive.com\/en\/biens\/mas-du-verger-aix-en-provence-provence-france\/","og_locale":"en_GB","og_type":"article","og_title":"Mas du Verger, Aix-En-Provence, Provence, France - S\u00e9jour Priv\u00e9","og_description":"Au c\u0153ur de la campagne d'Aix, le Mas du Verger est une oasis de tranquillit\u00e9 o\u00f9 l'\u00e9l\u00e9gance proven\u00e7ale se marie \u00e0 l'authenticit\u00e9 d'un domaine bois\u00e9.","og_url":"https:\/\/www.sejourprive.com\/en\/biens\/mas-du-verger-aix-en-provence-provence-france\/","og_site_name":"S\u00e9jour Priv\u00e9","og_image":[{"width":1200,"height":800,"url":"https:\/\/www.sejourprive.com\/wp-content\/uploads\/2026\/04\/2-25.jpg","type":"image\/jpeg"}],"twitter_card":"summary_large_image","twitter_misc":{"Estimated reading time":"1 minute"},"schema":{"@context":"https:\/\/schema.org","@graph":[{"@type":"WebPage","@id":"https:\/\/www.sejourprive.com\/biens\/mas-du-verger-aix-en-provence-provence-france\/","url":"https:\/\/www.sejourprive.com\/biens\/mas-du-verger-aix-en-provence-provence-france\/","name":"Mas du Verger, Aix-En-Provence, Provence, France - S\u00e9jour Priv\u00e9","isPartOf":{"@id":"https:\/\/www.sejourprive.com\/#website"},"primaryImageOfPage":{"@id":"https:\/\/www.sejourprive.com\/biens\/mas-du-verger-aix-en-provence-provence-france\/#primaryimage"},"image":{"@id":"https:\/\/www.sejourprive.com\/biens\/mas-du-verger-aix-en-provence-provence-france\/#primaryimage"},"thumbnailUrl":"https:\/\/www.sejourprive.com\/wp-content\/uploads\/2026\/04\/2-25.jpg","datePublished":"2026-04-07T12:56:37+00:00","description":"Au c\u0153ur de la campagne d'Aix, le Mas du Verger est une oasis de tranquillit\u00e9 o\u00f9 l'\u00e9l\u00e9gance proven\u00e7ale se marie \u00e0 l'authenticit\u00e9 d'un domaine bois\u00e9.","breadcrumb":{"@id":"https:\/\/www.sejourprive.com\/biens\/mas-du-verger-aix-en-provence-provence-france\/#breadcrumb"},"inLanguage":"en-GB","potentialAction":[{"@type":"ReadAction","target":["https:\/\/www.sejourprive.com\/biens\/mas-du-verger-aix-en-provence-provence-france\/"]}]},{"@type":"ImageObject","inLanguage":"en-GB","@id":"https:\/\/www.sejourprive.com\/biens\/mas-du-verger-aix-en-provence-provence-france\/#primaryimage","url":"https:\/\/www.sejourprive.com\/wp-content\/uploads\/2026\/04\/2-25.jpg","contentUrl":"https:\/\/www.sejourprive.com\/wp-content\/uploads\/2026\/04\/2-25.jpg","width":1200,"height":800},{"@type":"BreadcrumbList","@id":"https:\/\/www.sejourprive.com\/biens\/mas-du-verger-aix-en-provence-provence-france\/#breadcrumb","itemListElement":[{"@type":"ListItem","position":1,"name":"Accueil","item":"https:\/\/www.sejourprive.com\/"},{"@type":"ListItem","position":2,"name":"Shop","item":"https:\/\/www.sejourprive.com\/shop\/"},{"@type":"ListItem","position":3,"name":"Mas du Verger, Aix-En-Provence, Provence, France"}]},{"@type":"WebSite","@id":"https:\/\/www.sejourprive.com\/#website","url":"https:\/\/www.sejourprive.com\/","name":"Private Stay","description":"We design exceptional holidays for you.","publisher":{"@id":"https:\/\/www.sejourprive.com\/#organization"},"potentialAction":[{"@type":"SearchAction","target":{"@type":"EntryPoint","urlTemplate":"https:\/\/www.sejourprive.com\/?s={search_term_string}"},"query-input":{"@type":"PropertyValueSpecification","valueRequired":true,"valueName":"search_term_string"}}],"inLanguage":"en-GB"},{"@type":"Organization","@id":"https:\/\/www.sejourprive.com\/#organization","name":"Private Stay","url":"https:\/\/www.sejourprive.com\/","logo":{"@type":"ImageObject","inLanguage":"en-GB","@id":"https:\/\/www.sejourprive.com\/#\/schema\/logo\/image\/","url":"https:\/\/www.sejourprive.com\/wp-content\/uploads\/2026\/02\/SP-Apple-touch-144-couleur-1-2.png","contentUrl":"https:\/\/www.sejourprive.com\/wp-content\/uploads\/2026\/02\/SP-Apple-touch-144-couleur-1-2.png","width":145,"height":145,"caption":"S\u00e9jour Priv\u00e9"},"image":{"@id":"https:\/\/www.sejourprive.com\/#\/schema\/logo\/image\/"}}]}},"_links":{"self":[{"href":"https:\/\/www.sejourprive.com\/en\/wp-json\/wp\/v2\/product\/56723","targetHints":{"allow":["GET"]}}],"collection":[{"href":"https:\/\/www.sejourprive.com\/en\/wp-json\/wp\/v2\/product"}],"about":[{"href":"https:\/\/www.sejourprive.com\/en\/wp-json\/wp\/v2\/types\/product"}],"replies":[{"embeddable":true,"href":"https:\/\/www.sejourprive.com\/en\/wp-json\/wp\/v2\/comments?post=56723"}],"version-history":[{"count":0,"href":"https:\/\/www.sejourprive.com\/en\/wp-json\/wp\/v2\/product\/56723\/revisions"}],"wp:featuredmedia":[{"embeddable":true,"href":"https:\/\/www.sejourprive.com\/en\/wp-json\/wp\/v2\/media\/56770"}],"wp:attachment":[{"href":"https:\/\/www.sejourprive.com\/en\/wp-json\/wp\/v2\/media?parent=56723"}],"wp:term":[{"taxonomy":"product_brand","embeddable":true,"href":"https:\/\/www.sejourprive.com\/en\/wp-json\/wp\/v2\/product_brand?post=56723"},{"taxonomy":"product_cat","embeddable":true,"href":"https:\/\/www.sejourprive.com\/en\/wp-json\/wp\/v2\/product_cat?post=56723"},{"taxonomy":"product_tag","embeddable":true,"href":"https:\/\/www.sejourprive.com\/en\/wp-json\/wp\/v2\/product_tag?post=56723"}],"curies":[{"name":"wp","href":"https:\/\/api.w.org\/{rel}","templated":true}]}}

<p>Au cœur de la campagne d&#8217;Aix, le Mas du Verger est une oasis de tranquillité où l&#8217;élégance provençale se marie à l&#8217;authenticité d&#8217;un domaine boisé. Entourée de vergers et de jardins luxuriants, cette demeure en pierre allie charme traditionnel et confort raffiné, offrant un cadre enchanteur pour une escapade hors du temps.<span><div class="read-more-wrapper"><a class="read-more-button" data-target="read-more-69f7181d26070" data-more-text="Read more" data-less-text="Read less"><span class="read-more-text">Read more</span></a><div id="read-more-69f7181d26070" class="read-more-content"> </span></p>
<p>Commencez la journée par un petit-déjeuner en plein air avant de piquer une tête dans la piscine. L&#8217;après-midi, perfectionnez votre revers sur le court de tennis privé ou profitez d&#8217;une partie de pétanque à l&#8217;ombre des arbres. À la tombée de la nuit, installez-vous sur la terrasse pour partager un repas sous le ciel étoilé, bercés par le chant des cigales et la douceur de l&#8217;air du soir.</div></div></p>

<p>Au cœur de la campagne d&#8217;Aix, le Mas du Verger est une oasis de tranquillité où l&#8217;élégance provençale se marie&#8230;</p>

<!-- This site is optimized with the Yoast SEO plugin v26.6 - https://yoast.com/wordpress/plugins/seo/ -->
<title>Mas du Verger, Aix-En-Provence, Provence, France - Séjour Privé</title>
<meta name="description" content="Au cœur de la campagne d&#039;Aix, le Mas du Verger est une oasis de tranquillité où l&#039;élégance provençale se marie à l&#039;authenticité d&#039;un domaine boisé." />
<meta name="robots" content="index, follow, max-snippet:-1, max-image-preview:large, max-video-preview:-1" />
<link rel="canonical" href="https://www.sejourprive.com/en/biens/mas-du-verger-aix-en-provence-provence-france/" />
<meta property="og:locale" content="en_GB" />
<meta property="og:type" content="article" />
<meta property="og:title" content="Mas du Verger, Aix-En-Provence, Provence, France - Séjour Privé" />
<meta property="og:description" content="Au cœur de la campagne d&#039;Aix, le Mas du Verger est une oasis de tranquillité où l&#039;élégance provençale se marie à l&#039;authenticité d&#039;un domaine boisé." />
<meta property="og:url" content="https://www.sejourprive.com/en/biens/mas-du-verger-aix-en-provence-provence-france/" />
<meta property="og:site_name" content="Séjour Privé" />
<meta property="og:image" content="https://www.sejourprive.com/wp-content/uploads/2026/04/2-25.jpg" />
	<meta property="og:image:width" content="1200" />
	<meta property="og:image:height" content="800" />
	<meta property="og:image:type" content="image/jpeg" />
<meta name="twitter:card" content="summary_large_image" />
<meta name="twitter:label1" content="Estimated reading time" />
	<meta name="twitter:data1" content="1 minute" />
<script type="application/ld+json" class="yoast-schema-graph">{"@context":"https://schema.org","@graph":[{"@type":"WebPage","@id":"https://www.sejourprive.com/biens/mas-du-verger-aix-en-provence-provence-france/","url":"https://www.sejourprive.com/biens/mas-du-verger-aix-en-provence-provence-france/","name":"Mas du Verger, Aix-En-Provence, Provence, France - Séjour Privé","isPartOf":{"@id":"https://www.sejourprive.com/#website"},"primaryImageOfPage":{"@id":"https://www.sejourprive.com/biens/mas-du-verger-aix-en-provence-provence-france/#primaryimage"},"image":{"@id":"https://www.sejourprive.com/biens/mas-du-verger-aix-en-provence-provence-france/#primaryimage"},"thumbnailUrl":"https://www.sejourprive.com/wp-content/uploads/2026/04/2-25.jpg","datePublished":"2026-04-07T12:56:37+00:00","description":"Au cœur de la campagne d'Aix, le Mas du Verger est une oasis de tranquillité où l'élégance provençale se marie à l'authenticité d'un domaine boisé.","breadcrumb":{"@id":"https://www.sejourprive.com/biens/mas-du-verger-aix-en-provence-provence-france/#breadcrumb"},"inLanguage":"en-GB","potentialAction":[{"@type":"ReadAction","target":["https://www.sejourprive.com/biens/mas-du-verger-aix-en-provence-provence-france/"]}]},{"@type":"ImageObject","inLanguage":"en-GB","@id":"https://www.sejourprive.com/biens/mas-du-verger-aix-en-provence-provence-france/#primaryimage","url":"https://www.sejourprive.com/wp-content/uploads/2026/04/2-25.jpg","contentUrl":"https://www.sejourprive.com/wp-content/uploads/2026/04/2-25.jpg","width":1200,"height":800},{"@type":"BreadcrumbList","@id":"https://www.sejourprive.com/biens/mas-du-verger-aix-en-provence-provence-france/#breadcrumb","itemListElement":[{"@type":"ListItem","position":1,"name":"Accueil","item":"https://www.sejourprive.com/"},{"@type":"ListItem","position":2,"name":"Shop","item":"https://www.sejourprive.com/shop/"},{"@type":"ListItem","position":3,"name":"Mas du Verger, Aix-En-Provence, Provence, France"}]},{"@type":"WebSite","@id":"https://www.sejourprive.com/#website","url":"https://www.sejourprive.com/","name":"Séjour Privé","description":"Nous imaginons pour vous des séjours d’exception.","publisher":{"@id":"https://www.sejourprive.com/#organization"},"potentialAction":[{"@type":"SearchAction","target":{"@type":"EntryPoint","urlTemplate":"https://www.sejourprive.com/?s={search_term_string}"},"query-input":{"@type":"PropertyValueSpecification","valueRequired":true,"valueName":"search_term_string"}}],"inLanguage":"en-GB"},{"@type":"Organization","@id":"https://www.sejourprive.com/#organization","name":"Séjour Privé","url":"https://www.sejourprive.com/","logo":{"@type":"ImageObject","inLanguage":"en-GB","@id":"https://www.sejourprive.com/#/schema/logo/image/","url":"https://www.sejourprive.com/wp-content/uploads/2026/02/SP-Apple-touch-144-couleur-1-2.png","contentUrl":"https://www.sejourprive.com/wp-content/uploads/2026/02/SP-Apple-touch-144-couleur-1-2.png","width":145,"height":145,"caption":"Séjour Privé"},"image":{"@id":"https://www.sejourprive.com/#/schema/logo/image/"}}]}</script>
<!-- / Yoast SEO plugin. -->

Mas du Verger, Aix-En-Provence, Provence, France - Séjour Privé

Au cœur de la campagne d'Aix, le Mas du Verger est une oasis de tranquillité où l'élégance provençale se marie à l'authenticité d'un domaine boisé.

Séjour Privé
