{"id":55581,"date":"2026-04-01T15:06:51","date_gmt":"2026-04-01T13:06:51","guid":{"rendered":"https:\/\/www.sejourprive.com\/?post_type=product&#038;p=55581"},"modified":"2026-04-01T15:06:51","modified_gmt":"2026-04-01T13:06:51","slug":"mas-esteve-eygalieres-provence-france","status":"publish","type":"product","link":"https:\/\/www.sejourprive.com\/en\/biens\/mas-esteve-eygalieres-provence-france\/","title":{"rendered":"Mas Esteve, Eygali\u00e8res, Provence, France"},"content":{"rendered":"<p>In the heart of Eygali\u00e8res, Mas Esteve extends over four hectares of unspoilt countryside, with the majestic Alpilles as a backdrop. Just a few minutes away, the village's charming cobbled streets, vineyards and olive tree-lined paths invite you to enjoy a truly enchanting getaway.<span><div class=\"read-more-wrapper\"><a class=\"read-more-button\" data-target=\"read-more-69f334b8d860d\" data-more-text=\"Read more\" data-less-text=\"Read less\"><span class=\"read-more-text\">Read more<\/span><\/a><div id=\"read-more-69f334b8d860d\" class=\"read-more-content\"> <\/span><\/p>\n<p>R\u00e9veillez-vous aux premiers rayons dor\u00e9s du soleil qui scintillent sur la piscine chauff\u00e9e. Vivez l&#8217;excitation d&#8217;un match de tennis ou l&#8217;esprit convivial d&#8217;une partie de p\u00e9tanque \u00e0 l&#8217;ombre des platanes. Laissez le temps s&#8217;\u00e9couler lors d&#8217;un massage apaisant suivi d&#8217;une s\u00e9ance de yoga revigorante. \u00c0 la tomb\u00e9e de la nuit, profitez de la chaleur d&#8217;un int\u00e9rieur \u00e9l\u00e9gamment baign\u00e9 de lumi\u00e8re, o\u00f9 chaque espace est con\u00e7u pour le confort et la s\u00e9r\u00e9nit\u00e9.<\/div><\/div><\/p>","protected":false},"excerpt":{"rendered":"<p>Au c\u0153ur d\u2019Eygali\u00e8res, le Mas Esteve s\u2019\u00e9tend sur quatre hectares de nature pr\u00e9serv\u00e9e, avec les majestueuses Alpilles en toile de&#8230;<\/p>","protected":false},"featured_media":55585,"comment_status":"open","ping_status":"closed","template":"","meta":{"_acf_changed":false},"product_brand":[],"product_cat":[15],"product_tag":[],"class_list":{"0":"post-55581","1":"product","2":"type-product","3":"status-publish","4":"has-post-thumbnail","6":"product_cat-villa","7":"property_location-france","8":"property_location-provence","10":"first","11":"instock","12":"sold-individually","13":"shipping-taxable","14":"purchasable","15":"product-type-simple"},"acf":[],"yoast_head":"<!-- This site is optimized with the Yoast SEO plugin v26.6 - https:\/\/yoast.com\/wordpress\/plugins\/seo\/ -->\n<title>Mas Esteve, Eygali\u00e8res, Provence, France - S\u00e9jour Priv\u00e9<\/title>\n<meta name=\"description\" content=\"Au c\u0153ur d\u2019Eygali\u00e8res, le Mas Esteve s\u2019\u00e9tend sur quatre hectares de nature pr\u00e9serv\u00e9e, avec les majestueuses Alpilles en toile de fond. \u00c0 quelques minutes \u00e0\" \/>\n<meta name=\"robots\" content=\"index, follow, max-snippet:-1, max-image-preview:large, max-video-preview:-1\" \/>\n<link rel=\"canonical\" href=\"https:\/\/www.sejourprive.com\/en\/biens\/mas-esteve-eygalieres-provence-france\/\" \/>\n<meta property=\"og:locale\" content=\"en_GB\" \/>\n<meta property=\"og:type\" content=\"article\" \/>\n<meta property=\"og:title\" content=\"Mas Esteve, Eygali\u00e8res, Provence, France - S\u00e9jour Priv\u00e9\" \/>\n<meta property=\"og:description\" content=\"Au c\u0153ur d\u2019Eygali\u00e8res, le Mas Esteve s\u2019\u00e9tend sur quatre hectares de nature pr\u00e9serv\u00e9e, avec les majestueuses Alpilles en toile de fond. \u00c0 quelques minutes \u00e0\" \/>\n<meta property=\"og:url\" content=\"https:\/\/www.sejourprive.com\/en\/biens\/mas-esteve-eygalieres-provence-france\/\" \/>\n<meta property=\"og:site_name\" content=\"S\u00e9jour Priv\u00e9\" \/>\n<meta property=\"og:image\" content=\"https:\/\/www.sejourprive.com\/wp-content\/uploads\/2026\/04\/1.jpg\" \/>\n\t<meta property=\"og:image:width\" content=\"1200\" \/>\n\t<meta property=\"og:image:height\" content=\"905\" \/>\n\t<meta property=\"og:image:type\" content=\"image\/jpeg\" \/>\n<meta name=\"twitter:card\" content=\"summary_large_image\" \/>\n<meta name=\"twitter:label1\" content=\"Estimated reading time\" \/>\n\t<meta name=\"twitter:data1\" content=\"1 minute\" \/>\n<script type=\"application\/ld+json\" class=\"yoast-schema-graph\">{\"@context\":\"https:\/\/schema.org\",\"@graph\":[{\"@type\":\"WebPage\",\"@id\":\"https:\/\/www.sejourprive.com\/biens\/mas-esteve-eygalieres-provence-france\/\",\"url\":\"https:\/\/www.sejourprive.com\/biens\/mas-esteve-eygalieres-provence-france\/\",\"name\":\"Mas Esteve, Eygali\u00e8res, Provence, France - S\u00e9jour Priv\u00e9\",\"isPartOf\":{\"@id\":\"https:\/\/www.sejourprive.com\/#website\"},\"primaryImageOfPage\":{\"@id\":\"https:\/\/www.sejourprive.com\/biens\/mas-esteve-eygalieres-provence-france\/#primaryimage\"},\"image\":{\"@id\":\"https:\/\/www.sejourprive.com\/biens\/mas-esteve-eygalieres-provence-france\/#primaryimage\"},\"thumbnailUrl\":\"https:\/\/www.sejourprive.com\/wp-content\/uploads\/2026\/04\/1.jpg\",\"datePublished\":\"2026-04-01T13:06:51+00:00\",\"description\":\"Au c\u0153ur d\u2019Eygali\u00e8res, le Mas Esteve s\u2019\u00e9tend sur quatre hectares de nature pr\u00e9serv\u00e9e, avec les majestueuses Alpilles en toile de fond. \u00c0 quelques minutes \u00e0\",\"breadcrumb\":{\"@id\":\"https:\/\/www.sejourprive.com\/biens\/mas-esteve-eygalieres-provence-france\/#breadcrumb\"},\"inLanguage\":\"en-GB\",\"potentialAction\":[{\"@type\":\"ReadAction\",\"target\":[\"https:\/\/www.sejourprive.com\/biens\/mas-esteve-eygalieres-provence-france\/\"]}]},{\"@type\":\"ImageObject\",\"inLanguage\":\"en-GB\",\"@id\":\"https:\/\/www.sejourprive.com\/biens\/mas-esteve-eygalieres-provence-france\/#primaryimage\",\"url\":\"https:\/\/www.sejourprive.com\/wp-content\/uploads\/2026\/04\/1.jpg\",\"contentUrl\":\"https:\/\/www.sejourprive.com\/wp-content\/uploads\/2026\/04\/1.jpg\",\"width\":1200,\"height\":905},{\"@type\":\"BreadcrumbList\",\"@id\":\"https:\/\/www.sejourprive.com\/biens\/mas-esteve-eygalieres-provence-france\/#breadcrumb\",\"itemListElement\":[{\"@type\":\"ListItem\",\"position\":1,\"name\":\"Accueil\",\"item\":\"https:\/\/www.sejourprive.com\/\"},{\"@type\":\"ListItem\",\"position\":2,\"name\":\"Shop\",\"item\":\"https:\/\/www.sejourprive.com\/shop\/\"},{\"@type\":\"ListItem\",\"position\":3,\"name\":\"Mas Esteve, Eygali\u00e8res, Provence, France\"}]},{\"@type\":\"WebSite\",\"@id\":\"https:\/\/www.sejourprive.com\/#website\",\"url\":\"https:\/\/www.sejourprive.com\/\",\"name\":\"S\u00e9jour Priv\u00e9\",\"description\":\"Nous imaginons pour vous des s\u00e9jours d\u2019exception.\",\"publisher\":{\"@id\":\"https:\/\/www.sejourprive.com\/#organization\"},\"potentialAction\":[{\"@type\":\"SearchAction\",\"target\":{\"@type\":\"EntryPoint\",\"urlTemplate\":\"https:\/\/www.sejourprive.com\/?s={search_term_string}\"},\"query-input\":{\"@type\":\"PropertyValueSpecification\",\"valueRequired\":true,\"valueName\":\"search_term_string\"}}],\"inLanguage\":\"en-GB\"},{\"@type\":\"Organization\",\"@id\":\"https:\/\/www.sejourprive.com\/#organization\",\"name\":\"S\u00e9jour Priv\u00e9\",\"url\":\"https:\/\/www.sejourprive.com\/\",\"logo\":{\"@type\":\"ImageObject\",\"inLanguage\":\"en-GB\",\"@id\":\"https:\/\/www.sejourprive.com\/#\/schema\/logo\/image\/\",\"url\":\"https:\/\/www.sejourprive.com\/wp-content\/uploads\/2026\/02\/SP-Apple-touch-144-couleur-1-2.png\",\"contentUrl\":\"https:\/\/www.sejourprive.com\/wp-content\/uploads\/2026\/02\/SP-Apple-touch-144-couleur-1-2.png\",\"width\":145,\"height\":145,\"caption\":\"S\u00e9jour Priv\u00e9\"},\"image\":{\"@id\":\"https:\/\/www.sejourprive.com\/#\/schema\/logo\/image\/\"}}]}<\/script>\n<!-- \/ Yoast SEO plugin. -->","yoast_head_json":{"title":"Mas Esteve, Eygali\u00e8res, Provence, France - S\u00e9jour Priv\u00e9","description":"Au c\u0153ur d\u2019Eygali\u00e8res, le Mas Esteve s\u2019\u00e9tend sur quatre hectares de nature pr\u00e9serv\u00e9e, avec les majestueuses Alpilles en toile de fond. \u00c0 quelques minutes \u00e0","robots":{"index":"index","follow":"follow","max-snippet":"max-snippet:-1","max-image-preview":"max-image-preview:large","max-video-preview":"max-video-preview:-1"},"canonical":"https:\/\/www.sejourprive.com\/en\/biens\/mas-esteve-eygalieres-provence-france\/","og_locale":"en_GB","og_type":"article","og_title":"Mas Esteve, Eygali\u00e8res, Provence, France - S\u00e9jour Priv\u00e9","og_description":"Au c\u0153ur d\u2019Eygali\u00e8res, le Mas Esteve s\u2019\u00e9tend sur quatre hectares de nature pr\u00e9serv\u00e9e, avec les majestueuses Alpilles en toile de fond. \u00c0 quelques minutes \u00e0","og_url":"https:\/\/www.sejourprive.com\/en\/biens\/mas-esteve-eygalieres-provence-france\/","og_site_name":"S\u00e9jour Priv\u00e9","og_image":[{"width":1200,"height":905,"url":"https:\/\/www.sejourprive.com\/wp-content\/uploads\/2026\/04\/1.jpg","type":"image\/jpeg"}],"twitter_card":"summary_large_image","twitter_misc":{"Estimated reading time":"1 minute"},"schema":{"@context":"https:\/\/schema.org","@graph":[{"@type":"WebPage","@id":"https:\/\/www.sejourprive.com\/biens\/mas-esteve-eygalieres-provence-france\/","url":"https:\/\/www.sejourprive.com\/biens\/mas-esteve-eygalieres-provence-france\/","name":"Mas Esteve, Eygali\u00e8res, Provence, France - S\u00e9jour Priv\u00e9","isPartOf":{"@id":"https:\/\/www.sejourprive.com\/#website"},"primaryImageOfPage":{"@id":"https:\/\/www.sejourprive.com\/biens\/mas-esteve-eygalieres-provence-france\/#primaryimage"},"image":{"@id":"https:\/\/www.sejourprive.com\/biens\/mas-esteve-eygalieres-provence-france\/#primaryimage"},"thumbnailUrl":"https:\/\/www.sejourprive.com\/wp-content\/uploads\/2026\/04\/1.jpg","datePublished":"2026-04-01T13:06:51+00:00","description":"Au c\u0153ur d\u2019Eygali\u00e8res, le Mas Esteve s\u2019\u00e9tend sur quatre hectares de nature pr\u00e9serv\u00e9e, avec les majestueuses Alpilles en toile de fond. \u00c0 quelques minutes \u00e0","breadcrumb":{"@id":"https:\/\/www.sejourprive.com\/biens\/mas-esteve-eygalieres-provence-france\/#breadcrumb"},"inLanguage":"en-GB","potentialAction":[{"@type":"ReadAction","target":["https:\/\/www.sejourprive.com\/biens\/mas-esteve-eygalieres-provence-france\/"]}]},{"@type":"ImageObject","inLanguage":"en-GB","@id":"https:\/\/www.sejourprive.com\/biens\/mas-esteve-eygalieres-provence-france\/#primaryimage","url":"https:\/\/www.sejourprive.com\/wp-content\/uploads\/2026\/04\/1.jpg","contentUrl":"https:\/\/www.sejourprive.com\/wp-content\/uploads\/2026\/04\/1.jpg","width":1200,"height":905},{"@type":"BreadcrumbList","@id":"https:\/\/www.sejourprive.com\/biens\/mas-esteve-eygalieres-provence-france\/#breadcrumb","itemListElement":[{"@type":"ListItem","position":1,"name":"Accueil","item":"https:\/\/www.sejourprive.com\/"},{"@type":"ListItem","position":2,"name":"Shop","item":"https:\/\/www.sejourprive.com\/shop\/"},{"@type":"ListItem","position":3,"name":"Mas Esteve, Eygali\u00e8res, Provence, France"}]},{"@type":"WebSite","@id":"https:\/\/www.sejourprive.com\/#website","url":"https:\/\/www.sejourprive.com\/","name":"Private Stay","description":"We design exceptional holidays for you.","publisher":{"@id":"https:\/\/www.sejourprive.com\/#organization"},"potentialAction":[{"@type":"SearchAction","target":{"@type":"EntryPoint","urlTemplate":"https:\/\/www.sejourprive.com\/?s={search_term_string}"},"query-input":{"@type":"PropertyValueSpecification","valueRequired":true,"valueName":"search_term_string"}}],"inLanguage":"en-GB"},{"@type":"Organization","@id":"https:\/\/www.sejourprive.com\/#organization","name":"Private Stay","url":"https:\/\/www.sejourprive.com\/","logo":{"@type":"ImageObject","inLanguage":"en-GB","@id":"https:\/\/www.sejourprive.com\/#\/schema\/logo\/image\/","url":"https:\/\/www.sejourprive.com\/wp-content\/uploads\/2026\/02\/SP-Apple-touch-144-couleur-1-2.png","contentUrl":"https:\/\/www.sejourprive.com\/wp-content\/uploads\/2026\/02\/SP-Apple-touch-144-couleur-1-2.png","width":145,"height":145,"caption":"S\u00e9jour Priv\u00e9"},"image":{"@id":"https:\/\/www.sejourprive.com\/#\/schema\/logo\/image\/"}}]}},"_links":{"self":[{"href":"https:\/\/www.sejourprive.com\/en\/wp-json\/wp\/v2\/product\/55581","targetHints":{"allow":["GET"]}}],"collection":[{"href":"https:\/\/www.sejourprive.com\/en\/wp-json\/wp\/v2\/product"}],"about":[{"href":"https:\/\/www.sejourprive.com\/en\/wp-json\/wp\/v2\/types\/product"}],"replies":[{"embeddable":true,"href":"https:\/\/www.sejourprive.com\/en\/wp-json\/wp\/v2\/comments?post=55581"}],"version-history":[{"count":0,"href":"https:\/\/www.sejourprive.com\/en\/wp-json\/wp\/v2\/product\/55581\/revisions"}],"wp:featuredmedia":[{"embeddable":true,"href":"https:\/\/www.sejourprive.com\/en\/wp-json\/wp\/v2\/media\/55585"}],"wp:attachment":[{"href":"https:\/\/www.sejourprive.com\/en\/wp-json\/wp\/v2\/media?parent=55581"}],"wp:term":[{"taxonomy":"product_brand","embeddable":true,"href":"https:\/\/www.sejourprive.com\/en\/wp-json\/wp\/v2\/product_brand?post=55581"},{"taxonomy":"product_cat","embeddable":true,"href":"https:\/\/www.sejourprive.com\/en\/wp-json\/wp\/v2\/product_cat?post=55581"},{"taxonomy":"product_tag","embeddable":true,"href":"https:\/\/www.sejourprive.com\/en\/wp-json\/wp\/v2\/product_tag?post=55581"}],"curies":[{"name":"wp","href":"https:\/\/api.w.org\/{rel}","templated":true}]}}

Mas Esteve, Eygalières, Provence, France

<p>In the heart of Eygalières, Mas Esteve extends over four hectares of unspoilt countryside, with the majestic Alpilles as a backdrop. Just a few minutes away, the village's charming cobbled streets, vineyards and olive tree-lined paths invite you to enjoy a truly enchanting getaway.<span><div class="read-more-wrapper"><a class="read-more-button" data-target="read-more-69f334b8d860d" data-more-text="Read more" data-less-text="Read less"><span class="read-more-text">Read more</span></a><div id="read-more-69f334b8d860d" class="read-more-content"> </span></p>
<p>Réveillez-vous aux premiers rayons dorés du soleil qui scintillent sur la piscine chauffée. Vivez l&#8217;excitation d&#8217;un match de tennis ou l&#8217;esprit convivial d&#8217;une partie de pétanque à l&#8217;ombre des platanes. Laissez le temps s&#8217;écouler lors d&#8217;un massage apaisant suivi d&#8217;une séance de yoga revigorante. À la tombée de la nuit, profitez de la chaleur d&#8217;un intérieur élégamment baigné de lumière, où chaque espace est conçu pour le confort et la sérénité.</div></div></p>

<p>Au cœur d’Eygalières, le Mas Esteve s’étend sur quatre hectares de nature préservée, avec les majestueuses Alpilles en toile de&#8230;</p>

<!-- This site is optimized with the Yoast SEO plugin v26.6 - https://yoast.com/wordpress/plugins/seo/ -->
<title>Mas Esteve, Eygalières, Provence, France - Séjour Privé</title>
<meta name="description" content="Au cœur d’Eygalières, le Mas Esteve s’étend sur quatre hectares de nature préservée, avec les majestueuses Alpilles en toile de fond. À quelques minutes à" />
<meta name="robots" content="index, follow, max-snippet:-1, max-image-preview:large, max-video-preview:-1" />
<link rel="canonical" href="https://www.sejourprive.com/en/biens/mas-esteve-eygalieres-provence-france/" />
<meta property="og:locale" content="en_GB" />
<meta property="og:type" content="article" />
<meta property="og:title" content="Mas Esteve, Eygalières, Provence, France - Séjour Privé" />
<meta property="og:description" content="Au cœur d’Eygalières, le Mas Esteve s’étend sur quatre hectares de nature préservée, avec les majestueuses Alpilles en toile de fond. À quelques minutes à" />
<meta property="og:url" content="https://www.sejourprive.com/en/biens/mas-esteve-eygalieres-provence-france/" />
<meta property="og:site_name" content="Séjour Privé" />
<meta property="og:image" content="https://www.sejourprive.com/wp-content/uploads/2026/04/1.jpg" />
	<meta property="og:image:width" content="1200" />
	<meta property="og:image:height" content="905" />
	<meta property="og:image:type" content="image/jpeg" />
<meta name="twitter:card" content="summary_large_image" />
<meta name="twitter:label1" content="Estimated reading time" />
	<meta name="twitter:data1" content="1 minute" />
<script type="application/ld+json" class="yoast-schema-graph">{"@context":"https://schema.org","@graph":[{"@type":"WebPage","@id":"https://www.sejourprive.com/biens/mas-esteve-eygalieres-provence-france/","url":"https://www.sejourprive.com/biens/mas-esteve-eygalieres-provence-france/","name":"Mas Esteve, Eygalières, Provence, France - Séjour Privé","isPartOf":{"@id":"https://www.sejourprive.com/#website"},"primaryImageOfPage":{"@id":"https://www.sejourprive.com/biens/mas-esteve-eygalieres-provence-france/#primaryimage"},"image":{"@id":"https://www.sejourprive.com/biens/mas-esteve-eygalieres-provence-france/#primaryimage"},"thumbnailUrl":"https://www.sejourprive.com/wp-content/uploads/2026/04/1.jpg","datePublished":"2026-04-01T13:06:51+00:00","description":"Au cœur d’Eygalières, le Mas Esteve s’étend sur quatre hectares de nature préservée, avec les majestueuses Alpilles en toile de fond. À quelques minutes à","breadcrumb":{"@id":"https://www.sejourprive.com/biens/mas-esteve-eygalieres-provence-france/#breadcrumb"},"inLanguage":"en-GB","potentialAction":[{"@type":"ReadAction","target":["https://www.sejourprive.com/biens/mas-esteve-eygalieres-provence-france/"]}]},{"@type":"ImageObject","inLanguage":"en-GB","@id":"https://www.sejourprive.com/biens/mas-esteve-eygalieres-provence-france/#primaryimage","url":"https://www.sejourprive.com/wp-content/uploads/2026/04/1.jpg","contentUrl":"https://www.sejourprive.com/wp-content/uploads/2026/04/1.jpg","width":1200,"height":905},{"@type":"BreadcrumbList","@id":"https://www.sejourprive.com/biens/mas-esteve-eygalieres-provence-france/#breadcrumb","itemListElement":[{"@type":"ListItem","position":1,"name":"Accueil","item":"https://www.sejourprive.com/"},{"@type":"ListItem","position":2,"name":"Shop","item":"https://www.sejourprive.com/shop/"},{"@type":"ListItem","position":3,"name":"Mas Esteve, Eygalières, Provence, France"}]},{"@type":"WebSite","@id":"https://www.sejourprive.com/#website","url":"https://www.sejourprive.com/","name":"Séjour Privé","description":"Nous imaginons pour vous des séjours d’exception.","publisher":{"@id":"https://www.sejourprive.com/#organization"},"potentialAction":[{"@type":"SearchAction","target":{"@type":"EntryPoint","urlTemplate":"https://www.sejourprive.com/?s={search_term_string}"},"query-input":{"@type":"PropertyValueSpecification","valueRequired":true,"valueName":"search_term_string"}}],"inLanguage":"en-GB"},{"@type":"Organization","@id":"https://www.sejourprive.com/#organization","name":"Séjour Privé","url":"https://www.sejourprive.com/","logo":{"@type":"ImageObject","inLanguage":"en-GB","@id":"https://www.sejourprive.com/#/schema/logo/image/","url":"https://www.sejourprive.com/wp-content/uploads/2026/02/SP-Apple-touch-144-couleur-1-2.png","contentUrl":"https://www.sejourprive.com/wp-content/uploads/2026/02/SP-Apple-touch-144-couleur-1-2.png","width":145,"height":145,"caption":"Séjour Privé"},"image":{"@id":"https://www.sejourprive.com/#/schema/logo/image/"}}]}</script>
<!-- / Yoast SEO plugin. -->

Mas Esteve, Eygalières, Provence, France - Séjour Privé

Au cœur d’Eygalières, le Mas Esteve s’étend sur quatre hectares de nature préservée, avec les majestueuses Alpilles en toile de fond. À quelques minutes à

Séjour Privé
