{"id":55230,"date":"2026-03-31T16:21:59","date_gmt":"2026-03-31T14:21:59","guid":{"rendered":"https:\/\/www.sejourprive.com\/?post_type=product&#038;p=55230"},"modified":"2026-03-31T16:21:59","modified_gmt":"2026-03-31T14:21:59","slug":"mas-des-chenes-eygalieres-provence-france","status":"publish","type":"product","link":"https:\/\/www.sejourprive.com\/en\/biens\/mas-des-chenes-eygalieres-provence-france\/","title":{"rendered":"Mas des Ch\u00eanes, Eygali\u00e8res, Provence, France"},"content":{"rendered":"<p>Au c\u0153ur du village d&#8217;Eygali\u00e8res, le Mas des Ch\u00eanes incarne la s\u00e9r\u00e9nit\u00e9. Depuis le salon lumineux, la vue s&#8217;\u00e9tend sur le village, tandis que les murs de pierre, charg\u00e9s d&#8217;histoire, apportent une chaleur authentique \u00e0 chaque recoin.<span><div class=\"read-more-wrapper\"><a class=\"read-more-button\" data-target=\"read-more-69f437f94b18d\" data-more-text=\"Read more\" data-less-text=\"Read less\"><span class=\"read-more-text\">Read more<\/span><\/a><div id=\"read-more-69f437f94b18d\" class=\"read-more-content\"> <\/span><\/p>\n<p>Le matin, une promenade dans le jardin parfum\u00e9 vous reconnecte \u00e0 la nature. L&#8217;apr\u00e8s-midi, sous un ciel d\u00e9gag\u00e9, profitez d&#8217;un moment de lecture paisible sur la terrasse ombrag\u00e9e avant de piquer une t\u00eate rafra\u00eechissante dans la piscine. Le pool house, discret et \u00e9l\u00e9gant, offre un havre de paix pour une soir\u00e9e tranquille sous les \u00e9toiles.<\/div><\/div><\/p>","protected":false},"excerpt":{"rendered":"<p>Au c\u0153ur du village d&#8217;Eygali\u00e8res, le Mas des Ch\u00eanes incarne la s\u00e9r\u00e9nit\u00e9. Depuis le salon lumineux, la vue s&#8217;\u00e9tend sur&#8230;<\/p>","protected":false},"featured_media":55235,"comment_status":"open","ping_status":"closed","template":"","meta":{"_acf_changed":false},"product_brand":[],"product_cat":[15],"product_tag":[],"class_list":{"0":"post-55230","1":"product","2":"type-product","3":"status-publish","4":"has-post-thumbnail","6":"product_cat-villa","7":"property_location-france","8":"property_location-provence","10":"first","11":"instock","12":"sold-individually","13":"shipping-taxable","14":"purchasable","15":"product-type-simple"},"acf":[],"yoast_head":"<!-- This site is optimized with the Yoast SEO plugin v26.6 - https:\/\/yoast.com\/wordpress\/plugins\/seo\/ -->\n<title>Mas des Ch\u00eanes, Eygali\u00e8res, Provence, France - S\u00e9jour Priv\u00e9<\/title>\n<meta name=\"description\" content=\"Au c\u0153ur du village d&#039;Eygali\u00e8res, le Mas des Ch\u00eanes incarne la s\u00e9r\u00e9nit\u00e9. Depuis le salon lumineux, la vue s&#039;\u00e9tend sur le village, tandis que les murs de\" \/>\n<meta name=\"robots\" content=\"index, follow, max-snippet:-1, max-image-preview:large, max-video-preview:-1\" \/>\n<link rel=\"canonical\" href=\"https:\/\/www.sejourprive.com\/en\/biens\/mas-des-chenes-eygalieres-provence-france\/\" \/>\n<meta property=\"og:locale\" content=\"en_GB\" \/>\n<meta property=\"og:type\" content=\"article\" \/>\n<meta property=\"og:title\" content=\"Mas des Ch\u00eanes, Eygali\u00e8res, Provence, France - S\u00e9jour Priv\u00e9\" \/>\n<meta property=\"og:description\" content=\"Au c\u0153ur du village d&#039;Eygali\u00e8res, le Mas des Ch\u00eanes incarne la s\u00e9r\u00e9nit\u00e9. Depuis le salon lumineux, la vue s&#039;\u00e9tend sur le village, tandis que les murs de\" \/>\n<meta property=\"og:url\" content=\"https:\/\/www.sejourprive.com\/en\/biens\/mas-des-chenes-eygalieres-provence-france\/\" \/>\n<meta property=\"og:site_name\" content=\"S\u00e9jour Priv\u00e9\" \/>\n<meta property=\"og:image\" content=\"https:\/\/www.sejourprive.com\/wp-content\/uploads\/2026\/03\/0-299.jpg\" \/>\n\t<meta property=\"og:image:width\" content=\"1200\" \/>\n\t<meta property=\"og:image:height\" content=\"801\" \/>\n\t<meta property=\"og:image:type\" content=\"image\/jpeg\" \/>\n<meta name=\"twitter:card\" content=\"summary_large_image\" \/>\n<meta name=\"twitter:label1\" content=\"Estimated reading time\" \/>\n\t<meta name=\"twitter:data1\" content=\"1 minute\" \/>\n<script type=\"application\/ld+json\" class=\"yoast-schema-graph\">{\"@context\":\"https:\/\/schema.org\",\"@graph\":[{\"@type\":\"WebPage\",\"@id\":\"https:\/\/www.sejourprive.com\/biens\/mas-des-chenes-eygalieres-provence-france\/\",\"url\":\"https:\/\/www.sejourprive.com\/biens\/mas-des-chenes-eygalieres-provence-france\/\",\"name\":\"Mas des Ch\u00eanes, Eygali\u00e8res, Provence, France - S\u00e9jour Priv\u00e9\",\"isPartOf\":{\"@id\":\"https:\/\/www.sejourprive.com\/#website\"},\"primaryImageOfPage\":{\"@id\":\"https:\/\/www.sejourprive.com\/biens\/mas-des-chenes-eygalieres-provence-france\/#primaryimage\"},\"image\":{\"@id\":\"https:\/\/www.sejourprive.com\/biens\/mas-des-chenes-eygalieres-provence-france\/#primaryimage\"},\"thumbnailUrl\":\"https:\/\/www.sejourprive.com\/wp-content\/uploads\/2026\/03\/0-299.jpg\",\"datePublished\":\"2026-03-31T14:21:59+00:00\",\"description\":\"Au c\u0153ur du village d'Eygali\u00e8res, le Mas des Ch\u00eanes incarne la s\u00e9r\u00e9nit\u00e9. Depuis le salon lumineux, la vue s'\u00e9tend sur le village, tandis que les murs de\",\"breadcrumb\":{\"@id\":\"https:\/\/www.sejourprive.com\/biens\/mas-des-chenes-eygalieres-provence-france\/#breadcrumb\"},\"inLanguage\":\"en-GB\",\"potentialAction\":[{\"@type\":\"ReadAction\",\"target\":[\"https:\/\/www.sejourprive.com\/biens\/mas-des-chenes-eygalieres-provence-france\/\"]}]},{\"@type\":\"ImageObject\",\"inLanguage\":\"en-GB\",\"@id\":\"https:\/\/www.sejourprive.com\/biens\/mas-des-chenes-eygalieres-provence-france\/#primaryimage\",\"url\":\"https:\/\/www.sejourprive.com\/wp-content\/uploads\/2026\/03\/0-299.jpg\",\"contentUrl\":\"https:\/\/www.sejourprive.com\/wp-content\/uploads\/2026\/03\/0-299.jpg\",\"width\":1200,\"height\":801},{\"@type\":\"BreadcrumbList\",\"@id\":\"https:\/\/www.sejourprive.com\/biens\/mas-des-chenes-eygalieres-provence-france\/#breadcrumb\",\"itemListElement\":[{\"@type\":\"ListItem\",\"position\":1,\"name\":\"Accueil\",\"item\":\"https:\/\/www.sejourprive.com\/\"},{\"@type\":\"ListItem\",\"position\":2,\"name\":\"Shop\",\"item\":\"https:\/\/www.sejourprive.com\/shop\/\"},{\"@type\":\"ListItem\",\"position\":3,\"name\":\"Mas des Ch\u00eanes, Eygali\u00e8res, Provence, France\"}]},{\"@type\":\"WebSite\",\"@id\":\"https:\/\/www.sejourprive.com\/#website\",\"url\":\"https:\/\/www.sejourprive.com\/\",\"name\":\"S\u00e9jour Priv\u00e9\",\"description\":\"Nous imaginons pour vous des s\u00e9jours d\u2019exception.\",\"publisher\":{\"@id\":\"https:\/\/www.sejourprive.com\/#organization\"},\"potentialAction\":[{\"@type\":\"SearchAction\",\"target\":{\"@type\":\"EntryPoint\",\"urlTemplate\":\"https:\/\/www.sejourprive.com\/?s={search_term_string}\"},\"query-input\":{\"@type\":\"PropertyValueSpecification\",\"valueRequired\":true,\"valueName\":\"search_term_string\"}}],\"inLanguage\":\"en-GB\"},{\"@type\":\"Organization\",\"@id\":\"https:\/\/www.sejourprive.com\/#organization\",\"name\":\"S\u00e9jour Priv\u00e9\",\"url\":\"https:\/\/www.sejourprive.com\/\",\"logo\":{\"@type\":\"ImageObject\",\"inLanguage\":\"en-GB\",\"@id\":\"https:\/\/www.sejourprive.com\/#\/schema\/logo\/image\/\",\"url\":\"https:\/\/www.sejourprive.com\/wp-content\/uploads\/2026\/02\/SP-Apple-touch-144-couleur-1-2.png\",\"contentUrl\":\"https:\/\/www.sejourprive.com\/wp-content\/uploads\/2026\/02\/SP-Apple-touch-144-couleur-1-2.png\",\"width\":145,\"height\":145,\"caption\":\"S\u00e9jour Priv\u00e9\"},\"image\":{\"@id\":\"https:\/\/www.sejourprive.com\/#\/schema\/logo\/image\/\"}}]}<\/script>\n<!-- \/ Yoast SEO plugin. -->","yoast_head_json":{"title":"Mas des Ch\u00eanes, Eygali\u00e8res, Provence, France - S\u00e9jour Priv\u00e9","description":"Au c\u0153ur du village d'Eygali\u00e8res, le Mas des Ch\u00eanes incarne la s\u00e9r\u00e9nit\u00e9. Depuis le salon lumineux, la vue s'\u00e9tend sur le village, tandis que les murs de","robots":{"index":"index","follow":"follow","max-snippet":"max-snippet:-1","max-image-preview":"max-image-preview:large","max-video-preview":"max-video-preview:-1"},"canonical":"https:\/\/www.sejourprive.com\/en\/biens\/mas-des-chenes-eygalieres-provence-france\/","og_locale":"en_GB","og_type":"article","og_title":"Mas des Ch\u00eanes, Eygali\u00e8res, Provence, France - S\u00e9jour Priv\u00e9","og_description":"Au c\u0153ur du village d'Eygali\u00e8res, le Mas des Ch\u00eanes incarne la s\u00e9r\u00e9nit\u00e9. Depuis le salon lumineux, la vue s'\u00e9tend sur le village, tandis que les murs de","og_url":"https:\/\/www.sejourprive.com\/en\/biens\/mas-des-chenes-eygalieres-provence-france\/","og_site_name":"S\u00e9jour Priv\u00e9","og_image":[{"width":1200,"height":801,"url":"https:\/\/www.sejourprive.com\/wp-content\/uploads\/2026\/03\/0-299.jpg","type":"image\/jpeg"}],"twitter_card":"summary_large_image","twitter_misc":{"Estimated reading time":"1 minute"},"schema":{"@context":"https:\/\/schema.org","@graph":[{"@type":"WebPage","@id":"https:\/\/www.sejourprive.com\/biens\/mas-des-chenes-eygalieres-provence-france\/","url":"https:\/\/www.sejourprive.com\/biens\/mas-des-chenes-eygalieres-provence-france\/","name":"Mas des Ch\u00eanes, Eygali\u00e8res, Provence, France - S\u00e9jour Priv\u00e9","isPartOf":{"@id":"https:\/\/www.sejourprive.com\/#website"},"primaryImageOfPage":{"@id":"https:\/\/www.sejourprive.com\/biens\/mas-des-chenes-eygalieres-provence-france\/#primaryimage"},"image":{"@id":"https:\/\/www.sejourprive.com\/biens\/mas-des-chenes-eygalieres-provence-france\/#primaryimage"},"thumbnailUrl":"https:\/\/www.sejourprive.com\/wp-content\/uploads\/2026\/03\/0-299.jpg","datePublished":"2026-03-31T14:21:59+00:00","description":"Au c\u0153ur du village d'Eygali\u00e8res, le Mas des Ch\u00eanes incarne la s\u00e9r\u00e9nit\u00e9. Depuis le salon lumineux, la vue s'\u00e9tend sur le village, tandis que les murs de","breadcrumb":{"@id":"https:\/\/www.sejourprive.com\/biens\/mas-des-chenes-eygalieres-provence-france\/#breadcrumb"},"inLanguage":"en-GB","potentialAction":[{"@type":"ReadAction","target":["https:\/\/www.sejourprive.com\/biens\/mas-des-chenes-eygalieres-provence-france\/"]}]},{"@type":"ImageObject","inLanguage":"en-GB","@id":"https:\/\/www.sejourprive.com\/biens\/mas-des-chenes-eygalieres-provence-france\/#primaryimage","url":"https:\/\/www.sejourprive.com\/wp-content\/uploads\/2026\/03\/0-299.jpg","contentUrl":"https:\/\/www.sejourprive.com\/wp-content\/uploads\/2026\/03\/0-299.jpg","width":1200,"height":801},{"@type":"BreadcrumbList","@id":"https:\/\/www.sejourprive.com\/biens\/mas-des-chenes-eygalieres-provence-france\/#breadcrumb","itemListElement":[{"@type":"ListItem","position":1,"name":"Accueil","item":"https:\/\/www.sejourprive.com\/"},{"@type":"ListItem","position":2,"name":"Shop","item":"https:\/\/www.sejourprive.com\/shop\/"},{"@type":"ListItem","position":3,"name":"Mas des Ch\u00eanes, Eygali\u00e8res, Provence, France"}]},{"@type":"WebSite","@id":"https:\/\/www.sejourprive.com\/#website","url":"https:\/\/www.sejourprive.com\/","name":"Private Stay","description":"We design exceptional holidays for you.","publisher":{"@id":"https:\/\/www.sejourprive.com\/#organization"},"potentialAction":[{"@type":"SearchAction","target":{"@type":"EntryPoint","urlTemplate":"https:\/\/www.sejourprive.com\/?s={search_term_string}"},"query-input":{"@type":"PropertyValueSpecification","valueRequired":true,"valueName":"search_term_string"}}],"inLanguage":"en-GB"},{"@type":"Organization","@id":"https:\/\/www.sejourprive.com\/#organization","name":"Private Stay","url":"https:\/\/www.sejourprive.com\/","logo":{"@type":"ImageObject","inLanguage":"en-GB","@id":"https:\/\/www.sejourprive.com\/#\/schema\/logo\/image\/","url":"https:\/\/www.sejourprive.com\/wp-content\/uploads\/2026\/02\/SP-Apple-touch-144-couleur-1-2.png","contentUrl":"https:\/\/www.sejourprive.com\/wp-content\/uploads\/2026\/02\/SP-Apple-touch-144-couleur-1-2.png","width":145,"height":145,"caption":"S\u00e9jour Priv\u00e9"},"image":{"@id":"https:\/\/www.sejourprive.com\/#\/schema\/logo\/image\/"}}]}},"_links":{"self":[{"href":"https:\/\/www.sejourprive.com\/en\/wp-json\/wp\/v2\/product\/55230","targetHints":{"allow":["GET"]}}],"collection":[{"href":"https:\/\/www.sejourprive.com\/en\/wp-json\/wp\/v2\/product"}],"about":[{"href":"https:\/\/www.sejourprive.com\/en\/wp-json\/wp\/v2\/types\/product"}],"replies":[{"embeddable":true,"href":"https:\/\/www.sejourprive.com\/en\/wp-json\/wp\/v2\/comments?post=55230"}],"version-history":[{"count":0,"href":"https:\/\/www.sejourprive.com\/en\/wp-json\/wp\/v2\/product\/55230\/revisions"}],"wp:featuredmedia":[{"embeddable":true,"href":"https:\/\/www.sejourprive.com\/en\/wp-json\/wp\/v2\/media\/55235"}],"wp:attachment":[{"href":"https:\/\/www.sejourprive.com\/en\/wp-json\/wp\/v2\/media?parent=55230"}],"wp:term":[{"taxonomy":"product_brand","embeddable":true,"href":"https:\/\/www.sejourprive.com\/en\/wp-json\/wp\/v2\/product_brand?post=55230"},{"taxonomy":"product_cat","embeddable":true,"href":"https:\/\/www.sejourprive.com\/en\/wp-json\/wp\/v2\/product_cat?post=55230"},{"taxonomy":"product_tag","embeddable":true,"href":"https:\/\/www.sejourprive.com\/en\/wp-json\/wp\/v2\/product_tag?post=55230"}],"curies":[{"name":"wp","href":"https:\/\/api.w.org\/{rel}","templated":true}]}}

Mas des Chênes, Eygalières, Provence, France

<p>Au cœur du village d&#8217;Eygalières, le Mas des Chênes incarne la sérénité. Depuis le salon lumineux, la vue s&#8217;étend sur le village, tandis que les murs de pierre, chargés d&#8217;histoire, apportent une chaleur authentique à chaque recoin.<span><div class="read-more-wrapper"><a class="read-more-button" data-target="read-more-69f437f94b18d" data-more-text="Read more" data-less-text="Read less"><span class="read-more-text">Read more</span></a><div id="read-more-69f437f94b18d" class="read-more-content"> </span></p>
<p>Le matin, une promenade dans le jardin parfumé vous reconnecte à la nature. L&#8217;après-midi, sous un ciel dégagé, profitez d&#8217;un moment de lecture paisible sur la terrasse ombragée avant de piquer une tête rafraîchissante dans la piscine. Le pool house, discret et élégant, offre un havre de paix pour une soirée tranquille sous les étoiles.</div></div></p>

<p>Au cœur du village d&#8217;Eygalières, le Mas des Chênes incarne la sérénité. Depuis le salon lumineux, la vue s&#8217;étend sur&#8230;</p>

<!-- This site is optimized with the Yoast SEO plugin v26.6 - https://yoast.com/wordpress/plugins/seo/ -->
<title>Mas des Chênes, Eygalières, Provence, France - Séjour Privé</title>
<meta name="description" content="Au cœur du village d&#039;Eygalières, le Mas des Chênes incarne la sérénité. Depuis le salon lumineux, la vue s&#039;étend sur le village, tandis que les murs de" />
<meta name="robots" content="index, follow, max-snippet:-1, max-image-preview:large, max-video-preview:-1" />
<link rel="canonical" href="https://www.sejourprive.com/en/biens/mas-des-chenes-eygalieres-provence-france/" />
<meta property="og:locale" content="en_GB" />
<meta property="og:type" content="article" />
<meta property="og:title" content="Mas des Chênes, Eygalières, Provence, France - Séjour Privé" />
<meta property="og:description" content="Au cœur du village d&#039;Eygalières, le Mas des Chênes incarne la sérénité. Depuis le salon lumineux, la vue s&#039;étend sur le village, tandis que les murs de" />
<meta property="og:url" content="https://www.sejourprive.com/en/biens/mas-des-chenes-eygalieres-provence-france/" />
<meta property="og:site_name" content="Séjour Privé" />
<meta property="og:image" content="https://www.sejourprive.com/wp-content/uploads/2026/03/0-299.jpg" />
	<meta property="og:image:width" content="1200" />
	<meta property="og:image:height" content="801" />
	<meta property="og:image:type" content="image/jpeg" />
<meta name="twitter:card" content="summary_large_image" />
<meta name="twitter:label1" content="Estimated reading time" />
	<meta name="twitter:data1" content="1 minute" />
<script type="application/ld+json" class="yoast-schema-graph">{"@context":"https://schema.org","@graph":[{"@type":"WebPage","@id":"https://www.sejourprive.com/biens/mas-des-chenes-eygalieres-provence-france/","url":"https://www.sejourprive.com/biens/mas-des-chenes-eygalieres-provence-france/","name":"Mas des Chênes, Eygalières, Provence, France - Séjour Privé","isPartOf":{"@id":"https://www.sejourprive.com/#website"},"primaryImageOfPage":{"@id":"https://www.sejourprive.com/biens/mas-des-chenes-eygalieres-provence-france/#primaryimage"},"image":{"@id":"https://www.sejourprive.com/biens/mas-des-chenes-eygalieres-provence-france/#primaryimage"},"thumbnailUrl":"https://www.sejourprive.com/wp-content/uploads/2026/03/0-299.jpg","datePublished":"2026-03-31T14:21:59+00:00","description":"Au cœur du village d'Eygalières, le Mas des Chênes incarne la sérénité. Depuis le salon lumineux, la vue s'étend sur le village, tandis que les murs de","breadcrumb":{"@id":"https://www.sejourprive.com/biens/mas-des-chenes-eygalieres-provence-france/#breadcrumb"},"inLanguage":"en-GB","potentialAction":[{"@type":"ReadAction","target":["https://www.sejourprive.com/biens/mas-des-chenes-eygalieres-provence-france/"]}]},{"@type":"ImageObject","inLanguage":"en-GB","@id":"https://www.sejourprive.com/biens/mas-des-chenes-eygalieres-provence-france/#primaryimage","url":"https://www.sejourprive.com/wp-content/uploads/2026/03/0-299.jpg","contentUrl":"https://www.sejourprive.com/wp-content/uploads/2026/03/0-299.jpg","width":1200,"height":801},{"@type":"BreadcrumbList","@id":"https://www.sejourprive.com/biens/mas-des-chenes-eygalieres-provence-france/#breadcrumb","itemListElement":[{"@type":"ListItem","position":1,"name":"Accueil","item":"https://www.sejourprive.com/"},{"@type":"ListItem","position":2,"name":"Shop","item":"https://www.sejourprive.com/shop/"},{"@type":"ListItem","position":3,"name":"Mas des Chênes, Eygalières, Provence, France"}]},{"@type":"WebSite","@id":"https://www.sejourprive.com/#website","url":"https://www.sejourprive.com/","name":"Séjour Privé","description":"Nous imaginons pour vous des séjours d’exception.","publisher":{"@id":"https://www.sejourprive.com/#organization"},"potentialAction":[{"@type":"SearchAction","target":{"@type":"EntryPoint","urlTemplate":"https://www.sejourprive.com/?s={search_term_string}"},"query-input":{"@type":"PropertyValueSpecification","valueRequired":true,"valueName":"search_term_string"}}],"inLanguage":"en-GB"},{"@type":"Organization","@id":"https://www.sejourprive.com/#organization","name":"Séjour Privé","url":"https://www.sejourprive.com/","logo":{"@type":"ImageObject","inLanguage":"en-GB","@id":"https://www.sejourprive.com/#/schema/logo/image/","url":"https://www.sejourprive.com/wp-content/uploads/2026/02/SP-Apple-touch-144-couleur-1-2.png","contentUrl":"https://www.sejourprive.com/wp-content/uploads/2026/02/SP-Apple-touch-144-couleur-1-2.png","width":145,"height":145,"caption":"Séjour Privé"},"image":{"@id":"https://www.sejourprive.com/#/schema/logo/image/"}}]}</script>
<!-- / Yoast SEO plugin. -->

Mas des Chênes, Eygalières, Provence, France - Séjour Privé

Au cœur du village d'Eygalières, le Mas des Chênes incarne la sérénité. Depuis le salon lumineux, la vue s'étend sur le village, tandis que les murs de

Séjour Privé
