{"id":54284,"date":"2026-03-30T15:42:45","date_gmt":"2026-03-30T13:42:45","guid":{"rendered":"https:\/\/www.sejourprive.com\/?post_type=product&#038;p=54284"},"modified":"2026-03-30T15:42:45","modified_gmt":"2026-03-30T13:42:45","slug":"mas-serenya-paradou-maussane-les-alpilles-provence-france","status":"publish","type":"product","link":"https:\/\/www.sejourprive.com\/en\/biens\/mas-serenya-paradou-maussane-les-alpilles-provence-france\/","title":{"rendered":"Mas Serenya, Paradou, Maussane-les-Alpilles, Provence, France"},"content":{"rendered":"<p>Nich\u00e9 au c\u0153ur des Alpilles, le Mas Serenya est un havre de paix proven\u00e7al o\u00f9 le charme rustique c\u00f4toie l&#8217;\u00e9l\u00e9gance raffin\u00e9e. Cette ferme magnifiquement restaur\u00e9e allie \u00e0 la perfection une architecture en pierre authentique au confort moderne, offrant une escapade paisible dans un paysage pittoresque.<span><div class=\"read-more-wrapper\"><a class=\"read-more-button\" data-target=\"read-more-69f443c819854\" data-more-text=\"Read more\" data-less-text=\"Read less\"><span class=\"read-more-text\">Read more<\/span><\/a><div id=\"read-more-69f443c819854\" class=\"read-more-content\"> <\/span><\/p>\n<p>Commencez votre journ\u00e9e par un petit-d\u00e9jeuner tranquille \u00e0 l&#8217;ombre d&#8217;un magnifique platane tricentenaire qui procure une s\u00e9r\u00e9nit\u00e9 intemporelle. Puis, rafra\u00eechissez-vous dans la piscine \u00e0 d\u00e9bordement, o\u00f9 l&#8217;eau semble se fondre harmonieusement avec la campagne environnante. Passez l&#8217;apr\u00e8s-midi \u00e0 perfectionner votre service sur le court de tennis ou \u00e0 disputer une partie amicale sur le terrain de p\u00e9tanque. \u00c0 la tomb\u00e9e de la nuit, savourez une soir\u00e9e tranquille sur la terrasse, en vous impr\u00e9gnant de la beaut\u00e9 de la lumi\u00e8re dor\u00e9e de la Provence.<\/div><\/div><\/p>","protected":false},"excerpt":{"rendered":"<p>Nich\u00e9 au c\u0153ur des Alpilles, le Mas Serenya est un havre de paix proven\u00e7al o\u00f9 le charme rustique c\u00f4toie l&#8217;\u00e9l\u00e9gance&#8230;<\/p>","protected":false},"featured_media":54287,"comment_status":"open","ping_status":"closed","template":"","meta":{"_acf_changed":false},"product_brand":[],"product_cat":[15],"product_tag":[],"class_list":{"0":"post-54284","1":"product","2":"type-product","3":"status-publish","4":"has-post-thumbnail","6":"product_cat-villa","7":"property_location-provence","9":"first","10":"instock","11":"sold-individually","12":"shipping-taxable","13":"purchasable","14":"product-type-simple"},"acf":[],"yoast_head":"<!-- This site is optimized with the Yoast SEO plugin v26.6 - https:\/\/yoast.com\/wordpress\/plugins\/seo\/ -->\n<title>Mas Serenya, Paradou, Maussane-les-Alpilles, Provence, France - S\u00e9jour Priv\u00e9<\/title>\n<meta name=\"description\" content=\"Nich\u00e9 au c\u0153ur des Alpilles, le Mas Serenya est un havre de paix proven\u00e7al o\u00f9 le charme rustique c\u00f4toie l&#039;\u00e9l\u00e9gance raffin\u00e9e. Cette ferme magnifiquement\" \/>\n<meta name=\"robots\" content=\"index, follow, max-snippet:-1, max-image-preview:large, max-video-preview:-1\" \/>\n<link rel=\"canonical\" href=\"https:\/\/www.sejourprive.com\/en\/biens\/mas-serenya-paradou-maussane-les-alpilles-provence-france\/\" \/>\n<meta property=\"og:locale\" content=\"en_GB\" \/>\n<meta property=\"og:type\" content=\"article\" \/>\n<meta property=\"og:title\" content=\"Mas Serenya, Paradou, Maussane-les-Alpilles, Provence, France - S\u00e9jour Priv\u00e9\" \/>\n<meta property=\"og:description\" content=\"Nich\u00e9 au c\u0153ur des Alpilles, le Mas Serenya est un havre de paix proven\u00e7al o\u00f9 le charme rustique c\u00f4toie l&#039;\u00e9l\u00e9gance raffin\u00e9e. Cette ferme magnifiquement\" \/>\n<meta property=\"og:url\" content=\"https:\/\/www.sejourprive.com\/en\/biens\/mas-serenya-paradou-maussane-les-alpilles-provence-france\/\" \/>\n<meta property=\"og:site_name\" content=\"S\u00e9jour Priv\u00e9\" \/>\n<meta property=\"og:image\" content=\"https:\/\/www.sejourprive.com\/wp-content\/uploads\/2026\/03\/2-292.jpg\" \/>\n\t<meta property=\"og:image:width\" content=\"1200\" \/>\n\t<meta property=\"og:image:height\" content=\"902\" \/>\n\t<meta property=\"og:image:type\" content=\"image\/jpeg\" \/>\n<meta name=\"twitter:card\" content=\"summary_large_image\" \/>\n<meta name=\"twitter:label1\" content=\"Estimated reading time\" \/>\n\t<meta name=\"twitter:data1\" content=\"1 minute\" \/>\n<script type=\"application\/ld+json\" class=\"yoast-schema-graph\">{\"@context\":\"https:\/\/schema.org\",\"@graph\":[{\"@type\":\"WebPage\",\"@id\":\"https:\/\/www.sejourprive.com\/biens\/mas-serenya-paradou-maussane-les-alpilles-provence-france\/\",\"url\":\"https:\/\/www.sejourprive.com\/biens\/mas-serenya-paradou-maussane-les-alpilles-provence-france\/\",\"name\":\"Mas Serenya, Paradou, Maussane-les-Alpilles, Provence, France - S\u00e9jour Priv\u00e9\",\"isPartOf\":{\"@id\":\"https:\/\/www.sejourprive.com\/#website\"},\"primaryImageOfPage\":{\"@id\":\"https:\/\/www.sejourprive.com\/biens\/mas-serenya-paradou-maussane-les-alpilles-provence-france\/#primaryimage\"},\"image\":{\"@id\":\"https:\/\/www.sejourprive.com\/biens\/mas-serenya-paradou-maussane-les-alpilles-provence-france\/#primaryimage\"},\"thumbnailUrl\":\"https:\/\/www.sejourprive.com\/wp-content\/uploads\/2026\/03\/2-292.jpg\",\"datePublished\":\"2026-03-30T13:42:45+00:00\",\"description\":\"Nich\u00e9 au c\u0153ur des Alpilles, le Mas Serenya est un havre de paix proven\u00e7al o\u00f9 le charme rustique c\u00f4toie l'\u00e9l\u00e9gance raffin\u00e9e. Cette ferme magnifiquement\",\"breadcrumb\":{\"@id\":\"https:\/\/www.sejourprive.com\/biens\/mas-serenya-paradou-maussane-les-alpilles-provence-france\/#breadcrumb\"},\"inLanguage\":\"en-GB\",\"potentialAction\":[{\"@type\":\"ReadAction\",\"target\":[\"https:\/\/www.sejourprive.com\/biens\/mas-serenya-paradou-maussane-les-alpilles-provence-france\/\"]}]},{\"@type\":\"ImageObject\",\"inLanguage\":\"en-GB\",\"@id\":\"https:\/\/www.sejourprive.com\/biens\/mas-serenya-paradou-maussane-les-alpilles-provence-france\/#primaryimage\",\"url\":\"https:\/\/www.sejourprive.com\/wp-content\/uploads\/2026\/03\/2-292.jpg\",\"contentUrl\":\"https:\/\/www.sejourprive.com\/wp-content\/uploads\/2026\/03\/2-292.jpg\",\"width\":1200,\"height\":902},{\"@type\":\"BreadcrumbList\",\"@id\":\"https:\/\/www.sejourprive.com\/biens\/mas-serenya-paradou-maussane-les-alpilles-provence-france\/#breadcrumb\",\"itemListElement\":[{\"@type\":\"ListItem\",\"position\":1,\"name\":\"Accueil\",\"item\":\"https:\/\/www.sejourprive.com\/\"},{\"@type\":\"ListItem\",\"position\":2,\"name\":\"Shop\",\"item\":\"https:\/\/www.sejourprive.com\/shop\/\"},{\"@type\":\"ListItem\",\"position\":3,\"name\":\"Mas Serenya, Paradou, Maussane-les-Alpilles, Provence, France\"}]},{\"@type\":\"WebSite\",\"@id\":\"https:\/\/www.sejourprive.com\/#website\",\"url\":\"https:\/\/www.sejourprive.com\/\",\"name\":\"S\u00e9jour Priv\u00e9\",\"description\":\"Nous imaginons pour vous des s\u00e9jours d\u2019exception.\",\"publisher\":{\"@id\":\"https:\/\/www.sejourprive.com\/#organization\"},\"potentialAction\":[{\"@type\":\"SearchAction\",\"target\":{\"@type\":\"EntryPoint\",\"urlTemplate\":\"https:\/\/www.sejourprive.com\/?s={search_term_string}\"},\"query-input\":{\"@type\":\"PropertyValueSpecification\",\"valueRequired\":true,\"valueName\":\"search_term_string\"}}],\"inLanguage\":\"en-GB\"},{\"@type\":\"Organization\",\"@id\":\"https:\/\/www.sejourprive.com\/#organization\",\"name\":\"S\u00e9jour Priv\u00e9\",\"url\":\"https:\/\/www.sejourprive.com\/\",\"logo\":{\"@type\":\"ImageObject\",\"inLanguage\":\"en-GB\",\"@id\":\"https:\/\/www.sejourprive.com\/#\/schema\/logo\/image\/\",\"url\":\"https:\/\/www.sejourprive.com\/wp-content\/uploads\/2026\/02\/SP-Apple-touch-144-couleur-1-2.png\",\"contentUrl\":\"https:\/\/www.sejourprive.com\/wp-content\/uploads\/2026\/02\/SP-Apple-touch-144-couleur-1-2.png\",\"width\":145,\"height\":145,\"caption\":\"S\u00e9jour Priv\u00e9\"},\"image\":{\"@id\":\"https:\/\/www.sejourprive.com\/#\/schema\/logo\/image\/\"}}]}<\/script>\n<!-- \/ Yoast SEO plugin. -->","yoast_head_json":{"title":"Mas Serenya, Paradou, Maussane-les-Alpilles, Provence, France - S\u00e9jour Priv\u00e9","description":"Nich\u00e9 au c\u0153ur des Alpilles, le Mas Serenya est un havre de paix proven\u00e7al o\u00f9 le charme rustique c\u00f4toie l'\u00e9l\u00e9gance raffin\u00e9e. Cette ferme magnifiquement","robots":{"index":"index","follow":"follow","max-snippet":"max-snippet:-1","max-image-preview":"max-image-preview:large","max-video-preview":"max-video-preview:-1"},"canonical":"https:\/\/www.sejourprive.com\/en\/biens\/mas-serenya-paradou-maussane-les-alpilles-provence-france\/","og_locale":"en_GB","og_type":"article","og_title":"Mas Serenya, Paradou, Maussane-les-Alpilles, Provence, France - S\u00e9jour Priv\u00e9","og_description":"Nich\u00e9 au c\u0153ur des Alpilles, le Mas Serenya est un havre de paix proven\u00e7al o\u00f9 le charme rustique c\u00f4toie l'\u00e9l\u00e9gance raffin\u00e9e. Cette ferme magnifiquement","og_url":"https:\/\/www.sejourprive.com\/en\/biens\/mas-serenya-paradou-maussane-les-alpilles-provence-france\/","og_site_name":"S\u00e9jour Priv\u00e9","og_image":[{"width":1200,"height":902,"url":"https:\/\/www.sejourprive.com\/wp-content\/uploads\/2026\/03\/2-292.jpg","type":"image\/jpeg"}],"twitter_card":"summary_large_image","twitter_misc":{"Estimated reading time":"1 minute"},"schema":{"@context":"https:\/\/schema.org","@graph":[{"@type":"WebPage","@id":"https:\/\/www.sejourprive.com\/biens\/mas-serenya-paradou-maussane-les-alpilles-provence-france\/","url":"https:\/\/www.sejourprive.com\/biens\/mas-serenya-paradou-maussane-les-alpilles-provence-france\/","name":"Mas Serenya, Paradou, Maussane-les-Alpilles, Provence, France - S\u00e9jour Priv\u00e9","isPartOf":{"@id":"https:\/\/www.sejourprive.com\/#website"},"primaryImageOfPage":{"@id":"https:\/\/www.sejourprive.com\/biens\/mas-serenya-paradou-maussane-les-alpilles-provence-france\/#primaryimage"},"image":{"@id":"https:\/\/www.sejourprive.com\/biens\/mas-serenya-paradou-maussane-les-alpilles-provence-france\/#primaryimage"},"thumbnailUrl":"https:\/\/www.sejourprive.com\/wp-content\/uploads\/2026\/03\/2-292.jpg","datePublished":"2026-03-30T13:42:45+00:00","description":"Nich\u00e9 au c\u0153ur des Alpilles, le Mas Serenya est un havre de paix proven\u00e7al o\u00f9 le charme rustique c\u00f4toie l'\u00e9l\u00e9gance raffin\u00e9e. Cette ferme magnifiquement","breadcrumb":{"@id":"https:\/\/www.sejourprive.com\/biens\/mas-serenya-paradou-maussane-les-alpilles-provence-france\/#breadcrumb"},"inLanguage":"en-GB","potentialAction":[{"@type":"ReadAction","target":["https:\/\/www.sejourprive.com\/biens\/mas-serenya-paradou-maussane-les-alpilles-provence-france\/"]}]},{"@type":"ImageObject","inLanguage":"en-GB","@id":"https:\/\/www.sejourprive.com\/biens\/mas-serenya-paradou-maussane-les-alpilles-provence-france\/#primaryimage","url":"https:\/\/www.sejourprive.com\/wp-content\/uploads\/2026\/03\/2-292.jpg","contentUrl":"https:\/\/www.sejourprive.com\/wp-content\/uploads\/2026\/03\/2-292.jpg","width":1200,"height":902},{"@type":"BreadcrumbList","@id":"https:\/\/www.sejourprive.com\/biens\/mas-serenya-paradou-maussane-les-alpilles-provence-france\/#breadcrumb","itemListElement":[{"@type":"ListItem","position":1,"name":"Accueil","item":"https:\/\/www.sejourprive.com\/"},{"@type":"ListItem","position":2,"name":"Shop","item":"https:\/\/www.sejourprive.com\/shop\/"},{"@type":"ListItem","position":3,"name":"Mas Serenya, Paradou, Maussane-les-Alpilles, Provence, France"}]},{"@type":"WebSite","@id":"https:\/\/www.sejourprive.com\/#website","url":"https:\/\/www.sejourprive.com\/","name":"Private Stay","description":"We design exceptional holidays for you.","publisher":{"@id":"https:\/\/www.sejourprive.com\/#organization"},"potentialAction":[{"@type":"SearchAction","target":{"@type":"EntryPoint","urlTemplate":"https:\/\/www.sejourprive.com\/?s={search_term_string}"},"query-input":{"@type":"PropertyValueSpecification","valueRequired":true,"valueName":"search_term_string"}}],"inLanguage":"en-GB"},{"@type":"Organization","@id":"https:\/\/www.sejourprive.com\/#organization","name":"Private Stay","url":"https:\/\/www.sejourprive.com\/","logo":{"@type":"ImageObject","inLanguage":"en-GB","@id":"https:\/\/www.sejourprive.com\/#\/schema\/logo\/image\/","url":"https:\/\/www.sejourprive.com\/wp-content\/uploads\/2026\/02\/SP-Apple-touch-144-couleur-1-2.png","contentUrl":"https:\/\/www.sejourprive.com\/wp-content\/uploads\/2026\/02\/SP-Apple-touch-144-couleur-1-2.png","width":145,"height":145,"caption":"S\u00e9jour Priv\u00e9"},"image":{"@id":"https:\/\/www.sejourprive.com\/#\/schema\/logo\/image\/"}}]}},"_links":{"self":[{"href":"https:\/\/www.sejourprive.com\/en\/wp-json\/wp\/v2\/product\/54284","targetHints":{"allow":["GET"]}}],"collection":[{"href":"https:\/\/www.sejourprive.com\/en\/wp-json\/wp\/v2\/product"}],"about":[{"href":"https:\/\/www.sejourprive.com\/en\/wp-json\/wp\/v2\/types\/product"}],"replies":[{"embeddable":true,"href":"https:\/\/www.sejourprive.com\/en\/wp-json\/wp\/v2\/comments?post=54284"}],"version-history":[{"count":0,"href":"https:\/\/www.sejourprive.com\/en\/wp-json\/wp\/v2\/product\/54284\/revisions"}],"wp:featuredmedia":[{"embeddable":true,"href":"https:\/\/www.sejourprive.com\/en\/wp-json\/wp\/v2\/media\/54287"}],"wp:attachment":[{"href":"https:\/\/www.sejourprive.com\/en\/wp-json\/wp\/v2\/media?parent=54284"}],"wp:term":[{"taxonomy":"product_brand","embeddable":true,"href":"https:\/\/www.sejourprive.com\/en\/wp-json\/wp\/v2\/product_brand?post=54284"},{"taxonomy":"product_cat","embeddable":true,"href":"https:\/\/www.sejourprive.com\/en\/wp-json\/wp\/v2\/product_cat?post=54284"},{"taxonomy":"product_tag","embeddable":true,"href":"https:\/\/www.sejourprive.com\/en\/wp-json\/wp\/v2\/product_tag?post=54284"}],"curies":[{"name":"wp","href":"https:\/\/api.w.org\/{rel}","templated":true}]}}

<p>Niché au cœur des Alpilles, le Mas Serenya est un havre de paix provençal où le charme rustique côtoie l&#8217;élégance raffinée. Cette ferme magnifiquement restaurée allie à la perfection une architecture en pierre authentique au confort moderne, offrant une escapade paisible dans un paysage pittoresque.<span><div class="read-more-wrapper"><a class="read-more-button" data-target="read-more-69f443c819854" data-more-text="Read more" data-less-text="Read less"><span class="read-more-text">Read more</span></a><div id="read-more-69f443c819854" class="read-more-content"> </span></p>
<p>Commencez votre journée par un petit-déjeuner tranquille à l&#8217;ombre d&#8217;un magnifique platane tricentenaire qui procure une sérénité intemporelle. Puis, rafraîchissez-vous dans la piscine à débordement, où l&#8217;eau semble se fondre harmonieusement avec la campagne environnante. Passez l&#8217;après-midi à perfectionner votre service sur le court de tennis ou à disputer une partie amicale sur le terrain de pétanque. À la tombée de la nuit, savourez une soirée tranquille sur la terrasse, en vous imprégnant de la beauté de la lumière dorée de la Provence.</div></div></p>

<p>Niché au cœur des Alpilles, le Mas Serenya est un havre de paix provençal où le charme rustique côtoie l&#8217;élégance&#8230;</p>

<!-- This site is optimized with the Yoast SEO plugin v26.6 - https://yoast.com/wordpress/plugins/seo/ -->
<title>Mas Serenya, Paradou, Maussane-les-Alpilles, Provence, France - Séjour Privé</title>
<meta name="description" content="Niché au cœur des Alpilles, le Mas Serenya est un havre de paix provençal où le charme rustique côtoie l&#039;élégance raffinée. Cette ferme magnifiquement" />
<meta name="robots" content="index, follow, max-snippet:-1, max-image-preview:large, max-video-preview:-1" />
<link rel="canonical" href="https://www.sejourprive.com/en/biens/mas-serenya-paradou-maussane-les-alpilles-provence-france/" />
<meta property="og:locale" content="en_GB" />
<meta property="og:type" content="article" />
<meta property="og:title" content="Mas Serenya, Paradou, Maussane-les-Alpilles, Provence, France - Séjour Privé" />
<meta property="og:description" content="Niché au cœur des Alpilles, le Mas Serenya est un havre de paix provençal où le charme rustique côtoie l&#039;élégance raffinée. Cette ferme magnifiquement" />
<meta property="og:url" content="https://www.sejourprive.com/en/biens/mas-serenya-paradou-maussane-les-alpilles-provence-france/" />
<meta property="og:site_name" content="Séjour Privé" />
<meta property="og:image" content="https://www.sejourprive.com/wp-content/uploads/2026/03/2-292.jpg" />
	<meta property="og:image:width" content="1200" />
	<meta property="og:image:height" content="902" />
	<meta property="og:image:type" content="image/jpeg" />
<meta name="twitter:card" content="summary_large_image" />
<meta name="twitter:label1" content="Estimated reading time" />
	<meta name="twitter:data1" content="1 minute" />
<script type="application/ld+json" class="yoast-schema-graph">{"@context":"https://schema.org","@graph":[{"@type":"WebPage","@id":"https://www.sejourprive.com/biens/mas-serenya-paradou-maussane-les-alpilles-provence-france/","url":"https://www.sejourprive.com/biens/mas-serenya-paradou-maussane-les-alpilles-provence-france/","name":"Mas Serenya, Paradou, Maussane-les-Alpilles, Provence, France - Séjour Privé","isPartOf":{"@id":"https://www.sejourprive.com/#website"},"primaryImageOfPage":{"@id":"https://www.sejourprive.com/biens/mas-serenya-paradou-maussane-les-alpilles-provence-france/#primaryimage"},"image":{"@id":"https://www.sejourprive.com/biens/mas-serenya-paradou-maussane-les-alpilles-provence-france/#primaryimage"},"thumbnailUrl":"https://www.sejourprive.com/wp-content/uploads/2026/03/2-292.jpg","datePublished":"2026-03-30T13:42:45+00:00","description":"Niché au cœur des Alpilles, le Mas Serenya est un havre de paix provençal où le charme rustique côtoie l'élégance raffinée. Cette ferme magnifiquement","breadcrumb":{"@id":"https://www.sejourprive.com/biens/mas-serenya-paradou-maussane-les-alpilles-provence-france/#breadcrumb"},"inLanguage":"en-GB","potentialAction":[{"@type":"ReadAction","target":["https://www.sejourprive.com/biens/mas-serenya-paradou-maussane-les-alpilles-provence-france/"]}]},{"@type":"ImageObject","inLanguage":"en-GB","@id":"https://www.sejourprive.com/biens/mas-serenya-paradou-maussane-les-alpilles-provence-france/#primaryimage","url":"https://www.sejourprive.com/wp-content/uploads/2026/03/2-292.jpg","contentUrl":"https://www.sejourprive.com/wp-content/uploads/2026/03/2-292.jpg","width":1200,"height":902},{"@type":"BreadcrumbList","@id":"https://www.sejourprive.com/biens/mas-serenya-paradou-maussane-les-alpilles-provence-france/#breadcrumb","itemListElement":[{"@type":"ListItem","position":1,"name":"Accueil","item":"https://www.sejourprive.com/"},{"@type":"ListItem","position":2,"name":"Shop","item":"https://www.sejourprive.com/shop/"},{"@type":"ListItem","position":3,"name":"Mas Serenya, Paradou, Maussane-les-Alpilles, Provence, France"}]},{"@type":"WebSite","@id":"https://www.sejourprive.com/#website","url":"https://www.sejourprive.com/","name":"Séjour Privé","description":"Nous imaginons pour vous des séjours d’exception.","publisher":{"@id":"https://www.sejourprive.com/#organization"},"potentialAction":[{"@type":"SearchAction","target":{"@type":"EntryPoint","urlTemplate":"https://www.sejourprive.com/?s={search_term_string}"},"query-input":{"@type":"PropertyValueSpecification","valueRequired":true,"valueName":"search_term_string"}}],"inLanguage":"en-GB"},{"@type":"Organization","@id":"https://www.sejourprive.com/#organization","name":"Séjour Privé","url":"https://www.sejourprive.com/","logo":{"@type":"ImageObject","inLanguage":"en-GB","@id":"https://www.sejourprive.com/#/schema/logo/image/","url":"https://www.sejourprive.com/wp-content/uploads/2026/02/SP-Apple-touch-144-couleur-1-2.png","contentUrl":"https://www.sejourprive.com/wp-content/uploads/2026/02/SP-Apple-touch-144-couleur-1-2.png","width":145,"height":145,"caption":"Séjour Privé"},"image":{"@id":"https://www.sejourprive.com/#/schema/logo/image/"}}]}</script>
<!-- / Yoast SEO plugin. -->

Mas Serenya, Paradou, Maussane-les-Alpilles, Provence, France - Séjour Privé

Niché au cœur des Alpilles, le Mas Serenya est un havre de paix provençal où le charme rustique côtoie l'élégance raffinée. Cette ferme magnifiquement

Séjour Privé
