{"id":54002,"date":"2026-03-27T16:42:30","date_gmt":"2026-03-27T15:42:30","guid":{"rendered":"https:\/\/www.sejourprive.com\/?post_type=product&#038;p=54002"},"modified":"2026-03-27T16:42:30","modified_gmt":"2026-03-27T15:42:30","slug":"mas-du-coquelicot-saint-remy-de-provence-provence-france","status":"publish","type":"product","link":"https:\/\/www.sejourprive.com\/en\/biens\/mas-du-coquelicot-saint-remy-de-provence-provence-france\/","title":{"rendered":"Mas du Coquelicot, Saint-R\u00e9my-De-Provence, Provence, France"},"content":{"rendered":"<p>Nich\u00e9 au c\u0153ur des Alpilles, le Mas du Coquelicot se fond harmonieusement dans son environnement, avec pour toile de fond les collines et les champs de lavande. Ce havre de paix proven\u00e7al pr\u00e9serve l&#8217;authenticit\u00e9 de la pierre ancienne tout en offrant le confort moderne.<span><div class=\"read-more-wrapper\"><a class=\"read-more-button\" data-target=\"read-more-69f474f601365\" data-more-text=\"Read more\" data-less-text=\"Read less\"><span class=\"read-more-text\">Read more<\/span><\/a><div id=\"read-more-69f474f601365\" class=\"read-more-content\"> <\/span><\/p>\n<p>Commencez votre journ\u00e9e par un plongeon rafra\u00eechissant dans la piscine baign\u00e9e de soleil, puis d\u00e9tendez-vous dans le pigeonnier, aujourd&#8217;hui transform\u00e9 en pool house. L&#8217;apr\u00e8s-midi, profitez d&#8217;une partie de p\u00e9tanque conviviale sous les platanes, suivie d&#8217;un d\u00e9jeuner \u00e0 l&#8217;ombre dans le jardin paisible. \u00c0 la tomb\u00e9e de la nuit, laissez-vous envo\u00fbter par la douce p\u00e9nombre tout en savourant un d\u00eener sous les \u00e9toiles, accompagn\u00e9 par la s\u00e9r\u00e9nade des cigales.<\/div><\/div><\/p>","protected":false},"excerpt":{"rendered":"<p>Nich\u00e9 au c\u0153ur des Alpilles, le Mas du Coquelicot se fond harmonieusement dans son environnement, avec pour toile de fond&#8230;<\/p>","protected":false},"featured_media":54037,"comment_status":"open","ping_status":"closed","template":"","meta":{"_acf_changed":false},"product_brand":[],"product_cat":[15],"product_tag":[],"class_list":{"0":"post-54002","1":"product","2":"type-product","3":"status-publish","4":"has-post-thumbnail","6":"product_cat-villa","7":"property_location-france","8":"property_location-provence","10":"first","11":"instock","12":"sold-individually","13":"shipping-taxable","14":"purchasable","15":"product-type-simple"},"acf":[],"yoast_head":"<!-- This site is optimized with the Yoast SEO plugin v26.6 - https:\/\/yoast.com\/wordpress\/plugins\/seo\/ -->\n<title>Mas du Coquelicot, Saint-R\u00e9my-De-Provence, Provence, France - S\u00e9jour Priv\u00e9<\/title>\n<meta name=\"description\" content=\"Nich\u00e9 au c\u0153ur des Alpilles, le Mas du Coquelicot se fond harmonieusement dans son environnement, avec pour toile de fond les collines et les champs de\" \/>\n<meta name=\"robots\" content=\"index, follow, max-snippet:-1, max-image-preview:large, max-video-preview:-1\" \/>\n<link rel=\"canonical\" href=\"https:\/\/www.sejourprive.com\/en\/biens\/mas-du-coquelicot-saint-remy-de-provence-provence-france\/\" \/>\n<meta property=\"og:locale\" content=\"en_GB\" \/>\n<meta property=\"og:type\" content=\"article\" \/>\n<meta property=\"og:title\" content=\"Mas du Coquelicot, Saint-R\u00e9my-De-Provence, Provence, France - S\u00e9jour Priv\u00e9\" \/>\n<meta property=\"og:description\" content=\"Nich\u00e9 au c\u0153ur des Alpilles, le Mas du Coquelicot se fond harmonieusement dans son environnement, avec pour toile de fond les collines et les champs de\" \/>\n<meta property=\"og:url\" content=\"https:\/\/www.sejourprive.com\/en\/biens\/mas-du-coquelicot-saint-remy-de-provence-provence-france\/\" \/>\n<meta property=\"og:site_name\" content=\"S\u00e9jour Priv\u00e9\" \/>\n<meta property=\"og:image\" content=\"https:\/\/www.sejourprive.com\/wp-content\/uploads\/2026\/03\/33-209.jpg\" \/>\n\t<meta property=\"og:image:width\" content=\"1200\" \/>\n\t<meta property=\"og:image:height\" content=\"674\" \/>\n\t<meta property=\"og:image:type\" content=\"image\/jpeg\" \/>\n<meta name=\"twitter:card\" content=\"summary_large_image\" \/>\n<meta name=\"twitter:label1\" content=\"Estimated reading time\" \/>\n\t<meta name=\"twitter:data1\" content=\"1 minute\" \/>\n<script type=\"application\/ld+json\" class=\"yoast-schema-graph\">{\"@context\":\"https:\/\/schema.org\",\"@graph\":[{\"@type\":\"WebPage\",\"@id\":\"https:\/\/www.sejourprive.com\/biens\/mas-du-coquelicot-saint-remy-de-provence-provence-france\/\",\"url\":\"https:\/\/www.sejourprive.com\/biens\/mas-du-coquelicot-saint-remy-de-provence-provence-france\/\",\"name\":\"Mas du Coquelicot, Saint-R\u00e9my-De-Provence, Provence, France - S\u00e9jour Priv\u00e9\",\"isPartOf\":{\"@id\":\"https:\/\/www.sejourprive.com\/#website\"},\"primaryImageOfPage\":{\"@id\":\"https:\/\/www.sejourprive.com\/biens\/mas-du-coquelicot-saint-remy-de-provence-provence-france\/#primaryimage\"},\"image\":{\"@id\":\"https:\/\/www.sejourprive.com\/biens\/mas-du-coquelicot-saint-remy-de-provence-provence-france\/#primaryimage\"},\"thumbnailUrl\":\"https:\/\/www.sejourprive.com\/wp-content\/uploads\/2026\/03\/33-209.jpg\",\"datePublished\":\"2026-03-27T15:42:30+00:00\",\"description\":\"Nich\u00e9 au c\u0153ur des Alpilles, le Mas du Coquelicot se fond harmonieusement dans son environnement, avec pour toile de fond les collines et les champs de\",\"breadcrumb\":{\"@id\":\"https:\/\/www.sejourprive.com\/biens\/mas-du-coquelicot-saint-remy-de-provence-provence-france\/#breadcrumb\"},\"inLanguage\":\"en-GB\",\"potentialAction\":[{\"@type\":\"ReadAction\",\"target\":[\"https:\/\/www.sejourprive.com\/biens\/mas-du-coquelicot-saint-remy-de-provence-provence-france\/\"]}]},{\"@type\":\"ImageObject\",\"inLanguage\":\"en-GB\",\"@id\":\"https:\/\/www.sejourprive.com\/biens\/mas-du-coquelicot-saint-remy-de-provence-provence-france\/#primaryimage\",\"url\":\"https:\/\/www.sejourprive.com\/wp-content\/uploads\/2026\/03\/33-209.jpg\",\"contentUrl\":\"https:\/\/www.sejourprive.com\/wp-content\/uploads\/2026\/03\/33-209.jpg\",\"width\":1200,\"height\":674},{\"@type\":\"BreadcrumbList\",\"@id\":\"https:\/\/www.sejourprive.com\/biens\/mas-du-coquelicot-saint-remy-de-provence-provence-france\/#breadcrumb\",\"itemListElement\":[{\"@type\":\"ListItem\",\"position\":1,\"name\":\"Accueil\",\"item\":\"https:\/\/www.sejourprive.com\/\"},{\"@type\":\"ListItem\",\"position\":2,\"name\":\"Shop\",\"item\":\"https:\/\/www.sejourprive.com\/shop\/\"},{\"@type\":\"ListItem\",\"position\":3,\"name\":\"Mas du Coquelicot, Saint-R\u00e9my-De-Provence, Provence, France\"}]},{\"@type\":\"WebSite\",\"@id\":\"https:\/\/www.sejourprive.com\/#website\",\"url\":\"https:\/\/www.sejourprive.com\/\",\"name\":\"S\u00e9jour Priv\u00e9\",\"description\":\"Nous imaginons pour vous des s\u00e9jours d\u2019exception.\",\"publisher\":{\"@id\":\"https:\/\/www.sejourprive.com\/#organization\"},\"potentialAction\":[{\"@type\":\"SearchAction\",\"target\":{\"@type\":\"EntryPoint\",\"urlTemplate\":\"https:\/\/www.sejourprive.com\/?s={search_term_string}\"},\"query-input\":{\"@type\":\"PropertyValueSpecification\",\"valueRequired\":true,\"valueName\":\"search_term_string\"}}],\"inLanguage\":\"en-GB\"},{\"@type\":\"Organization\",\"@id\":\"https:\/\/www.sejourprive.com\/#organization\",\"name\":\"S\u00e9jour Priv\u00e9\",\"url\":\"https:\/\/www.sejourprive.com\/\",\"logo\":{\"@type\":\"ImageObject\",\"inLanguage\":\"en-GB\",\"@id\":\"https:\/\/www.sejourprive.com\/#\/schema\/logo\/image\/\",\"url\":\"https:\/\/www.sejourprive.com\/wp-content\/uploads\/2026\/02\/SP-Apple-touch-144-couleur-1-2.png\",\"contentUrl\":\"https:\/\/www.sejourprive.com\/wp-content\/uploads\/2026\/02\/SP-Apple-touch-144-couleur-1-2.png\",\"width\":145,\"height\":145,\"caption\":\"S\u00e9jour Priv\u00e9\"},\"image\":{\"@id\":\"https:\/\/www.sejourprive.com\/#\/schema\/logo\/image\/\"}}]}<\/script>\n<!-- \/ Yoast SEO plugin. -->","yoast_head_json":{"title":"Mas du Coquelicot, Saint-R\u00e9my-De-Provence, Provence, France - S\u00e9jour Priv\u00e9","description":"Nich\u00e9 au c\u0153ur des Alpilles, le Mas du Coquelicot se fond harmonieusement dans son environnement, avec pour toile de fond les collines et les champs de","robots":{"index":"index","follow":"follow","max-snippet":"max-snippet:-1","max-image-preview":"max-image-preview:large","max-video-preview":"max-video-preview:-1"},"canonical":"https:\/\/www.sejourprive.com\/en\/biens\/mas-du-coquelicot-saint-remy-de-provence-provence-france\/","og_locale":"en_GB","og_type":"article","og_title":"Mas du Coquelicot, Saint-R\u00e9my-De-Provence, Provence, France - S\u00e9jour Priv\u00e9","og_description":"Nich\u00e9 au c\u0153ur des Alpilles, le Mas du Coquelicot se fond harmonieusement dans son environnement, avec pour toile de fond les collines et les champs de","og_url":"https:\/\/www.sejourprive.com\/en\/biens\/mas-du-coquelicot-saint-remy-de-provence-provence-france\/","og_site_name":"S\u00e9jour Priv\u00e9","og_image":[{"width":1200,"height":674,"url":"https:\/\/www.sejourprive.com\/wp-content\/uploads\/2026\/03\/33-209.jpg","type":"image\/jpeg"}],"twitter_card":"summary_large_image","twitter_misc":{"Estimated reading time":"1 minute"},"schema":{"@context":"https:\/\/schema.org","@graph":[{"@type":"WebPage","@id":"https:\/\/www.sejourprive.com\/biens\/mas-du-coquelicot-saint-remy-de-provence-provence-france\/","url":"https:\/\/www.sejourprive.com\/biens\/mas-du-coquelicot-saint-remy-de-provence-provence-france\/","name":"Mas du Coquelicot, Saint-R\u00e9my-De-Provence, Provence, France - S\u00e9jour Priv\u00e9","isPartOf":{"@id":"https:\/\/www.sejourprive.com\/#website"},"primaryImageOfPage":{"@id":"https:\/\/www.sejourprive.com\/biens\/mas-du-coquelicot-saint-remy-de-provence-provence-france\/#primaryimage"},"image":{"@id":"https:\/\/www.sejourprive.com\/biens\/mas-du-coquelicot-saint-remy-de-provence-provence-france\/#primaryimage"},"thumbnailUrl":"https:\/\/www.sejourprive.com\/wp-content\/uploads\/2026\/03\/33-209.jpg","datePublished":"2026-03-27T15:42:30+00:00","description":"Nich\u00e9 au c\u0153ur des Alpilles, le Mas du Coquelicot se fond harmonieusement dans son environnement, avec pour toile de fond les collines et les champs de","breadcrumb":{"@id":"https:\/\/www.sejourprive.com\/biens\/mas-du-coquelicot-saint-remy-de-provence-provence-france\/#breadcrumb"},"inLanguage":"en-GB","potentialAction":[{"@type":"ReadAction","target":["https:\/\/www.sejourprive.com\/biens\/mas-du-coquelicot-saint-remy-de-provence-provence-france\/"]}]},{"@type":"ImageObject","inLanguage":"en-GB","@id":"https:\/\/www.sejourprive.com\/biens\/mas-du-coquelicot-saint-remy-de-provence-provence-france\/#primaryimage","url":"https:\/\/www.sejourprive.com\/wp-content\/uploads\/2026\/03\/33-209.jpg","contentUrl":"https:\/\/www.sejourprive.com\/wp-content\/uploads\/2026\/03\/33-209.jpg","width":1200,"height":674},{"@type":"BreadcrumbList","@id":"https:\/\/www.sejourprive.com\/biens\/mas-du-coquelicot-saint-remy-de-provence-provence-france\/#breadcrumb","itemListElement":[{"@type":"ListItem","position":1,"name":"Accueil","item":"https:\/\/www.sejourprive.com\/"},{"@type":"ListItem","position":2,"name":"Shop","item":"https:\/\/www.sejourprive.com\/shop\/"},{"@type":"ListItem","position":3,"name":"Mas du Coquelicot, Saint-R\u00e9my-De-Provence, Provence, France"}]},{"@type":"WebSite","@id":"https:\/\/www.sejourprive.com\/#website","url":"https:\/\/www.sejourprive.com\/","name":"Private Stay","description":"We design exceptional holidays for you.","publisher":{"@id":"https:\/\/www.sejourprive.com\/#organization"},"potentialAction":[{"@type":"SearchAction","target":{"@type":"EntryPoint","urlTemplate":"https:\/\/www.sejourprive.com\/?s={search_term_string}"},"query-input":{"@type":"PropertyValueSpecification","valueRequired":true,"valueName":"search_term_string"}}],"inLanguage":"en-GB"},{"@type":"Organization","@id":"https:\/\/www.sejourprive.com\/#organization","name":"Private Stay","url":"https:\/\/www.sejourprive.com\/","logo":{"@type":"ImageObject","inLanguage":"en-GB","@id":"https:\/\/www.sejourprive.com\/#\/schema\/logo\/image\/","url":"https:\/\/www.sejourprive.com\/wp-content\/uploads\/2026\/02\/SP-Apple-touch-144-couleur-1-2.png","contentUrl":"https:\/\/www.sejourprive.com\/wp-content\/uploads\/2026\/02\/SP-Apple-touch-144-couleur-1-2.png","width":145,"height":145,"caption":"S\u00e9jour Priv\u00e9"},"image":{"@id":"https:\/\/www.sejourprive.com\/#\/schema\/logo\/image\/"}}]}},"_links":{"self":[{"href":"https:\/\/www.sejourprive.com\/en\/wp-json\/wp\/v2\/product\/54002","targetHints":{"allow":["GET"]}}],"collection":[{"href":"https:\/\/www.sejourprive.com\/en\/wp-json\/wp\/v2\/product"}],"about":[{"href":"https:\/\/www.sejourprive.com\/en\/wp-json\/wp\/v2\/types\/product"}],"replies":[{"embeddable":true,"href":"https:\/\/www.sejourprive.com\/en\/wp-json\/wp\/v2\/comments?post=54002"}],"version-history":[{"count":0,"href":"https:\/\/www.sejourprive.com\/en\/wp-json\/wp\/v2\/product\/54002\/revisions"}],"wp:featuredmedia":[{"embeddable":true,"href":"https:\/\/www.sejourprive.com\/en\/wp-json\/wp\/v2\/media\/54037"}],"wp:attachment":[{"href":"https:\/\/www.sejourprive.com\/en\/wp-json\/wp\/v2\/media?parent=54002"}],"wp:term":[{"taxonomy":"product_brand","embeddable":true,"href":"https:\/\/www.sejourprive.com\/en\/wp-json\/wp\/v2\/product_brand?post=54002"},{"taxonomy":"product_cat","embeddable":true,"href":"https:\/\/www.sejourprive.com\/en\/wp-json\/wp\/v2\/product_cat?post=54002"},{"taxonomy":"product_tag","embeddable":true,"href":"https:\/\/www.sejourprive.com\/en\/wp-json\/wp\/v2\/product_tag?post=54002"}],"curies":[{"name":"wp","href":"https:\/\/api.w.org\/{rel}","templated":true}]}}

Mas du Coquelicot, Saint-Rémy-De-Provence, Provence, France

<p>Niché au cœur des Alpilles, le Mas du Coquelicot se fond harmonieusement dans son environnement, avec pour toile de fond les collines et les champs de lavande. Ce havre de paix provençal préserve l&#8217;authenticité de la pierre ancienne tout en offrant le confort moderne.<span><div class="read-more-wrapper"><a class="read-more-button" data-target="read-more-69f474f601365" data-more-text="Read more" data-less-text="Read less"><span class="read-more-text">Read more</span></a><div id="read-more-69f474f601365" class="read-more-content"> </span></p>
<p>Commencez votre journée par un plongeon rafraîchissant dans la piscine baignée de soleil, puis détendez-vous dans le pigeonnier, aujourd&#8217;hui transformé en pool house. L&#8217;après-midi, profitez d&#8217;une partie de pétanque conviviale sous les platanes, suivie d&#8217;un déjeuner à l&#8217;ombre dans le jardin paisible. À la tombée de la nuit, laissez-vous envoûter par la douce pénombre tout en savourant un dîner sous les étoiles, accompagné par la sérénade des cigales.</div></div></p>

<p>Niché au cœur des Alpilles, le Mas du Coquelicot se fond harmonieusement dans son environnement, avec pour toile de fond&#8230;</p>

<!-- This site is optimized with the Yoast SEO plugin v26.6 - https://yoast.com/wordpress/plugins/seo/ -->
<title>Mas du Coquelicot, Saint-Rémy-De-Provence, Provence, France - Séjour Privé</title>
<meta name="description" content="Niché au cœur des Alpilles, le Mas du Coquelicot se fond harmonieusement dans son environnement, avec pour toile de fond les collines et les champs de" />
<meta name="robots" content="index, follow, max-snippet:-1, max-image-preview:large, max-video-preview:-1" />
<link rel="canonical" href="https://www.sejourprive.com/en/biens/mas-du-coquelicot-saint-remy-de-provence-provence-france/" />
<meta property="og:locale" content="en_GB" />
<meta property="og:type" content="article" />
<meta property="og:title" content="Mas du Coquelicot, Saint-Rémy-De-Provence, Provence, France - Séjour Privé" />
<meta property="og:description" content="Niché au cœur des Alpilles, le Mas du Coquelicot se fond harmonieusement dans son environnement, avec pour toile de fond les collines et les champs de" />
<meta property="og:url" content="https://www.sejourprive.com/en/biens/mas-du-coquelicot-saint-remy-de-provence-provence-france/" />
<meta property="og:site_name" content="Séjour Privé" />
<meta property="og:image" content="https://www.sejourprive.com/wp-content/uploads/2026/03/33-209.jpg" />
	<meta property="og:image:width" content="1200" />
	<meta property="og:image:height" content="674" />
	<meta property="og:image:type" content="image/jpeg" />
<meta name="twitter:card" content="summary_large_image" />
<meta name="twitter:label1" content="Estimated reading time" />
	<meta name="twitter:data1" content="1 minute" />
<script type="application/ld+json" class="yoast-schema-graph">{"@context":"https://schema.org","@graph":[{"@type":"WebPage","@id":"https://www.sejourprive.com/biens/mas-du-coquelicot-saint-remy-de-provence-provence-france/","url":"https://www.sejourprive.com/biens/mas-du-coquelicot-saint-remy-de-provence-provence-france/","name":"Mas du Coquelicot, Saint-Rémy-De-Provence, Provence, France - Séjour Privé","isPartOf":{"@id":"https://www.sejourprive.com/#website"},"primaryImageOfPage":{"@id":"https://www.sejourprive.com/biens/mas-du-coquelicot-saint-remy-de-provence-provence-france/#primaryimage"},"image":{"@id":"https://www.sejourprive.com/biens/mas-du-coquelicot-saint-remy-de-provence-provence-france/#primaryimage"},"thumbnailUrl":"https://www.sejourprive.com/wp-content/uploads/2026/03/33-209.jpg","datePublished":"2026-03-27T15:42:30+00:00","description":"Niché au cœur des Alpilles, le Mas du Coquelicot se fond harmonieusement dans son environnement, avec pour toile de fond les collines et les champs de","breadcrumb":{"@id":"https://www.sejourprive.com/biens/mas-du-coquelicot-saint-remy-de-provence-provence-france/#breadcrumb"},"inLanguage":"en-GB","potentialAction":[{"@type":"ReadAction","target":["https://www.sejourprive.com/biens/mas-du-coquelicot-saint-remy-de-provence-provence-france/"]}]},{"@type":"ImageObject","inLanguage":"en-GB","@id":"https://www.sejourprive.com/biens/mas-du-coquelicot-saint-remy-de-provence-provence-france/#primaryimage","url":"https://www.sejourprive.com/wp-content/uploads/2026/03/33-209.jpg","contentUrl":"https://www.sejourprive.com/wp-content/uploads/2026/03/33-209.jpg","width":1200,"height":674},{"@type":"BreadcrumbList","@id":"https://www.sejourprive.com/biens/mas-du-coquelicot-saint-remy-de-provence-provence-france/#breadcrumb","itemListElement":[{"@type":"ListItem","position":1,"name":"Accueil","item":"https://www.sejourprive.com/"},{"@type":"ListItem","position":2,"name":"Shop","item":"https://www.sejourprive.com/shop/"},{"@type":"ListItem","position":3,"name":"Mas du Coquelicot, Saint-Rémy-De-Provence, Provence, France"}]},{"@type":"WebSite","@id":"https://www.sejourprive.com/#website","url":"https://www.sejourprive.com/","name":"Séjour Privé","description":"Nous imaginons pour vous des séjours d’exception.","publisher":{"@id":"https://www.sejourprive.com/#organization"},"potentialAction":[{"@type":"SearchAction","target":{"@type":"EntryPoint","urlTemplate":"https://www.sejourprive.com/?s={search_term_string}"},"query-input":{"@type":"PropertyValueSpecification","valueRequired":true,"valueName":"search_term_string"}}],"inLanguage":"en-GB"},{"@type":"Organization","@id":"https://www.sejourprive.com/#organization","name":"Séjour Privé","url":"https://www.sejourprive.com/","logo":{"@type":"ImageObject","inLanguage":"en-GB","@id":"https://www.sejourprive.com/#/schema/logo/image/","url":"https://www.sejourprive.com/wp-content/uploads/2026/02/SP-Apple-touch-144-couleur-1-2.png","contentUrl":"https://www.sejourprive.com/wp-content/uploads/2026/02/SP-Apple-touch-144-couleur-1-2.png","width":145,"height":145,"caption":"Séjour Privé"},"image":{"@id":"https://www.sejourprive.com/#/schema/logo/image/"}}]}</script>
<!-- / Yoast SEO plugin. -->

Mas du Coquelicot, Saint-Rémy-De-Provence, Provence, France - Séjour Privé

Niché au cœur des Alpilles, le Mas du Coquelicot se fond harmonieusement dans son environnement, avec pour toile de fond les collines et les champs de

Séjour Privé
