{"id":52848,"date":"2026-03-26T11:16:25","date_gmt":"2026-03-26T10:16:25","guid":{"rendered":"https:\/\/www.sejourprive.com\/?post_type=product&#038;p=52848"},"modified":"2026-03-26T11:16:25","modified_gmt":"2026-03-26T10:16:25","slug":"villa-alpiccia-zonza-porto-vecchio-corse-france","status":"publish","type":"product","link":"https:\/\/www.sejourprive.com\/en\/biens\/villa-alpiccia-zonza-porto-vecchio-corse-france\/","title":{"rendered":"Villa Alpiccia, Zonza, Porto-Vecchio, Corsica, France"},"content":{"rendered":"<p>Situ\u00e9e \u00e0 Zonza, \u00e0 quelques minutes seulement de Porto-Vecchio, la Villa Alpiccia incarne l&#8217;\u00e9l\u00e9gance sobre du sud de la Corse. \u00c0 seulement dix minutes de la plage de Pianarellu, elle offre un \u00e9quilibre parfait entre tranquillit\u00e9 et acc\u00e8s facile aux plaisirs du littoral.<span><div class=\"read-more-wrapper\"><a class=\"read-more-button\" data-target=\"read-more-69f51cb28a420\" data-more-text=\"Read more\" data-less-text=\"Read less\"><span class=\"read-more-text\">Read more<\/span><\/a><div id=\"read-more-69f51cb28a420\" class=\"read-more-content\"> <\/span><\/p>\n<p>R\u00e9veillez-vous aux premi\u00e8res lueurs du jour, la lumi\u00e8re naturelle inondant les espaces ouverts \u00e0 travers de grandes baies vitr\u00e9es. Sur la terrasse, une tasse de caf\u00e9 chaud \u00e0 la main, tandis que le silence de la nature accompagne ces premiers instants. Imaginez une journ\u00e9e qui commence par quelques longueurs dans la piscine chauff\u00e9e, suivies d\u2019une s\u00e9ance de d\u00e9tente au hammam. L\u2019apr\u00e8s-midi se d\u00e9roule lentement entre moments de farniente et promenades, avec le sentiment d\u2019\u00eatre v\u00e9ritablement ailleurs qui devient de plus en plus profond.<\/div><\/div><\/p>","protected":false},"excerpt":{"rendered":"<p>Situ\u00e9e \u00e0 Zonza, \u00e0 quelques minutes seulement de Porto-Vecchio, la Villa Alpiccia incarne l&#8217;\u00e9l\u00e9gance sobre du sud de la Corse&#8230;.<\/p>","protected":false},"featured_media":52903,"comment_status":"open","ping_status":"closed","template":"","meta":{"_acf_changed":false},"product_brand":[],"product_cat":[15],"product_tag":[],"class_list":{"0":"post-52848","1":"product","2":"type-product","3":"status-publish","4":"has-post-thumbnail","6":"product_cat-villa","7":"property_location-corse","8":"property_location-porto-vecchio","10":"first","11":"instock","12":"sold-individually","13":"shipping-taxable","14":"purchasable","15":"product-type-simple"},"acf":[],"yoast_head":"<!-- This site is optimized with the Yoast SEO plugin v26.6 - https:\/\/yoast.com\/wordpress\/plugins\/seo\/ -->\n<title>Villa Alpiccia, Zonza, Porto-Vecchio, Corse, France - S\u00e9jour Priv\u00e9<\/title>\n<meta name=\"description\" content=\"Situ\u00e9e \u00e0 Zonza, \u00e0 quelques minutes seulement de Porto-Vecchio, la Villa Alpiccia incarne l&#039;\u00e9l\u00e9gance sobre du sud de la Corse. \u00c0 seulement dix minutes de\" \/>\n<meta name=\"robots\" content=\"index, follow, max-snippet:-1, max-image-preview:large, max-video-preview:-1\" \/>\n<link rel=\"canonical\" href=\"https:\/\/www.sejourprive.com\/en\/biens\/villa-alpiccia-zonza-porto-vecchio-corse-france\/\" \/>\n<meta property=\"og:locale\" content=\"en_GB\" \/>\n<meta property=\"og:type\" content=\"article\" \/>\n<meta property=\"og:title\" content=\"Villa Alpiccia, Zonza, Porto-Vecchio, Corse, France - S\u00e9jour Priv\u00e9\" \/>\n<meta property=\"og:description\" content=\"Situ\u00e9e \u00e0 Zonza, \u00e0 quelques minutes seulement de Porto-Vecchio, la Villa Alpiccia incarne l&#039;\u00e9l\u00e9gance sobre du sud de la Corse. \u00c0 seulement dix minutes de\" \/>\n<meta property=\"og:url\" content=\"https:\/\/www.sejourprive.com\/en\/biens\/villa-alpiccia-zonza-porto-vecchio-corse-france\/\" \/>\n<meta property=\"og:site_name\" content=\"S\u00e9jour Priv\u00e9\" \/>\n<meta property=\"og:image\" content=\"https:\/\/www.sejourprive.com\/wp-content\/uploads\/2026\/03\/36-158.jpg\" \/>\n\t<meta property=\"og:image:width\" content=\"1200\" \/>\n\t<meta property=\"og:image:height\" content=\"800\" \/>\n\t<meta property=\"og:image:type\" content=\"image\/jpeg\" \/>\n<meta name=\"twitter:card\" content=\"summary_large_image\" \/>\n<meta name=\"twitter:label1\" content=\"Estimated reading time\" \/>\n\t<meta name=\"twitter:data1\" content=\"1 minute\" \/>\n<script type=\"application\/ld+json\" class=\"yoast-schema-graph\">{\"@context\":\"https:\/\/schema.org\",\"@graph\":[{\"@type\":\"WebPage\",\"@id\":\"https:\/\/www.sejourprive.com\/biens\/villa-alpiccia-zonza-porto-vecchio-corse-france\/\",\"url\":\"https:\/\/www.sejourprive.com\/biens\/villa-alpiccia-zonza-porto-vecchio-corse-france\/\",\"name\":\"Villa Alpiccia, Zonza, Porto-Vecchio, Corse, France - S\u00e9jour Priv\u00e9\",\"isPartOf\":{\"@id\":\"https:\/\/www.sejourprive.com\/#website\"},\"primaryImageOfPage\":{\"@id\":\"https:\/\/www.sejourprive.com\/biens\/villa-alpiccia-zonza-porto-vecchio-corse-france\/#primaryimage\"},\"image\":{\"@id\":\"https:\/\/www.sejourprive.com\/biens\/villa-alpiccia-zonza-porto-vecchio-corse-france\/#primaryimage\"},\"thumbnailUrl\":\"https:\/\/www.sejourprive.com\/wp-content\/uploads\/2026\/03\/36-158.jpg\",\"datePublished\":\"2026-03-26T10:16:25+00:00\",\"description\":\"Situ\u00e9e \u00e0 Zonza, \u00e0 quelques minutes seulement de Porto-Vecchio, la Villa Alpiccia incarne l'\u00e9l\u00e9gance sobre du sud de la Corse. \u00c0 seulement dix minutes de\",\"breadcrumb\":{\"@id\":\"https:\/\/www.sejourprive.com\/biens\/villa-alpiccia-zonza-porto-vecchio-corse-france\/#breadcrumb\"},\"inLanguage\":\"en-GB\",\"potentialAction\":[{\"@type\":\"ReadAction\",\"target\":[\"https:\/\/www.sejourprive.com\/biens\/villa-alpiccia-zonza-porto-vecchio-corse-france\/\"]}]},{\"@type\":\"ImageObject\",\"inLanguage\":\"en-GB\",\"@id\":\"https:\/\/www.sejourprive.com\/biens\/villa-alpiccia-zonza-porto-vecchio-corse-france\/#primaryimage\",\"url\":\"https:\/\/www.sejourprive.com\/wp-content\/uploads\/2026\/03\/36-158.jpg\",\"contentUrl\":\"https:\/\/www.sejourprive.com\/wp-content\/uploads\/2026\/03\/36-158.jpg\",\"width\":1200,\"height\":800},{\"@type\":\"BreadcrumbList\",\"@id\":\"https:\/\/www.sejourprive.com\/biens\/villa-alpiccia-zonza-porto-vecchio-corse-france\/#breadcrumb\",\"itemListElement\":[{\"@type\":\"ListItem\",\"position\":1,\"name\":\"Accueil\",\"item\":\"https:\/\/www.sejourprive.com\/\"},{\"@type\":\"ListItem\",\"position\":2,\"name\":\"Shop\",\"item\":\"https:\/\/www.sejourprive.com\/shop\/\"},{\"@type\":\"ListItem\",\"position\":3,\"name\":\"Villa Alpiccia, Zonza, Porto-Vecchio, Corse, France\"}]},{\"@type\":\"WebSite\",\"@id\":\"https:\/\/www.sejourprive.com\/#website\",\"url\":\"https:\/\/www.sejourprive.com\/\",\"name\":\"S\u00e9jour Priv\u00e9\",\"description\":\"Nous imaginons pour vous des s\u00e9jours d\u2019exception.\",\"publisher\":{\"@id\":\"https:\/\/www.sejourprive.com\/#organization\"},\"potentialAction\":[{\"@type\":\"SearchAction\",\"target\":{\"@type\":\"EntryPoint\",\"urlTemplate\":\"https:\/\/www.sejourprive.com\/?s={search_term_string}\"},\"query-input\":{\"@type\":\"PropertyValueSpecification\",\"valueRequired\":true,\"valueName\":\"search_term_string\"}}],\"inLanguage\":\"en-GB\"},{\"@type\":\"Organization\",\"@id\":\"https:\/\/www.sejourprive.com\/#organization\",\"name\":\"S\u00e9jour Priv\u00e9\",\"url\":\"https:\/\/www.sejourprive.com\/\",\"logo\":{\"@type\":\"ImageObject\",\"inLanguage\":\"en-GB\",\"@id\":\"https:\/\/www.sejourprive.com\/#\/schema\/logo\/image\/\",\"url\":\"https:\/\/www.sejourprive.com\/wp-content\/uploads\/2026\/02\/SP-Apple-touch-144-couleur-1-2.png\",\"contentUrl\":\"https:\/\/www.sejourprive.com\/wp-content\/uploads\/2026\/02\/SP-Apple-touch-144-couleur-1-2.png\",\"width\":145,\"height\":145,\"caption\":\"S\u00e9jour Priv\u00e9\"},\"image\":{\"@id\":\"https:\/\/www.sejourprive.com\/#\/schema\/logo\/image\/\"}}]}<\/script>\n<!-- \/ Yoast SEO plugin. -->","yoast_head_json":{"title":"Villa Alpiccia, Zonza, Porto-Vecchio, Corse, France - S\u00e9jour Priv\u00e9","description":"Situ\u00e9e \u00e0 Zonza, \u00e0 quelques minutes seulement de Porto-Vecchio, la Villa Alpiccia incarne l'\u00e9l\u00e9gance sobre du sud de la Corse. \u00c0 seulement dix minutes de","robots":{"index":"index","follow":"follow","max-snippet":"max-snippet:-1","max-image-preview":"max-image-preview:large","max-video-preview":"max-video-preview:-1"},"canonical":"https:\/\/www.sejourprive.com\/en\/biens\/villa-alpiccia-zonza-porto-vecchio-corse-france\/","og_locale":"en_GB","og_type":"article","og_title":"Villa Alpiccia, Zonza, Porto-Vecchio, Corse, France - S\u00e9jour Priv\u00e9","og_description":"Situ\u00e9e \u00e0 Zonza, \u00e0 quelques minutes seulement de Porto-Vecchio, la Villa Alpiccia incarne l'\u00e9l\u00e9gance sobre du sud de la Corse. \u00c0 seulement dix minutes de","og_url":"https:\/\/www.sejourprive.com\/en\/biens\/villa-alpiccia-zonza-porto-vecchio-corse-france\/","og_site_name":"S\u00e9jour Priv\u00e9","og_image":[{"width":1200,"height":800,"url":"https:\/\/www.sejourprive.com\/wp-content\/uploads\/2026\/03\/36-158.jpg","type":"image\/jpeg"}],"twitter_card":"summary_large_image","twitter_misc":{"Estimated reading time":"1 minute"},"schema":{"@context":"https:\/\/schema.org","@graph":[{"@type":"WebPage","@id":"https:\/\/www.sejourprive.com\/biens\/villa-alpiccia-zonza-porto-vecchio-corse-france\/","url":"https:\/\/www.sejourprive.com\/biens\/villa-alpiccia-zonza-porto-vecchio-corse-france\/","name":"Villa Alpiccia, Zonza, Porto-Vecchio, Corse, France - S\u00e9jour Priv\u00e9","isPartOf":{"@id":"https:\/\/www.sejourprive.com\/#website"},"primaryImageOfPage":{"@id":"https:\/\/www.sejourprive.com\/biens\/villa-alpiccia-zonza-porto-vecchio-corse-france\/#primaryimage"},"image":{"@id":"https:\/\/www.sejourprive.com\/biens\/villa-alpiccia-zonza-porto-vecchio-corse-france\/#primaryimage"},"thumbnailUrl":"https:\/\/www.sejourprive.com\/wp-content\/uploads\/2026\/03\/36-158.jpg","datePublished":"2026-03-26T10:16:25+00:00","description":"Situ\u00e9e \u00e0 Zonza, \u00e0 quelques minutes seulement de Porto-Vecchio, la Villa Alpiccia incarne l'\u00e9l\u00e9gance sobre du sud de la Corse. \u00c0 seulement dix minutes de","breadcrumb":{"@id":"https:\/\/www.sejourprive.com\/biens\/villa-alpiccia-zonza-porto-vecchio-corse-france\/#breadcrumb"},"inLanguage":"en-GB","potentialAction":[{"@type":"ReadAction","target":["https:\/\/www.sejourprive.com\/biens\/villa-alpiccia-zonza-porto-vecchio-corse-france\/"]}]},{"@type":"ImageObject","inLanguage":"en-GB","@id":"https:\/\/www.sejourprive.com\/biens\/villa-alpiccia-zonza-porto-vecchio-corse-france\/#primaryimage","url":"https:\/\/www.sejourprive.com\/wp-content\/uploads\/2026\/03\/36-158.jpg","contentUrl":"https:\/\/www.sejourprive.com\/wp-content\/uploads\/2026\/03\/36-158.jpg","width":1200,"height":800},{"@type":"BreadcrumbList","@id":"https:\/\/www.sejourprive.com\/biens\/villa-alpiccia-zonza-porto-vecchio-corse-france\/#breadcrumb","itemListElement":[{"@type":"ListItem","position":1,"name":"Accueil","item":"https:\/\/www.sejourprive.com\/"},{"@type":"ListItem","position":2,"name":"Shop","item":"https:\/\/www.sejourprive.com\/shop\/"},{"@type":"ListItem","position":3,"name":"Villa Alpiccia, Zonza, Porto-Vecchio, Corse, France"}]},{"@type":"WebSite","@id":"https:\/\/www.sejourprive.com\/#website","url":"https:\/\/www.sejourprive.com\/","name":"Private Stay","description":"We design exceptional holidays for you.","publisher":{"@id":"https:\/\/www.sejourprive.com\/#organization"},"potentialAction":[{"@type":"SearchAction","target":{"@type":"EntryPoint","urlTemplate":"https:\/\/www.sejourprive.com\/?s={search_term_string}"},"query-input":{"@type":"PropertyValueSpecification","valueRequired":true,"valueName":"search_term_string"}}],"inLanguage":"en-GB"},{"@type":"Organization","@id":"https:\/\/www.sejourprive.com\/#organization","name":"Private Stay","url":"https:\/\/www.sejourprive.com\/","logo":{"@type":"ImageObject","inLanguage":"en-GB","@id":"https:\/\/www.sejourprive.com\/#\/schema\/logo\/image\/","url":"https:\/\/www.sejourprive.com\/wp-content\/uploads\/2026\/02\/SP-Apple-touch-144-couleur-1-2.png","contentUrl":"https:\/\/www.sejourprive.com\/wp-content\/uploads\/2026\/02\/SP-Apple-touch-144-couleur-1-2.png","width":145,"height":145,"caption":"S\u00e9jour Priv\u00e9"},"image":{"@id":"https:\/\/www.sejourprive.com\/#\/schema\/logo\/image\/"}}]}},"_links":{"self":[{"href":"https:\/\/www.sejourprive.com\/en\/wp-json\/wp\/v2\/product\/52848","targetHints":{"allow":["GET"]}}],"collection":[{"href":"https:\/\/www.sejourprive.com\/en\/wp-json\/wp\/v2\/product"}],"about":[{"href":"https:\/\/www.sejourprive.com\/en\/wp-json\/wp\/v2\/types\/product"}],"replies":[{"embeddable":true,"href":"https:\/\/www.sejourprive.com\/en\/wp-json\/wp\/v2\/comments?post=52848"}],"version-history":[{"count":0,"href":"https:\/\/www.sejourprive.com\/en\/wp-json\/wp\/v2\/product\/52848\/revisions"}],"wp:featuredmedia":[{"embeddable":true,"href":"https:\/\/www.sejourprive.com\/en\/wp-json\/wp\/v2\/media\/52903"}],"wp:attachment":[{"href":"https:\/\/www.sejourprive.com\/en\/wp-json\/wp\/v2\/media?parent=52848"}],"wp:term":[{"taxonomy":"product_brand","embeddable":true,"href":"https:\/\/www.sejourprive.com\/en\/wp-json\/wp\/v2\/product_brand?post=52848"},{"taxonomy":"product_cat","embeddable":true,"href":"https:\/\/www.sejourprive.com\/en\/wp-json\/wp\/v2\/product_cat?post=52848"},{"taxonomy":"product_tag","embeddable":true,"href":"https:\/\/www.sejourprive.com\/en\/wp-json\/wp\/v2\/product_tag?post=52848"}],"curies":[{"name":"wp","href":"https:\/\/api.w.org\/{rel}","templated":true}]}}

<p>Située à Zonza, à quelques minutes seulement de Porto-Vecchio, la Villa Alpiccia incarne l&#8217;élégance sobre du sud de la Corse. À seulement dix minutes de la plage de Pianarellu, elle offre un équilibre parfait entre tranquillité et accès facile aux plaisirs du littoral.<span><div class="read-more-wrapper"><a class="read-more-button" data-target="read-more-69f51cb28a420" data-more-text="Read more" data-less-text="Read less"><span class="read-more-text">Read more</span></a><div id="read-more-69f51cb28a420" class="read-more-content"> </span></p>
<p>Réveillez-vous aux premières lueurs du jour, la lumière naturelle inondant les espaces ouverts à travers de grandes baies vitrées. Sur la terrasse, une tasse de café chaud à la main, tandis que le silence de la nature accompagne ces premiers instants. Imaginez une journée qui commence par quelques longueurs dans la piscine chauffée, suivies d’une séance de détente au hammam. L’après-midi se déroule lentement entre moments de farniente et promenades, avec le sentiment d’être véritablement ailleurs qui devient de plus en plus profond.</div></div></p>

<p>Située à Zonza, à quelques minutes seulement de Porto-Vecchio, la Villa Alpiccia incarne l&#8217;élégance sobre du sud de la Corse&#8230;.</p>

<!-- This site is optimized with the Yoast SEO plugin v26.6 - https://yoast.com/wordpress/plugins/seo/ -->
<title>Villa Alpiccia, Zonza, Porto-Vecchio, Corse, France - Séjour Privé</title>
<meta name="description" content="Située à Zonza, à quelques minutes seulement de Porto-Vecchio, la Villa Alpiccia incarne l&#039;élégance sobre du sud de la Corse. À seulement dix minutes de" />
<meta name="robots" content="index, follow, max-snippet:-1, max-image-preview:large, max-video-preview:-1" />
<link rel="canonical" href="https://www.sejourprive.com/en/biens/villa-alpiccia-zonza-porto-vecchio-corse-france/" />
<meta property="og:locale" content="en_GB" />
<meta property="og:type" content="article" />
<meta property="og:title" content="Villa Alpiccia, Zonza, Porto-Vecchio, Corse, France - Séjour Privé" />
<meta property="og:description" content="Située à Zonza, à quelques minutes seulement de Porto-Vecchio, la Villa Alpiccia incarne l&#039;élégance sobre du sud de la Corse. À seulement dix minutes de" />
<meta property="og:url" content="https://www.sejourprive.com/en/biens/villa-alpiccia-zonza-porto-vecchio-corse-france/" />
<meta property="og:site_name" content="Séjour Privé" />
<meta property="og:image" content="https://www.sejourprive.com/wp-content/uploads/2026/03/36-158.jpg" />
	<meta property="og:image:width" content="1200" />
	<meta property="og:image:height" content="800" />
	<meta property="og:image:type" content="image/jpeg" />
<meta name="twitter:card" content="summary_large_image" />
<meta name="twitter:label1" content="Estimated reading time" />
	<meta name="twitter:data1" content="1 minute" />
<script type="application/ld+json" class="yoast-schema-graph">{"@context":"https://schema.org","@graph":[{"@type":"WebPage","@id":"https://www.sejourprive.com/biens/villa-alpiccia-zonza-porto-vecchio-corse-france/","url":"https://www.sejourprive.com/biens/villa-alpiccia-zonza-porto-vecchio-corse-france/","name":"Villa Alpiccia, Zonza, Porto-Vecchio, Corse, France - Séjour Privé","isPartOf":{"@id":"https://www.sejourprive.com/#website"},"primaryImageOfPage":{"@id":"https://www.sejourprive.com/biens/villa-alpiccia-zonza-porto-vecchio-corse-france/#primaryimage"},"image":{"@id":"https://www.sejourprive.com/biens/villa-alpiccia-zonza-porto-vecchio-corse-france/#primaryimage"},"thumbnailUrl":"https://www.sejourprive.com/wp-content/uploads/2026/03/36-158.jpg","datePublished":"2026-03-26T10:16:25+00:00","description":"Située à Zonza, à quelques minutes seulement de Porto-Vecchio, la Villa Alpiccia incarne l'élégance sobre du sud de la Corse. À seulement dix minutes de","breadcrumb":{"@id":"https://www.sejourprive.com/biens/villa-alpiccia-zonza-porto-vecchio-corse-france/#breadcrumb"},"inLanguage":"en-GB","potentialAction":[{"@type":"ReadAction","target":["https://www.sejourprive.com/biens/villa-alpiccia-zonza-porto-vecchio-corse-france/"]}]},{"@type":"ImageObject","inLanguage":"en-GB","@id":"https://www.sejourprive.com/biens/villa-alpiccia-zonza-porto-vecchio-corse-france/#primaryimage","url":"https://www.sejourprive.com/wp-content/uploads/2026/03/36-158.jpg","contentUrl":"https://www.sejourprive.com/wp-content/uploads/2026/03/36-158.jpg","width":1200,"height":800},{"@type":"BreadcrumbList","@id":"https://www.sejourprive.com/biens/villa-alpiccia-zonza-porto-vecchio-corse-france/#breadcrumb","itemListElement":[{"@type":"ListItem","position":1,"name":"Accueil","item":"https://www.sejourprive.com/"},{"@type":"ListItem","position":2,"name":"Shop","item":"https://www.sejourprive.com/shop/"},{"@type":"ListItem","position":3,"name":"Villa Alpiccia, Zonza, Porto-Vecchio, Corse, France"}]},{"@type":"WebSite","@id":"https://www.sejourprive.com/#website","url":"https://www.sejourprive.com/","name":"Séjour Privé","description":"Nous imaginons pour vous des séjours d’exception.","publisher":{"@id":"https://www.sejourprive.com/#organization"},"potentialAction":[{"@type":"SearchAction","target":{"@type":"EntryPoint","urlTemplate":"https://www.sejourprive.com/?s={search_term_string}"},"query-input":{"@type":"PropertyValueSpecification","valueRequired":true,"valueName":"search_term_string"}}],"inLanguage":"en-GB"},{"@type":"Organization","@id":"https://www.sejourprive.com/#organization","name":"Séjour Privé","url":"https://www.sejourprive.com/","logo":{"@type":"ImageObject","inLanguage":"en-GB","@id":"https://www.sejourprive.com/#/schema/logo/image/","url":"https://www.sejourprive.com/wp-content/uploads/2026/02/SP-Apple-touch-144-couleur-1-2.png","contentUrl":"https://www.sejourprive.com/wp-content/uploads/2026/02/SP-Apple-touch-144-couleur-1-2.png","width":145,"height":145,"caption":"Séjour Privé"},"image":{"@id":"https://www.sejourprive.com/#/schema/logo/image/"}}]}</script>
<!-- / Yoast SEO plugin. -->

Villa Alpiccia, Zonza, Porto-Vecchio, Corse, France - Séjour Privé

Située à Zonza, à quelques minutes seulement de Porto-Vecchio, la Villa Alpiccia incarne l'élégance sobre du sud de la Corse. À seulement dix minutes de

Séjour Privé
