{"id":51917,"date":"2026-03-25T11:36:15","date_gmt":"2026-03-25T10:36:15","guid":{"rendered":"https:\/\/www.sejourprive.com\/?post_type=product&#038;p=51917"},"modified":"2026-03-25T11:36:56","modified_gmt":"2026-03-25T10:36:56","slug":"domaine-argentella-galeria-calvi-corse","status":"publish","type":"product","link":"https:\/\/www.sejourprive.com\/en\/biens\/domaine-argentella-galeria-calvi-corse\/","title":{"rendered":"Domaine Argentella, Galeria, Calvi, Corsica"},"content":{"rendered":"<p>Nich\u00e9 dans la charmante r\u00e9gion de Calvi, le Domaine Argentella vous invite \u00e0 d\u00e9couvrir toutes les splendeurs naturelles de l\u2019\u00cele de Beaut\u00e9. Cet \u00e9crin de s\u00e9r\u00e9nit\u00e9, dissimul\u00e9 par la verdure luxuriante et dot\u00e9 d&#8217;un acc\u00e8s priv\u00e9 \u00e0 la plage, offre une vue imprenable sur la mer et les montagnes environnantes. L&#8217;architecture de la maison, fusion harmonieuse entre charme traditionnel et modernit\u00e9, est sublim\u00e9e par une d\u00e9coration int\u00e9rieure soign\u00e9e et chaleureuse.<\/p>\n<p><span><div class=\"read-more-wrapper\"><a class=\"read-more-button\" data-target=\"read-more-69f5c6810a13b\" data-more-text=\"Read more\" data-less-text=\"Read less\"><span class=\"read-more-text\">Read more<\/span><\/a><div id=\"read-more-69f5c6810a13b\" class=\"read-more-content\"> <\/span>Start your day at Domaine d'Argentella with breakfast al fresco by the heated pool, while watching the sun rise over the Mediterranean Sea. After a few laps, walk down to the private beach for a moment of unparalleled relaxation. On your return, organise a p\u00e9tanque tournament in the garden and then, in the evening, gather your tribe around the living room fireplace for an evening of board games, surrounded by the calm of the mountains and the gentle sound of the surf.<\/div><\/div><\/p>","protected":false},"excerpt":{"rendered":"<p>Nich\u00e9 dans la charmante r\u00e9gion de Calvi, le Domaine Argentella vous invite \u00e0 d\u00e9couvrir toutes les splendeurs naturelles de l\u2019\u00cele&#8230;<\/p>","protected":false},"featured_media":51985,"comment_status":"open","ping_status":"closed","template":"","meta":{"_acf_changed":false},"product_brand":[],"product_cat":[15],"product_tag":[],"class_list":{"0":"post-51917","1":"product","2":"type-product","3":"status-publish","4":"has-post-thumbnail","6":"product_cat-villa","7":"property_location-calvi","9":"first","10":"instock","11":"sold-individually","12":"shipping-taxable","13":"purchasable","14":"product-type-simple"},"acf":[],"yoast_head":"<!-- This site is optimized with the Yoast SEO plugin v26.6 - https:\/\/yoast.com\/wordpress\/plugins\/seo\/ -->\n<title>Domaine Argentella, Galeria, Calvi, Corse - S\u00e9jour Priv\u00e9<\/title>\n<meta name=\"description\" content=\"Nich\u00e9 dans la charmante r\u00e9gion de Calvi, le Domaine Argentella vous invite \u00e0 d\u00e9couvrir toutes les splendeurs naturelles de l\u2019\u00cele de Beaut\u00e9. Cet \u00e9crin de\" \/>\n<meta name=\"robots\" content=\"index, follow, max-snippet:-1, max-image-preview:large, max-video-preview:-1\" \/>\n<link rel=\"canonical\" href=\"https:\/\/www.sejourprive.com\/en\/biens\/domaine-argentella-galeria-calvi-corse\/\" \/>\n<meta property=\"og:locale\" content=\"en_GB\" \/>\n<meta property=\"og:type\" content=\"article\" \/>\n<meta property=\"og:title\" content=\"Domaine Argentella, Galeria, Calvi, Corse - S\u00e9jour Priv\u00e9\" \/>\n<meta property=\"og:description\" content=\"Nich\u00e9 dans la charmante r\u00e9gion de Calvi, le Domaine Argentella vous invite \u00e0 d\u00e9couvrir toutes les splendeurs naturelles de l\u2019\u00cele de Beaut\u00e9. Cet \u00e9crin de\" \/>\n<meta property=\"og:url\" content=\"https:\/\/www.sejourprive.com\/en\/biens\/domaine-argentella-galeria-calvi-corse\/\" \/>\n<meta property=\"og:site_name\" content=\"S\u00e9jour Priv\u00e9\" \/>\n<meta property=\"article:modified_time\" content=\"2026-03-25T10:36:56+00:00\" \/>\n<meta property=\"og:image\" content=\"https:\/\/www.sejourprive.com\/wp-content\/uploads\/2026\/03\/0-232.jpg\" \/>\n\t<meta property=\"og:image:width\" content=\"1200\" \/>\n\t<meta property=\"og:image:height\" content=\"799\" \/>\n\t<meta property=\"og:image:type\" content=\"image\/jpeg\" \/>\n<meta name=\"twitter:card\" content=\"summary_large_image\" \/>\n<meta name=\"twitter:label1\" content=\"Estimated reading time\" \/>\n\t<meta name=\"twitter:data1\" content=\"1 minute\" \/>\n<script type=\"application\/ld+json\" class=\"yoast-schema-graph\">{\"@context\":\"https:\/\/schema.org\",\"@graph\":[{\"@type\":\"WebPage\",\"@id\":\"https:\/\/www.sejourprive.com\/biens\/domaine-argentella-galeria-calvi-corse\/\",\"url\":\"https:\/\/www.sejourprive.com\/biens\/domaine-argentella-galeria-calvi-corse\/\",\"name\":\"Domaine Argentella, Galeria, Calvi, Corse - S\u00e9jour Priv\u00e9\",\"isPartOf\":{\"@id\":\"https:\/\/www.sejourprive.com\/#website\"},\"primaryImageOfPage\":{\"@id\":\"https:\/\/www.sejourprive.com\/biens\/domaine-argentella-galeria-calvi-corse\/#primaryimage\"},\"image\":{\"@id\":\"https:\/\/www.sejourprive.com\/biens\/domaine-argentella-galeria-calvi-corse\/#primaryimage\"},\"thumbnailUrl\":\"https:\/\/www.sejourprive.com\/wp-content\/uploads\/2026\/03\/0-232.jpg\",\"datePublished\":\"2026-03-25T10:36:15+00:00\",\"dateModified\":\"2026-03-25T10:36:56+00:00\",\"description\":\"Nich\u00e9 dans la charmante r\u00e9gion de Calvi, le Domaine Argentella vous invite \u00e0 d\u00e9couvrir toutes les splendeurs naturelles de l\u2019\u00cele de Beaut\u00e9. Cet \u00e9crin de\",\"breadcrumb\":{\"@id\":\"https:\/\/www.sejourprive.com\/biens\/domaine-argentella-galeria-calvi-corse\/#breadcrumb\"},\"inLanguage\":\"en-GB\",\"potentialAction\":[{\"@type\":\"ReadAction\",\"target\":[\"https:\/\/www.sejourprive.com\/biens\/domaine-argentella-galeria-calvi-corse\/\"]}]},{\"@type\":\"ImageObject\",\"inLanguage\":\"en-GB\",\"@id\":\"https:\/\/www.sejourprive.com\/biens\/domaine-argentella-galeria-calvi-corse\/#primaryimage\",\"url\":\"https:\/\/www.sejourprive.com\/wp-content\/uploads\/2026\/03\/0-232.jpg\",\"contentUrl\":\"https:\/\/www.sejourprive.com\/wp-content\/uploads\/2026\/03\/0-232.jpg\",\"width\":1200,\"height\":799},{\"@type\":\"BreadcrumbList\",\"@id\":\"https:\/\/www.sejourprive.com\/biens\/domaine-argentella-galeria-calvi-corse\/#breadcrumb\",\"itemListElement\":[{\"@type\":\"ListItem\",\"position\":1,\"name\":\"Accueil\",\"item\":\"https:\/\/www.sejourprive.com\/\"},{\"@type\":\"ListItem\",\"position\":2,\"name\":\"Shop\",\"item\":\"https:\/\/www.sejourprive.com\/shop\/\"},{\"@type\":\"ListItem\",\"position\":3,\"name\":\"Domaine Argentella, Galeria, Calvi, Corse\"}]},{\"@type\":\"WebSite\",\"@id\":\"https:\/\/www.sejourprive.com\/#website\",\"url\":\"https:\/\/www.sejourprive.com\/\",\"name\":\"S\u00e9jour Priv\u00e9\",\"description\":\"Nous imaginons pour vous des s\u00e9jours d\u2019exception.\",\"publisher\":{\"@id\":\"https:\/\/www.sejourprive.com\/#organization\"},\"potentialAction\":[{\"@type\":\"SearchAction\",\"target\":{\"@type\":\"EntryPoint\",\"urlTemplate\":\"https:\/\/www.sejourprive.com\/?s={search_term_string}\"},\"query-input\":{\"@type\":\"PropertyValueSpecification\",\"valueRequired\":true,\"valueName\":\"search_term_string\"}}],\"inLanguage\":\"en-GB\"},{\"@type\":\"Organization\",\"@id\":\"https:\/\/www.sejourprive.com\/#organization\",\"name\":\"S\u00e9jour Priv\u00e9\",\"url\":\"https:\/\/www.sejourprive.com\/\",\"logo\":{\"@type\":\"ImageObject\",\"inLanguage\":\"en-GB\",\"@id\":\"https:\/\/www.sejourprive.com\/#\/schema\/logo\/image\/\",\"url\":\"https:\/\/www.sejourprive.com\/wp-content\/uploads\/2026\/02\/SP-Apple-touch-144-couleur-1-2.png\",\"contentUrl\":\"https:\/\/www.sejourprive.com\/wp-content\/uploads\/2026\/02\/SP-Apple-touch-144-couleur-1-2.png\",\"width\":145,\"height\":145,\"caption\":\"S\u00e9jour Priv\u00e9\"},\"image\":{\"@id\":\"https:\/\/www.sejourprive.com\/#\/schema\/logo\/image\/\"}}]}<\/script>\n<!-- \/ Yoast SEO plugin. -->","yoast_head_json":{"title":"Domaine Argentella, Galeria, Calvi, Corse - S\u00e9jour Priv\u00e9","description":"Nich\u00e9 dans la charmante r\u00e9gion de Calvi, le Domaine Argentella vous invite \u00e0 d\u00e9couvrir toutes les splendeurs naturelles de l\u2019\u00cele de Beaut\u00e9. Cet \u00e9crin de","robots":{"index":"index","follow":"follow","max-snippet":"max-snippet:-1","max-image-preview":"max-image-preview:large","max-video-preview":"max-video-preview:-1"},"canonical":"https:\/\/www.sejourprive.com\/en\/biens\/domaine-argentella-galeria-calvi-corse\/","og_locale":"en_GB","og_type":"article","og_title":"Domaine Argentella, Galeria, Calvi, Corse - S\u00e9jour Priv\u00e9","og_description":"Nich\u00e9 dans la charmante r\u00e9gion de Calvi, le Domaine Argentella vous invite \u00e0 d\u00e9couvrir toutes les splendeurs naturelles de l\u2019\u00cele de Beaut\u00e9. Cet \u00e9crin de","og_url":"https:\/\/www.sejourprive.com\/en\/biens\/domaine-argentella-galeria-calvi-corse\/","og_site_name":"S\u00e9jour Priv\u00e9","article_modified_time":"2026-03-25T10:36:56+00:00","og_image":[{"width":1200,"height":799,"url":"https:\/\/www.sejourprive.com\/wp-content\/uploads\/2026\/03\/0-232.jpg","type":"image\/jpeg"}],"twitter_card":"summary_large_image","twitter_misc":{"Estimated reading time":"1 minute"},"schema":{"@context":"https:\/\/schema.org","@graph":[{"@type":"WebPage","@id":"https:\/\/www.sejourprive.com\/biens\/domaine-argentella-galeria-calvi-corse\/","url":"https:\/\/www.sejourprive.com\/biens\/domaine-argentella-galeria-calvi-corse\/","name":"Domaine Argentella, Galeria, Calvi, Corse - S\u00e9jour Priv\u00e9","isPartOf":{"@id":"https:\/\/www.sejourprive.com\/#website"},"primaryImageOfPage":{"@id":"https:\/\/www.sejourprive.com\/biens\/domaine-argentella-galeria-calvi-corse\/#primaryimage"},"image":{"@id":"https:\/\/www.sejourprive.com\/biens\/domaine-argentella-galeria-calvi-corse\/#primaryimage"},"thumbnailUrl":"https:\/\/www.sejourprive.com\/wp-content\/uploads\/2026\/03\/0-232.jpg","datePublished":"2026-03-25T10:36:15+00:00","dateModified":"2026-03-25T10:36:56+00:00","description":"Nich\u00e9 dans la charmante r\u00e9gion de Calvi, le Domaine Argentella vous invite \u00e0 d\u00e9couvrir toutes les splendeurs naturelles de l\u2019\u00cele de Beaut\u00e9. Cet \u00e9crin de","breadcrumb":{"@id":"https:\/\/www.sejourprive.com\/biens\/domaine-argentella-galeria-calvi-corse\/#breadcrumb"},"inLanguage":"en-GB","potentialAction":[{"@type":"ReadAction","target":["https:\/\/www.sejourprive.com\/biens\/domaine-argentella-galeria-calvi-corse\/"]}]},{"@type":"ImageObject","inLanguage":"en-GB","@id":"https:\/\/www.sejourprive.com\/biens\/domaine-argentella-galeria-calvi-corse\/#primaryimage","url":"https:\/\/www.sejourprive.com\/wp-content\/uploads\/2026\/03\/0-232.jpg","contentUrl":"https:\/\/www.sejourprive.com\/wp-content\/uploads\/2026\/03\/0-232.jpg","width":1200,"height":799},{"@type":"BreadcrumbList","@id":"https:\/\/www.sejourprive.com\/biens\/domaine-argentella-galeria-calvi-corse\/#breadcrumb","itemListElement":[{"@type":"ListItem","position":1,"name":"Accueil","item":"https:\/\/www.sejourprive.com\/"},{"@type":"ListItem","position":2,"name":"Shop","item":"https:\/\/www.sejourprive.com\/shop\/"},{"@type":"ListItem","position":3,"name":"Domaine Argentella, Galeria, Calvi, Corse"}]},{"@type":"WebSite","@id":"https:\/\/www.sejourprive.com\/#website","url":"https:\/\/www.sejourprive.com\/","name":"Private Stay","description":"We design exceptional holidays for you.","publisher":{"@id":"https:\/\/www.sejourprive.com\/#organization"},"potentialAction":[{"@type":"SearchAction","target":{"@type":"EntryPoint","urlTemplate":"https:\/\/www.sejourprive.com\/?s={search_term_string}"},"query-input":{"@type":"PropertyValueSpecification","valueRequired":true,"valueName":"search_term_string"}}],"inLanguage":"en-GB"},{"@type":"Organization","@id":"https:\/\/www.sejourprive.com\/#organization","name":"Private Stay","url":"https:\/\/www.sejourprive.com\/","logo":{"@type":"ImageObject","inLanguage":"en-GB","@id":"https:\/\/www.sejourprive.com\/#\/schema\/logo\/image\/","url":"https:\/\/www.sejourprive.com\/wp-content\/uploads\/2026\/02\/SP-Apple-touch-144-couleur-1-2.png","contentUrl":"https:\/\/www.sejourprive.com\/wp-content\/uploads\/2026\/02\/SP-Apple-touch-144-couleur-1-2.png","width":145,"height":145,"caption":"S\u00e9jour Priv\u00e9"},"image":{"@id":"https:\/\/www.sejourprive.com\/#\/schema\/logo\/image\/"}}]}},"_links":{"self":[{"href":"https:\/\/www.sejourprive.com\/en\/wp-json\/wp\/v2\/product\/51917","targetHints":{"allow":["GET"]}}],"collection":[{"href":"https:\/\/www.sejourprive.com\/en\/wp-json\/wp\/v2\/product"}],"about":[{"href":"https:\/\/www.sejourprive.com\/en\/wp-json\/wp\/v2\/types\/product"}],"replies":[{"embeddable":true,"href":"https:\/\/www.sejourprive.com\/en\/wp-json\/wp\/v2\/comments?post=51917"}],"version-history":[{"count":0,"href":"https:\/\/www.sejourprive.com\/en\/wp-json\/wp\/v2\/product\/51917\/revisions"}],"wp:featuredmedia":[{"embeddable":true,"href":"https:\/\/www.sejourprive.com\/en\/wp-json\/wp\/v2\/media\/51985"}],"wp:attachment":[{"href":"https:\/\/www.sejourprive.com\/en\/wp-json\/wp\/v2\/media?parent=51917"}],"wp:term":[{"taxonomy":"product_brand","embeddable":true,"href":"https:\/\/www.sejourprive.com\/en\/wp-json\/wp\/v2\/product_brand?post=51917"},{"taxonomy":"product_cat","embeddable":true,"href":"https:\/\/www.sejourprive.com\/en\/wp-json\/wp\/v2\/product_cat?post=51917"},{"taxonomy":"product_tag","embeddable":true,"href":"https:\/\/www.sejourprive.com\/en\/wp-json\/wp\/v2\/product_tag?post=51917"}],"curies":[{"name":"wp","href":"https:\/\/api.w.org\/{rel}","templated":true}]}}

<p>Niché dans la charmante région de Calvi, le Domaine Argentella vous invite à découvrir toutes les splendeurs naturelles de l’Île de Beauté. Cet écrin de sérénité, dissimulé par la verdure luxuriante et doté d&#8217;un accès privé à la plage, offre une vue imprenable sur la mer et les montagnes environnantes. L&#8217;architecture de la maison, fusion harmonieuse entre charme traditionnel et modernité, est sublimée par une décoration intérieure soignée et chaleureuse.</p>
<p><span><div class="read-more-wrapper"><a class="read-more-button" data-target="read-more-69f5c6810a13b" data-more-text="Read more" data-less-text="Read less"><span class="read-more-text">Read more</span></a><div id="read-more-69f5c6810a13b" class="read-more-content"> </span>Start your day at Domaine d'Argentella with breakfast al fresco by the heated pool, while watching the sun rise over the Mediterranean Sea. After a few laps, walk down to the private beach for a moment of unparalleled relaxation. On your return, organise a pétanque tournament in the garden and then, in the evening, gather your tribe around the living room fireplace for an evening of board games, surrounded by the calm of the mountains and the gentle sound of the surf.</div></div></p>

<p>Niché dans la charmante région de Calvi, le Domaine Argentella vous invite à découvrir toutes les splendeurs naturelles de l’Île&#8230;</p>

<!-- This site is optimized with the Yoast SEO plugin v26.6 - https://yoast.com/wordpress/plugins/seo/ -->
<title>Domaine Argentella, Galeria, Calvi, Corse - Séjour Privé</title>
<meta name="description" content="Niché dans la charmante région de Calvi, le Domaine Argentella vous invite à découvrir toutes les splendeurs naturelles de l’Île de Beauté. Cet écrin de" />
<meta name="robots" content="index, follow, max-snippet:-1, max-image-preview:large, max-video-preview:-1" />
<link rel="canonical" href="https://www.sejourprive.com/en/biens/domaine-argentella-galeria-calvi-corse/" />
<meta property="og:locale" content="en_GB" />
<meta property="og:type" content="article" />
<meta property="og:title" content="Domaine Argentella, Galeria, Calvi, Corse - Séjour Privé" />
<meta property="og:description" content="Niché dans la charmante région de Calvi, le Domaine Argentella vous invite à découvrir toutes les splendeurs naturelles de l’Île de Beauté. Cet écrin de" />
<meta property="og:url" content="https://www.sejourprive.com/en/biens/domaine-argentella-galeria-calvi-corse/" />
<meta property="og:site_name" content="Séjour Privé" />
<meta property="article:modified_time" content="2026-03-25T10:36:56+00:00" />
<meta property="og:image" content="https://www.sejourprive.com/wp-content/uploads/2026/03/0-232.jpg" />
	<meta property="og:image:width" content="1200" />
	<meta property="og:image:height" content="799" />
	<meta property="og:image:type" content="image/jpeg" />
<meta name="twitter:card" content="summary_large_image" />
<meta name="twitter:label1" content="Estimated reading time" />
	<meta name="twitter:data1" content="1 minute" />
<script type="application/ld+json" class="yoast-schema-graph">{"@context":"https://schema.org","@graph":[{"@type":"WebPage","@id":"https://www.sejourprive.com/biens/domaine-argentella-galeria-calvi-corse/","url":"https://www.sejourprive.com/biens/domaine-argentella-galeria-calvi-corse/","name":"Domaine Argentella, Galeria, Calvi, Corse - Séjour Privé","isPartOf":{"@id":"https://www.sejourprive.com/#website"},"primaryImageOfPage":{"@id":"https://www.sejourprive.com/biens/domaine-argentella-galeria-calvi-corse/#primaryimage"},"image":{"@id":"https://www.sejourprive.com/biens/domaine-argentella-galeria-calvi-corse/#primaryimage"},"thumbnailUrl":"https://www.sejourprive.com/wp-content/uploads/2026/03/0-232.jpg","datePublished":"2026-03-25T10:36:15+00:00","dateModified":"2026-03-25T10:36:56+00:00","description":"Niché dans la charmante région de Calvi, le Domaine Argentella vous invite à découvrir toutes les splendeurs naturelles de l’Île de Beauté. Cet écrin de","breadcrumb":{"@id":"https://www.sejourprive.com/biens/domaine-argentella-galeria-calvi-corse/#breadcrumb"},"inLanguage":"en-GB","potentialAction":[{"@type":"ReadAction","target":["https://www.sejourprive.com/biens/domaine-argentella-galeria-calvi-corse/"]}]},{"@type":"ImageObject","inLanguage":"en-GB","@id":"https://www.sejourprive.com/biens/domaine-argentella-galeria-calvi-corse/#primaryimage","url":"https://www.sejourprive.com/wp-content/uploads/2026/03/0-232.jpg","contentUrl":"https://www.sejourprive.com/wp-content/uploads/2026/03/0-232.jpg","width":1200,"height":799},{"@type":"BreadcrumbList","@id":"https://www.sejourprive.com/biens/domaine-argentella-galeria-calvi-corse/#breadcrumb","itemListElement":[{"@type":"ListItem","position":1,"name":"Accueil","item":"https://www.sejourprive.com/"},{"@type":"ListItem","position":2,"name":"Shop","item":"https://www.sejourprive.com/shop/"},{"@type":"ListItem","position":3,"name":"Domaine Argentella, Galeria, Calvi, Corse"}]},{"@type":"WebSite","@id":"https://www.sejourprive.com/#website","url":"https://www.sejourprive.com/","name":"Séjour Privé","description":"Nous imaginons pour vous des séjours d’exception.","publisher":{"@id":"https://www.sejourprive.com/#organization"},"potentialAction":[{"@type":"SearchAction","target":{"@type":"EntryPoint","urlTemplate":"https://www.sejourprive.com/?s={search_term_string}"},"query-input":{"@type":"PropertyValueSpecification","valueRequired":true,"valueName":"search_term_string"}}],"inLanguage":"en-GB"},{"@type":"Organization","@id":"https://www.sejourprive.com/#organization","name":"Séjour Privé","url":"https://www.sejourprive.com/","logo":{"@type":"ImageObject","inLanguage":"en-GB","@id":"https://www.sejourprive.com/#/schema/logo/image/","url":"https://www.sejourprive.com/wp-content/uploads/2026/02/SP-Apple-touch-144-couleur-1-2.png","contentUrl":"https://www.sejourprive.com/wp-content/uploads/2026/02/SP-Apple-touch-144-couleur-1-2.png","width":145,"height":145,"caption":"Séjour Privé"},"image":{"@id":"https://www.sejourprive.com/#/schema/logo/image/"}}]}</script>
<!-- / Yoast SEO plugin. -->

Domaine Argentella, Galeria, Calvi, Corse - Séjour Privé

Niché dans la charmante région de Calvi, le Domaine Argentella vous invite à découvrir toutes les splendeurs naturelles de l’Île de Beauté. Cet écrin de

Séjour Privé
