{"id":51413,"date":"2026-03-25T11:57:56","date_gmt":"2026-03-25T10:57:56","guid":{"rendered":"https:\/\/www.sejourprive.com\/?post_type=product&#038;p=51413"},"modified":"2026-03-25T11:57:56","modified_gmt":"2026-03-25T10:57:56","slug":"villa-aria-serena-porto-vecchio-corse-france","status":"publish","type":"product","link":"https:\/\/www.sejourprive.com\/en\/biens\/villa-aria-serena-porto-vecchio-corse-france\/","title":{"rendered":"Villa Aria Serena, Porto-Vecchio, Corsica, France"},"content":{"rendered":"<p>Nestling in the idyllic region of Porto-Vecchio, Corsica, Villa Aria Serena is an ode to serenity and precious moments spent with loved ones. With its natural colour palette and modern, open-plan layout, the villa is a haven of peace that invites you to pause and breathe.<span><div class=\"read-more-wrapper\"><a class=\"read-more-button\" data-target=\"read-more-69f474e54bd2b\" data-more-text=\"Read more\" data-less-text=\"Read less\"><span class=\"read-more-text\">Read more<\/span><\/a><div id=\"read-more-69f474e54bd2b\" class=\"read-more-content\"> <\/span><\/p>\n<p>Savourez votre caf\u00e9 du matin en admirant, \u00e0 travers les baies vitr\u00e9es, la mer scintillante et les collines ondulantes qui s&#8217;\u00e9tendent \u00e0 perte de vue. Berc\u00e9 par le clapotis des vagues, profitez d&#8217;un plongeon revigorant dans la piscine chauff\u00e9e \u00e0 l&#8217;ext\u00e9rieur, puis d\u00e9fiez vos proches \u00e0 une partie de p\u00e9tanque. Apr\u00e8s un d\u00e9licieux festin en plein air au c\u0153ur du jardin luxuriant de la villa, retirez-vous dans le coin salon et allumez un feu, en vous r\u00e9chauffant \u00e0 la lueur chaleureuse tandis que les rires r\u00e9sonnent dans la pi\u00e8ce.<\/div><\/div> <\/p>","protected":false},"excerpt":{"rendered":"<p>Nich\u00e9e dans la r\u00e9gion idyllique de Porto-Vecchio, en Corse, la Villa Aria Serena est une ode \u00e0 la s\u00e9r\u00e9nit\u00e9 et&#8230;<\/p>","protected":false},"featured_media":51461,"comment_status":"open","ping_status":"closed","template":"","meta":{"_acf_changed":false},"product_brand":[],"product_cat":[15],"product_tag":[],"class_list":{"0":"post-51413","1":"product","2":"type-product","3":"status-publish","4":"has-post-thumbnail","6":"product_cat-villa","7":"property_location-corse","8":"property_location-porto-vecchio","10":"first","11":"instock","12":"sold-individually","13":"shipping-taxable","14":"purchasable","15":"product-type-simple"},"acf":[],"yoast_head":"<!-- This site is optimized with the Yoast SEO plugin v26.6 - https:\/\/yoast.com\/wordpress\/plugins\/seo\/ -->\n<title>Villa Aria Serena, Porto-Vecchio, Corse, France - S\u00e9jour Priv\u00e9<\/title>\n<meta name=\"description\" content=\"Nich\u00e9e dans la r\u00e9gion idyllique de Porto-Vecchio, en Corse, la Villa Aria Serena est une ode \u00e0 la s\u00e9r\u00e9nit\u00e9 et aux moments pr\u00e9cieux pass\u00e9s avec ses\" \/>\n<meta name=\"robots\" content=\"index, follow, max-snippet:-1, max-image-preview:large, max-video-preview:-1\" \/>\n<link rel=\"canonical\" href=\"https:\/\/www.sejourprive.com\/en\/biens\/villa-aria-serena-porto-vecchio-corse-france\/\" \/>\n<meta property=\"og:locale\" content=\"en_GB\" \/>\n<meta property=\"og:type\" content=\"article\" \/>\n<meta property=\"og:title\" content=\"Villa Aria Serena, Porto-Vecchio, Corse, France - S\u00e9jour Priv\u00e9\" \/>\n<meta property=\"og:description\" content=\"Nich\u00e9e dans la r\u00e9gion idyllique de Porto-Vecchio, en Corse, la Villa Aria Serena est une ode \u00e0 la s\u00e9r\u00e9nit\u00e9 et aux moments pr\u00e9cieux pass\u00e9s avec ses\" \/>\n<meta property=\"og:url\" content=\"https:\/\/www.sejourprive.com\/en\/biens\/villa-aria-serena-porto-vecchio-corse-france\/\" \/>\n<meta property=\"og:site_name\" content=\"S\u00e9jour Priv\u00e9\" \/>\n<meta property=\"og:image\" content=\"https:\/\/www.sejourprive.com\/wp-content\/uploads\/2026\/03\/1-230.jpg\" \/>\n\t<meta property=\"og:image:width\" content=\"1200\" \/>\n\t<meta property=\"og:image:height\" content=\"799\" \/>\n\t<meta property=\"og:image:type\" content=\"image\/jpeg\" \/>\n<meta name=\"twitter:card\" content=\"summary_large_image\" \/>\n<meta name=\"twitter:label1\" content=\"Estimated reading time\" \/>\n\t<meta name=\"twitter:data1\" content=\"1 minute\" \/>\n<script type=\"application\/ld+json\" class=\"yoast-schema-graph\">{\"@context\":\"https:\/\/schema.org\",\"@graph\":[{\"@type\":\"WebPage\",\"@id\":\"https:\/\/www.sejourprive.com\/biens\/villa-aria-serena-porto-vecchio-corse-france\/\",\"url\":\"https:\/\/www.sejourprive.com\/biens\/villa-aria-serena-porto-vecchio-corse-france\/\",\"name\":\"Villa Aria Serena, Porto-Vecchio, Corse, France - S\u00e9jour Priv\u00e9\",\"isPartOf\":{\"@id\":\"https:\/\/www.sejourprive.com\/#website\"},\"primaryImageOfPage\":{\"@id\":\"https:\/\/www.sejourprive.com\/biens\/villa-aria-serena-porto-vecchio-corse-france\/#primaryimage\"},\"image\":{\"@id\":\"https:\/\/www.sejourprive.com\/biens\/villa-aria-serena-porto-vecchio-corse-france\/#primaryimage\"},\"thumbnailUrl\":\"https:\/\/www.sejourprive.com\/wp-content\/uploads\/2026\/03\/1-230.jpg\",\"datePublished\":\"2026-03-25T10:57:56+00:00\",\"description\":\"Nich\u00e9e dans la r\u00e9gion idyllique de Porto-Vecchio, en Corse, la Villa Aria Serena est une ode \u00e0 la s\u00e9r\u00e9nit\u00e9 et aux moments pr\u00e9cieux pass\u00e9s avec ses\",\"breadcrumb\":{\"@id\":\"https:\/\/www.sejourprive.com\/biens\/villa-aria-serena-porto-vecchio-corse-france\/#breadcrumb\"},\"inLanguage\":\"en-GB\",\"potentialAction\":[{\"@type\":\"ReadAction\",\"target\":[\"https:\/\/www.sejourprive.com\/biens\/villa-aria-serena-porto-vecchio-corse-france\/\"]}]},{\"@type\":\"ImageObject\",\"inLanguage\":\"en-GB\",\"@id\":\"https:\/\/www.sejourprive.com\/biens\/villa-aria-serena-porto-vecchio-corse-france\/#primaryimage\",\"url\":\"https:\/\/www.sejourprive.com\/wp-content\/uploads\/2026\/03\/1-230.jpg\",\"contentUrl\":\"https:\/\/www.sejourprive.com\/wp-content\/uploads\/2026\/03\/1-230.jpg\",\"width\":1200,\"height\":799},{\"@type\":\"BreadcrumbList\",\"@id\":\"https:\/\/www.sejourprive.com\/biens\/villa-aria-serena-porto-vecchio-corse-france\/#breadcrumb\",\"itemListElement\":[{\"@type\":\"ListItem\",\"position\":1,\"name\":\"Accueil\",\"item\":\"https:\/\/www.sejourprive.com\/\"},{\"@type\":\"ListItem\",\"position\":2,\"name\":\"Shop\",\"item\":\"https:\/\/www.sejourprive.com\/shop\/\"},{\"@type\":\"ListItem\",\"position\":3,\"name\":\"Villa Aria Serena, Porto-Vecchio, Corse, France\"}]},{\"@type\":\"WebSite\",\"@id\":\"https:\/\/www.sejourprive.com\/#website\",\"url\":\"https:\/\/www.sejourprive.com\/\",\"name\":\"S\u00e9jour Priv\u00e9\",\"description\":\"Nous imaginons pour vous des s\u00e9jours d\u2019exception.\",\"publisher\":{\"@id\":\"https:\/\/www.sejourprive.com\/#organization\"},\"potentialAction\":[{\"@type\":\"SearchAction\",\"target\":{\"@type\":\"EntryPoint\",\"urlTemplate\":\"https:\/\/www.sejourprive.com\/?s={search_term_string}\"},\"query-input\":{\"@type\":\"PropertyValueSpecification\",\"valueRequired\":true,\"valueName\":\"search_term_string\"}}],\"inLanguage\":\"en-GB\"},{\"@type\":\"Organization\",\"@id\":\"https:\/\/www.sejourprive.com\/#organization\",\"name\":\"S\u00e9jour Priv\u00e9\",\"url\":\"https:\/\/www.sejourprive.com\/\",\"logo\":{\"@type\":\"ImageObject\",\"inLanguage\":\"en-GB\",\"@id\":\"https:\/\/www.sejourprive.com\/#\/schema\/logo\/image\/\",\"url\":\"https:\/\/www.sejourprive.com\/wp-content\/uploads\/2026\/02\/SP-Apple-touch-144-couleur-1-2.png\",\"contentUrl\":\"https:\/\/www.sejourprive.com\/wp-content\/uploads\/2026\/02\/SP-Apple-touch-144-couleur-1-2.png\",\"width\":145,\"height\":145,\"caption\":\"S\u00e9jour Priv\u00e9\"},\"image\":{\"@id\":\"https:\/\/www.sejourprive.com\/#\/schema\/logo\/image\/\"}}]}<\/script>\n<!-- \/ Yoast SEO plugin. -->","yoast_head_json":{"title":"Villa Aria Serena, Porto-Vecchio, Corse, France - S\u00e9jour Priv\u00e9","description":"Nich\u00e9e dans la r\u00e9gion idyllique de Porto-Vecchio, en Corse, la Villa Aria Serena est une ode \u00e0 la s\u00e9r\u00e9nit\u00e9 et aux moments pr\u00e9cieux pass\u00e9s avec ses","robots":{"index":"index","follow":"follow","max-snippet":"max-snippet:-1","max-image-preview":"max-image-preview:large","max-video-preview":"max-video-preview:-1"},"canonical":"https:\/\/www.sejourprive.com\/en\/biens\/villa-aria-serena-porto-vecchio-corse-france\/","og_locale":"en_GB","og_type":"article","og_title":"Villa Aria Serena, Porto-Vecchio, Corse, France - S\u00e9jour Priv\u00e9","og_description":"Nich\u00e9e dans la r\u00e9gion idyllique de Porto-Vecchio, en Corse, la Villa Aria Serena est une ode \u00e0 la s\u00e9r\u00e9nit\u00e9 et aux moments pr\u00e9cieux pass\u00e9s avec ses","og_url":"https:\/\/www.sejourprive.com\/en\/biens\/villa-aria-serena-porto-vecchio-corse-france\/","og_site_name":"S\u00e9jour Priv\u00e9","og_image":[{"width":1200,"height":799,"url":"https:\/\/www.sejourprive.com\/wp-content\/uploads\/2026\/03\/1-230.jpg","type":"image\/jpeg"}],"twitter_card":"summary_large_image","twitter_misc":{"Estimated reading time":"1 minute"},"schema":{"@context":"https:\/\/schema.org","@graph":[{"@type":"WebPage","@id":"https:\/\/www.sejourprive.com\/biens\/villa-aria-serena-porto-vecchio-corse-france\/","url":"https:\/\/www.sejourprive.com\/biens\/villa-aria-serena-porto-vecchio-corse-france\/","name":"Villa Aria Serena, Porto-Vecchio, Corse, France - S\u00e9jour Priv\u00e9","isPartOf":{"@id":"https:\/\/www.sejourprive.com\/#website"},"primaryImageOfPage":{"@id":"https:\/\/www.sejourprive.com\/biens\/villa-aria-serena-porto-vecchio-corse-france\/#primaryimage"},"image":{"@id":"https:\/\/www.sejourprive.com\/biens\/villa-aria-serena-porto-vecchio-corse-france\/#primaryimage"},"thumbnailUrl":"https:\/\/www.sejourprive.com\/wp-content\/uploads\/2026\/03\/1-230.jpg","datePublished":"2026-03-25T10:57:56+00:00","description":"Nich\u00e9e dans la r\u00e9gion idyllique de Porto-Vecchio, en Corse, la Villa Aria Serena est une ode \u00e0 la s\u00e9r\u00e9nit\u00e9 et aux moments pr\u00e9cieux pass\u00e9s avec ses","breadcrumb":{"@id":"https:\/\/www.sejourprive.com\/biens\/villa-aria-serena-porto-vecchio-corse-france\/#breadcrumb"},"inLanguage":"en-GB","potentialAction":[{"@type":"ReadAction","target":["https:\/\/www.sejourprive.com\/biens\/villa-aria-serena-porto-vecchio-corse-france\/"]}]},{"@type":"ImageObject","inLanguage":"en-GB","@id":"https:\/\/www.sejourprive.com\/biens\/villa-aria-serena-porto-vecchio-corse-france\/#primaryimage","url":"https:\/\/www.sejourprive.com\/wp-content\/uploads\/2026\/03\/1-230.jpg","contentUrl":"https:\/\/www.sejourprive.com\/wp-content\/uploads\/2026\/03\/1-230.jpg","width":1200,"height":799},{"@type":"BreadcrumbList","@id":"https:\/\/www.sejourprive.com\/biens\/villa-aria-serena-porto-vecchio-corse-france\/#breadcrumb","itemListElement":[{"@type":"ListItem","position":1,"name":"Accueil","item":"https:\/\/www.sejourprive.com\/"},{"@type":"ListItem","position":2,"name":"Shop","item":"https:\/\/www.sejourprive.com\/shop\/"},{"@type":"ListItem","position":3,"name":"Villa Aria Serena, Porto-Vecchio, Corse, France"}]},{"@type":"WebSite","@id":"https:\/\/www.sejourprive.com\/#website","url":"https:\/\/www.sejourprive.com\/","name":"Private Stay","description":"We design exceptional holidays for you.","publisher":{"@id":"https:\/\/www.sejourprive.com\/#organization"},"potentialAction":[{"@type":"SearchAction","target":{"@type":"EntryPoint","urlTemplate":"https:\/\/www.sejourprive.com\/?s={search_term_string}"},"query-input":{"@type":"PropertyValueSpecification","valueRequired":true,"valueName":"search_term_string"}}],"inLanguage":"en-GB"},{"@type":"Organization","@id":"https:\/\/www.sejourprive.com\/#organization","name":"Private Stay","url":"https:\/\/www.sejourprive.com\/","logo":{"@type":"ImageObject","inLanguage":"en-GB","@id":"https:\/\/www.sejourprive.com\/#\/schema\/logo\/image\/","url":"https:\/\/www.sejourprive.com\/wp-content\/uploads\/2026\/02\/SP-Apple-touch-144-couleur-1-2.png","contentUrl":"https:\/\/www.sejourprive.com\/wp-content\/uploads\/2026\/02\/SP-Apple-touch-144-couleur-1-2.png","width":145,"height":145,"caption":"S\u00e9jour Priv\u00e9"},"image":{"@id":"https:\/\/www.sejourprive.com\/#\/schema\/logo\/image\/"}}]}},"_links":{"self":[{"href":"https:\/\/www.sejourprive.com\/en\/wp-json\/wp\/v2\/product\/51413","targetHints":{"allow":["GET"]}}],"collection":[{"href":"https:\/\/www.sejourprive.com\/en\/wp-json\/wp\/v2\/product"}],"about":[{"href":"https:\/\/www.sejourprive.com\/en\/wp-json\/wp\/v2\/types\/product"}],"replies":[{"embeddable":true,"href":"https:\/\/www.sejourprive.com\/en\/wp-json\/wp\/v2\/comments?post=51413"}],"version-history":[{"count":0,"href":"https:\/\/www.sejourprive.com\/en\/wp-json\/wp\/v2\/product\/51413\/revisions"}],"wp:featuredmedia":[{"embeddable":true,"href":"https:\/\/www.sejourprive.com\/en\/wp-json\/wp\/v2\/media\/51461"}],"wp:attachment":[{"href":"https:\/\/www.sejourprive.com\/en\/wp-json\/wp\/v2\/media?parent=51413"}],"wp:term":[{"taxonomy":"product_brand","embeddable":true,"href":"https:\/\/www.sejourprive.com\/en\/wp-json\/wp\/v2\/product_brand?post=51413"},{"taxonomy":"product_cat","embeddable":true,"href":"https:\/\/www.sejourprive.com\/en\/wp-json\/wp\/v2\/product_cat?post=51413"},{"taxonomy":"product_tag","embeddable":true,"href":"https:\/\/www.sejourprive.com\/en\/wp-json\/wp\/v2\/product_tag?post=51413"}],"curies":[{"name":"wp","href":"https:\/\/api.w.org\/{rel}","templated":true}]}}

<p>Nestling in the idyllic region of Porto-Vecchio, Corsica, Villa Aria Serena is an ode to serenity and precious moments spent with loved ones. With its natural colour palette and modern, open-plan layout, the villa is a haven of peace that invites you to pause and breathe.<span><div class="read-more-wrapper"><a class="read-more-button" data-target="read-more-69f474e54bd2b" data-more-text="Read more" data-less-text="Read less"><span class="read-more-text">Read more</span></a><div id="read-more-69f474e54bd2b" class="read-more-content"> </span></p>
<p>Savourez votre café du matin en admirant, à travers les baies vitrées, la mer scintillante et les collines ondulantes qui s&#8217;étendent à perte de vue. Bercé par le clapotis des vagues, profitez d&#8217;un plongeon revigorant dans la piscine chauffée à l&#8217;extérieur, puis défiez vos proches à une partie de pétanque. Après un délicieux festin en plein air au cœur du jardin luxuriant de la villa, retirez-vous dans le coin salon et allumez un feu, en vous réchauffant à la lueur chaleureuse tandis que les rires résonnent dans la pièce.</div></div> </p>

<p>Nichée dans la région idyllique de Porto-Vecchio, en Corse, la Villa Aria Serena est une ode à la sérénité et&#8230;</p>

<!-- This site is optimized with the Yoast SEO plugin v26.6 - https://yoast.com/wordpress/plugins/seo/ -->
<title>Villa Aria Serena, Porto-Vecchio, Corse, France - Séjour Privé</title>
<meta name="description" content="Nichée dans la région idyllique de Porto-Vecchio, en Corse, la Villa Aria Serena est une ode à la sérénité et aux moments précieux passés avec ses" />
<meta name="robots" content="index, follow, max-snippet:-1, max-image-preview:large, max-video-preview:-1" />
<link rel="canonical" href="https://www.sejourprive.com/en/biens/villa-aria-serena-porto-vecchio-corse-france/" />
<meta property="og:locale" content="en_GB" />
<meta property="og:type" content="article" />
<meta property="og:title" content="Villa Aria Serena, Porto-Vecchio, Corse, France - Séjour Privé" />
<meta property="og:description" content="Nichée dans la région idyllique de Porto-Vecchio, en Corse, la Villa Aria Serena est une ode à la sérénité et aux moments précieux passés avec ses" />
<meta property="og:url" content="https://www.sejourprive.com/en/biens/villa-aria-serena-porto-vecchio-corse-france/" />
<meta property="og:site_name" content="Séjour Privé" />
<meta property="og:image" content="https://www.sejourprive.com/wp-content/uploads/2026/03/1-230.jpg" />
	<meta property="og:image:width" content="1200" />
	<meta property="og:image:height" content="799" />
	<meta property="og:image:type" content="image/jpeg" />
<meta name="twitter:card" content="summary_large_image" />
<meta name="twitter:label1" content="Estimated reading time" />
	<meta name="twitter:data1" content="1 minute" />
<script type="application/ld+json" class="yoast-schema-graph">{"@context":"https://schema.org","@graph":[{"@type":"WebPage","@id":"https://www.sejourprive.com/biens/villa-aria-serena-porto-vecchio-corse-france/","url":"https://www.sejourprive.com/biens/villa-aria-serena-porto-vecchio-corse-france/","name":"Villa Aria Serena, Porto-Vecchio, Corse, France - Séjour Privé","isPartOf":{"@id":"https://www.sejourprive.com/#website"},"primaryImageOfPage":{"@id":"https://www.sejourprive.com/biens/villa-aria-serena-porto-vecchio-corse-france/#primaryimage"},"image":{"@id":"https://www.sejourprive.com/biens/villa-aria-serena-porto-vecchio-corse-france/#primaryimage"},"thumbnailUrl":"https://www.sejourprive.com/wp-content/uploads/2026/03/1-230.jpg","datePublished":"2026-03-25T10:57:56+00:00","description":"Nichée dans la région idyllique de Porto-Vecchio, en Corse, la Villa Aria Serena est une ode à la sérénité et aux moments précieux passés avec ses","breadcrumb":{"@id":"https://www.sejourprive.com/biens/villa-aria-serena-porto-vecchio-corse-france/#breadcrumb"},"inLanguage":"en-GB","potentialAction":[{"@type":"ReadAction","target":["https://www.sejourprive.com/biens/villa-aria-serena-porto-vecchio-corse-france/"]}]},{"@type":"ImageObject","inLanguage":"en-GB","@id":"https://www.sejourprive.com/biens/villa-aria-serena-porto-vecchio-corse-france/#primaryimage","url":"https://www.sejourprive.com/wp-content/uploads/2026/03/1-230.jpg","contentUrl":"https://www.sejourprive.com/wp-content/uploads/2026/03/1-230.jpg","width":1200,"height":799},{"@type":"BreadcrumbList","@id":"https://www.sejourprive.com/biens/villa-aria-serena-porto-vecchio-corse-france/#breadcrumb","itemListElement":[{"@type":"ListItem","position":1,"name":"Accueil","item":"https://www.sejourprive.com/"},{"@type":"ListItem","position":2,"name":"Shop","item":"https://www.sejourprive.com/shop/"},{"@type":"ListItem","position":3,"name":"Villa Aria Serena, Porto-Vecchio, Corse, France"}]},{"@type":"WebSite","@id":"https://www.sejourprive.com/#website","url":"https://www.sejourprive.com/","name":"Séjour Privé","description":"Nous imaginons pour vous des séjours d’exception.","publisher":{"@id":"https://www.sejourprive.com/#organization"},"potentialAction":[{"@type":"SearchAction","target":{"@type":"EntryPoint","urlTemplate":"https://www.sejourprive.com/?s={search_term_string}"},"query-input":{"@type":"PropertyValueSpecification","valueRequired":true,"valueName":"search_term_string"}}],"inLanguage":"en-GB"},{"@type":"Organization","@id":"https://www.sejourprive.com/#organization","name":"Séjour Privé","url":"https://www.sejourprive.com/","logo":{"@type":"ImageObject","inLanguage":"en-GB","@id":"https://www.sejourprive.com/#/schema/logo/image/","url":"https://www.sejourprive.com/wp-content/uploads/2026/02/SP-Apple-touch-144-couleur-1-2.png","contentUrl":"https://www.sejourprive.com/wp-content/uploads/2026/02/SP-Apple-touch-144-couleur-1-2.png","width":145,"height":145,"caption":"Séjour Privé"},"image":{"@id":"https://www.sejourprive.com/#/schema/logo/image/"}}]}</script>
<!-- / Yoast SEO plugin. -->

Villa Aria Serena, Porto-Vecchio, Corse, France - Séjour Privé

Nichée dans la région idyllique de Porto-Vecchio, en Corse, la Villa Aria Serena est une ode à la sérénité et aux moments précieux passés avec ses

Séjour Privé
