{"id":51220,"date":"2026-03-24T15:22:35","date_gmt":"2026-03-24T14:22:35","guid":{"rendered":"https:\/\/www.sejourprive.com\/?post_type=product&#038;p=51220"},"modified":"2026-03-24T15:22:35","modified_gmt":"2026-03-24T14:22:35","slug":"villa-arburu-calvi-corse-france","status":"publish","type":"product","link":"https:\/\/www.sejourprive.com\/en\/biens\/villa-arburu-calvi-corse-france\/","title":{"rendered":"Villa Arburu, Calvi, Corsica, France"},"content":{"rendered":"<p>Nich\u00e9e entre ciel et mer, la Villa Arburu offre l&#8217;un des plus beaux panoramas de Corse, avec une vue imprenable sur le golfe de Revellata et son phare embl\u00e9matique.<span><div class=\"read-more-wrapper\"><a class=\"read-more-button\" data-target=\"read-more-69f380071bc04\" data-more-text=\"Read more\" data-less-text=\"Read less\"><span class=\"read-more-text\">Read more<\/span><\/a><div id=\"read-more-69f380071bc04\" class=\"read-more-content\"> <\/span><\/p>\n<p>R\u00e9veillez-vous face \u00e0 l&#8217;immensit\u00e9 de la mer, o\u00f9 la piscine \u00e0 d\u00e9bordement semble se fondre harmonieusement dans l&#8217;horizon. La journ\u00e9e commence en douceur sur la terrasse, caress\u00e9e par la brise m\u00e9diterran\u00e9enne, avant de se poursuivre par des moments de d\u00e9tente au bord de la piscine ou un ap\u00e9ritif sur la v\u00e9randa. \u00c0 mesure que le soleil se couche, le ciel ocre embrase l&#8217;eau, cr\u00e9ant l&#8217;atmosph\u00e8re parfaite pour terminer la journ\u00e9e.<\/div><\/div><\/p>","protected":false},"excerpt":{"rendered":"<p>Nich\u00e9e entre ciel et mer, la Villa Arburu offre l&#8217;un des plus beaux panoramas de Corse, avec une vue imprenable&#8230;<\/p>","protected":false},"featured_media":51273,"comment_status":"open","ping_status":"closed","template":"","meta":{"_acf_changed":false},"product_brand":[],"product_cat":[15],"product_tag":[],"class_list":{"0":"post-51220","1":"product","2":"type-product","3":"status-publish","4":"has-post-thumbnail","6":"product_cat-villa","7":"property_location-calvi","8":"property_location-corse","10":"first","11":"instock","12":"sold-individually","13":"shipping-taxable","14":"purchasable","15":"product-type-simple"},"acf":[],"yoast_head":"<!-- This site is optimized with the Yoast SEO plugin v26.6 - https:\/\/yoast.com\/wordpress\/plugins\/seo\/ -->\n<title>Villa Arburu, Calvi, Corse, France - S\u00e9jour Priv\u00e9<\/title>\n<meta name=\"description\" content=\"Nich\u00e9e entre ciel et mer, la Villa Arburu offre l&#039;un des plus beaux panoramas de Corse, avec une vue imprenable sur le golfe de Revellata et son phare\" \/>\n<meta name=\"robots\" content=\"index, follow, max-snippet:-1, max-image-preview:large, max-video-preview:-1\" \/>\n<link rel=\"canonical\" href=\"https:\/\/www.sejourprive.com\/en\/biens\/villa-arburu-calvi-corse-france\/\" \/>\n<meta property=\"og:locale\" content=\"en_GB\" \/>\n<meta property=\"og:type\" content=\"article\" \/>\n<meta property=\"og:title\" content=\"Villa Arburu, Calvi, Corse, France - S\u00e9jour Priv\u00e9\" \/>\n<meta property=\"og:description\" content=\"Nich\u00e9e entre ciel et mer, la Villa Arburu offre l&#039;un des plus beaux panoramas de Corse, avec une vue imprenable sur le golfe de Revellata et son phare\" \/>\n<meta property=\"og:url\" content=\"https:\/\/www.sejourprive.com\/en\/biens\/villa-arburu-calvi-corse-france\/\" \/>\n<meta property=\"og:site_name\" content=\"S\u00e9jour Priv\u00e9\" \/>\n<meta property=\"og:image\" content=\"https:\/\/www.sejourprive.com\/wp-content\/uploads\/2026\/03\/4-221.jpg\" \/>\n\t<meta property=\"og:image:width\" content=\"1200\" \/>\n\t<meta property=\"og:image:height\" content=\"899\" \/>\n\t<meta property=\"og:image:type\" content=\"image\/jpeg\" \/>\n<meta name=\"twitter:card\" content=\"summary_large_image\" \/>\n<meta name=\"twitter:label1\" content=\"Estimated reading time\" \/>\n\t<meta name=\"twitter:data1\" content=\"1 minute\" \/>\n<script type=\"application\/ld+json\" class=\"yoast-schema-graph\">{\"@context\":\"https:\/\/schema.org\",\"@graph\":[{\"@type\":\"WebPage\",\"@id\":\"https:\/\/www.sejourprive.com\/biens\/villa-arburu-calvi-corse-france\/\",\"url\":\"https:\/\/www.sejourprive.com\/biens\/villa-arburu-calvi-corse-france\/\",\"name\":\"Villa Arburu, Calvi, Corse, France - S\u00e9jour Priv\u00e9\",\"isPartOf\":{\"@id\":\"https:\/\/www.sejourprive.com\/#website\"},\"primaryImageOfPage\":{\"@id\":\"https:\/\/www.sejourprive.com\/biens\/villa-arburu-calvi-corse-france\/#primaryimage\"},\"image\":{\"@id\":\"https:\/\/www.sejourprive.com\/biens\/villa-arburu-calvi-corse-france\/#primaryimage\"},\"thumbnailUrl\":\"https:\/\/www.sejourprive.com\/wp-content\/uploads\/2026\/03\/4-221.jpg\",\"datePublished\":\"2026-03-24T14:22:35+00:00\",\"description\":\"Nich\u00e9e entre ciel et mer, la Villa Arburu offre l'un des plus beaux panoramas de Corse, avec une vue imprenable sur le golfe de Revellata et son phare\",\"breadcrumb\":{\"@id\":\"https:\/\/www.sejourprive.com\/biens\/villa-arburu-calvi-corse-france\/#breadcrumb\"},\"inLanguage\":\"en-GB\",\"potentialAction\":[{\"@type\":\"ReadAction\",\"target\":[\"https:\/\/www.sejourprive.com\/biens\/villa-arburu-calvi-corse-france\/\"]}]},{\"@type\":\"ImageObject\",\"inLanguage\":\"en-GB\",\"@id\":\"https:\/\/www.sejourprive.com\/biens\/villa-arburu-calvi-corse-france\/#primaryimage\",\"url\":\"https:\/\/www.sejourprive.com\/wp-content\/uploads\/2026\/03\/4-221.jpg\",\"contentUrl\":\"https:\/\/www.sejourprive.com\/wp-content\/uploads\/2026\/03\/4-221.jpg\",\"width\":1200,\"height\":899},{\"@type\":\"BreadcrumbList\",\"@id\":\"https:\/\/www.sejourprive.com\/biens\/villa-arburu-calvi-corse-france\/#breadcrumb\",\"itemListElement\":[{\"@type\":\"ListItem\",\"position\":1,\"name\":\"Accueil\",\"item\":\"https:\/\/www.sejourprive.com\/\"},{\"@type\":\"ListItem\",\"position\":2,\"name\":\"Shop\",\"item\":\"https:\/\/www.sejourprive.com\/shop\/\"},{\"@type\":\"ListItem\",\"position\":3,\"name\":\"Villa Arburu, Calvi, Corse, France\"}]},{\"@type\":\"WebSite\",\"@id\":\"https:\/\/www.sejourprive.com\/#website\",\"url\":\"https:\/\/www.sejourprive.com\/\",\"name\":\"S\u00e9jour Priv\u00e9\",\"description\":\"Nous imaginons pour vous des s\u00e9jours d\u2019exception.\",\"publisher\":{\"@id\":\"https:\/\/www.sejourprive.com\/#organization\"},\"potentialAction\":[{\"@type\":\"SearchAction\",\"target\":{\"@type\":\"EntryPoint\",\"urlTemplate\":\"https:\/\/www.sejourprive.com\/?s={search_term_string}\"},\"query-input\":{\"@type\":\"PropertyValueSpecification\",\"valueRequired\":true,\"valueName\":\"search_term_string\"}}],\"inLanguage\":\"en-GB\"},{\"@type\":\"Organization\",\"@id\":\"https:\/\/www.sejourprive.com\/#organization\",\"name\":\"S\u00e9jour Priv\u00e9\",\"url\":\"https:\/\/www.sejourprive.com\/\",\"logo\":{\"@type\":\"ImageObject\",\"inLanguage\":\"en-GB\",\"@id\":\"https:\/\/www.sejourprive.com\/#\/schema\/logo\/image\/\",\"url\":\"https:\/\/www.sejourprive.com\/wp-content\/uploads\/2026\/02\/SP-Apple-touch-144-couleur-1-2.png\",\"contentUrl\":\"https:\/\/www.sejourprive.com\/wp-content\/uploads\/2026\/02\/SP-Apple-touch-144-couleur-1-2.png\",\"width\":145,\"height\":145,\"caption\":\"S\u00e9jour Priv\u00e9\"},\"image\":{\"@id\":\"https:\/\/www.sejourprive.com\/#\/schema\/logo\/image\/\"}}]}<\/script>\n<!-- \/ Yoast SEO plugin. -->","yoast_head_json":{"title":"Villa Arburu, Calvi, Corse, France - S\u00e9jour Priv\u00e9","description":"Nich\u00e9e entre ciel et mer, la Villa Arburu offre l'un des plus beaux panoramas de Corse, avec une vue imprenable sur le golfe de Revellata et son phare","robots":{"index":"index","follow":"follow","max-snippet":"max-snippet:-1","max-image-preview":"max-image-preview:large","max-video-preview":"max-video-preview:-1"},"canonical":"https:\/\/www.sejourprive.com\/en\/biens\/villa-arburu-calvi-corse-france\/","og_locale":"en_GB","og_type":"article","og_title":"Villa Arburu, Calvi, Corse, France - S\u00e9jour Priv\u00e9","og_description":"Nich\u00e9e entre ciel et mer, la Villa Arburu offre l'un des plus beaux panoramas de Corse, avec une vue imprenable sur le golfe de Revellata et son phare","og_url":"https:\/\/www.sejourprive.com\/en\/biens\/villa-arburu-calvi-corse-france\/","og_site_name":"S\u00e9jour Priv\u00e9","og_image":[{"width":1200,"height":899,"url":"https:\/\/www.sejourprive.com\/wp-content\/uploads\/2026\/03\/4-221.jpg","type":"image\/jpeg"}],"twitter_card":"summary_large_image","twitter_misc":{"Estimated reading time":"1 minute"},"schema":{"@context":"https:\/\/schema.org","@graph":[{"@type":"WebPage","@id":"https:\/\/www.sejourprive.com\/biens\/villa-arburu-calvi-corse-france\/","url":"https:\/\/www.sejourprive.com\/biens\/villa-arburu-calvi-corse-france\/","name":"Villa Arburu, Calvi, Corse, France - S\u00e9jour Priv\u00e9","isPartOf":{"@id":"https:\/\/www.sejourprive.com\/#website"},"primaryImageOfPage":{"@id":"https:\/\/www.sejourprive.com\/biens\/villa-arburu-calvi-corse-france\/#primaryimage"},"image":{"@id":"https:\/\/www.sejourprive.com\/biens\/villa-arburu-calvi-corse-france\/#primaryimage"},"thumbnailUrl":"https:\/\/www.sejourprive.com\/wp-content\/uploads\/2026\/03\/4-221.jpg","datePublished":"2026-03-24T14:22:35+00:00","description":"Nich\u00e9e entre ciel et mer, la Villa Arburu offre l'un des plus beaux panoramas de Corse, avec une vue imprenable sur le golfe de Revellata et son phare","breadcrumb":{"@id":"https:\/\/www.sejourprive.com\/biens\/villa-arburu-calvi-corse-france\/#breadcrumb"},"inLanguage":"en-GB","potentialAction":[{"@type":"ReadAction","target":["https:\/\/www.sejourprive.com\/biens\/villa-arburu-calvi-corse-france\/"]}]},{"@type":"ImageObject","inLanguage":"en-GB","@id":"https:\/\/www.sejourprive.com\/biens\/villa-arburu-calvi-corse-france\/#primaryimage","url":"https:\/\/www.sejourprive.com\/wp-content\/uploads\/2026\/03\/4-221.jpg","contentUrl":"https:\/\/www.sejourprive.com\/wp-content\/uploads\/2026\/03\/4-221.jpg","width":1200,"height":899},{"@type":"BreadcrumbList","@id":"https:\/\/www.sejourprive.com\/biens\/villa-arburu-calvi-corse-france\/#breadcrumb","itemListElement":[{"@type":"ListItem","position":1,"name":"Accueil","item":"https:\/\/www.sejourprive.com\/"},{"@type":"ListItem","position":2,"name":"Shop","item":"https:\/\/www.sejourprive.com\/shop\/"},{"@type":"ListItem","position":3,"name":"Villa Arburu, Calvi, Corse, France"}]},{"@type":"WebSite","@id":"https:\/\/www.sejourprive.com\/#website","url":"https:\/\/www.sejourprive.com\/","name":"Private Stay","description":"We design exceptional holidays for you.","publisher":{"@id":"https:\/\/www.sejourprive.com\/#organization"},"potentialAction":[{"@type":"SearchAction","target":{"@type":"EntryPoint","urlTemplate":"https:\/\/www.sejourprive.com\/?s={search_term_string}"},"query-input":{"@type":"PropertyValueSpecification","valueRequired":true,"valueName":"search_term_string"}}],"inLanguage":"en-GB"},{"@type":"Organization","@id":"https:\/\/www.sejourprive.com\/#organization","name":"Private Stay","url":"https:\/\/www.sejourprive.com\/","logo":{"@type":"ImageObject","inLanguage":"en-GB","@id":"https:\/\/www.sejourprive.com\/#\/schema\/logo\/image\/","url":"https:\/\/www.sejourprive.com\/wp-content\/uploads\/2026\/02\/SP-Apple-touch-144-couleur-1-2.png","contentUrl":"https:\/\/www.sejourprive.com\/wp-content\/uploads\/2026\/02\/SP-Apple-touch-144-couleur-1-2.png","width":145,"height":145,"caption":"S\u00e9jour Priv\u00e9"},"image":{"@id":"https:\/\/www.sejourprive.com\/#\/schema\/logo\/image\/"}}]}},"_links":{"self":[{"href":"https:\/\/www.sejourprive.com\/en\/wp-json\/wp\/v2\/product\/51220","targetHints":{"allow":["GET"]}}],"collection":[{"href":"https:\/\/www.sejourprive.com\/en\/wp-json\/wp\/v2\/product"}],"about":[{"href":"https:\/\/www.sejourprive.com\/en\/wp-json\/wp\/v2\/types\/product"}],"replies":[{"embeddable":true,"href":"https:\/\/www.sejourprive.com\/en\/wp-json\/wp\/v2\/comments?post=51220"}],"version-history":[{"count":0,"href":"https:\/\/www.sejourprive.com\/en\/wp-json\/wp\/v2\/product\/51220\/revisions"}],"wp:featuredmedia":[{"embeddable":true,"href":"https:\/\/www.sejourprive.com\/en\/wp-json\/wp\/v2\/media\/51273"}],"wp:attachment":[{"href":"https:\/\/www.sejourprive.com\/en\/wp-json\/wp\/v2\/media?parent=51220"}],"wp:term":[{"taxonomy":"product_brand","embeddable":true,"href":"https:\/\/www.sejourprive.com\/en\/wp-json\/wp\/v2\/product_brand?post=51220"},{"taxonomy":"product_cat","embeddable":true,"href":"https:\/\/www.sejourprive.com\/en\/wp-json\/wp\/v2\/product_cat?post=51220"},{"taxonomy":"product_tag","embeddable":true,"href":"https:\/\/www.sejourprive.com\/en\/wp-json\/wp\/v2\/product_tag?post=51220"}],"curies":[{"name":"wp","href":"https:\/\/api.w.org\/{rel}","templated":true}]}}

<p>Nichée entre ciel et mer, la Villa Arburu offre l&#8217;un des plus beaux panoramas de Corse, avec une vue imprenable sur le golfe de Revellata et son phare emblématique.<span><div class="read-more-wrapper"><a class="read-more-button" data-target="read-more-69f380071bc04" data-more-text="Read more" data-less-text="Read less"><span class="read-more-text">Read more</span></a><div id="read-more-69f380071bc04" class="read-more-content"> </span></p>
<p>Réveillez-vous face à l&#8217;immensité de la mer, où la piscine à débordement semble se fondre harmonieusement dans l&#8217;horizon. La journée commence en douceur sur la terrasse, caressée par la brise méditerranéenne, avant de se poursuivre par des moments de détente au bord de la piscine ou un apéritif sur la véranda. À mesure que le soleil se couche, le ciel ocre embrase l&#8217;eau, créant l&#8217;atmosphère parfaite pour terminer la journée.</div></div></p>

<p>Nichée entre ciel et mer, la Villa Arburu offre l&#8217;un des plus beaux panoramas de Corse, avec une vue imprenable&#8230;</p>

<!-- This site is optimized with the Yoast SEO plugin v26.6 - https://yoast.com/wordpress/plugins/seo/ -->
<title>Villa Arburu, Calvi, Corse, France - Séjour Privé</title>
<meta name="description" content="Nichée entre ciel et mer, la Villa Arburu offre l&#039;un des plus beaux panoramas de Corse, avec une vue imprenable sur le golfe de Revellata et son phare" />
<meta name="robots" content="index, follow, max-snippet:-1, max-image-preview:large, max-video-preview:-1" />
<link rel="canonical" href="https://www.sejourprive.com/en/biens/villa-arburu-calvi-corse-france/" />
<meta property="og:locale" content="en_GB" />
<meta property="og:type" content="article" />
<meta property="og:title" content="Villa Arburu, Calvi, Corse, France - Séjour Privé" />
<meta property="og:description" content="Nichée entre ciel et mer, la Villa Arburu offre l&#039;un des plus beaux panoramas de Corse, avec une vue imprenable sur le golfe de Revellata et son phare" />
<meta property="og:url" content="https://www.sejourprive.com/en/biens/villa-arburu-calvi-corse-france/" />
<meta property="og:site_name" content="Séjour Privé" />
<meta property="og:image" content="https://www.sejourprive.com/wp-content/uploads/2026/03/4-221.jpg" />
	<meta property="og:image:width" content="1200" />
	<meta property="og:image:height" content="899" />
	<meta property="og:image:type" content="image/jpeg" />
<meta name="twitter:card" content="summary_large_image" />
<meta name="twitter:label1" content="Estimated reading time" />
	<meta name="twitter:data1" content="1 minute" />
<script type="application/ld+json" class="yoast-schema-graph">{"@context":"https://schema.org","@graph":[{"@type":"WebPage","@id":"https://www.sejourprive.com/biens/villa-arburu-calvi-corse-france/","url":"https://www.sejourprive.com/biens/villa-arburu-calvi-corse-france/","name":"Villa Arburu, Calvi, Corse, France - Séjour Privé","isPartOf":{"@id":"https://www.sejourprive.com/#website"},"primaryImageOfPage":{"@id":"https://www.sejourprive.com/biens/villa-arburu-calvi-corse-france/#primaryimage"},"image":{"@id":"https://www.sejourprive.com/biens/villa-arburu-calvi-corse-france/#primaryimage"},"thumbnailUrl":"https://www.sejourprive.com/wp-content/uploads/2026/03/4-221.jpg","datePublished":"2026-03-24T14:22:35+00:00","description":"Nichée entre ciel et mer, la Villa Arburu offre l'un des plus beaux panoramas de Corse, avec une vue imprenable sur le golfe de Revellata et son phare","breadcrumb":{"@id":"https://www.sejourprive.com/biens/villa-arburu-calvi-corse-france/#breadcrumb"},"inLanguage":"en-GB","potentialAction":[{"@type":"ReadAction","target":["https://www.sejourprive.com/biens/villa-arburu-calvi-corse-france/"]}]},{"@type":"ImageObject","inLanguage":"en-GB","@id":"https://www.sejourprive.com/biens/villa-arburu-calvi-corse-france/#primaryimage","url":"https://www.sejourprive.com/wp-content/uploads/2026/03/4-221.jpg","contentUrl":"https://www.sejourprive.com/wp-content/uploads/2026/03/4-221.jpg","width":1200,"height":899},{"@type":"BreadcrumbList","@id":"https://www.sejourprive.com/biens/villa-arburu-calvi-corse-france/#breadcrumb","itemListElement":[{"@type":"ListItem","position":1,"name":"Accueil","item":"https://www.sejourprive.com/"},{"@type":"ListItem","position":2,"name":"Shop","item":"https://www.sejourprive.com/shop/"},{"@type":"ListItem","position":3,"name":"Villa Arburu, Calvi, Corse, France"}]},{"@type":"WebSite","@id":"https://www.sejourprive.com/#website","url":"https://www.sejourprive.com/","name":"Séjour Privé","description":"Nous imaginons pour vous des séjours d’exception.","publisher":{"@id":"https://www.sejourprive.com/#organization"},"potentialAction":[{"@type":"SearchAction","target":{"@type":"EntryPoint","urlTemplate":"https://www.sejourprive.com/?s={search_term_string}"},"query-input":{"@type":"PropertyValueSpecification","valueRequired":true,"valueName":"search_term_string"}}],"inLanguage":"en-GB"},{"@type":"Organization","@id":"https://www.sejourprive.com/#organization","name":"Séjour Privé","url":"https://www.sejourprive.com/","logo":{"@type":"ImageObject","inLanguage":"en-GB","@id":"https://www.sejourprive.com/#/schema/logo/image/","url":"https://www.sejourprive.com/wp-content/uploads/2026/02/SP-Apple-touch-144-couleur-1-2.png","contentUrl":"https://www.sejourprive.com/wp-content/uploads/2026/02/SP-Apple-touch-144-couleur-1-2.png","width":145,"height":145,"caption":"Séjour Privé"},"image":{"@id":"https://www.sejourprive.com/#/schema/logo/image/"}}]}</script>
<!-- / Yoast SEO plugin. -->

Villa Arburu, Calvi, Corse, France - Séjour Privé

Nichée entre ciel et mer, la Villa Arburu offre l'un des plus beaux panoramas de Corse, avec une vue imprenable sur le golfe de Revellata et son phare

Séjour Privé
