{"id":50981,"date":"2026-03-24T15:12:49","date_gmt":"2026-03-24T14:12:49","guid":{"rendered":"https:\/\/www.sejourprive.com\/?post_type=product&#038;p=50981"},"modified":"2026-03-24T15:12:49","modified_gmt":"2026-03-24T14:12:49","slug":"villa-lavezza-bonifacio-corse","status":"publish","type":"product","link":"https:\/\/www.sejourprive.com\/en\/biens\/villa-lavezza-bonifacio-corse\/","title":{"rendered":"Villa Lavezza, Bonifacio, Corsica"},"content":{"rendered":"<p>\u00c0 la pointe sud de Piantarella, la Villa Lavezza \u00e9pouse les lignes du relief pour mieux capter la lumi\u00e8re et les vues sur les \u00eeles Lavezzi, Cavallo et la Sardaigne \u00e0 l\u2019horizon. En hauteur, l\u2019espace de vie s\u2019ouvre sur la mer, suspendu entre ciel et roches.<\/p>\n<p><span><div class=\"read-more-wrapper\"><a class=\"read-more-button\" data-target=\"read-more-69f3b1610759d\" data-more-text=\"Read more\" data-less-text=\"Read less\"><span class=\"read-more-text\">Read more<\/span><\/a><div id=\"read-more-69f3b1610759d\" class=\"read-more-content\"> <\/span>\u00c9veillez-vous loin de l\u2019agitation puis retrouvez la terrasse avec un caf\u00e9 fumant face au large. Descendez le sentier du jardin, longez les pins et plongez dans les eaux limpides de la baie. L\u2019apr\u00e8s-midi, d\u00e9tendez-vous \u00e0 l\u2019ombre ou suivez les sentiers du littoral bord\u00e9s de gen\u00e9vriers. \u00c0 la nuit tomb\u00e9e, la lumi\u00e8re d\u00e9cline doucement et les voix s\u2019apaisent, envelopp\u00e9es par le silence de la c\u00f4te.<\/div><\/div><\/p>","protected":false},"excerpt":{"rendered":"<p>\u00c0 la pointe sud de Piantarella, la Villa Lavezza \u00e9pouse les lignes du relief pour mieux capter la lumi\u00e8re et&#8230;<\/p>","protected":false},"featured_media":51000,"comment_status":"open","ping_status":"closed","template":"","meta":{"_acf_changed":false},"product_brand":[],"product_cat":[15],"product_tag":[],"class_list":{"0":"post-50981","1":"product","2":"type-product","3":"status-publish","4":"has-post-thumbnail","6":"product_cat-villa","7":"property_location-bonifacio","9":"first","10":"instock","11":"sold-individually","12":"shipping-taxable","13":"purchasable","14":"product-type-simple"},"acf":[],"yoast_head":"<!-- This site is optimized with the Yoast SEO plugin v26.6 - https:\/\/yoast.com\/wordpress\/plugins\/seo\/ -->\n<title>Villa Lavezza, Bonifacio, Corse - S\u00e9jour Priv\u00e9<\/title>\n<meta name=\"description\" content=\"\u00c0 la pointe sud de Piantarella, la Villa Lavezza \u00e9pouse les lignes du relief pour mieux capter la lumi\u00e8re et les vues sur les \u00eeles Lavezzi, Cavallo et la\" \/>\n<meta name=\"robots\" content=\"index, follow, max-snippet:-1, max-image-preview:large, max-video-preview:-1\" \/>\n<link rel=\"canonical\" href=\"https:\/\/www.sejourprive.com\/en\/biens\/villa-lavezza-bonifacio-corse\/\" \/>\n<meta property=\"og:locale\" content=\"en_GB\" \/>\n<meta property=\"og:type\" content=\"article\" \/>\n<meta property=\"og:title\" content=\"Villa Lavezza, Bonifacio, Corse - S\u00e9jour Priv\u00e9\" \/>\n<meta property=\"og:description\" content=\"\u00c0 la pointe sud de Piantarella, la Villa Lavezza \u00e9pouse les lignes du relief pour mieux capter la lumi\u00e8re et les vues sur les \u00eeles Lavezzi, Cavallo et la\" \/>\n<meta property=\"og:url\" content=\"https:\/\/www.sejourprive.com\/en\/biens\/villa-lavezza-bonifacio-corse\/\" \/>\n<meta property=\"og:site_name\" content=\"S\u00e9jour Priv\u00e9\" \/>\n<meta property=\"og:image\" content=\"https:\/\/www.sejourprive.com\/wp-content\/uploads\/2026\/03\/1-220.jpg\" \/>\n\t<meta property=\"og:image:width\" content=\"1200\" \/>\n\t<meta property=\"og:image:height\" content=\"899\" \/>\n\t<meta property=\"og:image:type\" content=\"image\/jpeg\" \/>\n<meta name=\"twitter:card\" content=\"summary_large_image\" \/>\n<meta name=\"twitter:label1\" content=\"Estimated reading time\" \/>\n\t<meta name=\"twitter:data1\" content=\"1 minute\" \/>\n<script type=\"application\/ld+json\" class=\"yoast-schema-graph\">{\"@context\":\"https:\/\/schema.org\",\"@graph\":[{\"@type\":\"WebPage\",\"@id\":\"https:\/\/www.sejourprive.com\/biens\/villa-lavezza-bonifacio-corse\/\",\"url\":\"https:\/\/www.sejourprive.com\/biens\/villa-lavezza-bonifacio-corse\/\",\"name\":\"Villa Lavezza, Bonifacio, Corse - S\u00e9jour Priv\u00e9\",\"isPartOf\":{\"@id\":\"https:\/\/www.sejourprive.com\/#website\"},\"primaryImageOfPage\":{\"@id\":\"https:\/\/www.sejourprive.com\/biens\/villa-lavezza-bonifacio-corse\/#primaryimage\"},\"image\":{\"@id\":\"https:\/\/www.sejourprive.com\/biens\/villa-lavezza-bonifacio-corse\/#primaryimage\"},\"thumbnailUrl\":\"https:\/\/www.sejourprive.com\/wp-content\/uploads\/2026\/03\/1-220.jpg\",\"datePublished\":\"2026-03-24T14:12:49+00:00\",\"description\":\"\u00c0 la pointe sud de Piantarella, la Villa Lavezza \u00e9pouse les lignes du relief pour mieux capter la lumi\u00e8re et les vues sur les \u00eeles Lavezzi, Cavallo et la\",\"breadcrumb\":{\"@id\":\"https:\/\/www.sejourprive.com\/biens\/villa-lavezza-bonifacio-corse\/#breadcrumb\"},\"inLanguage\":\"en-GB\",\"potentialAction\":[{\"@type\":\"ReadAction\",\"target\":[\"https:\/\/www.sejourprive.com\/biens\/villa-lavezza-bonifacio-corse\/\"]}]},{\"@type\":\"ImageObject\",\"inLanguage\":\"en-GB\",\"@id\":\"https:\/\/www.sejourprive.com\/biens\/villa-lavezza-bonifacio-corse\/#primaryimage\",\"url\":\"https:\/\/www.sejourprive.com\/wp-content\/uploads\/2026\/03\/1-220.jpg\",\"contentUrl\":\"https:\/\/www.sejourprive.com\/wp-content\/uploads\/2026\/03\/1-220.jpg\",\"width\":1200,\"height\":899},{\"@type\":\"BreadcrumbList\",\"@id\":\"https:\/\/www.sejourprive.com\/biens\/villa-lavezza-bonifacio-corse\/#breadcrumb\",\"itemListElement\":[{\"@type\":\"ListItem\",\"position\":1,\"name\":\"Accueil\",\"item\":\"https:\/\/www.sejourprive.com\/\"},{\"@type\":\"ListItem\",\"position\":2,\"name\":\"Shop\",\"item\":\"https:\/\/www.sejourprive.com\/shop\/\"},{\"@type\":\"ListItem\",\"position\":3,\"name\":\"Villa Lavezza, Bonifacio, Corse\"}]},{\"@type\":\"WebSite\",\"@id\":\"https:\/\/www.sejourprive.com\/#website\",\"url\":\"https:\/\/www.sejourprive.com\/\",\"name\":\"S\u00e9jour Priv\u00e9\",\"description\":\"Nous imaginons pour vous des s\u00e9jours d\u2019exception.\",\"publisher\":{\"@id\":\"https:\/\/www.sejourprive.com\/#organization\"},\"potentialAction\":[{\"@type\":\"SearchAction\",\"target\":{\"@type\":\"EntryPoint\",\"urlTemplate\":\"https:\/\/www.sejourprive.com\/?s={search_term_string}\"},\"query-input\":{\"@type\":\"PropertyValueSpecification\",\"valueRequired\":true,\"valueName\":\"search_term_string\"}}],\"inLanguage\":\"en-GB\"},{\"@type\":\"Organization\",\"@id\":\"https:\/\/www.sejourprive.com\/#organization\",\"name\":\"S\u00e9jour Priv\u00e9\",\"url\":\"https:\/\/www.sejourprive.com\/\",\"logo\":{\"@type\":\"ImageObject\",\"inLanguage\":\"en-GB\",\"@id\":\"https:\/\/www.sejourprive.com\/#\/schema\/logo\/image\/\",\"url\":\"https:\/\/www.sejourprive.com\/wp-content\/uploads\/2026\/02\/SP-Apple-touch-144-couleur-1-2.png\",\"contentUrl\":\"https:\/\/www.sejourprive.com\/wp-content\/uploads\/2026\/02\/SP-Apple-touch-144-couleur-1-2.png\",\"width\":145,\"height\":145,\"caption\":\"S\u00e9jour Priv\u00e9\"},\"image\":{\"@id\":\"https:\/\/www.sejourprive.com\/#\/schema\/logo\/image\/\"}}]}<\/script>\n<!-- \/ Yoast SEO plugin. -->","yoast_head_json":{"title":"Villa Lavezza, Bonifacio, Corse - S\u00e9jour Priv\u00e9","description":"\u00c0 la pointe sud de Piantarella, la Villa Lavezza \u00e9pouse les lignes du relief pour mieux capter la lumi\u00e8re et les vues sur les \u00eeles Lavezzi, Cavallo et la","robots":{"index":"index","follow":"follow","max-snippet":"max-snippet:-1","max-image-preview":"max-image-preview:large","max-video-preview":"max-video-preview:-1"},"canonical":"https:\/\/www.sejourprive.com\/en\/biens\/villa-lavezza-bonifacio-corse\/","og_locale":"en_GB","og_type":"article","og_title":"Villa Lavezza, Bonifacio, Corse - S\u00e9jour Priv\u00e9","og_description":"\u00c0 la pointe sud de Piantarella, la Villa Lavezza \u00e9pouse les lignes du relief pour mieux capter la lumi\u00e8re et les vues sur les \u00eeles Lavezzi, Cavallo et la","og_url":"https:\/\/www.sejourprive.com\/en\/biens\/villa-lavezza-bonifacio-corse\/","og_site_name":"S\u00e9jour Priv\u00e9","og_image":[{"width":1200,"height":899,"url":"https:\/\/www.sejourprive.com\/wp-content\/uploads\/2026\/03\/1-220.jpg","type":"image\/jpeg"}],"twitter_card":"summary_large_image","twitter_misc":{"Estimated reading time":"1 minute"},"schema":{"@context":"https:\/\/schema.org","@graph":[{"@type":"WebPage","@id":"https:\/\/www.sejourprive.com\/biens\/villa-lavezza-bonifacio-corse\/","url":"https:\/\/www.sejourprive.com\/biens\/villa-lavezza-bonifacio-corse\/","name":"Villa Lavezza, Bonifacio, Corse - S\u00e9jour Priv\u00e9","isPartOf":{"@id":"https:\/\/www.sejourprive.com\/#website"},"primaryImageOfPage":{"@id":"https:\/\/www.sejourprive.com\/biens\/villa-lavezza-bonifacio-corse\/#primaryimage"},"image":{"@id":"https:\/\/www.sejourprive.com\/biens\/villa-lavezza-bonifacio-corse\/#primaryimage"},"thumbnailUrl":"https:\/\/www.sejourprive.com\/wp-content\/uploads\/2026\/03\/1-220.jpg","datePublished":"2026-03-24T14:12:49+00:00","description":"\u00c0 la pointe sud de Piantarella, la Villa Lavezza \u00e9pouse les lignes du relief pour mieux capter la lumi\u00e8re et les vues sur les \u00eeles Lavezzi, Cavallo et la","breadcrumb":{"@id":"https:\/\/www.sejourprive.com\/biens\/villa-lavezza-bonifacio-corse\/#breadcrumb"},"inLanguage":"en-GB","potentialAction":[{"@type":"ReadAction","target":["https:\/\/www.sejourprive.com\/biens\/villa-lavezza-bonifacio-corse\/"]}]},{"@type":"ImageObject","inLanguage":"en-GB","@id":"https:\/\/www.sejourprive.com\/biens\/villa-lavezza-bonifacio-corse\/#primaryimage","url":"https:\/\/www.sejourprive.com\/wp-content\/uploads\/2026\/03\/1-220.jpg","contentUrl":"https:\/\/www.sejourprive.com\/wp-content\/uploads\/2026\/03\/1-220.jpg","width":1200,"height":899},{"@type":"BreadcrumbList","@id":"https:\/\/www.sejourprive.com\/biens\/villa-lavezza-bonifacio-corse\/#breadcrumb","itemListElement":[{"@type":"ListItem","position":1,"name":"Accueil","item":"https:\/\/www.sejourprive.com\/"},{"@type":"ListItem","position":2,"name":"Shop","item":"https:\/\/www.sejourprive.com\/shop\/"},{"@type":"ListItem","position":3,"name":"Villa Lavezza, Bonifacio, Corse"}]},{"@type":"WebSite","@id":"https:\/\/www.sejourprive.com\/#website","url":"https:\/\/www.sejourprive.com\/","name":"Private Stay","description":"We design exceptional holidays for you.","publisher":{"@id":"https:\/\/www.sejourprive.com\/#organization"},"potentialAction":[{"@type":"SearchAction","target":{"@type":"EntryPoint","urlTemplate":"https:\/\/www.sejourprive.com\/?s={search_term_string}"},"query-input":{"@type":"PropertyValueSpecification","valueRequired":true,"valueName":"search_term_string"}}],"inLanguage":"en-GB"},{"@type":"Organization","@id":"https:\/\/www.sejourprive.com\/#organization","name":"Private Stay","url":"https:\/\/www.sejourprive.com\/","logo":{"@type":"ImageObject","inLanguage":"en-GB","@id":"https:\/\/www.sejourprive.com\/#\/schema\/logo\/image\/","url":"https:\/\/www.sejourprive.com\/wp-content\/uploads\/2026\/02\/SP-Apple-touch-144-couleur-1-2.png","contentUrl":"https:\/\/www.sejourprive.com\/wp-content\/uploads\/2026\/02\/SP-Apple-touch-144-couleur-1-2.png","width":145,"height":145,"caption":"S\u00e9jour Priv\u00e9"},"image":{"@id":"https:\/\/www.sejourprive.com\/#\/schema\/logo\/image\/"}}]}},"_links":{"self":[{"href":"https:\/\/www.sejourprive.com\/en\/wp-json\/wp\/v2\/product\/50981","targetHints":{"allow":["GET"]}}],"collection":[{"href":"https:\/\/www.sejourprive.com\/en\/wp-json\/wp\/v2\/product"}],"about":[{"href":"https:\/\/www.sejourprive.com\/en\/wp-json\/wp\/v2\/types\/product"}],"replies":[{"embeddable":true,"href":"https:\/\/www.sejourprive.com\/en\/wp-json\/wp\/v2\/comments?post=50981"}],"version-history":[{"count":0,"href":"https:\/\/www.sejourprive.com\/en\/wp-json\/wp\/v2\/product\/50981\/revisions"}],"wp:featuredmedia":[{"embeddable":true,"href":"https:\/\/www.sejourprive.com\/en\/wp-json\/wp\/v2\/media\/51000"}],"wp:attachment":[{"href":"https:\/\/www.sejourprive.com\/en\/wp-json\/wp\/v2\/media?parent=50981"}],"wp:term":[{"taxonomy":"product_brand","embeddable":true,"href":"https:\/\/www.sejourprive.com\/en\/wp-json\/wp\/v2\/product_brand?post=50981"},{"taxonomy":"product_cat","embeddable":true,"href":"https:\/\/www.sejourprive.com\/en\/wp-json\/wp\/v2\/product_cat?post=50981"},{"taxonomy":"product_tag","embeddable":true,"href":"https:\/\/www.sejourprive.com\/en\/wp-json\/wp\/v2\/product_tag?post=50981"}],"curies":[{"name":"wp","href":"https:\/\/api.w.org\/{rel}","templated":true}]}}

<p>À la pointe sud de Piantarella, la Villa Lavezza épouse les lignes du relief pour mieux capter la lumière et les vues sur les îles Lavezzi, Cavallo et la Sardaigne à l’horizon. En hauteur, l’espace de vie s’ouvre sur la mer, suspendu entre ciel et roches.</p>
<p><span><div class="read-more-wrapper"><a class="read-more-button" data-target="read-more-69f3b1610759d" data-more-text="Read more" data-less-text="Read less"><span class="read-more-text">Read more</span></a><div id="read-more-69f3b1610759d" class="read-more-content"> </span>Éveillez-vous loin de l’agitation puis retrouvez la terrasse avec un café fumant face au large. Descendez le sentier du jardin, longez les pins et plongez dans les eaux limpides de la baie. L’après-midi, détendez-vous à l’ombre ou suivez les sentiers du littoral bordés de genévriers. À la nuit tombée, la lumière décline doucement et les voix s’apaisent, enveloppées par le silence de la côte.</div></div></p>

<p>À la pointe sud de Piantarella, la Villa Lavezza épouse les lignes du relief pour mieux capter la lumière et&#8230;</p>

<!-- This site is optimized with the Yoast SEO plugin v26.6 - https://yoast.com/wordpress/plugins/seo/ -->
<title>Villa Lavezza, Bonifacio, Corse - Séjour Privé</title>
<meta name="description" content="À la pointe sud de Piantarella, la Villa Lavezza épouse les lignes du relief pour mieux capter la lumière et les vues sur les îles Lavezzi, Cavallo et la" />
<meta name="robots" content="index, follow, max-snippet:-1, max-image-preview:large, max-video-preview:-1" />
<link rel="canonical" href="https://www.sejourprive.com/en/biens/villa-lavezza-bonifacio-corse/" />
<meta property="og:locale" content="en_GB" />
<meta property="og:type" content="article" />
<meta property="og:title" content="Villa Lavezza, Bonifacio, Corse - Séjour Privé" />
<meta property="og:description" content="À la pointe sud de Piantarella, la Villa Lavezza épouse les lignes du relief pour mieux capter la lumière et les vues sur les îles Lavezzi, Cavallo et la" />
<meta property="og:url" content="https://www.sejourprive.com/en/biens/villa-lavezza-bonifacio-corse/" />
<meta property="og:site_name" content="Séjour Privé" />
<meta property="og:image" content="https://www.sejourprive.com/wp-content/uploads/2026/03/1-220.jpg" />
	<meta property="og:image:width" content="1200" />
	<meta property="og:image:height" content="899" />
	<meta property="og:image:type" content="image/jpeg" />
<meta name="twitter:card" content="summary_large_image" />
<meta name="twitter:label1" content="Estimated reading time" />
	<meta name="twitter:data1" content="1 minute" />
<script type="application/ld+json" class="yoast-schema-graph">{"@context":"https://schema.org","@graph":[{"@type":"WebPage","@id":"https://www.sejourprive.com/biens/villa-lavezza-bonifacio-corse/","url":"https://www.sejourprive.com/biens/villa-lavezza-bonifacio-corse/","name":"Villa Lavezza, Bonifacio, Corse - Séjour Privé","isPartOf":{"@id":"https://www.sejourprive.com/#website"},"primaryImageOfPage":{"@id":"https://www.sejourprive.com/biens/villa-lavezza-bonifacio-corse/#primaryimage"},"image":{"@id":"https://www.sejourprive.com/biens/villa-lavezza-bonifacio-corse/#primaryimage"},"thumbnailUrl":"https://www.sejourprive.com/wp-content/uploads/2026/03/1-220.jpg","datePublished":"2026-03-24T14:12:49+00:00","description":"À la pointe sud de Piantarella, la Villa Lavezza épouse les lignes du relief pour mieux capter la lumière et les vues sur les îles Lavezzi, Cavallo et la","breadcrumb":{"@id":"https://www.sejourprive.com/biens/villa-lavezza-bonifacio-corse/#breadcrumb"},"inLanguage":"en-GB","potentialAction":[{"@type":"ReadAction","target":["https://www.sejourprive.com/biens/villa-lavezza-bonifacio-corse/"]}]},{"@type":"ImageObject","inLanguage":"en-GB","@id":"https://www.sejourprive.com/biens/villa-lavezza-bonifacio-corse/#primaryimage","url":"https://www.sejourprive.com/wp-content/uploads/2026/03/1-220.jpg","contentUrl":"https://www.sejourprive.com/wp-content/uploads/2026/03/1-220.jpg","width":1200,"height":899},{"@type":"BreadcrumbList","@id":"https://www.sejourprive.com/biens/villa-lavezza-bonifacio-corse/#breadcrumb","itemListElement":[{"@type":"ListItem","position":1,"name":"Accueil","item":"https://www.sejourprive.com/"},{"@type":"ListItem","position":2,"name":"Shop","item":"https://www.sejourprive.com/shop/"},{"@type":"ListItem","position":3,"name":"Villa Lavezza, Bonifacio, Corse"}]},{"@type":"WebSite","@id":"https://www.sejourprive.com/#website","url":"https://www.sejourprive.com/","name":"Séjour Privé","description":"Nous imaginons pour vous des séjours d’exception.","publisher":{"@id":"https://www.sejourprive.com/#organization"},"potentialAction":[{"@type":"SearchAction","target":{"@type":"EntryPoint","urlTemplate":"https://www.sejourprive.com/?s={search_term_string}"},"query-input":{"@type":"PropertyValueSpecification","valueRequired":true,"valueName":"search_term_string"}}],"inLanguage":"en-GB"},{"@type":"Organization","@id":"https://www.sejourprive.com/#organization","name":"Séjour Privé","url":"https://www.sejourprive.com/","logo":{"@type":"ImageObject","inLanguage":"en-GB","@id":"https://www.sejourprive.com/#/schema/logo/image/","url":"https://www.sejourprive.com/wp-content/uploads/2026/02/SP-Apple-touch-144-couleur-1-2.png","contentUrl":"https://www.sejourprive.com/wp-content/uploads/2026/02/SP-Apple-touch-144-couleur-1-2.png","width":145,"height":145,"caption":"Séjour Privé"},"image":{"@id":"https://www.sejourprive.com/#/schema/logo/image/"}}]}</script>
<!-- / Yoast SEO plugin. -->

Villa Lavezza, Bonifacio, Corse - Séjour Privé

À la pointe sud de Piantarella, la Villa Lavezza épouse les lignes du relief pour mieux capter la lumière et les vues sur les îles Lavezzi, Cavallo et la

Séjour Privé
