{"id":49831,"date":"2026-03-20T11:50:59","date_gmt":"2026-03-20T10:50:59","guid":{"rendered":"https:\/\/www.sejourprive.com\/?post_type=product&#038;p=49831"},"modified":"2026-03-20T11:50:59","modified_gmt":"2026-03-20T10:50:59","slug":"casa-villata-zonza-region-de-porto-vecchio-corse","status":"publish","type":"product","link":"https:\/\/www.sejourprive.com\/en\/biens\/casa-villata-zonza-region-de-porto-vecchio-corse\/","title":{"rendered":"Casa Villata, Zonza, Porto-Vecchio region, Corsica"},"content":{"rendered":"<p>Perch\u00e9e sur les hauteurs de Porto-Vecchio, la Casa Villata est une retraite sereine envelopp\u00e9e par le charme m\u00e9diterran\u00e9en de la Corse. Elle \u00e9blouit par l&#8217;\u00e9l\u00e9gance raffin\u00e9e de design moderne, tandis que ses spectaculaires baies vitr\u00e9es vous invitent \u00e0 contempler ses vues \u00e0 couper le souffle sur la M\u00e9diterran\u00e9e.<\/p>\n<p><span><div class=\"read-more-wrapper\"><a class=\"read-more-button\" data-target=\"read-more-69f4d4001226f\" data-more-text=\"Read more\" data-less-text=\"Read less\"><span class=\"read-more-text\">Read more<\/span><\/a><div id=\"read-more-69f4d4001226f\" class=\"read-more-content\"> <\/span>Imaginez-vous d\u00e9j\u00e0 vous r\u00e9veiller dans ce havre de paix au son de la douce m\u00e9lodie des oiseaux chanteurs du jardin. Commencez votre journ\u00e9e par un plongeon rafra\u00eechissant dans la piscine ext\u00e9rieure, entour\u00e9e par la v\u00e9g\u00e9tation luxuriante. Au fil de la journ\u00e9e, vous pourrez vous rendre sur l&#8217;iconique plage de St Cyprien, \u00e0 seulement cinq minutes en voiture, ou partir \u00e0 l&#8217;aventure dans l&#8217;un des nombreux centres \u00e9questres de la r\u00e9gion. Le soir venu, rentrez \u00e0 la maison pour r\u00e9unir votre tribu autour d&#8217;un d\u00e9licieux d\u00eener aux saveurs locales, avec pour toile de fond le coucher du soleil sur la mer \u00e9tincelante.<\/div><\/div> <\/p>","protected":false},"excerpt":{"rendered":"<p>Perch\u00e9e sur les hauteurs de Porto-Vecchio, la Casa Villata est une retraite sereine envelopp\u00e9e par le charme m\u00e9diterran\u00e9en de la&#8230;<\/p>","protected":false},"featured_media":49843,"comment_status":"open","ping_status":"closed","template":"","meta":{"_acf_changed":false},"product_brand":[],"product_cat":[15],"product_tag":[],"class_list":{"0":"post-49831","1":"product","2":"type-product","3":"status-publish","4":"has-post-thumbnail","6":"product_cat-villa","7":"property_location-corse","8":"property_location-porto-vecchio","10":"first","11":"instock","12":"sold-individually","13":"shipping-taxable","14":"purchasable","15":"product-type-simple"},"acf":[],"yoast_head":"<!-- This site is optimized with the Yoast SEO plugin v26.6 - https:\/\/yoast.com\/wordpress\/plugins\/seo\/ -->\n<title>Casa Villata, Zonza, R\u00e9gion de Porto-Vecchio, Corse - S\u00e9jour Priv\u00e9<\/title>\n<meta name=\"description\" content=\"Perch\u00e9e sur les hauteurs de Porto-Vecchio, la Casa Villata est une retraite sereine envelopp\u00e9e par le charme m\u00e9diterran\u00e9en de la Corse. Elle \u00e9blouit par\" \/>\n<meta name=\"robots\" content=\"index, follow, max-snippet:-1, max-image-preview:large, max-video-preview:-1\" \/>\n<link rel=\"canonical\" href=\"https:\/\/www.sejourprive.com\/en\/biens\/casa-villata-zonza-region-de-porto-vecchio-corse\/\" \/>\n<meta property=\"og:locale\" content=\"en_GB\" \/>\n<meta property=\"og:type\" content=\"article\" \/>\n<meta property=\"og:title\" content=\"Casa Villata, Zonza, R\u00e9gion de Porto-Vecchio, Corse - S\u00e9jour Priv\u00e9\" \/>\n<meta property=\"og:description\" content=\"Perch\u00e9e sur les hauteurs de Porto-Vecchio, la Casa Villata est une retraite sereine envelopp\u00e9e par le charme m\u00e9diterran\u00e9en de la Corse. Elle \u00e9blouit par\" \/>\n<meta property=\"og:url\" content=\"https:\/\/www.sejourprive.com\/en\/biens\/casa-villata-zonza-region-de-porto-vecchio-corse\/\" \/>\n<meta property=\"og:site_name\" content=\"S\u00e9jour Priv\u00e9\" \/>\n<meta property=\"og:image\" content=\"https:\/\/www.sejourprive.com\/wp-content\/uploads\/2026\/03\/0-190.jpg\" \/>\n\t<meta property=\"og:image:width\" content=\"1200\" \/>\n\t<meta property=\"og:image:height\" content=\"800\" \/>\n\t<meta property=\"og:image:type\" content=\"image\/jpeg\" \/>\n<meta name=\"twitter:card\" content=\"summary_large_image\" \/>\n<meta name=\"twitter:label1\" content=\"Estimated reading time\" \/>\n\t<meta name=\"twitter:data1\" content=\"1 minute\" \/>\n<script type=\"application\/ld+json\" class=\"yoast-schema-graph\">{\"@context\":\"https:\/\/schema.org\",\"@graph\":[{\"@type\":\"WebPage\",\"@id\":\"https:\/\/www.sejourprive.com\/biens\/casa-villata-zonza-region-de-porto-vecchio-corse\/\",\"url\":\"https:\/\/www.sejourprive.com\/biens\/casa-villata-zonza-region-de-porto-vecchio-corse\/\",\"name\":\"Casa Villata, Zonza, R\u00e9gion de Porto-Vecchio, Corse - S\u00e9jour Priv\u00e9\",\"isPartOf\":{\"@id\":\"https:\/\/www.sejourprive.com\/#website\"},\"primaryImageOfPage\":{\"@id\":\"https:\/\/www.sejourprive.com\/biens\/casa-villata-zonza-region-de-porto-vecchio-corse\/#primaryimage\"},\"image\":{\"@id\":\"https:\/\/www.sejourprive.com\/biens\/casa-villata-zonza-region-de-porto-vecchio-corse\/#primaryimage\"},\"thumbnailUrl\":\"https:\/\/www.sejourprive.com\/wp-content\/uploads\/2026\/03\/0-190.jpg\",\"datePublished\":\"2026-03-20T10:50:59+00:00\",\"description\":\"Perch\u00e9e sur les hauteurs de Porto-Vecchio, la Casa Villata est une retraite sereine envelopp\u00e9e par le charme m\u00e9diterran\u00e9en de la Corse. Elle \u00e9blouit par\",\"breadcrumb\":{\"@id\":\"https:\/\/www.sejourprive.com\/biens\/casa-villata-zonza-region-de-porto-vecchio-corse\/#breadcrumb\"},\"inLanguage\":\"en-GB\",\"potentialAction\":[{\"@type\":\"ReadAction\",\"target\":[\"https:\/\/www.sejourprive.com\/biens\/casa-villata-zonza-region-de-porto-vecchio-corse\/\"]}]},{\"@type\":\"ImageObject\",\"inLanguage\":\"en-GB\",\"@id\":\"https:\/\/www.sejourprive.com\/biens\/casa-villata-zonza-region-de-porto-vecchio-corse\/#primaryimage\",\"url\":\"https:\/\/www.sejourprive.com\/wp-content\/uploads\/2026\/03\/0-190.jpg\",\"contentUrl\":\"https:\/\/www.sejourprive.com\/wp-content\/uploads\/2026\/03\/0-190.jpg\",\"width\":1200,\"height\":800},{\"@type\":\"BreadcrumbList\",\"@id\":\"https:\/\/www.sejourprive.com\/biens\/casa-villata-zonza-region-de-porto-vecchio-corse\/#breadcrumb\",\"itemListElement\":[{\"@type\":\"ListItem\",\"position\":1,\"name\":\"Accueil\",\"item\":\"https:\/\/www.sejourprive.com\/\"},{\"@type\":\"ListItem\",\"position\":2,\"name\":\"Shop\",\"item\":\"https:\/\/www.sejourprive.com\/shop\/\"},{\"@type\":\"ListItem\",\"position\":3,\"name\":\"Casa Villata, Zonza, R\u00e9gion de Porto-Vecchio, Corse\"}]},{\"@type\":\"WebSite\",\"@id\":\"https:\/\/www.sejourprive.com\/#website\",\"url\":\"https:\/\/www.sejourprive.com\/\",\"name\":\"S\u00e9jour Priv\u00e9\",\"description\":\"Nous imaginons pour vous des s\u00e9jours d\u2019exception.\",\"publisher\":{\"@id\":\"https:\/\/www.sejourprive.com\/#organization\"},\"potentialAction\":[{\"@type\":\"SearchAction\",\"target\":{\"@type\":\"EntryPoint\",\"urlTemplate\":\"https:\/\/www.sejourprive.com\/?s={search_term_string}\"},\"query-input\":{\"@type\":\"PropertyValueSpecification\",\"valueRequired\":true,\"valueName\":\"search_term_string\"}}],\"inLanguage\":\"en-GB\"},{\"@type\":\"Organization\",\"@id\":\"https:\/\/www.sejourprive.com\/#organization\",\"name\":\"S\u00e9jour Priv\u00e9\",\"url\":\"https:\/\/www.sejourprive.com\/\",\"logo\":{\"@type\":\"ImageObject\",\"inLanguage\":\"en-GB\",\"@id\":\"https:\/\/www.sejourprive.com\/#\/schema\/logo\/image\/\",\"url\":\"https:\/\/www.sejourprive.com\/wp-content\/uploads\/2026\/02\/SP-Apple-touch-144-couleur-1-2.png\",\"contentUrl\":\"https:\/\/www.sejourprive.com\/wp-content\/uploads\/2026\/02\/SP-Apple-touch-144-couleur-1-2.png\",\"width\":145,\"height\":145,\"caption\":\"S\u00e9jour Priv\u00e9\"},\"image\":{\"@id\":\"https:\/\/www.sejourprive.com\/#\/schema\/logo\/image\/\"}}]}<\/script>\n<!-- \/ Yoast SEO plugin. -->","yoast_head_json":{"title":"Casa Villata, Zonza, R\u00e9gion de Porto-Vecchio, Corse - S\u00e9jour Priv\u00e9","description":"Perch\u00e9e sur les hauteurs de Porto-Vecchio, la Casa Villata est une retraite sereine envelopp\u00e9e par le charme m\u00e9diterran\u00e9en de la Corse. Elle \u00e9blouit par","robots":{"index":"index","follow":"follow","max-snippet":"max-snippet:-1","max-image-preview":"max-image-preview:large","max-video-preview":"max-video-preview:-1"},"canonical":"https:\/\/www.sejourprive.com\/en\/biens\/casa-villata-zonza-region-de-porto-vecchio-corse\/","og_locale":"en_GB","og_type":"article","og_title":"Casa Villata, Zonza, R\u00e9gion de Porto-Vecchio, Corse - S\u00e9jour Priv\u00e9","og_description":"Perch\u00e9e sur les hauteurs de Porto-Vecchio, la Casa Villata est une retraite sereine envelopp\u00e9e par le charme m\u00e9diterran\u00e9en de la Corse. Elle \u00e9blouit par","og_url":"https:\/\/www.sejourprive.com\/en\/biens\/casa-villata-zonza-region-de-porto-vecchio-corse\/","og_site_name":"S\u00e9jour Priv\u00e9","og_image":[{"width":1200,"height":800,"url":"https:\/\/www.sejourprive.com\/wp-content\/uploads\/2026\/03\/0-190.jpg","type":"image\/jpeg"}],"twitter_card":"summary_large_image","twitter_misc":{"Estimated reading time":"1 minute"},"schema":{"@context":"https:\/\/schema.org","@graph":[{"@type":"WebPage","@id":"https:\/\/www.sejourprive.com\/biens\/casa-villata-zonza-region-de-porto-vecchio-corse\/","url":"https:\/\/www.sejourprive.com\/biens\/casa-villata-zonza-region-de-porto-vecchio-corse\/","name":"Casa Villata, Zonza, R\u00e9gion de Porto-Vecchio, Corse - S\u00e9jour Priv\u00e9","isPartOf":{"@id":"https:\/\/www.sejourprive.com\/#website"},"primaryImageOfPage":{"@id":"https:\/\/www.sejourprive.com\/biens\/casa-villata-zonza-region-de-porto-vecchio-corse\/#primaryimage"},"image":{"@id":"https:\/\/www.sejourprive.com\/biens\/casa-villata-zonza-region-de-porto-vecchio-corse\/#primaryimage"},"thumbnailUrl":"https:\/\/www.sejourprive.com\/wp-content\/uploads\/2026\/03\/0-190.jpg","datePublished":"2026-03-20T10:50:59+00:00","description":"Perch\u00e9e sur les hauteurs de Porto-Vecchio, la Casa Villata est une retraite sereine envelopp\u00e9e par le charme m\u00e9diterran\u00e9en de la Corse. Elle \u00e9blouit par","breadcrumb":{"@id":"https:\/\/www.sejourprive.com\/biens\/casa-villata-zonza-region-de-porto-vecchio-corse\/#breadcrumb"},"inLanguage":"en-GB","potentialAction":[{"@type":"ReadAction","target":["https:\/\/www.sejourprive.com\/biens\/casa-villata-zonza-region-de-porto-vecchio-corse\/"]}]},{"@type":"ImageObject","inLanguage":"en-GB","@id":"https:\/\/www.sejourprive.com\/biens\/casa-villata-zonza-region-de-porto-vecchio-corse\/#primaryimage","url":"https:\/\/www.sejourprive.com\/wp-content\/uploads\/2026\/03\/0-190.jpg","contentUrl":"https:\/\/www.sejourprive.com\/wp-content\/uploads\/2026\/03\/0-190.jpg","width":1200,"height":800},{"@type":"BreadcrumbList","@id":"https:\/\/www.sejourprive.com\/biens\/casa-villata-zonza-region-de-porto-vecchio-corse\/#breadcrumb","itemListElement":[{"@type":"ListItem","position":1,"name":"Accueil","item":"https:\/\/www.sejourprive.com\/"},{"@type":"ListItem","position":2,"name":"Shop","item":"https:\/\/www.sejourprive.com\/shop\/"},{"@type":"ListItem","position":3,"name":"Casa Villata, Zonza, R\u00e9gion de Porto-Vecchio, Corse"}]},{"@type":"WebSite","@id":"https:\/\/www.sejourprive.com\/#website","url":"https:\/\/www.sejourprive.com\/","name":"Private Stay","description":"We design exceptional holidays for you.","publisher":{"@id":"https:\/\/www.sejourprive.com\/#organization"},"potentialAction":[{"@type":"SearchAction","target":{"@type":"EntryPoint","urlTemplate":"https:\/\/www.sejourprive.com\/?s={search_term_string}"},"query-input":{"@type":"PropertyValueSpecification","valueRequired":true,"valueName":"search_term_string"}}],"inLanguage":"en-GB"},{"@type":"Organization","@id":"https:\/\/www.sejourprive.com\/#organization","name":"Private Stay","url":"https:\/\/www.sejourprive.com\/","logo":{"@type":"ImageObject","inLanguage":"en-GB","@id":"https:\/\/www.sejourprive.com\/#\/schema\/logo\/image\/","url":"https:\/\/www.sejourprive.com\/wp-content\/uploads\/2026\/02\/SP-Apple-touch-144-couleur-1-2.png","contentUrl":"https:\/\/www.sejourprive.com\/wp-content\/uploads\/2026\/02\/SP-Apple-touch-144-couleur-1-2.png","width":145,"height":145,"caption":"S\u00e9jour Priv\u00e9"},"image":{"@id":"https:\/\/www.sejourprive.com\/#\/schema\/logo\/image\/"}}]}},"_links":{"self":[{"href":"https:\/\/www.sejourprive.com\/en\/wp-json\/wp\/v2\/product\/49831","targetHints":{"allow":["GET"]}}],"collection":[{"href":"https:\/\/www.sejourprive.com\/en\/wp-json\/wp\/v2\/product"}],"about":[{"href":"https:\/\/www.sejourprive.com\/en\/wp-json\/wp\/v2\/types\/product"}],"replies":[{"embeddable":true,"href":"https:\/\/www.sejourprive.com\/en\/wp-json\/wp\/v2\/comments?post=49831"}],"version-history":[{"count":0,"href":"https:\/\/www.sejourprive.com\/en\/wp-json\/wp\/v2\/product\/49831\/revisions"}],"wp:featuredmedia":[{"embeddable":true,"href":"https:\/\/www.sejourprive.com\/en\/wp-json\/wp\/v2\/media\/49843"}],"wp:attachment":[{"href":"https:\/\/www.sejourprive.com\/en\/wp-json\/wp\/v2\/media?parent=49831"}],"wp:term":[{"taxonomy":"product_brand","embeddable":true,"href":"https:\/\/www.sejourprive.com\/en\/wp-json\/wp\/v2\/product_brand?post=49831"},{"taxonomy":"product_cat","embeddable":true,"href":"https:\/\/www.sejourprive.com\/en\/wp-json\/wp\/v2\/product_cat?post=49831"},{"taxonomy":"product_tag","embeddable":true,"href":"https:\/\/www.sejourprive.com\/en\/wp-json\/wp\/v2\/product_tag?post=49831"}],"curies":[{"name":"wp","href":"https:\/\/api.w.org\/{rel}","templated":true}]}}

<p>Perchée sur les hauteurs de Porto-Vecchio, la Casa Villata est une retraite sereine enveloppée par le charme méditerranéen de la Corse. Elle éblouit par l&#8217;élégance raffinée de design moderne, tandis que ses spectaculaires baies vitrées vous invitent à contempler ses vues à couper le souffle sur la Méditerranée.</p>
<p><span><div class="read-more-wrapper"><a class="read-more-button" data-target="read-more-69f4d4001226f" data-more-text="Read more" data-less-text="Read less"><span class="read-more-text">Read more</span></a><div id="read-more-69f4d4001226f" class="read-more-content"> </span>Imaginez-vous déjà vous réveiller dans ce havre de paix au son de la douce mélodie des oiseaux chanteurs du jardin. Commencez votre journée par un plongeon rafraîchissant dans la piscine extérieure, entourée par la végétation luxuriante. Au fil de la journée, vous pourrez vous rendre sur l&#8217;iconique plage de St Cyprien, à seulement cinq minutes en voiture, ou partir à l&#8217;aventure dans l&#8217;un des nombreux centres équestres de la région. Le soir venu, rentrez à la maison pour réunir votre tribu autour d&#8217;un délicieux dîner aux saveurs locales, avec pour toile de fond le coucher du soleil sur la mer étincelante.</div></div> </p>

<p>Perchée sur les hauteurs de Porto-Vecchio, la Casa Villata est une retraite sereine enveloppée par le charme méditerranéen de la&#8230;</p>

<!-- This site is optimized with the Yoast SEO plugin v26.6 - https://yoast.com/wordpress/plugins/seo/ -->
<title>Casa Villata, Zonza, Région de Porto-Vecchio, Corse - Séjour Privé</title>
<meta name="description" content="Perchée sur les hauteurs de Porto-Vecchio, la Casa Villata est une retraite sereine enveloppée par le charme méditerranéen de la Corse. Elle éblouit par" />
<meta name="robots" content="index, follow, max-snippet:-1, max-image-preview:large, max-video-preview:-1" />
<link rel="canonical" href="https://www.sejourprive.com/en/biens/casa-villata-zonza-region-de-porto-vecchio-corse/" />
<meta property="og:locale" content="en_GB" />
<meta property="og:type" content="article" />
<meta property="og:title" content="Casa Villata, Zonza, Région de Porto-Vecchio, Corse - Séjour Privé" />
<meta property="og:description" content="Perchée sur les hauteurs de Porto-Vecchio, la Casa Villata est une retraite sereine enveloppée par le charme méditerranéen de la Corse. Elle éblouit par" />
<meta property="og:url" content="https://www.sejourprive.com/en/biens/casa-villata-zonza-region-de-porto-vecchio-corse/" />
<meta property="og:site_name" content="Séjour Privé" />
<meta property="og:image" content="https://www.sejourprive.com/wp-content/uploads/2026/03/0-190.jpg" />
	<meta property="og:image:width" content="1200" />
	<meta property="og:image:height" content="800" />
	<meta property="og:image:type" content="image/jpeg" />
<meta name="twitter:card" content="summary_large_image" />
<meta name="twitter:label1" content="Estimated reading time" />
	<meta name="twitter:data1" content="1 minute" />
<script type="application/ld+json" class="yoast-schema-graph">{"@context":"https://schema.org","@graph":[{"@type":"WebPage","@id":"https://www.sejourprive.com/biens/casa-villata-zonza-region-de-porto-vecchio-corse/","url":"https://www.sejourprive.com/biens/casa-villata-zonza-region-de-porto-vecchio-corse/","name":"Casa Villata, Zonza, Région de Porto-Vecchio, Corse - Séjour Privé","isPartOf":{"@id":"https://www.sejourprive.com/#website"},"primaryImageOfPage":{"@id":"https://www.sejourprive.com/biens/casa-villata-zonza-region-de-porto-vecchio-corse/#primaryimage"},"image":{"@id":"https://www.sejourprive.com/biens/casa-villata-zonza-region-de-porto-vecchio-corse/#primaryimage"},"thumbnailUrl":"https://www.sejourprive.com/wp-content/uploads/2026/03/0-190.jpg","datePublished":"2026-03-20T10:50:59+00:00","description":"Perchée sur les hauteurs de Porto-Vecchio, la Casa Villata est une retraite sereine enveloppée par le charme méditerranéen de la Corse. Elle éblouit par","breadcrumb":{"@id":"https://www.sejourprive.com/biens/casa-villata-zonza-region-de-porto-vecchio-corse/#breadcrumb"},"inLanguage":"en-GB","potentialAction":[{"@type":"ReadAction","target":["https://www.sejourprive.com/biens/casa-villata-zonza-region-de-porto-vecchio-corse/"]}]},{"@type":"ImageObject","inLanguage":"en-GB","@id":"https://www.sejourprive.com/biens/casa-villata-zonza-region-de-porto-vecchio-corse/#primaryimage","url":"https://www.sejourprive.com/wp-content/uploads/2026/03/0-190.jpg","contentUrl":"https://www.sejourprive.com/wp-content/uploads/2026/03/0-190.jpg","width":1200,"height":800},{"@type":"BreadcrumbList","@id":"https://www.sejourprive.com/biens/casa-villata-zonza-region-de-porto-vecchio-corse/#breadcrumb","itemListElement":[{"@type":"ListItem","position":1,"name":"Accueil","item":"https://www.sejourprive.com/"},{"@type":"ListItem","position":2,"name":"Shop","item":"https://www.sejourprive.com/shop/"},{"@type":"ListItem","position":3,"name":"Casa Villata, Zonza, Région de Porto-Vecchio, Corse"}]},{"@type":"WebSite","@id":"https://www.sejourprive.com/#website","url":"https://www.sejourprive.com/","name":"Séjour Privé","description":"Nous imaginons pour vous des séjours d’exception.","publisher":{"@id":"https://www.sejourprive.com/#organization"},"potentialAction":[{"@type":"SearchAction","target":{"@type":"EntryPoint","urlTemplate":"https://www.sejourprive.com/?s={search_term_string}"},"query-input":{"@type":"PropertyValueSpecification","valueRequired":true,"valueName":"search_term_string"}}],"inLanguage":"en-GB"},{"@type":"Organization","@id":"https://www.sejourprive.com/#organization","name":"Séjour Privé","url":"https://www.sejourprive.com/","logo":{"@type":"ImageObject","inLanguage":"en-GB","@id":"https://www.sejourprive.com/#/schema/logo/image/","url":"https://www.sejourprive.com/wp-content/uploads/2026/02/SP-Apple-touch-144-couleur-1-2.png","contentUrl":"https://www.sejourprive.com/wp-content/uploads/2026/02/SP-Apple-touch-144-couleur-1-2.png","width":145,"height":145,"caption":"Séjour Privé"},"image":{"@id":"https://www.sejourprive.com/#/schema/logo/image/"}}]}</script>
<!-- / Yoast SEO plugin. -->

Casa Villata, Zonza, Région de Porto-Vecchio, Corse - Séjour Privé

Perchée sur les hauteurs de Porto-Vecchio, la Casa Villata est une retraite sereine enveloppée par le charme méditerranéen de la Corse. Elle éblouit par

Séjour Privé

Casa Villata, Zonza, Région de Porto-Vecchio, Corse
