{"id":49572,"date":"2026-03-20T11:56:03","date_gmt":"2026-03-20T10:56:03","guid":{"rendered":"https:\/\/www.sejourprive.com\/?post_type=product&#038;p=49572"},"modified":"2026-03-20T11:56:03","modified_gmt":"2026-03-20T10:56:03","slug":"villa-laela-porto-vecchio-corse","status":"publish","type":"product","link":"https:\/\/www.sejourprive.com\/en\/biens\/villa-laela-porto-vecchio-corse\/","title":{"rendered":"Villa Laela, Porto-Vecchio, Corsica"},"content":{"rendered":"<p>Surplombant la mer, cette villa est un bijou d\u2019architecture moderne tout en bois et b\u00e9ton cir\u00e9 couleur terre cuite. Sous la pergola, le vert intense des plantes tropicales tranche avec les coussins rouge vif. <span><div class=\"read-more-wrapper\"><a class=\"read-more-button\" data-target=\"read-more-69f53d5aaa30c\" data-more-text=\"Read more\" data-less-text=\"Read less\"><span class=\"read-more-text\">Read more<\/span><\/a><div id=\"read-more-69f53d5aaa30c\" class=\"read-more-content\"> <\/span>A l\u2019int\u00e9rieur, on retrouve ce m\u00eame m\u00e9lange de couleur sur les chaises  scandinave, les vases color\u00e9s et les pi\u00e8ces d\u2019art contemporain. D\u2019un c\u00f4t\u00e9 du salon pas de t\u00e9l\u00e9vision : d\u2019un c\u00f4t\u00e9, une grande banquette arrondie fait face \u00e0 la chemin\u00e9e. De l\u2019autre, les canap\u00e9s en acier et cuir noir sont tourn\u00e9s vers la gigantesque baie vitr\u00e9e, qui s\u2019ouvre enti\u00e8rement sur la terrasse en bois et l\u2019immensit\u00e9 bleue de la M\u00e9diterran\u00e9e. A l\u2019\u00e9tage, on d\u00e9couvre une salle de bain minimaliste et un hammam en b\u00e9ton cir\u00e9 gris.<\/p>\n<p>Depuis la villa, on peut facilement rejoindre la baie de Santa Giuilia, consid\u00e9r\u00e9e comme l\u2019une des plus belles plages de Corse. On peut aussi rester \u00e0 la villa et faire bronzette au bord de la piscine \u00e0 d\u00e9bordement, qui semble se prolonger jusqu\u2019\u00e0 la mer. A la tomb\u00e9e de la nuit, on monte sur le toit-terrasse pour admirer les \u00e9toiles, puis on se retrouve dans l\u2019intimit\u00e9 du patio pour d\u00e9guster un verre de vin et une assiette de charcuterie corse.<\/div><\/div><\/p>","protected":false},"excerpt":{"rendered":"<p>Surplombant la mer, cette villa est un bijou d\u2019architecture moderne tout en bois et b\u00e9ton cir\u00e9 couleur terre cuite. Sous&#8230;<\/p>","protected":false},"featured_media":49586,"comment_status":"open","ping_status":"closed","template":"","meta":{"_acf_changed":false},"product_brand":[],"product_cat":[15],"product_tag":[],"class_list":{"0":"post-49572","1":"product","2":"type-product","3":"status-publish","4":"has-post-thumbnail","6":"product_cat-villa","7":"property_location-corse","8":"property_location-porto-vecchio","10":"first","11":"instock","12":"sold-individually","13":"shipping-taxable","14":"purchasable","15":"product-type-simple"},"acf":[],"yoast_head":"<!-- This site is optimized with the Yoast SEO plugin v26.6 - https:\/\/yoast.com\/wordpress\/plugins\/seo\/ -->\n<title>Villa Laela, Porto-Vecchio, Corse - S\u00e9jour Priv\u00e9<\/title>\n<meta name=\"description\" content=\"Surplombant la mer, cette villa est un bijou d\u2019architecture moderne tout en bois et b\u00e9ton cir\u00e9 couleur terre cuite. Sous la pergola, le vert intense des\" \/>\n<meta name=\"robots\" content=\"index, follow, max-snippet:-1, max-image-preview:large, max-video-preview:-1\" \/>\n<link rel=\"canonical\" href=\"https:\/\/www.sejourprive.com\/en\/biens\/villa-laela-porto-vecchio-corse\/\" \/>\n<meta property=\"og:locale\" content=\"en_GB\" \/>\n<meta property=\"og:type\" content=\"article\" \/>\n<meta property=\"og:title\" content=\"Villa Laela, Porto-Vecchio, Corse - S\u00e9jour Priv\u00e9\" \/>\n<meta property=\"og:description\" content=\"Surplombant la mer, cette villa est un bijou d\u2019architecture moderne tout en bois et b\u00e9ton cir\u00e9 couleur terre cuite. Sous la pergola, le vert intense des\" \/>\n<meta property=\"og:url\" content=\"https:\/\/www.sejourprive.com\/en\/biens\/villa-laela-porto-vecchio-corse\/\" \/>\n<meta property=\"og:site_name\" content=\"S\u00e9jour Priv\u00e9\" \/>\n<meta property=\"og:image\" content=\"https:\/\/www.sejourprive.com\/wp-content\/uploads\/2026\/03\/0-184.jpg\" \/>\n\t<meta property=\"og:image:width\" content=\"1200\" \/>\n\t<meta property=\"og:image:height\" content=\"799\" \/>\n\t<meta property=\"og:image:type\" content=\"image\/jpeg\" \/>\n<meta name=\"twitter:card\" content=\"summary_large_image\" \/>\n<meta name=\"twitter:label1\" content=\"Estimated reading time\" \/>\n\t<meta name=\"twitter:data1\" content=\"2 minutes\" \/>\n<script type=\"application\/ld+json\" class=\"yoast-schema-graph\">{\"@context\":\"https:\/\/schema.org\",\"@graph\":[{\"@type\":\"WebPage\",\"@id\":\"https:\/\/www.sejourprive.com\/biens\/villa-laela-porto-vecchio-corse\/\",\"url\":\"https:\/\/www.sejourprive.com\/biens\/villa-laela-porto-vecchio-corse\/\",\"name\":\"Villa Laela, Porto-Vecchio, Corse - S\u00e9jour Priv\u00e9\",\"isPartOf\":{\"@id\":\"https:\/\/www.sejourprive.com\/#website\"},\"primaryImageOfPage\":{\"@id\":\"https:\/\/www.sejourprive.com\/biens\/villa-laela-porto-vecchio-corse\/#primaryimage\"},\"image\":{\"@id\":\"https:\/\/www.sejourprive.com\/biens\/villa-laela-porto-vecchio-corse\/#primaryimage\"},\"thumbnailUrl\":\"https:\/\/www.sejourprive.com\/wp-content\/uploads\/2026\/03\/0-184.jpg\",\"datePublished\":\"2026-03-20T10:56:03+00:00\",\"description\":\"Surplombant la mer, cette villa est un bijou d\u2019architecture moderne tout en bois et b\u00e9ton cir\u00e9 couleur terre cuite. Sous la pergola, le vert intense des\",\"breadcrumb\":{\"@id\":\"https:\/\/www.sejourprive.com\/biens\/villa-laela-porto-vecchio-corse\/#breadcrumb\"},\"inLanguage\":\"en-GB\",\"potentialAction\":[{\"@type\":\"ReadAction\",\"target\":[\"https:\/\/www.sejourprive.com\/biens\/villa-laela-porto-vecchio-corse\/\"]}]},{\"@type\":\"ImageObject\",\"inLanguage\":\"en-GB\",\"@id\":\"https:\/\/www.sejourprive.com\/biens\/villa-laela-porto-vecchio-corse\/#primaryimage\",\"url\":\"https:\/\/www.sejourprive.com\/wp-content\/uploads\/2026\/03\/0-184.jpg\",\"contentUrl\":\"https:\/\/www.sejourprive.com\/wp-content\/uploads\/2026\/03\/0-184.jpg\",\"width\":1200,\"height\":799},{\"@type\":\"BreadcrumbList\",\"@id\":\"https:\/\/www.sejourprive.com\/biens\/villa-laela-porto-vecchio-corse\/#breadcrumb\",\"itemListElement\":[{\"@type\":\"ListItem\",\"position\":1,\"name\":\"Accueil\",\"item\":\"https:\/\/www.sejourprive.com\/\"},{\"@type\":\"ListItem\",\"position\":2,\"name\":\"Shop\",\"item\":\"https:\/\/www.sejourprive.com\/shop\/\"},{\"@type\":\"ListItem\",\"position\":3,\"name\":\"Villa Laela, Porto-Vecchio, Corse\"}]},{\"@type\":\"WebSite\",\"@id\":\"https:\/\/www.sejourprive.com\/#website\",\"url\":\"https:\/\/www.sejourprive.com\/\",\"name\":\"S\u00e9jour Priv\u00e9\",\"description\":\"Nous imaginons pour vous des s\u00e9jours d\u2019exception.\",\"publisher\":{\"@id\":\"https:\/\/www.sejourprive.com\/#organization\"},\"potentialAction\":[{\"@type\":\"SearchAction\",\"target\":{\"@type\":\"EntryPoint\",\"urlTemplate\":\"https:\/\/www.sejourprive.com\/?s={search_term_string}\"},\"query-input\":{\"@type\":\"PropertyValueSpecification\",\"valueRequired\":true,\"valueName\":\"search_term_string\"}}],\"inLanguage\":\"en-GB\"},{\"@type\":\"Organization\",\"@id\":\"https:\/\/www.sejourprive.com\/#organization\",\"name\":\"S\u00e9jour Priv\u00e9\",\"url\":\"https:\/\/www.sejourprive.com\/\",\"logo\":{\"@type\":\"ImageObject\",\"inLanguage\":\"en-GB\",\"@id\":\"https:\/\/www.sejourprive.com\/#\/schema\/logo\/image\/\",\"url\":\"https:\/\/www.sejourprive.com\/wp-content\/uploads\/2026\/02\/SP-Apple-touch-144-couleur-1-2.png\",\"contentUrl\":\"https:\/\/www.sejourprive.com\/wp-content\/uploads\/2026\/02\/SP-Apple-touch-144-couleur-1-2.png\",\"width\":145,\"height\":145,\"caption\":\"S\u00e9jour Priv\u00e9\"},\"image\":{\"@id\":\"https:\/\/www.sejourprive.com\/#\/schema\/logo\/image\/\"}}]}<\/script>\n<!-- \/ Yoast SEO plugin. -->","yoast_head_json":{"title":"Villa Laela, Porto-Vecchio, Corse - S\u00e9jour Priv\u00e9","description":"Surplombant la mer, cette villa est un bijou d\u2019architecture moderne tout en bois et b\u00e9ton cir\u00e9 couleur terre cuite. Sous la pergola, le vert intense des","robots":{"index":"index","follow":"follow","max-snippet":"max-snippet:-1","max-image-preview":"max-image-preview:large","max-video-preview":"max-video-preview:-1"},"canonical":"https:\/\/www.sejourprive.com\/en\/biens\/villa-laela-porto-vecchio-corse\/","og_locale":"en_GB","og_type":"article","og_title":"Villa Laela, Porto-Vecchio, Corse - S\u00e9jour Priv\u00e9","og_description":"Surplombant la mer, cette villa est un bijou d\u2019architecture moderne tout en bois et b\u00e9ton cir\u00e9 couleur terre cuite. Sous la pergola, le vert intense des","og_url":"https:\/\/www.sejourprive.com\/en\/biens\/villa-laela-porto-vecchio-corse\/","og_site_name":"S\u00e9jour Priv\u00e9","og_image":[{"width":1200,"height":799,"url":"https:\/\/www.sejourprive.com\/wp-content\/uploads\/2026\/03\/0-184.jpg","type":"image\/jpeg"}],"twitter_card":"summary_large_image","twitter_misc":{"Estimated reading time":"2 minutes"},"schema":{"@context":"https:\/\/schema.org","@graph":[{"@type":"WebPage","@id":"https:\/\/www.sejourprive.com\/biens\/villa-laela-porto-vecchio-corse\/","url":"https:\/\/www.sejourprive.com\/biens\/villa-laela-porto-vecchio-corse\/","name":"Villa Laela, Porto-Vecchio, Corse - S\u00e9jour Priv\u00e9","isPartOf":{"@id":"https:\/\/www.sejourprive.com\/#website"},"primaryImageOfPage":{"@id":"https:\/\/www.sejourprive.com\/biens\/villa-laela-porto-vecchio-corse\/#primaryimage"},"image":{"@id":"https:\/\/www.sejourprive.com\/biens\/villa-laela-porto-vecchio-corse\/#primaryimage"},"thumbnailUrl":"https:\/\/www.sejourprive.com\/wp-content\/uploads\/2026\/03\/0-184.jpg","datePublished":"2026-03-20T10:56:03+00:00","description":"Surplombant la mer, cette villa est un bijou d\u2019architecture moderne tout en bois et b\u00e9ton cir\u00e9 couleur terre cuite. Sous la pergola, le vert intense des","breadcrumb":{"@id":"https:\/\/www.sejourprive.com\/biens\/villa-laela-porto-vecchio-corse\/#breadcrumb"},"inLanguage":"en-GB","potentialAction":[{"@type":"ReadAction","target":["https:\/\/www.sejourprive.com\/biens\/villa-laela-porto-vecchio-corse\/"]}]},{"@type":"ImageObject","inLanguage":"en-GB","@id":"https:\/\/www.sejourprive.com\/biens\/villa-laela-porto-vecchio-corse\/#primaryimage","url":"https:\/\/www.sejourprive.com\/wp-content\/uploads\/2026\/03\/0-184.jpg","contentUrl":"https:\/\/www.sejourprive.com\/wp-content\/uploads\/2026\/03\/0-184.jpg","width":1200,"height":799},{"@type":"BreadcrumbList","@id":"https:\/\/www.sejourprive.com\/biens\/villa-laela-porto-vecchio-corse\/#breadcrumb","itemListElement":[{"@type":"ListItem","position":1,"name":"Accueil","item":"https:\/\/www.sejourprive.com\/"},{"@type":"ListItem","position":2,"name":"Shop","item":"https:\/\/www.sejourprive.com\/shop\/"},{"@type":"ListItem","position":3,"name":"Villa Laela, Porto-Vecchio, Corse"}]},{"@type":"WebSite","@id":"https:\/\/www.sejourprive.com\/#website","url":"https:\/\/www.sejourprive.com\/","name":"Private Stay","description":"We design exceptional holidays for you.","publisher":{"@id":"https:\/\/www.sejourprive.com\/#organization"},"potentialAction":[{"@type":"SearchAction","target":{"@type":"EntryPoint","urlTemplate":"https:\/\/www.sejourprive.com\/?s={search_term_string}"},"query-input":{"@type":"PropertyValueSpecification","valueRequired":true,"valueName":"search_term_string"}}],"inLanguage":"en-GB"},{"@type":"Organization","@id":"https:\/\/www.sejourprive.com\/#organization","name":"Private Stay","url":"https:\/\/www.sejourprive.com\/","logo":{"@type":"ImageObject","inLanguage":"en-GB","@id":"https:\/\/www.sejourprive.com\/#\/schema\/logo\/image\/","url":"https:\/\/www.sejourprive.com\/wp-content\/uploads\/2026\/02\/SP-Apple-touch-144-couleur-1-2.png","contentUrl":"https:\/\/www.sejourprive.com\/wp-content\/uploads\/2026\/02\/SP-Apple-touch-144-couleur-1-2.png","width":145,"height":145,"caption":"S\u00e9jour Priv\u00e9"},"image":{"@id":"https:\/\/www.sejourprive.com\/#\/schema\/logo\/image\/"}}]}},"_links":{"self":[{"href":"https:\/\/www.sejourprive.com\/en\/wp-json\/wp\/v2\/product\/49572","targetHints":{"allow":["GET"]}}],"collection":[{"href":"https:\/\/www.sejourprive.com\/en\/wp-json\/wp\/v2\/product"}],"about":[{"href":"https:\/\/www.sejourprive.com\/en\/wp-json\/wp\/v2\/types\/product"}],"replies":[{"embeddable":true,"href":"https:\/\/www.sejourprive.com\/en\/wp-json\/wp\/v2\/comments?post=49572"}],"version-history":[{"count":0,"href":"https:\/\/www.sejourprive.com\/en\/wp-json\/wp\/v2\/product\/49572\/revisions"}],"wp:featuredmedia":[{"embeddable":true,"href":"https:\/\/www.sejourprive.com\/en\/wp-json\/wp\/v2\/media\/49586"}],"wp:attachment":[{"href":"https:\/\/www.sejourprive.com\/en\/wp-json\/wp\/v2\/media?parent=49572"}],"wp:term":[{"taxonomy":"product_brand","embeddable":true,"href":"https:\/\/www.sejourprive.com\/en\/wp-json\/wp\/v2\/product_brand?post=49572"},{"taxonomy":"product_cat","embeddable":true,"href":"https:\/\/www.sejourprive.com\/en\/wp-json\/wp\/v2\/product_cat?post=49572"},{"taxonomy":"product_tag","embeddable":true,"href":"https:\/\/www.sejourprive.com\/en\/wp-json\/wp\/v2\/product_tag?post=49572"}],"curies":[{"name":"wp","href":"https:\/\/api.w.org\/{rel}","templated":true}]}}

<p>Surplombant la mer, cette villa est un bijou d’architecture moderne tout en bois et béton ciré couleur terre cuite. Sous la pergola, le vert intense des plantes tropicales tranche avec les coussins rouge vif. <span><div class="read-more-wrapper"><a class="read-more-button" data-target="read-more-69f53d5aaa30c" data-more-text="Read more" data-less-text="Read less"><span class="read-more-text">Read more</span></a><div id="read-more-69f53d5aaa30c" class="read-more-content"> </span>A l’intérieur, on retrouve ce même mélange de couleur sur les chaises  scandinave, les vases colorés et les pièces d’art contemporain. D’un côté du salon pas de télévision : d’un côté, une grande banquette arrondie fait face à la cheminée. De l’autre, les canapés en acier et cuir noir sont tournés vers la gigantesque baie vitrée, qui s’ouvre entièrement sur la terrasse en bois et l’immensité bleue de la Méditerranée. A l’étage, on découvre une salle de bain minimaliste et un hammam en béton ciré gris.</p>
<p>Depuis la villa, on peut facilement rejoindre la baie de Santa Giuilia, considérée comme l’une des plus belles plages de Corse. On peut aussi rester à la villa et faire bronzette au bord de la piscine à débordement, qui semble se prolonger jusqu’à la mer. A la tombée de la nuit, on monte sur le toit-terrasse pour admirer les étoiles, puis on se retrouve dans l’intimité du patio pour déguster un verre de vin et une assiette de charcuterie corse.</div></div></p>

<p>Surplombant la mer, cette villa est un bijou d’architecture moderne tout en bois et béton ciré couleur terre cuite. Sous&#8230;</p>

<!-- This site is optimized with the Yoast SEO plugin v26.6 - https://yoast.com/wordpress/plugins/seo/ -->
<title>Villa Laela, Porto-Vecchio, Corse - Séjour Privé</title>
<meta name="description" content="Surplombant la mer, cette villa est un bijou d’architecture moderne tout en bois et béton ciré couleur terre cuite. Sous la pergola, le vert intense des" />
<meta name="robots" content="index, follow, max-snippet:-1, max-image-preview:large, max-video-preview:-1" />
<link rel="canonical" href="https://www.sejourprive.com/en/biens/villa-laela-porto-vecchio-corse/" />
<meta property="og:locale" content="en_GB" />
<meta property="og:type" content="article" />
<meta property="og:title" content="Villa Laela, Porto-Vecchio, Corse - Séjour Privé" />
<meta property="og:description" content="Surplombant la mer, cette villa est un bijou d’architecture moderne tout en bois et béton ciré couleur terre cuite. Sous la pergola, le vert intense des" />
<meta property="og:url" content="https://www.sejourprive.com/en/biens/villa-laela-porto-vecchio-corse/" />
<meta property="og:site_name" content="Séjour Privé" />
<meta property="og:image" content="https://www.sejourprive.com/wp-content/uploads/2026/03/0-184.jpg" />
	<meta property="og:image:width" content="1200" />
	<meta property="og:image:height" content="799" />
	<meta property="og:image:type" content="image/jpeg" />
<meta name="twitter:card" content="summary_large_image" />
<meta name="twitter:label1" content="Estimated reading time" />
	<meta name="twitter:data1" content="2 minutes" />
<script type="application/ld+json" class="yoast-schema-graph">{"@context":"https://schema.org","@graph":[{"@type":"WebPage","@id":"https://www.sejourprive.com/biens/villa-laela-porto-vecchio-corse/","url":"https://www.sejourprive.com/biens/villa-laela-porto-vecchio-corse/","name":"Villa Laela, Porto-Vecchio, Corse - Séjour Privé","isPartOf":{"@id":"https://www.sejourprive.com/#website"},"primaryImageOfPage":{"@id":"https://www.sejourprive.com/biens/villa-laela-porto-vecchio-corse/#primaryimage"},"image":{"@id":"https://www.sejourprive.com/biens/villa-laela-porto-vecchio-corse/#primaryimage"},"thumbnailUrl":"https://www.sejourprive.com/wp-content/uploads/2026/03/0-184.jpg","datePublished":"2026-03-20T10:56:03+00:00","description":"Surplombant la mer, cette villa est un bijou d’architecture moderne tout en bois et béton ciré couleur terre cuite. Sous la pergola, le vert intense des","breadcrumb":{"@id":"https://www.sejourprive.com/biens/villa-laela-porto-vecchio-corse/#breadcrumb"},"inLanguage":"en-GB","potentialAction":[{"@type":"ReadAction","target":["https://www.sejourprive.com/biens/villa-laela-porto-vecchio-corse/"]}]},{"@type":"ImageObject","inLanguage":"en-GB","@id":"https://www.sejourprive.com/biens/villa-laela-porto-vecchio-corse/#primaryimage","url":"https://www.sejourprive.com/wp-content/uploads/2026/03/0-184.jpg","contentUrl":"https://www.sejourprive.com/wp-content/uploads/2026/03/0-184.jpg","width":1200,"height":799},{"@type":"BreadcrumbList","@id":"https://www.sejourprive.com/biens/villa-laela-porto-vecchio-corse/#breadcrumb","itemListElement":[{"@type":"ListItem","position":1,"name":"Accueil","item":"https://www.sejourprive.com/"},{"@type":"ListItem","position":2,"name":"Shop","item":"https://www.sejourprive.com/shop/"},{"@type":"ListItem","position":3,"name":"Villa Laela, Porto-Vecchio, Corse"}]},{"@type":"WebSite","@id":"https://www.sejourprive.com/#website","url":"https://www.sejourprive.com/","name":"Séjour Privé","description":"Nous imaginons pour vous des séjours d’exception.","publisher":{"@id":"https://www.sejourprive.com/#organization"},"potentialAction":[{"@type":"SearchAction","target":{"@type":"EntryPoint","urlTemplate":"https://www.sejourprive.com/?s={search_term_string}"},"query-input":{"@type":"PropertyValueSpecification","valueRequired":true,"valueName":"search_term_string"}}],"inLanguage":"en-GB"},{"@type":"Organization","@id":"https://www.sejourprive.com/#organization","name":"Séjour Privé","url":"https://www.sejourprive.com/","logo":{"@type":"ImageObject","inLanguage":"en-GB","@id":"https://www.sejourprive.com/#/schema/logo/image/","url":"https://www.sejourprive.com/wp-content/uploads/2026/02/SP-Apple-touch-144-couleur-1-2.png","contentUrl":"https://www.sejourprive.com/wp-content/uploads/2026/02/SP-Apple-touch-144-couleur-1-2.png","width":145,"height":145,"caption":"Séjour Privé"},"image":{"@id":"https://www.sejourprive.com/#/schema/logo/image/"}}]}</script>
<!-- / Yoast SEO plugin. -->

Villa Laela, Porto-Vecchio, Corse - Séjour Privé

Surplombant la mer, cette villa est un bijou d’architecture moderne tout en bois et béton ciré couleur terre cuite. Sous la pergola, le vert intense des

Séjour Privé
