{"id":48575,"date":"2026-03-19T11:49:23","date_gmt":"2026-03-19T10:49:23","guid":{"rendered":"https:\/\/www.sejourprive.com\/?post_type=product&#038;p=48575"},"modified":"2026-03-19T11:49:24","modified_gmt":"2026-03-19T10:49:24","slug":"villa-viviana-porto-taverna-sardaigne","status":"publish","type":"product","link":"https:\/\/www.sejourprive.com\/en\/biens\/villa-viviana-porto-taverna-sardaigne\/","title":{"rendered":"Villa Viviana, Porto Taverna, Sardinia"},"content":{"rendered":"<p>Set on the hillside of Porto Taverna, this contemporary Sardinian villa elegantly revisits the traditional stazzu. Recently built and carefully designed, it opens out onto the gulf, facing the emblematic islands of Tavolara and Molara, in a peaceful, sea-facing atmosphere.<\/p>\n<p><span><div class=\"read-more-wrapper\"><a class=\"read-more-button\" data-target=\"read-more-69f2fdac049b9\" data-more-text=\"Read more\" data-less-text=\"Read less\"><span class=\"read-more-text\">Read more<\/span><\/a><div id=\"read-more-69f2fdac049b9\" class=\"read-more-content\"> <\/span>Days are divided between the seafront terrace and the vast, light-filled living space, where cooking, eating and relaxing are a natural extension of each other. A shared path takes you to Porto Taverna beach in just a few minutes, before returning to the gentle surroundings to enjoy meals al fresco against the coastal scenery.<\/div><\/div><\/p>","protected":false},"excerpt":{"rendered":"<p>Situ\u00e9e sur la colline de Porto Taverna, cette villa sarde contemporaine revisite avec \u00e9l\u00e9gance le stazzu traditionnel. R\u00e9cemment construite et&#8230;<\/p>","protected":false},"featured_media":48641,"comment_status":"open","ping_status":"closed","template":"","meta":{"_acf_changed":false},"product_brand":[],"product_cat":[15],"product_tag":[],"class_list":{"0":"post-48575","1":"product","2":"type-product","3":"status-publish","4":"has-post-thumbnail","6":"product_cat-villa","7":"property_location-italie","8":"property_location-sardaigne","10":"first","11":"instock","12":"sold-individually","13":"shipping-taxable","14":"purchasable","15":"product-type-simple"},"acf":[],"yoast_head":"<!-- This site is optimized with the Yoast SEO plugin v26.6 - https:\/\/yoast.com\/wordpress\/plugins\/seo\/ -->\n<title>Villa Viviana, Porto Taverna, Sardaigne - S\u00e9jour Priv\u00e9<\/title>\n<meta name=\"description\" content=\"Situ\u00e9e sur la colline de Porto Taverna, cette villa sarde contemporaine revisite avec \u00e9l\u00e9gance le stazzu traditionnel. R\u00e9cemment construite et\" \/>\n<meta name=\"robots\" content=\"index, follow, max-snippet:-1, max-image-preview:large, max-video-preview:-1\" \/>\n<link rel=\"canonical\" href=\"https:\/\/www.sejourprive.com\/en\/biens\/villa-viviana-porto-taverna-sardaigne\/\" \/>\n<meta property=\"og:locale\" content=\"en_GB\" \/>\n<meta property=\"og:type\" content=\"article\" \/>\n<meta property=\"og:title\" content=\"Villa Viviana, Porto Taverna, Sardaigne - S\u00e9jour Priv\u00e9\" \/>\n<meta property=\"og:description\" content=\"Situ\u00e9e sur la colline de Porto Taverna, cette villa sarde contemporaine revisite avec \u00e9l\u00e9gance le stazzu traditionnel. R\u00e9cemment construite et\" \/>\n<meta property=\"og:url\" content=\"https:\/\/www.sejourprive.com\/en\/biens\/villa-viviana-porto-taverna-sardaigne\/\" \/>\n<meta property=\"og:site_name\" content=\"S\u00e9jour Priv\u00e9\" \/>\n<meta property=\"article:modified_time\" content=\"2026-03-19T10:49:24+00:00\" \/>\n<meta property=\"og:image\" content=\"https:\/\/www.sejourprive.com\/wp-content\/uploads\/2026\/03\/12-172.jpg\" \/>\n\t<meta property=\"og:image:width\" content=\"1200\" \/>\n\t<meta property=\"og:image:height\" content=\"801\" \/>\n\t<meta property=\"og:image:type\" content=\"image\/jpeg\" \/>\n<meta name=\"twitter:card\" content=\"summary_large_image\" \/>\n<meta name=\"twitter:label1\" content=\"Estimated reading time\" \/>\n\t<meta name=\"twitter:data1\" content=\"1 minute\" \/>\n<script type=\"application\/ld+json\" class=\"yoast-schema-graph\">{\"@context\":\"https:\/\/schema.org\",\"@graph\":[{\"@type\":\"WebPage\",\"@id\":\"https:\/\/www.sejourprive.com\/biens\/villa-viviana-porto-taverna-sardaigne\/\",\"url\":\"https:\/\/www.sejourprive.com\/biens\/villa-viviana-porto-taverna-sardaigne\/\",\"name\":\"Villa Viviana, Porto Taverna, Sardaigne - S\u00e9jour Priv\u00e9\",\"isPartOf\":{\"@id\":\"https:\/\/www.sejourprive.com\/#website\"},\"primaryImageOfPage\":{\"@id\":\"https:\/\/www.sejourprive.com\/biens\/villa-viviana-porto-taverna-sardaigne\/#primaryimage\"},\"image\":{\"@id\":\"https:\/\/www.sejourprive.com\/biens\/villa-viviana-porto-taverna-sardaigne\/#primaryimage\"},\"thumbnailUrl\":\"https:\/\/www.sejourprive.com\/wp-content\/uploads\/2026\/03\/12-172.jpg\",\"datePublished\":\"2026-03-19T10:49:23+00:00\",\"dateModified\":\"2026-03-19T10:49:24+00:00\",\"description\":\"Situ\u00e9e sur la colline de Porto Taverna, cette villa sarde contemporaine revisite avec \u00e9l\u00e9gance le stazzu traditionnel. R\u00e9cemment construite et\",\"breadcrumb\":{\"@id\":\"https:\/\/www.sejourprive.com\/biens\/villa-viviana-porto-taverna-sardaigne\/#breadcrumb\"},\"inLanguage\":\"en-GB\",\"potentialAction\":[{\"@type\":\"ReadAction\",\"target\":[\"https:\/\/www.sejourprive.com\/biens\/villa-viviana-porto-taverna-sardaigne\/\"]}]},{\"@type\":\"ImageObject\",\"inLanguage\":\"en-GB\",\"@id\":\"https:\/\/www.sejourprive.com\/biens\/villa-viviana-porto-taverna-sardaigne\/#primaryimage\",\"url\":\"https:\/\/www.sejourprive.com\/wp-content\/uploads\/2026\/03\/12-172.jpg\",\"contentUrl\":\"https:\/\/www.sejourprive.com\/wp-content\/uploads\/2026\/03\/12-172.jpg\",\"width\":1200,\"height\":801},{\"@type\":\"BreadcrumbList\",\"@id\":\"https:\/\/www.sejourprive.com\/biens\/villa-viviana-porto-taverna-sardaigne\/#breadcrumb\",\"itemListElement\":[{\"@type\":\"ListItem\",\"position\":1,\"name\":\"Accueil\",\"item\":\"https:\/\/www.sejourprive.com\/\"},{\"@type\":\"ListItem\",\"position\":2,\"name\":\"Shop\",\"item\":\"https:\/\/www.sejourprive.com\/shop\/\"},{\"@type\":\"ListItem\",\"position\":3,\"name\":\"Villa Viviana, Porto Taverna, Sardaigne\"}]},{\"@type\":\"WebSite\",\"@id\":\"https:\/\/www.sejourprive.com\/#website\",\"url\":\"https:\/\/www.sejourprive.com\/\",\"name\":\"S\u00e9jour Priv\u00e9\",\"description\":\"Nous imaginons pour vous des s\u00e9jours d\u2019exception.\",\"publisher\":{\"@id\":\"https:\/\/www.sejourprive.com\/#organization\"},\"potentialAction\":[{\"@type\":\"SearchAction\",\"target\":{\"@type\":\"EntryPoint\",\"urlTemplate\":\"https:\/\/www.sejourprive.com\/?s={search_term_string}\"},\"query-input\":{\"@type\":\"PropertyValueSpecification\",\"valueRequired\":true,\"valueName\":\"search_term_string\"}}],\"inLanguage\":\"en-GB\"},{\"@type\":\"Organization\",\"@id\":\"https:\/\/www.sejourprive.com\/#organization\",\"name\":\"S\u00e9jour Priv\u00e9\",\"url\":\"https:\/\/www.sejourprive.com\/\",\"logo\":{\"@type\":\"ImageObject\",\"inLanguage\":\"en-GB\",\"@id\":\"https:\/\/www.sejourprive.com\/#\/schema\/logo\/image\/\",\"url\":\"https:\/\/www.sejourprive.com\/wp-content\/uploads\/2026\/02\/SP-Apple-touch-144-couleur-1-2.png\",\"contentUrl\":\"https:\/\/www.sejourprive.com\/wp-content\/uploads\/2026\/02\/SP-Apple-touch-144-couleur-1-2.png\",\"width\":145,\"height\":145,\"caption\":\"S\u00e9jour Priv\u00e9\"},\"image\":{\"@id\":\"https:\/\/www.sejourprive.com\/#\/schema\/logo\/image\/\"}}]}<\/script>\n<!-- \/ Yoast SEO plugin. -->","yoast_head_json":{"title":"Villa Viviana, Porto Taverna, Sardaigne - S\u00e9jour Priv\u00e9","description":"Set on the hillside of Porto Taverna, this contemporary Sardinian villa elegantly revisits the traditional stazzu. Recently built and","robots":{"index":"index","follow":"follow","max-snippet":"max-snippet:-1","max-image-preview":"max-image-preview:large","max-video-preview":"max-video-preview:-1"},"canonical":"https:\/\/www.sejourprive.com\/en\/biens\/villa-viviana-porto-taverna-sardaigne\/","og_locale":"en_GB","og_type":"article","og_title":"Villa Viviana, Porto Taverna, Sardaigne - S\u00e9jour Priv\u00e9","og_description":"Situ\u00e9e sur la colline de Porto Taverna, cette villa sarde contemporaine revisite avec \u00e9l\u00e9gance le stazzu traditionnel. R\u00e9cemment construite et","og_url":"https:\/\/www.sejourprive.com\/en\/biens\/villa-viviana-porto-taverna-sardaigne\/","og_site_name":"S\u00e9jour Priv\u00e9","article_modified_time":"2026-03-19T10:49:24+00:00","og_image":[{"width":1200,"height":801,"url":"https:\/\/www.sejourprive.com\/wp-content\/uploads\/2026\/03\/12-172.jpg","type":"image\/jpeg"}],"twitter_card":"summary_large_image","twitter_misc":{"Estimated reading time":"1 minute"},"schema":{"@context":"https:\/\/schema.org","@graph":[{"@type":"WebPage","@id":"https:\/\/www.sejourprive.com\/biens\/villa-viviana-porto-taverna-sardaigne\/","url":"https:\/\/www.sejourprive.com\/biens\/villa-viviana-porto-taverna-sardaigne\/","name":"Villa Viviana, Porto Taverna, Sardaigne - S\u00e9jour Priv\u00e9","isPartOf":{"@id":"https:\/\/www.sejourprive.com\/#website"},"primaryImageOfPage":{"@id":"https:\/\/www.sejourprive.com\/biens\/villa-viviana-porto-taverna-sardaigne\/#primaryimage"},"image":{"@id":"https:\/\/www.sejourprive.com\/biens\/villa-viviana-porto-taverna-sardaigne\/#primaryimage"},"thumbnailUrl":"https:\/\/www.sejourprive.com\/wp-content\/uploads\/2026\/03\/12-172.jpg","datePublished":"2026-03-19T10:49:23+00:00","dateModified":"2026-03-19T10:49:24+00:00","description":"Set on the hillside of Porto Taverna, this contemporary Sardinian villa elegantly revisits the traditional stazzu. Recently built and","breadcrumb":{"@id":"https:\/\/www.sejourprive.com\/biens\/villa-viviana-porto-taverna-sardaigne\/#breadcrumb"},"inLanguage":"en-GB","potentialAction":[{"@type":"ReadAction","target":["https:\/\/www.sejourprive.com\/biens\/villa-viviana-porto-taverna-sardaigne\/"]}]},{"@type":"ImageObject","inLanguage":"en-GB","@id":"https:\/\/www.sejourprive.com\/biens\/villa-viviana-porto-taverna-sardaigne\/#primaryimage","url":"https:\/\/www.sejourprive.com\/wp-content\/uploads\/2026\/03\/12-172.jpg","contentUrl":"https:\/\/www.sejourprive.com\/wp-content\/uploads\/2026\/03\/12-172.jpg","width":1200,"height":801},{"@type":"BreadcrumbList","@id":"https:\/\/www.sejourprive.com\/biens\/villa-viviana-porto-taverna-sardaigne\/#breadcrumb","itemListElement":[{"@type":"ListItem","position":1,"name":"Accueil","item":"https:\/\/www.sejourprive.com\/"},{"@type":"ListItem","position":2,"name":"Shop","item":"https:\/\/www.sejourprive.com\/shop\/"},{"@type":"ListItem","position":3,"name":"Villa Viviana, Porto Taverna, Sardaigne"}]},{"@type":"WebSite","@id":"https:\/\/www.sejourprive.com\/#website","url":"https:\/\/www.sejourprive.com\/","name":"Private Stay","description":"We design exceptional holidays for you.","publisher":{"@id":"https:\/\/www.sejourprive.com\/#organization"},"potentialAction":[{"@type":"SearchAction","target":{"@type":"EntryPoint","urlTemplate":"https:\/\/www.sejourprive.com\/?s={search_term_string}"},"query-input":{"@type":"PropertyValueSpecification","valueRequired":true,"valueName":"search_term_string"}}],"inLanguage":"en-GB"},{"@type":"Organization","@id":"https:\/\/www.sejourprive.com\/#organization","name":"Private Stay","url":"https:\/\/www.sejourprive.com\/","logo":{"@type":"ImageObject","inLanguage":"en-GB","@id":"https:\/\/www.sejourprive.com\/#\/schema\/logo\/image\/","url":"https:\/\/www.sejourprive.com\/wp-content\/uploads\/2026\/02\/SP-Apple-touch-144-couleur-1-2.png","contentUrl":"https:\/\/www.sejourprive.com\/wp-content\/uploads\/2026\/02\/SP-Apple-touch-144-couleur-1-2.png","width":145,"height":145,"caption":"S\u00e9jour Priv\u00e9"},"image":{"@id":"https:\/\/www.sejourprive.com\/#\/schema\/logo\/image\/"}}]}},"_links":{"self":[{"href":"https:\/\/www.sejourprive.com\/en\/wp-json\/wp\/v2\/product\/48575","targetHints":{"allow":["GET"]}}],"collection":[{"href":"https:\/\/www.sejourprive.com\/en\/wp-json\/wp\/v2\/product"}],"about":[{"href":"https:\/\/www.sejourprive.com\/en\/wp-json\/wp\/v2\/types\/product"}],"replies":[{"embeddable":true,"href":"https:\/\/www.sejourprive.com\/en\/wp-json\/wp\/v2\/comments?post=48575"}],"version-history":[{"count":0,"href":"https:\/\/www.sejourprive.com\/en\/wp-json\/wp\/v2\/product\/48575\/revisions"}],"wp:featuredmedia":[{"embeddable":true,"href":"https:\/\/www.sejourprive.com\/en\/wp-json\/wp\/v2\/media\/48641"}],"wp:attachment":[{"href":"https:\/\/www.sejourprive.com\/en\/wp-json\/wp\/v2\/media?parent=48575"}],"wp:term":[{"taxonomy":"product_brand","embeddable":true,"href":"https:\/\/www.sejourprive.com\/en\/wp-json\/wp\/v2\/product_brand?post=48575"},{"taxonomy":"product_cat","embeddable":true,"href":"https:\/\/www.sejourprive.com\/en\/wp-json\/wp\/v2\/product_cat?post=48575"},{"taxonomy":"product_tag","embeddable":true,"href":"https:\/\/www.sejourprive.com\/en\/wp-json\/wp\/v2\/product_tag?post=48575"}],"curies":[{"name":"wp","href":"https:\/\/api.w.org\/{rel}","templated":true}]}}

<p>Située sur la colline de Porto Taverna, cette villa sarde contemporaine revisite avec élégance le stazzu traditionnel. Récemment construite et&#8230;</p>

<!-- This site is optimized with the Yoast SEO plugin v26.6 - https://yoast.com/wordpress/plugins/seo/ -->
<title>Villa Viviana, Porto Taverna, Sardaigne - Séjour Privé</title>
<meta name="description" content="Située sur la colline de Porto Taverna, cette villa sarde contemporaine revisite avec élégance le stazzu traditionnel. Récemment construite et" />
<meta name="robots" content="index, follow, max-snippet:-1, max-image-preview:large, max-video-preview:-1" />
<link rel="canonical" href="https://www.sejourprive.com/en/biens/villa-viviana-porto-taverna-sardaigne/" />
<meta property="og:locale" content="en_GB" />
<meta property="og:type" content="article" />
<meta property="og:title" content="Villa Viviana, Porto Taverna, Sardaigne - Séjour Privé" />
<meta property="og:description" content="Située sur la colline de Porto Taverna, cette villa sarde contemporaine revisite avec élégance le stazzu traditionnel. Récemment construite et" />
<meta property="og:url" content="https://www.sejourprive.com/en/biens/villa-viviana-porto-taverna-sardaigne/" />
<meta property="og:site_name" content="Séjour Privé" />
<meta property="article:modified_time" content="2026-03-19T10:49:24+00:00" />
<meta property="og:image" content="https://www.sejourprive.com/wp-content/uploads/2026/03/12-172.jpg" />
	<meta property="og:image:width" content="1200" />
	<meta property="og:image:height" content="801" />
	<meta property="og:image:type" content="image/jpeg" />
<meta name="twitter:card" content="summary_large_image" />
<meta name="twitter:label1" content="Estimated reading time" />
	<meta name="twitter:data1" content="1 minute" />
<script type="application/ld+json" class="yoast-schema-graph">{"@context":"https://schema.org","@graph":[{"@type":"WebPage","@id":"https://www.sejourprive.com/biens/villa-viviana-porto-taverna-sardaigne/","url":"https://www.sejourprive.com/biens/villa-viviana-porto-taverna-sardaigne/","name":"Villa Viviana, Porto Taverna, Sardaigne - Séjour Privé","isPartOf":{"@id":"https://www.sejourprive.com/#website"},"primaryImageOfPage":{"@id":"https://www.sejourprive.com/biens/villa-viviana-porto-taverna-sardaigne/#primaryimage"},"image":{"@id":"https://www.sejourprive.com/biens/villa-viviana-porto-taverna-sardaigne/#primaryimage"},"thumbnailUrl":"https://www.sejourprive.com/wp-content/uploads/2026/03/12-172.jpg","datePublished":"2026-03-19T10:49:23+00:00","dateModified":"2026-03-19T10:49:24+00:00","description":"Située sur la colline de Porto Taverna, cette villa sarde contemporaine revisite avec élégance le stazzu traditionnel. Récemment construite et","breadcrumb":{"@id":"https://www.sejourprive.com/biens/villa-viviana-porto-taverna-sardaigne/#breadcrumb"},"inLanguage":"en-GB","potentialAction":[{"@type":"ReadAction","target":["https://www.sejourprive.com/biens/villa-viviana-porto-taverna-sardaigne/"]}]},{"@type":"ImageObject","inLanguage":"en-GB","@id":"https://www.sejourprive.com/biens/villa-viviana-porto-taverna-sardaigne/#primaryimage","url":"https://www.sejourprive.com/wp-content/uploads/2026/03/12-172.jpg","contentUrl":"https://www.sejourprive.com/wp-content/uploads/2026/03/12-172.jpg","width":1200,"height":801},{"@type":"BreadcrumbList","@id":"https://www.sejourprive.com/biens/villa-viviana-porto-taverna-sardaigne/#breadcrumb","itemListElement":[{"@type":"ListItem","position":1,"name":"Accueil","item":"https://www.sejourprive.com/"},{"@type":"ListItem","position":2,"name":"Shop","item":"https://www.sejourprive.com/shop/"},{"@type":"ListItem","position":3,"name":"Villa Viviana, Porto Taverna, Sardaigne"}]},{"@type":"WebSite","@id":"https://www.sejourprive.com/#website","url":"https://www.sejourprive.com/","name":"Séjour Privé","description":"Nous imaginons pour vous des séjours d’exception.","publisher":{"@id":"https://www.sejourprive.com/#organization"},"potentialAction":[{"@type":"SearchAction","target":{"@type":"EntryPoint","urlTemplate":"https://www.sejourprive.com/?s={search_term_string}"},"query-input":{"@type":"PropertyValueSpecification","valueRequired":true,"valueName":"search_term_string"}}],"inLanguage":"en-GB"},{"@type":"Organization","@id":"https://www.sejourprive.com/#organization","name":"Séjour Privé","url":"https://www.sejourprive.com/","logo":{"@type":"ImageObject","inLanguage":"en-GB","@id":"https://www.sejourprive.com/#/schema/logo/image/","url":"https://www.sejourprive.com/wp-content/uploads/2026/02/SP-Apple-touch-144-couleur-1-2.png","contentUrl":"https://www.sejourprive.com/wp-content/uploads/2026/02/SP-Apple-touch-144-couleur-1-2.png","width":145,"height":145,"caption":"Séjour Privé"},"image":{"@id":"https://www.sejourprive.com/#/schema/logo/image/"}}]}</script>
<!-- / Yoast SEO plugin. -->

Villa Viviana, Porto Taverna, Sardaigne - Séjour Privé

Située sur la colline de Porto Taverna, cette villa sarde contemporaine revisite avec élégance le stazzu traditionnel. Récemment construite et

Séjour Privé
