{"id":48574,"date":"2026-03-19T11:51:49","date_gmt":"2026-03-19T10:51:49","guid":{"rendered":"https:\/\/www.sejourprive.com\/?post_type=product&#038;p=48574"},"modified":"2026-03-19T11:51:49","modified_gmt":"2026-03-19T10:51:49","slug":"villa-teresina-porto-cervo-sardaigne-italie","status":"publish","type":"product","link":"https:\/\/www.sejourprive.com\/en\/biens\/villa-teresina-porto-cervo-sardaigne-italie\/","title":{"rendered":"Villa Teresina, Porto Cervo, Sardinia, Italy"},"content":{"rendered":"<p>Nich\u00e9e sur les collines paisibles de Monte Moro, la Villa Teresina est un havre de paix r\u00e9cemment construit, incarnant le luxe et l&#8217;\u00e9l\u00e9gance, qui surplombe les eaux scintillantes de Porto Cervo. Son design contemporain et ses vastes espaces ext\u00e9rieurs se fondent harmonieusement dans le cadre \u00e9poustouflant, ce qui en fait le refuge id\u00e9al pour ceux en qu\u00eate de tranquillit\u00e9.<span><div class=\"read-more-wrapper\"><a class=\"read-more-button\" data-target=\"read-more-69f70d124bcd2\" data-more-text=\"Read more\" data-less-text=\"Read less\"><span class=\"read-more-text\">Read more<\/span><\/a><div id=\"read-more-69f70d124bcd2\" class=\"read-more-content\"> <\/span><\/p>\n<p>La villa dispose d&#8217;un superbe salon offrant une vue panoramique sur la mer, d&#8217;une d\u00e9coration sophistiqu\u00e9e et d&#8217;\u00e9quipements de divertissement \u00e0 la pointe de la technologie. Une cuisine en \u00eelot \u00e9l\u00e9gante et enti\u00e8rement \u00e9quip\u00e9e attend les aventures culinaires, parfaite pour les chefs amateurs.<\/p>\n<p>Avec quatre chambres magnifiquement am\u00e9nag\u00e9es et quatre salles de bains, chacune con\u00e7ue pour un confort ultime, les h\u00f4tes profitent d&#8217;un m\u00e9lange parfait d&#8217;intimit\u00e9 et de luxe moderne. Chaque recoin de la Villa Teresina respire la sophistication raffin\u00e9e.<\/p>\n<p>Sortez et d\u00e9couvrez un paradis m\u00e9diterran\u00e9en. La terrasse couverte vous invite \u00e0 savourer un d\u00eener en plein air tout en profitant d&#8217;une vue imprenable sur la mer. Le joyau de la villa est sa magnifique piscine avec une cascade, offrant un endroit idyllique pour se d\u00e9tendre sous le soleil sarde.<\/div><\/div><\/p>","protected":false},"excerpt":{"rendered":"<p>Nich\u00e9e sur les collines paisibles de Monte Moro, la Villa Teresina est un havre de paix r\u00e9cemment construit, incarnant le&#8230;<\/p>","protected":false},"featured_media":48620,"comment_status":"open","ping_status":"closed","template":"","meta":{"_acf_changed":false},"product_brand":[],"product_cat":[15],"product_tag":[],"class_list":{"0":"post-48574","1":"product","2":"type-product","3":"status-publish","4":"has-post-thumbnail","6":"product_cat-villa","7":"property_location-italie","8":"property_location-sardaigne","10":"first","11":"instock","12":"sold-individually","13":"shipping-taxable","14":"purchasable","15":"product-type-simple"},"acf":[],"yoast_head":"<!-- This site is optimized with the Yoast SEO plugin v26.6 - https:\/\/yoast.com\/wordpress\/plugins\/seo\/ -->\n<title>Villa Teresina, Porto Cervo, Sardaigne, Italie - S\u00e9jour Priv\u00e9<\/title>\n<meta name=\"description\" content=\"Nich\u00e9e sur les collines paisibles de Monte Moro, la Villa Teresina est un havre de paix r\u00e9cemment construit, incarnant le luxe et l&#039;\u00e9l\u00e9gance, qui\" \/>\n<meta name=\"robots\" content=\"index, follow, max-snippet:-1, max-image-preview:large, max-video-preview:-1\" \/>\n<link rel=\"canonical\" href=\"https:\/\/www.sejourprive.com\/en\/biens\/villa-teresina-porto-cervo-sardaigne-italie\/\" \/>\n<meta property=\"og:locale\" content=\"en_GB\" \/>\n<meta property=\"og:type\" content=\"article\" \/>\n<meta property=\"og:title\" content=\"Villa Teresina, Porto Cervo, Sardaigne, Italie - S\u00e9jour Priv\u00e9\" \/>\n<meta property=\"og:description\" content=\"Nich\u00e9e sur les collines paisibles de Monte Moro, la Villa Teresina est un havre de paix r\u00e9cemment construit, incarnant le luxe et l&#039;\u00e9l\u00e9gance, qui\" \/>\n<meta property=\"og:url\" content=\"https:\/\/www.sejourprive.com\/en\/biens\/villa-teresina-porto-cervo-sardaigne-italie\/\" \/>\n<meta property=\"og:site_name\" content=\"S\u00e9jour Priv\u00e9\" \/>\n<meta property=\"og:image\" content=\"https:\/\/www.sejourprive.com\/wp-content\/uploads\/2026\/03\/39-73.jpg\" \/>\n\t<meta property=\"og:image:width\" content=\"1200\" \/>\n\t<meta property=\"og:image:height\" content=\"800\" \/>\n\t<meta property=\"og:image:type\" content=\"image\/jpeg\" \/>\n<meta name=\"twitter:card\" content=\"summary_large_image\" \/>\n<meta name=\"twitter:label1\" content=\"Estimated reading time\" \/>\n\t<meta name=\"twitter:data1\" content=\"2 minutes\" \/>\n<script type=\"application\/ld+json\" class=\"yoast-schema-graph\">{\"@context\":\"https:\/\/schema.org\",\"@graph\":[{\"@type\":\"WebPage\",\"@id\":\"https:\/\/www.sejourprive.com\/biens\/villa-teresina-porto-cervo-sardaigne-italie\/\",\"url\":\"https:\/\/www.sejourprive.com\/biens\/villa-teresina-porto-cervo-sardaigne-italie\/\",\"name\":\"Villa Teresina, Porto Cervo, Sardaigne, Italie - S\u00e9jour Priv\u00e9\",\"isPartOf\":{\"@id\":\"https:\/\/www.sejourprive.com\/#website\"},\"primaryImageOfPage\":{\"@id\":\"https:\/\/www.sejourprive.com\/biens\/villa-teresina-porto-cervo-sardaigne-italie\/#primaryimage\"},\"image\":{\"@id\":\"https:\/\/www.sejourprive.com\/biens\/villa-teresina-porto-cervo-sardaigne-italie\/#primaryimage\"},\"thumbnailUrl\":\"https:\/\/www.sejourprive.com\/wp-content\/uploads\/2026\/03\/39-73.jpg\",\"datePublished\":\"2026-03-19T10:51:49+00:00\",\"description\":\"Nich\u00e9e sur les collines paisibles de Monte Moro, la Villa Teresina est un havre de paix r\u00e9cemment construit, incarnant le luxe et l'\u00e9l\u00e9gance, qui\",\"breadcrumb\":{\"@id\":\"https:\/\/www.sejourprive.com\/biens\/villa-teresina-porto-cervo-sardaigne-italie\/#breadcrumb\"},\"inLanguage\":\"en-GB\",\"potentialAction\":[{\"@type\":\"ReadAction\",\"target\":[\"https:\/\/www.sejourprive.com\/biens\/villa-teresina-porto-cervo-sardaigne-italie\/\"]}]},{\"@type\":\"ImageObject\",\"inLanguage\":\"en-GB\",\"@id\":\"https:\/\/www.sejourprive.com\/biens\/villa-teresina-porto-cervo-sardaigne-italie\/#primaryimage\",\"url\":\"https:\/\/www.sejourprive.com\/wp-content\/uploads\/2026\/03\/39-73.jpg\",\"contentUrl\":\"https:\/\/www.sejourprive.com\/wp-content\/uploads\/2026\/03\/39-73.jpg\",\"width\":1200,\"height\":800},{\"@type\":\"BreadcrumbList\",\"@id\":\"https:\/\/www.sejourprive.com\/biens\/villa-teresina-porto-cervo-sardaigne-italie\/#breadcrumb\",\"itemListElement\":[{\"@type\":\"ListItem\",\"position\":1,\"name\":\"Accueil\",\"item\":\"https:\/\/www.sejourprive.com\/\"},{\"@type\":\"ListItem\",\"position\":2,\"name\":\"Shop\",\"item\":\"https:\/\/www.sejourprive.com\/shop\/\"},{\"@type\":\"ListItem\",\"position\":3,\"name\":\"Villa Teresina, Porto Cervo, Sardaigne, Italie\"}]},{\"@type\":\"WebSite\",\"@id\":\"https:\/\/www.sejourprive.com\/#website\",\"url\":\"https:\/\/www.sejourprive.com\/\",\"name\":\"S\u00e9jour Priv\u00e9\",\"description\":\"Nous imaginons pour vous des s\u00e9jours d\u2019exception.\",\"publisher\":{\"@id\":\"https:\/\/www.sejourprive.com\/#organization\"},\"potentialAction\":[{\"@type\":\"SearchAction\",\"target\":{\"@type\":\"EntryPoint\",\"urlTemplate\":\"https:\/\/www.sejourprive.com\/?s={search_term_string}\"},\"query-input\":{\"@type\":\"PropertyValueSpecification\",\"valueRequired\":true,\"valueName\":\"search_term_string\"}}],\"inLanguage\":\"en-GB\"},{\"@type\":\"Organization\",\"@id\":\"https:\/\/www.sejourprive.com\/#organization\",\"name\":\"S\u00e9jour Priv\u00e9\",\"url\":\"https:\/\/www.sejourprive.com\/\",\"logo\":{\"@type\":\"ImageObject\",\"inLanguage\":\"en-GB\",\"@id\":\"https:\/\/www.sejourprive.com\/#\/schema\/logo\/image\/\",\"url\":\"https:\/\/www.sejourprive.com\/wp-content\/uploads\/2026\/02\/SP-Apple-touch-144-couleur-1-2.png\",\"contentUrl\":\"https:\/\/www.sejourprive.com\/wp-content\/uploads\/2026\/02\/SP-Apple-touch-144-couleur-1-2.png\",\"width\":145,\"height\":145,\"caption\":\"S\u00e9jour Priv\u00e9\"},\"image\":{\"@id\":\"https:\/\/www.sejourprive.com\/#\/schema\/logo\/image\/\"}}]}<\/script>\n<!-- \/ Yoast SEO plugin. -->","yoast_head_json":{"title":"Villa Teresina, Porto Cervo, Sardaigne, Italie - S\u00e9jour Priv\u00e9","description":"Nich\u00e9e sur les collines paisibles de Monte Moro, la Villa Teresina est un havre de paix r\u00e9cemment construit, incarnant le luxe et l'\u00e9l\u00e9gance, qui","robots":{"index":"index","follow":"follow","max-snippet":"max-snippet:-1","max-image-preview":"max-image-preview:large","max-video-preview":"max-video-preview:-1"},"canonical":"https:\/\/www.sejourprive.com\/en\/biens\/villa-teresina-porto-cervo-sardaigne-italie\/","og_locale":"en_GB","og_type":"article","og_title":"Villa Teresina, Porto Cervo, Sardaigne, Italie - S\u00e9jour Priv\u00e9","og_description":"Nich\u00e9e sur les collines paisibles de Monte Moro, la Villa Teresina est un havre de paix r\u00e9cemment construit, incarnant le luxe et l'\u00e9l\u00e9gance, qui","og_url":"https:\/\/www.sejourprive.com\/en\/biens\/villa-teresina-porto-cervo-sardaigne-italie\/","og_site_name":"S\u00e9jour Priv\u00e9","og_image":[{"width":1200,"height":800,"url":"https:\/\/www.sejourprive.com\/wp-content\/uploads\/2026\/03\/39-73.jpg","type":"image\/jpeg"}],"twitter_card":"summary_large_image","twitter_misc":{"Estimated reading time":"2 minutes"},"schema":{"@context":"https:\/\/schema.org","@graph":[{"@type":"WebPage","@id":"https:\/\/www.sejourprive.com\/biens\/villa-teresina-porto-cervo-sardaigne-italie\/","url":"https:\/\/www.sejourprive.com\/biens\/villa-teresina-porto-cervo-sardaigne-italie\/","name":"Villa Teresina, Porto Cervo, Sardaigne, Italie - S\u00e9jour Priv\u00e9","isPartOf":{"@id":"https:\/\/www.sejourprive.com\/#website"},"primaryImageOfPage":{"@id":"https:\/\/www.sejourprive.com\/biens\/villa-teresina-porto-cervo-sardaigne-italie\/#primaryimage"},"image":{"@id":"https:\/\/www.sejourprive.com\/biens\/villa-teresina-porto-cervo-sardaigne-italie\/#primaryimage"},"thumbnailUrl":"https:\/\/www.sejourprive.com\/wp-content\/uploads\/2026\/03\/39-73.jpg","datePublished":"2026-03-19T10:51:49+00:00","description":"Nich\u00e9e sur les collines paisibles de Monte Moro, la Villa Teresina est un havre de paix r\u00e9cemment construit, incarnant le luxe et l'\u00e9l\u00e9gance, qui","breadcrumb":{"@id":"https:\/\/www.sejourprive.com\/biens\/villa-teresina-porto-cervo-sardaigne-italie\/#breadcrumb"},"inLanguage":"en-GB","potentialAction":[{"@type":"ReadAction","target":["https:\/\/www.sejourprive.com\/biens\/villa-teresina-porto-cervo-sardaigne-italie\/"]}]},{"@type":"ImageObject","inLanguage":"en-GB","@id":"https:\/\/www.sejourprive.com\/biens\/villa-teresina-porto-cervo-sardaigne-italie\/#primaryimage","url":"https:\/\/www.sejourprive.com\/wp-content\/uploads\/2026\/03\/39-73.jpg","contentUrl":"https:\/\/www.sejourprive.com\/wp-content\/uploads\/2026\/03\/39-73.jpg","width":1200,"height":800},{"@type":"BreadcrumbList","@id":"https:\/\/www.sejourprive.com\/biens\/villa-teresina-porto-cervo-sardaigne-italie\/#breadcrumb","itemListElement":[{"@type":"ListItem","position":1,"name":"Accueil","item":"https:\/\/www.sejourprive.com\/"},{"@type":"ListItem","position":2,"name":"Shop","item":"https:\/\/www.sejourprive.com\/shop\/"},{"@type":"ListItem","position":3,"name":"Villa Teresina, Porto Cervo, Sardaigne, Italie"}]},{"@type":"WebSite","@id":"https:\/\/www.sejourprive.com\/#website","url":"https:\/\/www.sejourprive.com\/","name":"Private Stay","description":"We design exceptional holidays for you.","publisher":{"@id":"https:\/\/www.sejourprive.com\/#organization"},"potentialAction":[{"@type":"SearchAction","target":{"@type":"EntryPoint","urlTemplate":"https:\/\/www.sejourprive.com\/?s={search_term_string}"},"query-input":{"@type":"PropertyValueSpecification","valueRequired":true,"valueName":"search_term_string"}}],"inLanguage":"en-GB"},{"@type":"Organization","@id":"https:\/\/www.sejourprive.com\/#organization","name":"Private Stay","url":"https:\/\/www.sejourprive.com\/","logo":{"@type":"ImageObject","inLanguage":"en-GB","@id":"https:\/\/www.sejourprive.com\/#\/schema\/logo\/image\/","url":"https:\/\/www.sejourprive.com\/wp-content\/uploads\/2026\/02\/SP-Apple-touch-144-couleur-1-2.png","contentUrl":"https:\/\/www.sejourprive.com\/wp-content\/uploads\/2026\/02\/SP-Apple-touch-144-couleur-1-2.png","width":145,"height":145,"caption":"S\u00e9jour Priv\u00e9"},"image":{"@id":"https:\/\/www.sejourprive.com\/#\/schema\/logo\/image\/"}}]}},"_links":{"self":[{"href":"https:\/\/www.sejourprive.com\/en\/wp-json\/wp\/v2\/product\/48574","targetHints":{"allow":["GET"]}}],"collection":[{"href":"https:\/\/www.sejourprive.com\/en\/wp-json\/wp\/v2\/product"}],"about":[{"href":"https:\/\/www.sejourprive.com\/en\/wp-json\/wp\/v2\/types\/product"}],"replies":[{"embeddable":true,"href":"https:\/\/www.sejourprive.com\/en\/wp-json\/wp\/v2\/comments?post=48574"}],"version-history":[{"count":0,"href":"https:\/\/www.sejourprive.com\/en\/wp-json\/wp\/v2\/product\/48574\/revisions"}],"wp:featuredmedia":[{"embeddable":true,"href":"https:\/\/www.sejourprive.com\/en\/wp-json\/wp\/v2\/media\/48620"}],"wp:attachment":[{"href":"https:\/\/www.sejourprive.com\/en\/wp-json\/wp\/v2\/media?parent=48574"}],"wp:term":[{"taxonomy":"product_brand","embeddable":true,"href":"https:\/\/www.sejourprive.com\/en\/wp-json\/wp\/v2\/product_brand?post=48574"},{"taxonomy":"product_cat","embeddable":true,"href":"https:\/\/www.sejourprive.com\/en\/wp-json\/wp\/v2\/product_cat?post=48574"},{"taxonomy":"product_tag","embeddable":true,"href":"https:\/\/www.sejourprive.com\/en\/wp-json\/wp\/v2\/product_tag?post=48574"}],"curies":[{"name":"wp","href":"https:\/\/api.w.org\/{rel}","templated":true}]}}

<p>Nichée sur les collines paisibles de Monte Moro, la Villa Teresina est un havre de paix récemment construit, incarnant le luxe et l&#8217;élégance, qui surplombe les eaux scintillantes de Porto Cervo. Son design contemporain et ses vastes espaces extérieurs se fondent harmonieusement dans le cadre époustouflant, ce qui en fait le refuge idéal pour ceux en quête de tranquillité.<span><div class="read-more-wrapper"><a class="read-more-button" data-target="read-more-69f70d124bcd2" data-more-text="Read more" data-less-text="Read less"><span class="read-more-text">Read more</span></a><div id="read-more-69f70d124bcd2" class="read-more-content"> </span></p>
<p>La villa dispose d&#8217;un superbe salon offrant une vue panoramique sur la mer, d&#8217;une décoration sophistiquée et d&#8217;équipements de divertissement à la pointe de la technologie. Une cuisine en îlot élégante et entièrement équipée attend les aventures culinaires, parfaite pour les chefs amateurs.</p>
<p>Avec quatre chambres magnifiquement aménagées et quatre salles de bains, chacune conçue pour un confort ultime, les hôtes profitent d&#8217;un mélange parfait d&#8217;intimité et de luxe moderne. Chaque recoin de la Villa Teresina respire la sophistication raffinée.</p>
<p>Sortez et découvrez un paradis méditerranéen. La terrasse couverte vous invite à savourer un dîner en plein air tout en profitant d&#8217;une vue imprenable sur la mer. Le joyau de la villa est sa magnifique piscine avec une cascade, offrant un endroit idyllique pour se détendre sous le soleil sarde.</div></div></p>

<p>Nichée sur les collines paisibles de Monte Moro, la Villa Teresina est un havre de paix récemment construit, incarnant le&#8230;</p>

<!-- This site is optimized with the Yoast SEO plugin v26.6 - https://yoast.com/wordpress/plugins/seo/ -->
<title>Villa Teresina, Porto Cervo, Sardaigne, Italie - Séjour Privé</title>
<meta name="description" content="Nichée sur les collines paisibles de Monte Moro, la Villa Teresina est un havre de paix récemment construit, incarnant le luxe et l&#039;élégance, qui" />
<meta name="robots" content="index, follow, max-snippet:-1, max-image-preview:large, max-video-preview:-1" />
<link rel="canonical" href="https://www.sejourprive.com/en/biens/villa-teresina-porto-cervo-sardaigne-italie/" />
<meta property="og:locale" content="en_GB" />
<meta property="og:type" content="article" />
<meta property="og:title" content="Villa Teresina, Porto Cervo, Sardaigne, Italie - Séjour Privé" />
<meta property="og:description" content="Nichée sur les collines paisibles de Monte Moro, la Villa Teresina est un havre de paix récemment construit, incarnant le luxe et l&#039;élégance, qui" />
<meta property="og:url" content="https://www.sejourprive.com/en/biens/villa-teresina-porto-cervo-sardaigne-italie/" />
<meta property="og:site_name" content="Séjour Privé" />
<meta property="og:image" content="https://www.sejourprive.com/wp-content/uploads/2026/03/39-73.jpg" />
	<meta property="og:image:width" content="1200" />
	<meta property="og:image:height" content="800" />
	<meta property="og:image:type" content="image/jpeg" />
<meta name="twitter:card" content="summary_large_image" />
<meta name="twitter:label1" content="Estimated reading time" />
	<meta name="twitter:data1" content="2 minutes" />
<script type="application/ld+json" class="yoast-schema-graph">{"@context":"https://schema.org","@graph":[{"@type":"WebPage","@id":"https://www.sejourprive.com/biens/villa-teresina-porto-cervo-sardaigne-italie/","url":"https://www.sejourprive.com/biens/villa-teresina-porto-cervo-sardaigne-italie/","name":"Villa Teresina, Porto Cervo, Sardaigne, Italie - Séjour Privé","isPartOf":{"@id":"https://www.sejourprive.com/#website"},"primaryImageOfPage":{"@id":"https://www.sejourprive.com/biens/villa-teresina-porto-cervo-sardaigne-italie/#primaryimage"},"image":{"@id":"https://www.sejourprive.com/biens/villa-teresina-porto-cervo-sardaigne-italie/#primaryimage"},"thumbnailUrl":"https://www.sejourprive.com/wp-content/uploads/2026/03/39-73.jpg","datePublished":"2026-03-19T10:51:49+00:00","description":"Nichée sur les collines paisibles de Monte Moro, la Villa Teresina est un havre de paix récemment construit, incarnant le luxe et l'élégance, qui","breadcrumb":{"@id":"https://www.sejourprive.com/biens/villa-teresina-porto-cervo-sardaigne-italie/#breadcrumb"},"inLanguage":"en-GB","potentialAction":[{"@type":"ReadAction","target":["https://www.sejourprive.com/biens/villa-teresina-porto-cervo-sardaigne-italie/"]}]},{"@type":"ImageObject","inLanguage":"en-GB","@id":"https://www.sejourprive.com/biens/villa-teresina-porto-cervo-sardaigne-italie/#primaryimage","url":"https://www.sejourprive.com/wp-content/uploads/2026/03/39-73.jpg","contentUrl":"https://www.sejourprive.com/wp-content/uploads/2026/03/39-73.jpg","width":1200,"height":800},{"@type":"BreadcrumbList","@id":"https://www.sejourprive.com/biens/villa-teresina-porto-cervo-sardaigne-italie/#breadcrumb","itemListElement":[{"@type":"ListItem","position":1,"name":"Accueil","item":"https://www.sejourprive.com/"},{"@type":"ListItem","position":2,"name":"Shop","item":"https://www.sejourprive.com/shop/"},{"@type":"ListItem","position":3,"name":"Villa Teresina, Porto Cervo, Sardaigne, Italie"}]},{"@type":"WebSite","@id":"https://www.sejourprive.com/#website","url":"https://www.sejourprive.com/","name":"Séjour Privé","description":"Nous imaginons pour vous des séjours d’exception.","publisher":{"@id":"https://www.sejourprive.com/#organization"},"potentialAction":[{"@type":"SearchAction","target":{"@type":"EntryPoint","urlTemplate":"https://www.sejourprive.com/?s={search_term_string}"},"query-input":{"@type":"PropertyValueSpecification","valueRequired":true,"valueName":"search_term_string"}}],"inLanguage":"en-GB"},{"@type":"Organization","@id":"https://www.sejourprive.com/#organization","name":"Séjour Privé","url":"https://www.sejourprive.com/","logo":{"@type":"ImageObject","inLanguage":"en-GB","@id":"https://www.sejourprive.com/#/schema/logo/image/","url":"https://www.sejourprive.com/wp-content/uploads/2026/02/SP-Apple-touch-144-couleur-1-2.png","contentUrl":"https://www.sejourprive.com/wp-content/uploads/2026/02/SP-Apple-touch-144-couleur-1-2.png","width":145,"height":145,"caption":"Séjour Privé"},"image":{"@id":"https://www.sejourprive.com/#/schema/logo/image/"}}]}</script>
<!-- / Yoast SEO plugin. -->

Villa Teresina, Porto Cervo, Sardaigne, Italie - Séjour Privé

Nichée sur les collines paisibles de Monte Moro, la Villa Teresina est un havre de paix récemment construit, incarnant le luxe et l'élégance, qui

Séjour Privé
