{"id":47167,"date":"2026-03-16T14:55:38","date_gmt":"2026-03-16T13:55:38","guid":{"rendered":"https:\/\/www.sejourprive.com\/?post_type=product&#038;p=47167"},"modified":"2026-03-16T14:55:39","modified_gmt":"2026-03-16T13:55:39","slug":"villa-ginevra-civenna-come-italie","status":"publish","type":"product","link":"https:\/\/www.sejourprive.com\/en\/biens\/villa-ginevra-civenna-come-italie\/","title":{"rendered":"Villa Ginevra, Civenna, Como, Italy"},"content":{"rendered":"<p>Overlooking Cernobbio, Villa Ginevra rises in peaceful harmony, where timeless elegance meets absolute serenity. This 19th-century haven of peace boasts sun-drenched lounges, ivy-covered walls and a panoramic terrace overlooking the gentle curves of Lake Como.<span><div class=\"read-more-wrapper\"><a class=\"read-more-button\" data-target=\"read-more-69f716d2ef818\" data-more-text=\"Read more\" data-less-text=\"Read less\"><span class=\"read-more-text\">Read more<\/span><\/a><div id=\"read-more-69f716d2ef818\" class=\"read-more-content\"> <\/span><\/p>\n<p>Take your time: enjoy breakfast by the water, relax by the pool, spend the afternoon strolling along private paths or surrendering to the calm of the inner courtyard. As night falls, dine under the stars, with the shimmering lake below like a whispered promise.<\/div><\/div><\/p>","protected":false},"excerpt":{"rendered":"<p>Surplombant Cernobbio, la Villa Ginevra s&#8217;\u00e9l\u00e8ve dans une harmonie paisible, o\u00f9 l&#8217;\u00e9l\u00e9gance intemporelle c\u00f4toie une s\u00e9r\u00e9nit\u00e9 absolue. Ce havre de&#8230;<\/p>","protected":false},"featured_media":47178,"comment_status":"open","ping_status":"closed","template":"","meta":{"_acf_changed":false},"product_brand":[],"product_cat":[15],"product_tag":[],"class_list":{"0":"post-47167","1":"product","2":"type-product","3":"status-publish","4":"has-post-thumbnail","6":"product_cat-villa","7":"property_location-come","8":"property_location-italie","10":"first","11":"instock","12":"sold-individually","13":"shipping-taxable","14":"purchasable","15":"product-type-simple"},"acf":[],"yoast_head":"<!-- This site is optimized with the Yoast SEO plugin v26.6 - https:\/\/yoast.com\/wordpress\/plugins\/seo\/ -->\n<title>Villa Ginevra, Civenna, C\u00f4me, Italie - S\u00e9jour Priv\u00e9<\/title>\n<meta name=\"description\" content=\"Surplombant Cernobbio, la Villa Ginevra s&#039;\u00e9l\u00e8ve dans une harmonie paisible, o\u00f9 l&#039;\u00e9l\u00e9gance intemporelle c\u00f4toie une s\u00e9r\u00e9nit\u00e9 absolue. Ce havre de paix du\" \/>\n<meta name=\"robots\" content=\"index, follow, max-snippet:-1, max-image-preview:large, max-video-preview:-1\" \/>\n<link rel=\"canonical\" href=\"https:\/\/www.sejourprive.com\/en\/biens\/villa-ginevra-civenna-come-italie\/\" \/>\n<meta property=\"og:locale\" content=\"en_GB\" \/>\n<meta property=\"og:type\" content=\"article\" \/>\n<meta property=\"og:title\" content=\"Villa Ginevra, Civenna, C\u00f4me, Italie - S\u00e9jour Priv\u00e9\" \/>\n<meta property=\"og:description\" content=\"Surplombant Cernobbio, la Villa Ginevra s&#039;\u00e9l\u00e8ve dans une harmonie paisible, o\u00f9 l&#039;\u00e9l\u00e9gance intemporelle c\u00f4toie une s\u00e9r\u00e9nit\u00e9 absolue. Ce havre de paix du\" \/>\n<meta property=\"og:url\" content=\"https:\/\/www.sejourprive.com\/en\/biens\/villa-ginevra-civenna-come-italie\/\" \/>\n<meta property=\"og:site_name\" content=\"S\u00e9jour Priv\u00e9\" \/>\n<meta property=\"article:modified_time\" content=\"2026-03-16T13:55:39+00:00\" \/>\n<meta property=\"og:image\" content=\"https:\/\/www.sejourprive.com\/wp-content\/uploads\/2026\/03\/1-139.jpg\" \/>\n\t<meta property=\"og:image:width\" content=\"1200\" \/>\n\t<meta property=\"og:image:height\" content=\"799\" \/>\n\t<meta property=\"og:image:type\" content=\"image\/jpeg\" \/>\n<meta name=\"twitter:card\" content=\"summary_large_image\" \/>\n<meta name=\"twitter:label1\" content=\"Estimated reading time\" \/>\n\t<meta name=\"twitter:data1\" content=\"1 minute\" \/>\n<script type=\"application\/ld+json\" class=\"yoast-schema-graph\">{\"@context\":\"https:\/\/schema.org\",\"@graph\":[{\"@type\":\"WebPage\",\"@id\":\"https:\/\/www.sejourprive.com\/biens\/villa-ginevra-civenna-come-italie\/\",\"url\":\"https:\/\/www.sejourprive.com\/biens\/villa-ginevra-civenna-come-italie\/\",\"name\":\"Villa Ginevra, Civenna, C\u00f4me, Italie - S\u00e9jour Priv\u00e9\",\"isPartOf\":{\"@id\":\"https:\/\/www.sejourprive.com\/#website\"},\"primaryImageOfPage\":{\"@id\":\"https:\/\/www.sejourprive.com\/biens\/villa-ginevra-civenna-come-italie\/#primaryimage\"},\"image\":{\"@id\":\"https:\/\/www.sejourprive.com\/biens\/villa-ginevra-civenna-come-italie\/#primaryimage\"},\"thumbnailUrl\":\"https:\/\/www.sejourprive.com\/wp-content\/uploads\/2026\/03\/1-139.jpg\",\"datePublished\":\"2026-03-16T13:55:38+00:00\",\"dateModified\":\"2026-03-16T13:55:39+00:00\",\"description\":\"Surplombant Cernobbio, la Villa Ginevra s'\u00e9l\u00e8ve dans une harmonie paisible, o\u00f9 l'\u00e9l\u00e9gance intemporelle c\u00f4toie une s\u00e9r\u00e9nit\u00e9 absolue. Ce havre de paix du\",\"breadcrumb\":{\"@id\":\"https:\/\/www.sejourprive.com\/biens\/villa-ginevra-civenna-come-italie\/#breadcrumb\"},\"inLanguage\":\"en-GB\",\"potentialAction\":[{\"@type\":\"ReadAction\",\"target\":[\"https:\/\/www.sejourprive.com\/biens\/villa-ginevra-civenna-come-italie\/\"]}]},{\"@type\":\"ImageObject\",\"inLanguage\":\"en-GB\",\"@id\":\"https:\/\/www.sejourprive.com\/biens\/villa-ginevra-civenna-come-italie\/#primaryimage\",\"url\":\"https:\/\/www.sejourprive.com\/wp-content\/uploads\/2026\/03\/1-139.jpg\",\"contentUrl\":\"https:\/\/www.sejourprive.com\/wp-content\/uploads\/2026\/03\/1-139.jpg\",\"width\":1200,\"height\":799},{\"@type\":\"BreadcrumbList\",\"@id\":\"https:\/\/www.sejourprive.com\/biens\/villa-ginevra-civenna-come-italie\/#breadcrumb\",\"itemListElement\":[{\"@type\":\"ListItem\",\"position\":1,\"name\":\"Accueil\",\"item\":\"https:\/\/www.sejourprive.com\/\"},{\"@type\":\"ListItem\",\"position\":2,\"name\":\"Shop\",\"item\":\"https:\/\/www.sejourprive.com\/shop\/\"},{\"@type\":\"ListItem\",\"position\":3,\"name\":\"Villa Ginevra, Civenna, C\u00f4me, Italie\"}]},{\"@type\":\"WebSite\",\"@id\":\"https:\/\/www.sejourprive.com\/#website\",\"url\":\"https:\/\/www.sejourprive.com\/\",\"name\":\"S\u00e9jour Priv\u00e9\",\"description\":\"Nous imaginons pour vous des s\u00e9jours d\u2019exception.\",\"publisher\":{\"@id\":\"https:\/\/www.sejourprive.com\/#organization\"},\"potentialAction\":[{\"@type\":\"SearchAction\",\"target\":{\"@type\":\"EntryPoint\",\"urlTemplate\":\"https:\/\/www.sejourprive.com\/?s={search_term_string}\"},\"query-input\":{\"@type\":\"PropertyValueSpecification\",\"valueRequired\":true,\"valueName\":\"search_term_string\"}}],\"inLanguage\":\"en-GB\"},{\"@type\":\"Organization\",\"@id\":\"https:\/\/www.sejourprive.com\/#organization\",\"name\":\"S\u00e9jour Priv\u00e9\",\"url\":\"https:\/\/www.sejourprive.com\/\",\"logo\":{\"@type\":\"ImageObject\",\"inLanguage\":\"en-GB\",\"@id\":\"https:\/\/www.sejourprive.com\/#\/schema\/logo\/image\/\",\"url\":\"https:\/\/www.sejourprive.com\/wp-content\/uploads\/2026\/02\/SP-Apple-touch-144-couleur-1-2.png\",\"contentUrl\":\"https:\/\/www.sejourprive.com\/wp-content\/uploads\/2026\/02\/SP-Apple-touch-144-couleur-1-2.png\",\"width\":145,\"height\":145,\"caption\":\"S\u00e9jour Priv\u00e9\"},\"image\":{\"@id\":\"https:\/\/www.sejourprive.com\/#\/schema\/logo\/image\/\"}}]}<\/script>\n<!-- \/ Yoast SEO plugin. -->","yoast_head_json":{"title":"Villa Ginevra, Civenna, C\u00f4me, Italie - S\u00e9jour Priv\u00e9","description":"Surplombant Cernobbio, la Villa Ginevra s'\u00e9l\u00e8ve dans une harmonie paisible, o\u00f9 l'\u00e9l\u00e9gance intemporelle c\u00f4toie une s\u00e9r\u00e9nit\u00e9 absolue. Ce havre de paix du","robots":{"index":"index","follow":"follow","max-snippet":"max-snippet:-1","max-image-preview":"max-image-preview:large","max-video-preview":"max-video-preview:-1"},"canonical":"https:\/\/www.sejourprive.com\/en\/biens\/villa-ginevra-civenna-come-italie\/","og_locale":"en_GB","og_type":"article","og_title":"Villa Ginevra, Civenna, C\u00f4me, Italie - S\u00e9jour Priv\u00e9","og_description":"Surplombant Cernobbio, la Villa Ginevra s'\u00e9l\u00e8ve dans une harmonie paisible, o\u00f9 l'\u00e9l\u00e9gance intemporelle c\u00f4toie une s\u00e9r\u00e9nit\u00e9 absolue. Ce havre de paix du","og_url":"https:\/\/www.sejourprive.com\/en\/biens\/villa-ginevra-civenna-come-italie\/","og_site_name":"S\u00e9jour Priv\u00e9","article_modified_time":"2026-03-16T13:55:39+00:00","og_image":[{"width":1200,"height":799,"url":"https:\/\/www.sejourprive.com\/wp-content\/uploads\/2026\/03\/1-139.jpg","type":"image\/jpeg"}],"twitter_card":"summary_large_image","twitter_misc":{"Estimated reading time":"1 minute"},"schema":{"@context":"https:\/\/schema.org","@graph":[{"@type":"WebPage","@id":"https:\/\/www.sejourprive.com\/biens\/villa-ginevra-civenna-come-italie\/","url":"https:\/\/www.sejourprive.com\/biens\/villa-ginevra-civenna-come-italie\/","name":"Villa Ginevra, Civenna, C\u00f4me, Italie - S\u00e9jour Priv\u00e9","isPartOf":{"@id":"https:\/\/www.sejourprive.com\/#website"},"primaryImageOfPage":{"@id":"https:\/\/www.sejourprive.com\/biens\/villa-ginevra-civenna-come-italie\/#primaryimage"},"image":{"@id":"https:\/\/www.sejourprive.com\/biens\/villa-ginevra-civenna-come-italie\/#primaryimage"},"thumbnailUrl":"https:\/\/www.sejourprive.com\/wp-content\/uploads\/2026\/03\/1-139.jpg","datePublished":"2026-03-16T13:55:38+00:00","dateModified":"2026-03-16T13:55:39+00:00","description":"Surplombant Cernobbio, la Villa Ginevra s'\u00e9l\u00e8ve dans une harmonie paisible, o\u00f9 l'\u00e9l\u00e9gance intemporelle c\u00f4toie une s\u00e9r\u00e9nit\u00e9 absolue. Ce havre de paix du","breadcrumb":{"@id":"https:\/\/www.sejourprive.com\/biens\/villa-ginevra-civenna-come-italie\/#breadcrumb"},"inLanguage":"en-GB","potentialAction":[{"@type":"ReadAction","target":["https:\/\/www.sejourprive.com\/biens\/villa-ginevra-civenna-come-italie\/"]}]},{"@type":"ImageObject","inLanguage":"en-GB","@id":"https:\/\/www.sejourprive.com\/biens\/villa-ginevra-civenna-come-italie\/#primaryimage","url":"https:\/\/www.sejourprive.com\/wp-content\/uploads\/2026\/03\/1-139.jpg","contentUrl":"https:\/\/www.sejourprive.com\/wp-content\/uploads\/2026\/03\/1-139.jpg","width":1200,"height":799},{"@type":"BreadcrumbList","@id":"https:\/\/www.sejourprive.com\/biens\/villa-ginevra-civenna-come-italie\/#breadcrumb","itemListElement":[{"@type":"ListItem","position":1,"name":"Accueil","item":"https:\/\/www.sejourprive.com\/"},{"@type":"ListItem","position":2,"name":"Shop","item":"https:\/\/www.sejourprive.com\/shop\/"},{"@type":"ListItem","position":3,"name":"Villa Ginevra, Civenna, C\u00f4me, Italie"}]},{"@type":"WebSite","@id":"https:\/\/www.sejourprive.com\/#website","url":"https:\/\/www.sejourprive.com\/","name":"Private Stay","description":"We design exceptional holidays for you.","publisher":{"@id":"https:\/\/www.sejourprive.com\/#organization"},"potentialAction":[{"@type":"SearchAction","target":{"@type":"EntryPoint","urlTemplate":"https:\/\/www.sejourprive.com\/?s={search_term_string}"},"query-input":{"@type":"PropertyValueSpecification","valueRequired":true,"valueName":"search_term_string"}}],"inLanguage":"en-GB"},{"@type":"Organization","@id":"https:\/\/www.sejourprive.com\/#organization","name":"Private Stay","url":"https:\/\/www.sejourprive.com\/","logo":{"@type":"ImageObject","inLanguage":"en-GB","@id":"https:\/\/www.sejourprive.com\/#\/schema\/logo\/image\/","url":"https:\/\/www.sejourprive.com\/wp-content\/uploads\/2026\/02\/SP-Apple-touch-144-couleur-1-2.png","contentUrl":"https:\/\/www.sejourprive.com\/wp-content\/uploads\/2026\/02\/SP-Apple-touch-144-couleur-1-2.png","width":145,"height":145,"caption":"S\u00e9jour Priv\u00e9"},"image":{"@id":"https:\/\/www.sejourprive.com\/#\/schema\/logo\/image\/"}}]}},"_links":{"self":[{"href":"https:\/\/www.sejourprive.com\/en\/wp-json\/wp\/v2\/product\/47167","targetHints":{"allow":["GET"]}}],"collection":[{"href":"https:\/\/www.sejourprive.com\/en\/wp-json\/wp\/v2\/product"}],"about":[{"href":"https:\/\/www.sejourprive.com\/en\/wp-json\/wp\/v2\/types\/product"}],"replies":[{"embeddable":true,"href":"https:\/\/www.sejourprive.com\/en\/wp-json\/wp\/v2\/comments?post=47167"}],"version-history":[{"count":0,"href":"https:\/\/www.sejourprive.com\/en\/wp-json\/wp\/v2\/product\/47167\/revisions"}],"wp:featuredmedia":[{"embeddable":true,"href":"https:\/\/www.sejourprive.com\/en\/wp-json\/wp\/v2\/media\/47178"}],"wp:attachment":[{"href":"https:\/\/www.sejourprive.com\/en\/wp-json\/wp\/v2\/media?parent=47167"}],"wp:term":[{"taxonomy":"product_brand","embeddable":true,"href":"https:\/\/www.sejourprive.com\/en\/wp-json\/wp\/v2\/product_brand?post=47167"},{"taxonomy":"product_cat","embeddable":true,"href":"https:\/\/www.sejourprive.com\/en\/wp-json\/wp\/v2\/product_cat?post=47167"},{"taxonomy":"product_tag","embeddable":true,"href":"https:\/\/www.sejourprive.com\/en\/wp-json\/wp\/v2\/product_tag?post=47167"}],"curies":[{"name":"wp","href":"https:\/\/api.w.org\/{rel}","templated":true}]}}

<p>Surplombant Cernobbio, la Villa Ginevra s&#8217;élève dans une harmonie paisible, où l&#8217;élégance intemporelle côtoie une sérénité absolue. Ce havre de&#8230;</p>

<!-- This site is optimized with the Yoast SEO plugin v26.6 - https://yoast.com/wordpress/plugins/seo/ -->
<title>Villa Ginevra, Civenna, Côme, Italie - Séjour Privé</title>
<meta name="description" content="Surplombant Cernobbio, la Villa Ginevra s&#039;élève dans une harmonie paisible, où l&#039;élégance intemporelle côtoie une sérénité absolue. Ce havre de paix du" />
<meta name="robots" content="index, follow, max-snippet:-1, max-image-preview:large, max-video-preview:-1" />
<link rel="canonical" href="https://www.sejourprive.com/en/biens/villa-ginevra-civenna-come-italie/" />
<meta property="og:locale" content="en_GB" />
<meta property="og:type" content="article" />
<meta property="og:title" content="Villa Ginevra, Civenna, Côme, Italie - Séjour Privé" />
<meta property="og:description" content="Surplombant Cernobbio, la Villa Ginevra s&#039;élève dans une harmonie paisible, où l&#039;élégance intemporelle côtoie une sérénité absolue. Ce havre de paix du" />
<meta property="og:url" content="https://www.sejourprive.com/en/biens/villa-ginevra-civenna-come-italie/" />
<meta property="og:site_name" content="Séjour Privé" />
<meta property="article:modified_time" content="2026-03-16T13:55:39+00:00" />
<meta property="og:image" content="https://www.sejourprive.com/wp-content/uploads/2026/03/1-139.jpg" />
	<meta property="og:image:width" content="1200" />
	<meta property="og:image:height" content="799" />
	<meta property="og:image:type" content="image/jpeg" />
<meta name="twitter:card" content="summary_large_image" />
<meta name="twitter:label1" content="Estimated reading time" />
	<meta name="twitter:data1" content="1 minute" />
<script type="application/ld+json" class="yoast-schema-graph">{"@context":"https://schema.org","@graph":[{"@type":"WebPage","@id":"https://www.sejourprive.com/biens/villa-ginevra-civenna-come-italie/","url":"https://www.sejourprive.com/biens/villa-ginevra-civenna-come-italie/","name":"Villa Ginevra, Civenna, Côme, Italie - Séjour Privé","isPartOf":{"@id":"https://www.sejourprive.com/#website"},"primaryImageOfPage":{"@id":"https://www.sejourprive.com/biens/villa-ginevra-civenna-come-italie/#primaryimage"},"image":{"@id":"https://www.sejourprive.com/biens/villa-ginevra-civenna-come-italie/#primaryimage"},"thumbnailUrl":"https://www.sejourprive.com/wp-content/uploads/2026/03/1-139.jpg","datePublished":"2026-03-16T13:55:38+00:00","dateModified":"2026-03-16T13:55:39+00:00","description":"Surplombant Cernobbio, la Villa Ginevra s'élève dans une harmonie paisible, où l'élégance intemporelle côtoie une sérénité absolue. Ce havre de paix du","breadcrumb":{"@id":"https://www.sejourprive.com/biens/villa-ginevra-civenna-come-italie/#breadcrumb"},"inLanguage":"en-GB","potentialAction":[{"@type":"ReadAction","target":["https://www.sejourprive.com/biens/villa-ginevra-civenna-come-italie/"]}]},{"@type":"ImageObject","inLanguage":"en-GB","@id":"https://www.sejourprive.com/biens/villa-ginevra-civenna-come-italie/#primaryimage","url":"https://www.sejourprive.com/wp-content/uploads/2026/03/1-139.jpg","contentUrl":"https://www.sejourprive.com/wp-content/uploads/2026/03/1-139.jpg","width":1200,"height":799},{"@type":"BreadcrumbList","@id":"https://www.sejourprive.com/biens/villa-ginevra-civenna-come-italie/#breadcrumb","itemListElement":[{"@type":"ListItem","position":1,"name":"Accueil","item":"https://www.sejourprive.com/"},{"@type":"ListItem","position":2,"name":"Shop","item":"https://www.sejourprive.com/shop/"},{"@type":"ListItem","position":3,"name":"Villa Ginevra, Civenna, Côme, Italie"}]},{"@type":"WebSite","@id":"https://www.sejourprive.com/#website","url":"https://www.sejourprive.com/","name":"Séjour Privé","description":"Nous imaginons pour vous des séjours d’exception.","publisher":{"@id":"https://www.sejourprive.com/#organization"},"potentialAction":[{"@type":"SearchAction","target":{"@type":"EntryPoint","urlTemplate":"https://www.sejourprive.com/?s={search_term_string}"},"query-input":{"@type":"PropertyValueSpecification","valueRequired":true,"valueName":"search_term_string"}}],"inLanguage":"en-GB"},{"@type":"Organization","@id":"https://www.sejourprive.com/#organization","name":"Séjour Privé","url":"https://www.sejourprive.com/","logo":{"@type":"ImageObject","inLanguage":"en-GB","@id":"https://www.sejourprive.com/#/schema/logo/image/","url":"https://www.sejourprive.com/wp-content/uploads/2026/02/SP-Apple-touch-144-couleur-1-2.png","contentUrl":"https://www.sejourprive.com/wp-content/uploads/2026/02/SP-Apple-touch-144-couleur-1-2.png","width":145,"height":145,"caption":"Séjour Privé"},"image":{"@id":"https://www.sejourprive.com/#/schema/logo/image/"}}]}</script>
<!-- / Yoast SEO plugin. -->

Villa Ginevra, Civenna, Côme, Italie - Séjour Privé

Surplombant Cernobbio, la Villa Ginevra s'élève dans une harmonie paisible, où l'élégance intemporelle côtoie une sérénité absolue. Ce havre de paix du

Séjour Privé

Villa Ginevra, Civenna, Côme, Italie
