{"id":46961,"date":"2026-03-16T13:01:20","date_gmt":"2026-03-16T12:01:20","guid":{"rendered":"https:\/\/www.sejourprive.com\/?post_type=product&#038;p=46961"},"modified":"2026-03-16T13:01:20","modified_gmt":"2026-03-16T12:01:20","slug":"villa-donaci-praiano-amalfi-italie","status":"publish","type":"product","link":"https:\/\/www.sejourprive.com\/en\/biens\/villa-donaci-praiano-amalfi-italie\/","title":{"rendered":"Villa Donaci, Praiano, Amalfi, Italy"},"content":{"rendered":"<p>Surplombant le lac, la Villa Donaci est une superbe demeure offrant une vue tout aussi \u00e9poustouflante. Dans la plus pure tradition italienne, la couleur n&#8217;est pas un sujet tabou ici. Vous y trouverez des touches de verts, de bleus et m\u00eame de jaunes \u00e9clatants qui vous plongeront dans l&#8217;ambiance italienne. <span><div class=\"read-more-wrapper\"><a class=\"read-more-button\" data-target=\"read-more-69f5cf03ce927\" data-more-text=\"Read more\" data-less-text=\"Read less\"><span class=\"read-more-text\">Read more<\/span><\/a><div id=\"read-more-69f5cf03ce927\" class=\"read-more-content\"> <\/span><\/p>\n<p>Commencez vos matin\u00e9es par un petit-d\u00e9jeuner accompagn\u00e9 d&#8217;une vue imprenable sur l&#8217;eau. Ensuite, alternez entre un bain de soleil sur les chaises longues et un moment de d\u00e9tente dans la piscine-jacuzzi priv\u00e9e de la villa. Enfin, terminez la journ\u00e9e en r\u00e9unissant toute la famille pour un ap\u00e9ritif afin d&#8217;admirer le soleil se coucher \u00e0 l&#8217;horizon.<\/div><\/div><\/p>","protected":false},"excerpt":{"rendered":"<p>Surplombant le lac, la Villa Donaci est une superbe demeure offrant une vue tout aussi \u00e9poustouflante. Dans la plus pure&#8230;<\/p>","protected":false},"featured_media":47028,"comment_status":"open","ping_status":"closed","template":"","meta":{"_acf_changed":false},"product_brand":[],"product_cat":[15],"product_tag":[],"class_list":{"0":"post-46961","1":"product","2":"type-product","3":"status-publish","4":"has-post-thumbnail","6":"product_cat-villa","7":"property_location-amalfi","8":"property_location-italie","10":"first","11":"instock","12":"sold-individually","13":"shipping-taxable","14":"purchasable","15":"product-type-simple"},"acf":[],"yoast_head":"<!-- This site is optimized with the Yoast SEO plugin v26.6 - https:\/\/yoast.com\/wordpress\/plugins\/seo\/ -->\n<title>Villa Donaci, Praiano, Amalfi, Italie - S\u00e9jour Priv\u00e9<\/title>\n<meta name=\"description\" content=\"Surplombant le lac, la Villa Donaci est une superbe demeure offrant une vue tout aussi \u00e9poustouflante. Dans la plus pure tradition italienne, la couleur\" \/>\n<meta name=\"robots\" content=\"index, follow, max-snippet:-1, max-image-preview:large, max-video-preview:-1\" \/>\n<link rel=\"canonical\" href=\"https:\/\/www.sejourprive.com\/en\/biens\/villa-donaci-praiano-amalfi-italie\/\" \/>\n<meta property=\"og:locale\" content=\"en_GB\" \/>\n<meta property=\"og:type\" content=\"article\" \/>\n<meta property=\"og:title\" content=\"Villa Donaci, Praiano, Amalfi, Italie - S\u00e9jour Priv\u00e9\" \/>\n<meta property=\"og:description\" content=\"Surplombant le lac, la Villa Donaci est une superbe demeure offrant une vue tout aussi \u00e9poustouflante. Dans la plus pure tradition italienne, la couleur\" \/>\n<meta property=\"og:url\" content=\"https:\/\/www.sejourprive.com\/en\/biens\/villa-donaci-praiano-amalfi-italie\/\" \/>\n<meta property=\"og:site_name\" content=\"S\u00e9jour Priv\u00e9\" \/>\n<meta property=\"og:image\" content=\"https:\/\/www.sejourprive.com\/wp-content\/uploads\/2026\/03\/0-131.jpg\" \/>\n\t<meta property=\"og:image:width\" content=\"1200\" \/>\n\t<meta property=\"og:image:height\" content=\"799\" \/>\n\t<meta property=\"og:image:type\" content=\"image\/jpeg\" \/>\n<meta name=\"twitter:card\" content=\"summary_large_image\" \/>\n<meta name=\"twitter:label1\" content=\"Estimated reading time\" \/>\n\t<meta name=\"twitter:data1\" content=\"1 minute\" \/>\n<script type=\"application\/ld+json\" class=\"yoast-schema-graph\">{\"@context\":\"https:\/\/schema.org\",\"@graph\":[{\"@type\":\"WebPage\",\"@id\":\"https:\/\/www.sejourprive.com\/biens\/villa-donaci-praiano-amalfi-italie\/\",\"url\":\"https:\/\/www.sejourprive.com\/biens\/villa-donaci-praiano-amalfi-italie\/\",\"name\":\"Villa Donaci, Praiano, Amalfi, Italie - S\u00e9jour Priv\u00e9\",\"isPartOf\":{\"@id\":\"https:\/\/www.sejourprive.com\/#website\"},\"primaryImageOfPage\":{\"@id\":\"https:\/\/www.sejourprive.com\/biens\/villa-donaci-praiano-amalfi-italie\/#primaryimage\"},\"image\":{\"@id\":\"https:\/\/www.sejourprive.com\/biens\/villa-donaci-praiano-amalfi-italie\/#primaryimage\"},\"thumbnailUrl\":\"https:\/\/www.sejourprive.com\/wp-content\/uploads\/2026\/03\/0-131.jpg\",\"datePublished\":\"2026-03-16T12:01:20+00:00\",\"description\":\"Surplombant le lac, la Villa Donaci est une superbe demeure offrant une vue tout aussi \u00e9poustouflante. Dans la plus pure tradition italienne, la couleur\",\"breadcrumb\":{\"@id\":\"https:\/\/www.sejourprive.com\/biens\/villa-donaci-praiano-amalfi-italie\/#breadcrumb\"},\"inLanguage\":\"en-GB\",\"potentialAction\":[{\"@type\":\"ReadAction\",\"target\":[\"https:\/\/www.sejourprive.com\/biens\/villa-donaci-praiano-amalfi-italie\/\"]}]},{\"@type\":\"ImageObject\",\"inLanguage\":\"en-GB\",\"@id\":\"https:\/\/www.sejourprive.com\/biens\/villa-donaci-praiano-amalfi-italie\/#primaryimage\",\"url\":\"https:\/\/www.sejourprive.com\/wp-content\/uploads\/2026\/03\/0-131.jpg\",\"contentUrl\":\"https:\/\/www.sejourprive.com\/wp-content\/uploads\/2026\/03\/0-131.jpg\",\"width\":1200,\"height\":799},{\"@type\":\"BreadcrumbList\",\"@id\":\"https:\/\/www.sejourprive.com\/biens\/villa-donaci-praiano-amalfi-italie\/#breadcrumb\",\"itemListElement\":[{\"@type\":\"ListItem\",\"position\":1,\"name\":\"Accueil\",\"item\":\"https:\/\/www.sejourprive.com\/\"},{\"@type\":\"ListItem\",\"position\":2,\"name\":\"Shop\",\"item\":\"https:\/\/www.sejourprive.com\/shop\/\"},{\"@type\":\"ListItem\",\"position\":3,\"name\":\"Villa Donaci, Praiano, Amalfi, Italie\"}]},{\"@type\":\"WebSite\",\"@id\":\"https:\/\/www.sejourprive.com\/#website\",\"url\":\"https:\/\/www.sejourprive.com\/\",\"name\":\"S\u00e9jour Priv\u00e9\",\"description\":\"Nous imaginons pour vous des s\u00e9jours d\u2019exception.\",\"publisher\":{\"@id\":\"https:\/\/www.sejourprive.com\/#organization\"},\"potentialAction\":[{\"@type\":\"SearchAction\",\"target\":{\"@type\":\"EntryPoint\",\"urlTemplate\":\"https:\/\/www.sejourprive.com\/?s={search_term_string}\"},\"query-input\":{\"@type\":\"PropertyValueSpecification\",\"valueRequired\":true,\"valueName\":\"search_term_string\"}}],\"inLanguage\":\"en-GB\"},{\"@type\":\"Organization\",\"@id\":\"https:\/\/www.sejourprive.com\/#organization\",\"name\":\"S\u00e9jour Priv\u00e9\",\"url\":\"https:\/\/www.sejourprive.com\/\",\"logo\":{\"@type\":\"ImageObject\",\"inLanguage\":\"en-GB\",\"@id\":\"https:\/\/www.sejourprive.com\/#\/schema\/logo\/image\/\",\"url\":\"https:\/\/www.sejourprive.com\/wp-content\/uploads\/2026\/02\/SP-Apple-touch-144-couleur-1-2.png\",\"contentUrl\":\"https:\/\/www.sejourprive.com\/wp-content\/uploads\/2026\/02\/SP-Apple-touch-144-couleur-1-2.png\",\"width\":145,\"height\":145,\"caption\":\"S\u00e9jour Priv\u00e9\"},\"image\":{\"@id\":\"https:\/\/www.sejourprive.com\/#\/schema\/logo\/image\/\"}}]}<\/script>\n<!-- \/ Yoast SEO plugin. -->","yoast_head_json":{"title":"Villa Donaci, Praiano, Amalfi, Italie - S\u00e9jour Priv\u00e9","description":"Surplombant le lac, la Villa Donaci est une superbe demeure offrant une vue tout aussi \u00e9poustouflante. Dans la plus pure tradition italienne, la couleur","robots":{"index":"index","follow":"follow","max-snippet":"max-snippet:-1","max-image-preview":"max-image-preview:large","max-video-preview":"max-video-preview:-1"},"canonical":"https:\/\/www.sejourprive.com\/en\/biens\/villa-donaci-praiano-amalfi-italie\/","og_locale":"en_GB","og_type":"article","og_title":"Villa Donaci, Praiano, Amalfi, Italie - S\u00e9jour Priv\u00e9","og_description":"Surplombant le lac, la Villa Donaci est une superbe demeure offrant une vue tout aussi \u00e9poustouflante. Dans la plus pure tradition italienne, la couleur","og_url":"https:\/\/www.sejourprive.com\/en\/biens\/villa-donaci-praiano-amalfi-italie\/","og_site_name":"S\u00e9jour Priv\u00e9","og_image":[{"width":1200,"height":799,"url":"https:\/\/www.sejourprive.com\/wp-content\/uploads\/2026\/03\/0-131.jpg","type":"image\/jpeg"}],"twitter_card":"summary_large_image","twitter_misc":{"Estimated reading time":"1 minute"},"schema":{"@context":"https:\/\/schema.org","@graph":[{"@type":"WebPage","@id":"https:\/\/www.sejourprive.com\/biens\/villa-donaci-praiano-amalfi-italie\/","url":"https:\/\/www.sejourprive.com\/biens\/villa-donaci-praiano-amalfi-italie\/","name":"Villa Donaci, Praiano, Amalfi, Italie - S\u00e9jour Priv\u00e9","isPartOf":{"@id":"https:\/\/www.sejourprive.com\/#website"},"primaryImageOfPage":{"@id":"https:\/\/www.sejourprive.com\/biens\/villa-donaci-praiano-amalfi-italie\/#primaryimage"},"image":{"@id":"https:\/\/www.sejourprive.com\/biens\/villa-donaci-praiano-amalfi-italie\/#primaryimage"},"thumbnailUrl":"https:\/\/www.sejourprive.com\/wp-content\/uploads\/2026\/03\/0-131.jpg","datePublished":"2026-03-16T12:01:20+00:00","description":"Surplombant le lac, la Villa Donaci est une superbe demeure offrant une vue tout aussi \u00e9poustouflante. Dans la plus pure tradition italienne, la couleur","breadcrumb":{"@id":"https:\/\/www.sejourprive.com\/biens\/villa-donaci-praiano-amalfi-italie\/#breadcrumb"},"inLanguage":"en-GB","potentialAction":[{"@type":"ReadAction","target":["https:\/\/www.sejourprive.com\/biens\/villa-donaci-praiano-amalfi-italie\/"]}]},{"@type":"ImageObject","inLanguage":"en-GB","@id":"https:\/\/www.sejourprive.com\/biens\/villa-donaci-praiano-amalfi-italie\/#primaryimage","url":"https:\/\/www.sejourprive.com\/wp-content\/uploads\/2026\/03\/0-131.jpg","contentUrl":"https:\/\/www.sejourprive.com\/wp-content\/uploads\/2026\/03\/0-131.jpg","width":1200,"height":799},{"@type":"BreadcrumbList","@id":"https:\/\/www.sejourprive.com\/biens\/villa-donaci-praiano-amalfi-italie\/#breadcrumb","itemListElement":[{"@type":"ListItem","position":1,"name":"Accueil","item":"https:\/\/www.sejourprive.com\/"},{"@type":"ListItem","position":2,"name":"Shop","item":"https:\/\/www.sejourprive.com\/shop\/"},{"@type":"ListItem","position":3,"name":"Villa Donaci, Praiano, Amalfi, Italie"}]},{"@type":"WebSite","@id":"https:\/\/www.sejourprive.com\/#website","url":"https:\/\/www.sejourprive.com\/","name":"Private Stay","description":"We design exceptional holidays for you.","publisher":{"@id":"https:\/\/www.sejourprive.com\/#organization"},"potentialAction":[{"@type":"SearchAction","target":{"@type":"EntryPoint","urlTemplate":"https:\/\/www.sejourprive.com\/?s={search_term_string}"},"query-input":{"@type":"PropertyValueSpecification","valueRequired":true,"valueName":"search_term_string"}}],"inLanguage":"en-GB"},{"@type":"Organization","@id":"https:\/\/www.sejourprive.com\/#organization","name":"Private Stay","url":"https:\/\/www.sejourprive.com\/","logo":{"@type":"ImageObject","inLanguage":"en-GB","@id":"https:\/\/www.sejourprive.com\/#\/schema\/logo\/image\/","url":"https:\/\/www.sejourprive.com\/wp-content\/uploads\/2026\/02\/SP-Apple-touch-144-couleur-1-2.png","contentUrl":"https:\/\/www.sejourprive.com\/wp-content\/uploads\/2026\/02\/SP-Apple-touch-144-couleur-1-2.png","width":145,"height":145,"caption":"S\u00e9jour Priv\u00e9"},"image":{"@id":"https:\/\/www.sejourprive.com\/#\/schema\/logo\/image\/"}}]}},"_links":{"self":[{"href":"https:\/\/www.sejourprive.com\/en\/wp-json\/wp\/v2\/product\/46961","targetHints":{"allow":["GET"]}}],"collection":[{"href":"https:\/\/www.sejourprive.com\/en\/wp-json\/wp\/v2\/product"}],"about":[{"href":"https:\/\/www.sejourprive.com\/en\/wp-json\/wp\/v2\/types\/product"}],"replies":[{"embeddable":true,"href":"https:\/\/www.sejourprive.com\/en\/wp-json\/wp\/v2\/comments?post=46961"}],"version-history":[{"count":0,"href":"https:\/\/www.sejourprive.com\/en\/wp-json\/wp\/v2\/product\/46961\/revisions"}],"wp:featuredmedia":[{"embeddable":true,"href":"https:\/\/www.sejourprive.com\/en\/wp-json\/wp\/v2\/media\/47028"}],"wp:attachment":[{"href":"https:\/\/www.sejourprive.com\/en\/wp-json\/wp\/v2\/media?parent=46961"}],"wp:term":[{"taxonomy":"product_brand","embeddable":true,"href":"https:\/\/www.sejourprive.com\/en\/wp-json\/wp\/v2\/product_brand?post=46961"},{"taxonomy":"product_cat","embeddable":true,"href":"https:\/\/www.sejourprive.com\/en\/wp-json\/wp\/v2\/product_cat?post=46961"},{"taxonomy":"product_tag","embeddable":true,"href":"https:\/\/www.sejourprive.com\/en\/wp-json\/wp\/v2\/product_tag?post=46961"}],"curies":[{"name":"wp","href":"https:\/\/api.w.org\/{rel}","templated":true}]}}

<p>Surplombant le lac, la Villa Donaci est une superbe demeure offrant une vue tout aussi époustouflante. Dans la plus pure tradition italienne, la couleur n&#8217;est pas un sujet tabou ici. Vous y trouverez des touches de verts, de bleus et même de jaunes éclatants qui vous plongeront dans l&#8217;ambiance italienne. <span><div class="read-more-wrapper"><a class="read-more-button" data-target="read-more-69f5cf03ce927" data-more-text="Read more" data-less-text="Read less"><span class="read-more-text">Read more</span></a><div id="read-more-69f5cf03ce927" class="read-more-content"> </span></p>
<p>Commencez vos matinées par un petit-déjeuner accompagné d&#8217;une vue imprenable sur l&#8217;eau. Ensuite, alternez entre un bain de soleil sur les chaises longues et un moment de détente dans la piscine-jacuzzi privée de la villa. Enfin, terminez la journée en réunissant toute la famille pour un apéritif afin d&#8217;admirer le soleil se coucher à l&#8217;horizon.</div></div></p>

<p>Surplombant le lac, la Villa Donaci est une superbe demeure offrant une vue tout aussi époustouflante. Dans la plus pure&#8230;</p>

<!-- This site is optimized with the Yoast SEO plugin v26.6 - https://yoast.com/wordpress/plugins/seo/ -->
<title>Villa Donaci, Praiano, Amalfi, Italie - Séjour Privé</title>
<meta name="description" content="Surplombant le lac, la Villa Donaci est une superbe demeure offrant une vue tout aussi époustouflante. Dans la plus pure tradition italienne, la couleur" />
<meta name="robots" content="index, follow, max-snippet:-1, max-image-preview:large, max-video-preview:-1" />
<link rel="canonical" href="https://www.sejourprive.com/en/biens/villa-donaci-praiano-amalfi-italie/" />
<meta property="og:locale" content="en_GB" />
<meta property="og:type" content="article" />
<meta property="og:title" content="Villa Donaci, Praiano, Amalfi, Italie - Séjour Privé" />
<meta property="og:description" content="Surplombant le lac, la Villa Donaci est une superbe demeure offrant une vue tout aussi époustouflante. Dans la plus pure tradition italienne, la couleur" />
<meta property="og:url" content="https://www.sejourprive.com/en/biens/villa-donaci-praiano-amalfi-italie/" />
<meta property="og:site_name" content="Séjour Privé" />
<meta property="og:image" content="https://www.sejourprive.com/wp-content/uploads/2026/03/0-131.jpg" />
	<meta property="og:image:width" content="1200" />
	<meta property="og:image:height" content="799" />
	<meta property="og:image:type" content="image/jpeg" />
<meta name="twitter:card" content="summary_large_image" />
<meta name="twitter:label1" content="Estimated reading time" />
	<meta name="twitter:data1" content="1 minute" />
<script type="application/ld+json" class="yoast-schema-graph">{"@context":"https://schema.org","@graph":[{"@type":"WebPage","@id":"https://www.sejourprive.com/biens/villa-donaci-praiano-amalfi-italie/","url":"https://www.sejourprive.com/biens/villa-donaci-praiano-amalfi-italie/","name":"Villa Donaci, Praiano, Amalfi, Italie - Séjour Privé","isPartOf":{"@id":"https://www.sejourprive.com/#website"},"primaryImageOfPage":{"@id":"https://www.sejourprive.com/biens/villa-donaci-praiano-amalfi-italie/#primaryimage"},"image":{"@id":"https://www.sejourprive.com/biens/villa-donaci-praiano-amalfi-italie/#primaryimage"},"thumbnailUrl":"https://www.sejourprive.com/wp-content/uploads/2026/03/0-131.jpg","datePublished":"2026-03-16T12:01:20+00:00","description":"Surplombant le lac, la Villa Donaci est une superbe demeure offrant une vue tout aussi époustouflante. Dans la plus pure tradition italienne, la couleur","breadcrumb":{"@id":"https://www.sejourprive.com/biens/villa-donaci-praiano-amalfi-italie/#breadcrumb"},"inLanguage":"en-GB","potentialAction":[{"@type":"ReadAction","target":["https://www.sejourprive.com/biens/villa-donaci-praiano-amalfi-italie/"]}]},{"@type":"ImageObject","inLanguage":"en-GB","@id":"https://www.sejourprive.com/biens/villa-donaci-praiano-amalfi-italie/#primaryimage","url":"https://www.sejourprive.com/wp-content/uploads/2026/03/0-131.jpg","contentUrl":"https://www.sejourprive.com/wp-content/uploads/2026/03/0-131.jpg","width":1200,"height":799},{"@type":"BreadcrumbList","@id":"https://www.sejourprive.com/biens/villa-donaci-praiano-amalfi-italie/#breadcrumb","itemListElement":[{"@type":"ListItem","position":1,"name":"Accueil","item":"https://www.sejourprive.com/"},{"@type":"ListItem","position":2,"name":"Shop","item":"https://www.sejourprive.com/shop/"},{"@type":"ListItem","position":3,"name":"Villa Donaci, Praiano, Amalfi, Italie"}]},{"@type":"WebSite","@id":"https://www.sejourprive.com/#website","url":"https://www.sejourprive.com/","name":"Séjour Privé","description":"Nous imaginons pour vous des séjours d’exception.","publisher":{"@id":"https://www.sejourprive.com/#organization"},"potentialAction":[{"@type":"SearchAction","target":{"@type":"EntryPoint","urlTemplate":"https://www.sejourprive.com/?s={search_term_string}"},"query-input":{"@type":"PropertyValueSpecification","valueRequired":true,"valueName":"search_term_string"}}],"inLanguage":"en-GB"},{"@type":"Organization","@id":"https://www.sejourprive.com/#organization","name":"Séjour Privé","url":"https://www.sejourprive.com/","logo":{"@type":"ImageObject","inLanguage":"en-GB","@id":"https://www.sejourprive.com/#/schema/logo/image/","url":"https://www.sejourprive.com/wp-content/uploads/2026/02/SP-Apple-touch-144-couleur-1-2.png","contentUrl":"https://www.sejourprive.com/wp-content/uploads/2026/02/SP-Apple-touch-144-couleur-1-2.png","width":145,"height":145,"caption":"Séjour Privé"},"image":{"@id":"https://www.sejourprive.com/#/schema/logo/image/"}}]}</script>
<!-- / Yoast SEO plugin. -->

Villa Donaci, Praiano, Amalfi, Italie - Séjour Privé

Surplombant le lac, la Villa Donaci est une superbe demeure offrant une vue tout aussi époustouflante. Dans la plus pure tradition italienne, la couleur

Séjour Privé
