{"id":46719,"date":"2026-03-13T16:26:39","date_gmt":"2026-03-13T15:26:39","guid":{"rendered":"https:\/\/www.sejourprive.com\/?post_type=product&#038;p=46719"},"modified":"2026-03-13T16:26:39","modified_gmt":"2026-03-13T15:26:39","slug":"podere-cuore-radicondoli-si-toscane-italie","status":"publish","type":"product","link":"https:\/\/www.sejourprive.com\/en\/biens\/podere-cuore-radicondoli-si-toscane-italie\/","title":{"rendered":"Podere Cuore, Radicondoli Si, Tuscany, Italy"},"content":{"rendered":"<p>Entour\u00e9 par la spectaculaire campagne toscane dans la charmante province de Sienne, le Podere Cuore incarne l&#8217;\u00e9l\u00e9gance italienne et la dolce vita. Son architecture traditionnelle, ponctu\u00e9e par quelques touches modernes, r\u00e9v\u00e8le un havre de paix aux couleurs chaleureuses, entre poutres en bois rustiques et mobilier typique de la r\u00e9gion.  <\/p>\n<p><span><div class=\"read-more-wrapper\"><a class=\"read-more-button\" data-target=\"read-more-69f5c877f1889\" data-more-text=\"Read more\" data-less-text=\"Read less\"><span class=\"read-more-text\">Read more<\/span><\/a><div id=\"read-more-69f5c877f1889\" class=\"read-more-content\"> <\/span>Commencez votre matin\u00e9e au Podere Curore avec un expresso fra\u00eechement pr\u00e9par\u00e9, \u00e0 siroter sur la terrasse ensoleill\u00e9e, en t\u00eate-\u00e0-t\u00eate avec les vues \u00e0 couper le souffle sur les collines verdoyantes. Au fil de la journ\u00e9e, vous pourrez piquer une t\u00eate dans la piscine du jardin, ou bien partir explorer le vaste domaine \u00e0 pied. Apr\u00e8s l&#8217;effort, prenez un moment pour vous dans l&#8217;espace spa de la maison, en choisissant entre le jacuzzi, le hammam et le sauna, pour une fin d&#8217;apr\u00e8s-midi parfaite.<\/div><\/div><\/p>","protected":false},"excerpt":{"rendered":"<p>Entour\u00e9 par la spectaculaire campagne toscane dans la charmante province de Sienne, le Podere Cuore incarne l&#8217;\u00e9l\u00e9gance italienne et la&#8230;<\/p>","protected":false},"featured_media":46768,"comment_status":"open","ping_status":"closed","template":"","meta":{"_acf_changed":false},"product_brand":[],"product_cat":[15],"product_tag":[],"class_list":{"0":"post-46719","1":"product","2":"type-product","3":"status-publish","4":"has-post-thumbnail","6":"product_cat-villa","7":"property_location-italie","8":"property_location-toscane","10":"first","11":"instock","12":"sold-individually","13":"shipping-taxable","14":"purchasable","15":"product-type-simple"},"acf":[],"yoast_head":"<!-- This site is optimized with the Yoast SEO plugin v26.6 - https:\/\/yoast.com\/wordpress\/plugins\/seo\/ -->\n<title>Podere Cuore, Radicondoli Si, Toscane, Italie - S\u00e9jour Priv\u00e9<\/title>\n<meta name=\"description\" content=\"Entour\u00e9 par la spectaculaire campagne toscane dans la charmante province de Sienne, le Podere Cuore incarne l&#039;\u00e9l\u00e9gance italienne et la dolce vita. Son\" \/>\n<meta name=\"robots\" content=\"index, follow, max-snippet:-1, max-image-preview:large, max-video-preview:-1\" \/>\n<link rel=\"canonical\" href=\"https:\/\/www.sejourprive.com\/en\/biens\/podere-cuore-radicondoli-si-toscane-italie\/\" \/>\n<meta property=\"og:locale\" content=\"en_GB\" \/>\n<meta property=\"og:type\" content=\"article\" \/>\n<meta property=\"og:title\" content=\"Podere Cuore, Radicondoli Si, Toscane, Italie - S\u00e9jour Priv\u00e9\" \/>\n<meta property=\"og:description\" content=\"Entour\u00e9 par la spectaculaire campagne toscane dans la charmante province de Sienne, le Podere Cuore incarne l&#039;\u00e9l\u00e9gance italienne et la dolce vita. Son\" \/>\n<meta property=\"og:url\" content=\"https:\/\/www.sejourprive.com\/en\/biens\/podere-cuore-radicondoli-si-toscane-italie\/\" \/>\n<meta property=\"og:site_name\" content=\"S\u00e9jour Priv\u00e9\" \/>\n<meta property=\"og:image\" content=\"https:\/\/www.sejourprive.com\/wp-content\/uploads\/2026\/03\/5-123.jpg\" \/>\n\t<meta property=\"og:image:width\" content=\"1200\" \/>\n\t<meta property=\"og:image:height\" content=\"801\" \/>\n\t<meta property=\"og:image:type\" content=\"image\/jpeg\" \/>\n<meta name=\"twitter:card\" content=\"summary_large_image\" \/>\n<meta name=\"twitter:label1\" content=\"Estimated reading time\" \/>\n\t<meta name=\"twitter:data1\" content=\"1 minute\" \/>\n<script type=\"application\/ld+json\" class=\"yoast-schema-graph\">{\"@context\":\"https:\/\/schema.org\",\"@graph\":[{\"@type\":\"WebPage\",\"@id\":\"https:\/\/www.sejourprive.com\/biens\/podere-cuore-radicondoli-si-toscane-italie\/\",\"url\":\"https:\/\/www.sejourprive.com\/biens\/podere-cuore-radicondoli-si-toscane-italie\/\",\"name\":\"Podere Cuore, Radicondoli Si, Toscane, Italie - S\u00e9jour Priv\u00e9\",\"isPartOf\":{\"@id\":\"https:\/\/www.sejourprive.com\/#website\"},\"primaryImageOfPage\":{\"@id\":\"https:\/\/www.sejourprive.com\/biens\/podere-cuore-radicondoli-si-toscane-italie\/#primaryimage\"},\"image\":{\"@id\":\"https:\/\/www.sejourprive.com\/biens\/podere-cuore-radicondoli-si-toscane-italie\/#primaryimage\"},\"thumbnailUrl\":\"https:\/\/www.sejourprive.com\/wp-content\/uploads\/2026\/03\/5-123.jpg\",\"datePublished\":\"2026-03-13T15:26:39+00:00\",\"description\":\"Entour\u00e9 par la spectaculaire campagne toscane dans la charmante province de Sienne, le Podere Cuore incarne l'\u00e9l\u00e9gance italienne et la dolce vita. Son\",\"breadcrumb\":{\"@id\":\"https:\/\/www.sejourprive.com\/biens\/podere-cuore-radicondoli-si-toscane-italie\/#breadcrumb\"},\"inLanguage\":\"en-GB\",\"potentialAction\":[{\"@type\":\"ReadAction\",\"target\":[\"https:\/\/www.sejourprive.com\/biens\/podere-cuore-radicondoli-si-toscane-italie\/\"]}]},{\"@type\":\"ImageObject\",\"inLanguage\":\"en-GB\",\"@id\":\"https:\/\/www.sejourprive.com\/biens\/podere-cuore-radicondoli-si-toscane-italie\/#primaryimage\",\"url\":\"https:\/\/www.sejourprive.com\/wp-content\/uploads\/2026\/03\/5-123.jpg\",\"contentUrl\":\"https:\/\/www.sejourprive.com\/wp-content\/uploads\/2026\/03\/5-123.jpg\",\"width\":1200,\"height\":801},{\"@type\":\"BreadcrumbList\",\"@id\":\"https:\/\/www.sejourprive.com\/biens\/podere-cuore-radicondoli-si-toscane-italie\/#breadcrumb\",\"itemListElement\":[{\"@type\":\"ListItem\",\"position\":1,\"name\":\"Accueil\",\"item\":\"https:\/\/www.sejourprive.com\/\"},{\"@type\":\"ListItem\",\"position\":2,\"name\":\"Shop\",\"item\":\"https:\/\/www.sejourprive.com\/shop\/\"},{\"@type\":\"ListItem\",\"position\":3,\"name\":\"Podere Cuore, Radicondoli Si, Toscane, Italie\"}]},{\"@type\":\"WebSite\",\"@id\":\"https:\/\/www.sejourprive.com\/#website\",\"url\":\"https:\/\/www.sejourprive.com\/\",\"name\":\"S\u00e9jour Priv\u00e9\",\"description\":\"Nous imaginons pour vous des s\u00e9jours d\u2019exception.\",\"publisher\":{\"@id\":\"https:\/\/www.sejourprive.com\/#organization\"},\"potentialAction\":[{\"@type\":\"SearchAction\",\"target\":{\"@type\":\"EntryPoint\",\"urlTemplate\":\"https:\/\/www.sejourprive.com\/?s={search_term_string}\"},\"query-input\":{\"@type\":\"PropertyValueSpecification\",\"valueRequired\":true,\"valueName\":\"search_term_string\"}}],\"inLanguage\":\"en-GB\"},{\"@type\":\"Organization\",\"@id\":\"https:\/\/www.sejourprive.com\/#organization\",\"name\":\"S\u00e9jour Priv\u00e9\",\"url\":\"https:\/\/www.sejourprive.com\/\",\"logo\":{\"@type\":\"ImageObject\",\"inLanguage\":\"en-GB\",\"@id\":\"https:\/\/www.sejourprive.com\/#\/schema\/logo\/image\/\",\"url\":\"https:\/\/www.sejourprive.com\/wp-content\/uploads\/2026\/02\/SP-Apple-touch-144-couleur-1-2.png\",\"contentUrl\":\"https:\/\/www.sejourprive.com\/wp-content\/uploads\/2026\/02\/SP-Apple-touch-144-couleur-1-2.png\",\"width\":145,\"height\":145,\"caption\":\"S\u00e9jour Priv\u00e9\"},\"image\":{\"@id\":\"https:\/\/www.sejourprive.com\/#\/schema\/logo\/image\/\"}}]}<\/script>\n<!-- \/ Yoast SEO plugin. -->","yoast_head_json":{"title":"Podere Cuore, Radicondoli Si, Toscane, Italie - S\u00e9jour Priv\u00e9","description":"Entour\u00e9 par la spectaculaire campagne toscane dans la charmante province de Sienne, le Podere Cuore incarne l'\u00e9l\u00e9gance italienne et la dolce vita. Son","robots":{"index":"index","follow":"follow","max-snippet":"max-snippet:-1","max-image-preview":"max-image-preview:large","max-video-preview":"max-video-preview:-1"},"canonical":"https:\/\/www.sejourprive.com\/en\/biens\/podere-cuore-radicondoli-si-toscane-italie\/","og_locale":"en_GB","og_type":"article","og_title":"Podere Cuore, Radicondoli Si, Toscane, Italie - S\u00e9jour Priv\u00e9","og_description":"Entour\u00e9 par la spectaculaire campagne toscane dans la charmante province de Sienne, le Podere Cuore incarne l'\u00e9l\u00e9gance italienne et la dolce vita. Son","og_url":"https:\/\/www.sejourprive.com\/en\/biens\/podere-cuore-radicondoli-si-toscane-italie\/","og_site_name":"S\u00e9jour Priv\u00e9","og_image":[{"width":1200,"height":801,"url":"https:\/\/www.sejourprive.com\/wp-content\/uploads\/2026\/03\/5-123.jpg","type":"image\/jpeg"}],"twitter_card":"summary_large_image","twitter_misc":{"Estimated reading time":"1 minute"},"schema":{"@context":"https:\/\/schema.org","@graph":[{"@type":"WebPage","@id":"https:\/\/www.sejourprive.com\/biens\/podere-cuore-radicondoli-si-toscane-italie\/","url":"https:\/\/www.sejourprive.com\/biens\/podere-cuore-radicondoli-si-toscane-italie\/","name":"Podere Cuore, Radicondoli Si, Toscane, Italie - S\u00e9jour Priv\u00e9","isPartOf":{"@id":"https:\/\/www.sejourprive.com\/#website"},"primaryImageOfPage":{"@id":"https:\/\/www.sejourprive.com\/biens\/podere-cuore-radicondoli-si-toscane-italie\/#primaryimage"},"image":{"@id":"https:\/\/www.sejourprive.com\/biens\/podere-cuore-radicondoli-si-toscane-italie\/#primaryimage"},"thumbnailUrl":"https:\/\/www.sejourprive.com\/wp-content\/uploads\/2026\/03\/5-123.jpg","datePublished":"2026-03-13T15:26:39+00:00","description":"Entour\u00e9 par la spectaculaire campagne toscane dans la charmante province de Sienne, le Podere Cuore incarne l'\u00e9l\u00e9gance italienne et la dolce vita. Son","breadcrumb":{"@id":"https:\/\/www.sejourprive.com\/biens\/podere-cuore-radicondoli-si-toscane-italie\/#breadcrumb"},"inLanguage":"en-GB","potentialAction":[{"@type":"ReadAction","target":["https:\/\/www.sejourprive.com\/biens\/podere-cuore-radicondoli-si-toscane-italie\/"]}]},{"@type":"ImageObject","inLanguage":"en-GB","@id":"https:\/\/www.sejourprive.com\/biens\/podere-cuore-radicondoli-si-toscane-italie\/#primaryimage","url":"https:\/\/www.sejourprive.com\/wp-content\/uploads\/2026\/03\/5-123.jpg","contentUrl":"https:\/\/www.sejourprive.com\/wp-content\/uploads\/2026\/03\/5-123.jpg","width":1200,"height":801},{"@type":"BreadcrumbList","@id":"https:\/\/www.sejourprive.com\/biens\/podere-cuore-radicondoli-si-toscane-italie\/#breadcrumb","itemListElement":[{"@type":"ListItem","position":1,"name":"Accueil","item":"https:\/\/www.sejourprive.com\/"},{"@type":"ListItem","position":2,"name":"Shop","item":"https:\/\/www.sejourprive.com\/shop\/"},{"@type":"ListItem","position":3,"name":"Podere Cuore, Radicondoli Si, Toscane, Italie"}]},{"@type":"WebSite","@id":"https:\/\/www.sejourprive.com\/#website","url":"https:\/\/www.sejourprive.com\/","name":"Private Stay","description":"We design exceptional holidays for you.","publisher":{"@id":"https:\/\/www.sejourprive.com\/#organization"},"potentialAction":[{"@type":"SearchAction","target":{"@type":"EntryPoint","urlTemplate":"https:\/\/www.sejourprive.com\/?s={search_term_string}"},"query-input":{"@type":"PropertyValueSpecification","valueRequired":true,"valueName":"search_term_string"}}],"inLanguage":"en-GB"},{"@type":"Organization","@id":"https:\/\/www.sejourprive.com\/#organization","name":"Private Stay","url":"https:\/\/www.sejourprive.com\/","logo":{"@type":"ImageObject","inLanguage":"en-GB","@id":"https:\/\/www.sejourprive.com\/#\/schema\/logo\/image\/","url":"https:\/\/www.sejourprive.com\/wp-content\/uploads\/2026\/02\/SP-Apple-touch-144-couleur-1-2.png","contentUrl":"https:\/\/www.sejourprive.com\/wp-content\/uploads\/2026\/02\/SP-Apple-touch-144-couleur-1-2.png","width":145,"height":145,"caption":"S\u00e9jour Priv\u00e9"},"image":{"@id":"https:\/\/www.sejourprive.com\/#\/schema\/logo\/image\/"}}]}},"_links":{"self":[{"href":"https:\/\/www.sejourprive.com\/en\/wp-json\/wp\/v2\/product\/46719","targetHints":{"allow":["GET"]}}],"collection":[{"href":"https:\/\/www.sejourprive.com\/en\/wp-json\/wp\/v2\/product"}],"about":[{"href":"https:\/\/www.sejourprive.com\/en\/wp-json\/wp\/v2\/types\/product"}],"replies":[{"embeddable":true,"href":"https:\/\/www.sejourprive.com\/en\/wp-json\/wp\/v2\/comments?post=46719"}],"version-history":[{"count":0,"href":"https:\/\/www.sejourprive.com\/en\/wp-json\/wp\/v2\/product\/46719\/revisions"}],"wp:featuredmedia":[{"embeddable":true,"href":"https:\/\/www.sejourprive.com\/en\/wp-json\/wp\/v2\/media\/46768"}],"wp:attachment":[{"href":"https:\/\/www.sejourprive.com\/en\/wp-json\/wp\/v2\/media?parent=46719"}],"wp:term":[{"taxonomy":"product_brand","embeddable":true,"href":"https:\/\/www.sejourprive.com\/en\/wp-json\/wp\/v2\/product_brand?post=46719"},{"taxonomy":"product_cat","embeddable":true,"href":"https:\/\/www.sejourprive.com\/en\/wp-json\/wp\/v2\/product_cat?post=46719"},{"taxonomy":"product_tag","embeddable":true,"href":"https:\/\/www.sejourprive.com\/en\/wp-json\/wp\/v2\/product_tag?post=46719"}],"curies":[{"name":"wp","href":"https:\/\/api.w.org\/{rel}","templated":true}]}}

<p>Entouré par la spectaculaire campagne toscane dans la charmante province de Sienne, le Podere Cuore incarne l&#8217;élégance italienne et la dolce vita. Son architecture traditionnelle, ponctuée par quelques touches modernes, révèle un havre de paix aux couleurs chaleureuses, entre poutres en bois rustiques et mobilier typique de la région.  </p>
<p><span><div class="read-more-wrapper"><a class="read-more-button" data-target="read-more-69f5c877f1889" data-more-text="Read more" data-less-text="Read less"><span class="read-more-text">Read more</span></a><div id="read-more-69f5c877f1889" class="read-more-content"> </span>Commencez votre matinée au Podere Curore avec un expresso fraîchement préparé, à siroter sur la terrasse ensoleillée, en tête-à-tête avec les vues à couper le souffle sur les collines verdoyantes. Au fil de la journée, vous pourrez piquer une tête dans la piscine du jardin, ou bien partir explorer le vaste domaine à pied. Après l&#8217;effort, prenez un moment pour vous dans l&#8217;espace spa de la maison, en choisissant entre le jacuzzi, le hammam et le sauna, pour une fin d&#8217;après-midi parfaite.</div></div></p>

<p>Entouré par la spectaculaire campagne toscane dans la charmante province de Sienne, le Podere Cuore incarne l&#8217;élégance italienne et la&#8230;</p>

<!-- This site is optimized with the Yoast SEO plugin v26.6 - https://yoast.com/wordpress/plugins/seo/ -->
<title>Podere Cuore, Radicondoli Si, Toscane, Italie - Séjour Privé</title>
<meta name="description" content="Entouré par la spectaculaire campagne toscane dans la charmante province de Sienne, le Podere Cuore incarne l&#039;élégance italienne et la dolce vita. Son" />
<meta name="robots" content="index, follow, max-snippet:-1, max-image-preview:large, max-video-preview:-1" />
<link rel="canonical" href="https://www.sejourprive.com/en/biens/podere-cuore-radicondoli-si-toscane-italie/" />
<meta property="og:locale" content="en_GB" />
<meta property="og:type" content="article" />
<meta property="og:title" content="Podere Cuore, Radicondoli Si, Toscane, Italie - Séjour Privé" />
<meta property="og:description" content="Entouré par la spectaculaire campagne toscane dans la charmante province de Sienne, le Podere Cuore incarne l&#039;élégance italienne et la dolce vita. Son" />
<meta property="og:url" content="https://www.sejourprive.com/en/biens/podere-cuore-radicondoli-si-toscane-italie/" />
<meta property="og:site_name" content="Séjour Privé" />
<meta property="og:image" content="https://www.sejourprive.com/wp-content/uploads/2026/03/5-123.jpg" />
	<meta property="og:image:width" content="1200" />
	<meta property="og:image:height" content="801" />
	<meta property="og:image:type" content="image/jpeg" />
<meta name="twitter:card" content="summary_large_image" />
<meta name="twitter:label1" content="Estimated reading time" />
	<meta name="twitter:data1" content="1 minute" />
<script type="application/ld+json" class="yoast-schema-graph">{"@context":"https://schema.org","@graph":[{"@type":"WebPage","@id":"https://www.sejourprive.com/biens/podere-cuore-radicondoli-si-toscane-italie/","url":"https://www.sejourprive.com/biens/podere-cuore-radicondoli-si-toscane-italie/","name":"Podere Cuore, Radicondoli Si, Toscane, Italie - Séjour Privé","isPartOf":{"@id":"https://www.sejourprive.com/#website"},"primaryImageOfPage":{"@id":"https://www.sejourprive.com/biens/podere-cuore-radicondoli-si-toscane-italie/#primaryimage"},"image":{"@id":"https://www.sejourprive.com/biens/podere-cuore-radicondoli-si-toscane-italie/#primaryimage"},"thumbnailUrl":"https://www.sejourprive.com/wp-content/uploads/2026/03/5-123.jpg","datePublished":"2026-03-13T15:26:39+00:00","description":"Entouré par la spectaculaire campagne toscane dans la charmante province de Sienne, le Podere Cuore incarne l'élégance italienne et la dolce vita. Son","breadcrumb":{"@id":"https://www.sejourprive.com/biens/podere-cuore-radicondoli-si-toscane-italie/#breadcrumb"},"inLanguage":"en-GB","potentialAction":[{"@type":"ReadAction","target":["https://www.sejourprive.com/biens/podere-cuore-radicondoli-si-toscane-italie/"]}]},{"@type":"ImageObject","inLanguage":"en-GB","@id":"https://www.sejourprive.com/biens/podere-cuore-radicondoli-si-toscane-italie/#primaryimage","url":"https://www.sejourprive.com/wp-content/uploads/2026/03/5-123.jpg","contentUrl":"https://www.sejourprive.com/wp-content/uploads/2026/03/5-123.jpg","width":1200,"height":801},{"@type":"BreadcrumbList","@id":"https://www.sejourprive.com/biens/podere-cuore-radicondoli-si-toscane-italie/#breadcrumb","itemListElement":[{"@type":"ListItem","position":1,"name":"Accueil","item":"https://www.sejourprive.com/"},{"@type":"ListItem","position":2,"name":"Shop","item":"https://www.sejourprive.com/shop/"},{"@type":"ListItem","position":3,"name":"Podere Cuore, Radicondoli Si, Toscane, Italie"}]},{"@type":"WebSite","@id":"https://www.sejourprive.com/#website","url":"https://www.sejourprive.com/","name":"Séjour Privé","description":"Nous imaginons pour vous des séjours d’exception.","publisher":{"@id":"https://www.sejourprive.com/#organization"},"potentialAction":[{"@type":"SearchAction","target":{"@type":"EntryPoint","urlTemplate":"https://www.sejourprive.com/?s={search_term_string}"},"query-input":{"@type":"PropertyValueSpecification","valueRequired":true,"valueName":"search_term_string"}}],"inLanguage":"en-GB"},{"@type":"Organization","@id":"https://www.sejourprive.com/#organization","name":"Séjour Privé","url":"https://www.sejourprive.com/","logo":{"@type":"ImageObject","inLanguage":"en-GB","@id":"https://www.sejourprive.com/#/schema/logo/image/","url":"https://www.sejourprive.com/wp-content/uploads/2026/02/SP-Apple-touch-144-couleur-1-2.png","contentUrl":"https://www.sejourprive.com/wp-content/uploads/2026/02/SP-Apple-touch-144-couleur-1-2.png","width":145,"height":145,"caption":"Séjour Privé"},"image":{"@id":"https://www.sejourprive.com/#/schema/logo/image/"}}]}</script>
<!-- / Yoast SEO plugin. -->

Podere Cuore, Radicondoli Si, Toscane, Italie - Séjour Privé

Entouré par la spectaculaire campagne toscane dans la charmante province de Sienne, le Podere Cuore incarne l'élégance italienne et la dolce vita. Son

Séjour Privé
