{"id":45842,"date":"2026-03-12T15:21:00","date_gmt":"2026-03-12T14:21:00","guid":{"rendered":"https:\/\/www.sejourprive.com\/?post_type=product&#038;p=45842"},"modified":"2026-03-12T15:21:00","modified_gmt":"2026-03-12T14:21:00","slug":"villa-croff-torno-come-italie","status":"publish","type":"product","link":"https:\/\/www.sejourprive.com\/en\/biens\/villa-croff-torno-come-italie\/","title":{"rendered":"Villa Croff, Torno, Como, Italy"},"content":{"rendered":"<p>On the shores of Lake Como, Villa Croff reveals its Belle \u00c9poque charm in the heart of a private botanical park. Works of art, antiques and lush vegetation combine to create a rare setting that is both vibrant and suspended in time.<span><div class=\"read-more-wrapper\"><a class=\"read-more-button\" data-target=\"read-more-69f5cd4200599\" data-more-text=\"Read more\" data-less-text=\"Read less\"><span class=\"read-more-text\">Read more<\/span><\/a><div id=\"read-more-69f5cd4200599\" class=\"read-more-content\"> <\/span><\/p>\n<p>Start your day on the portico, where the sunlight dances across the lake through a veil of leaves. Stroll among the park's rare plant species, retreat to the reading room or open the doors to the grand salon to welcome friends and family. As night falls, gather on the terrace for an aperitif, with the golden light glinting off the lake and voices lingering in the soft night air.<\/div><\/div><\/p>","protected":false},"excerpt":{"rendered":"<p>Sur les rives du lac de C\u00f4me, la Villa Croff d\u00e9voile son charme Belle \u00c9poque au c\u0153ur d&#8217;un parc botanique&#8230;<\/p>","protected":false},"featured_media":45901,"comment_status":"open","ping_status":"closed","template":"","meta":{"_acf_changed":false},"product_brand":[],"product_cat":[15],"product_tag":[],"class_list":{"0":"post-45842","1":"product","2":"type-product","3":"status-publish","4":"has-post-thumbnail","6":"product_cat-villa","7":"property_location-come","8":"property_location-italie","10":"first","11":"instock","12":"sold-individually","13":"shipping-taxable","14":"purchasable","15":"product-type-simple"},"acf":[],"yoast_head":"<!-- This site is optimized with the Yoast SEO plugin v26.6 - https:\/\/yoast.com\/wordpress\/plugins\/seo\/ -->\n<title>Villa Croff, Torno, C\u00f4me, Italie - S\u00e9jour Priv\u00e9<\/title>\n<meta name=\"description\" content=\"Sur les rives du lac de C\u00f4me, la Villa Croff d\u00e9voile son charme Belle \u00c9poque au c\u0153ur d&#039;un parc botanique priv\u00e9. \u0152uvres d&#039;art, antiquit\u00e9s et v\u00e9g\u00e9tation\" \/>\n<meta name=\"robots\" content=\"index, follow, max-snippet:-1, max-image-preview:large, max-video-preview:-1\" \/>\n<link rel=\"canonical\" href=\"https:\/\/www.sejourprive.com\/en\/biens\/villa-croff-torno-come-italie\/\" \/>\n<meta property=\"og:locale\" content=\"en_GB\" \/>\n<meta property=\"og:type\" content=\"article\" \/>\n<meta property=\"og:title\" content=\"Villa Croff, Torno, C\u00f4me, Italie - S\u00e9jour Priv\u00e9\" \/>\n<meta property=\"og:description\" content=\"Sur les rives du lac de C\u00f4me, la Villa Croff d\u00e9voile son charme Belle \u00c9poque au c\u0153ur d&#039;un parc botanique priv\u00e9. \u0152uvres d&#039;art, antiquit\u00e9s et v\u00e9g\u00e9tation\" \/>\n<meta property=\"og:url\" content=\"https:\/\/www.sejourprive.com\/en\/biens\/villa-croff-torno-come-italie\/\" \/>\n<meta property=\"og:site_name\" content=\"S\u00e9jour Priv\u00e9\" \/>\n<meta property=\"og:image\" content=\"https:\/\/www.sejourprive.com\/wp-content\/uploads\/2026\/03\/1-107.jpg\" \/>\n\t<meta property=\"og:image:width\" content=\"1200\" \/>\n\t<meta property=\"og:image:height\" content=\"900\" \/>\n\t<meta property=\"og:image:type\" content=\"image\/jpeg\" \/>\n<meta name=\"twitter:card\" content=\"summary_large_image\" \/>\n<meta name=\"twitter:label1\" content=\"Estimated reading time\" \/>\n\t<meta name=\"twitter:data1\" content=\"1 minute\" \/>\n<script type=\"application\/ld+json\" class=\"yoast-schema-graph\">{\"@context\":\"https:\/\/schema.org\",\"@graph\":[{\"@type\":\"WebPage\",\"@id\":\"https:\/\/www.sejourprive.com\/biens\/villa-croff-torno-come-italie\/\",\"url\":\"https:\/\/www.sejourprive.com\/biens\/villa-croff-torno-come-italie\/\",\"name\":\"Villa Croff, Torno, C\u00f4me, Italie - S\u00e9jour Priv\u00e9\",\"isPartOf\":{\"@id\":\"https:\/\/www.sejourprive.com\/#website\"},\"primaryImageOfPage\":{\"@id\":\"https:\/\/www.sejourprive.com\/biens\/villa-croff-torno-come-italie\/#primaryimage\"},\"image\":{\"@id\":\"https:\/\/www.sejourprive.com\/biens\/villa-croff-torno-come-italie\/#primaryimage\"},\"thumbnailUrl\":\"https:\/\/www.sejourprive.com\/wp-content\/uploads\/2026\/03\/1-107.jpg\",\"datePublished\":\"2026-03-12T14:21:00+00:00\",\"description\":\"Sur les rives du lac de C\u00f4me, la Villa Croff d\u00e9voile son charme Belle \u00c9poque au c\u0153ur d'un parc botanique priv\u00e9. \u0152uvres d'art, antiquit\u00e9s et v\u00e9g\u00e9tation\",\"breadcrumb\":{\"@id\":\"https:\/\/www.sejourprive.com\/biens\/villa-croff-torno-come-italie\/#breadcrumb\"},\"inLanguage\":\"en-GB\",\"potentialAction\":[{\"@type\":\"ReadAction\",\"target\":[\"https:\/\/www.sejourprive.com\/biens\/villa-croff-torno-come-italie\/\"]}]},{\"@type\":\"ImageObject\",\"inLanguage\":\"en-GB\",\"@id\":\"https:\/\/www.sejourprive.com\/biens\/villa-croff-torno-come-italie\/#primaryimage\",\"url\":\"https:\/\/www.sejourprive.com\/wp-content\/uploads\/2026\/03\/1-107.jpg\",\"contentUrl\":\"https:\/\/www.sejourprive.com\/wp-content\/uploads\/2026\/03\/1-107.jpg\",\"width\":1200,\"height\":900},{\"@type\":\"BreadcrumbList\",\"@id\":\"https:\/\/www.sejourprive.com\/biens\/villa-croff-torno-come-italie\/#breadcrumb\",\"itemListElement\":[{\"@type\":\"ListItem\",\"position\":1,\"name\":\"Accueil\",\"item\":\"https:\/\/www.sejourprive.com\/\"},{\"@type\":\"ListItem\",\"position\":2,\"name\":\"Shop\",\"item\":\"https:\/\/www.sejourprive.com\/shop\/\"},{\"@type\":\"ListItem\",\"position\":3,\"name\":\"Villa Croff, Torno, C\u00f4me, Italie\"}]},{\"@type\":\"WebSite\",\"@id\":\"https:\/\/www.sejourprive.com\/#website\",\"url\":\"https:\/\/www.sejourprive.com\/\",\"name\":\"S\u00e9jour Priv\u00e9\",\"description\":\"Nous imaginons pour vous des s\u00e9jours d\u2019exception.\",\"publisher\":{\"@id\":\"https:\/\/www.sejourprive.com\/#organization\"},\"potentialAction\":[{\"@type\":\"SearchAction\",\"target\":{\"@type\":\"EntryPoint\",\"urlTemplate\":\"https:\/\/www.sejourprive.com\/?s={search_term_string}\"},\"query-input\":{\"@type\":\"PropertyValueSpecification\",\"valueRequired\":true,\"valueName\":\"search_term_string\"}}],\"inLanguage\":\"en-GB\"},{\"@type\":\"Organization\",\"@id\":\"https:\/\/www.sejourprive.com\/#organization\",\"name\":\"S\u00e9jour Priv\u00e9\",\"url\":\"https:\/\/www.sejourprive.com\/\",\"logo\":{\"@type\":\"ImageObject\",\"inLanguage\":\"en-GB\",\"@id\":\"https:\/\/www.sejourprive.com\/#\/schema\/logo\/image\/\",\"url\":\"https:\/\/www.sejourprive.com\/wp-content\/uploads\/2026\/02\/SP-Apple-touch-144-couleur-1-2.png\",\"contentUrl\":\"https:\/\/www.sejourprive.com\/wp-content\/uploads\/2026\/02\/SP-Apple-touch-144-couleur-1-2.png\",\"width\":145,\"height\":145,\"caption\":\"S\u00e9jour Priv\u00e9\"},\"image\":{\"@id\":\"https:\/\/www.sejourprive.com\/#\/schema\/logo\/image\/\"}}]}<\/script>\n<!-- \/ Yoast SEO plugin. -->","yoast_head_json":{"title":"Villa Croff, Torno, C\u00f4me, Italie - S\u00e9jour Priv\u00e9","description":"Sur les rives du lac de C\u00f4me, la Villa Croff d\u00e9voile son charme Belle \u00c9poque au c\u0153ur d'un parc botanique priv\u00e9. \u0152uvres d'art, antiquit\u00e9s et v\u00e9g\u00e9tation","robots":{"index":"index","follow":"follow","max-snippet":"max-snippet:-1","max-image-preview":"max-image-preview:large","max-video-preview":"max-video-preview:-1"},"canonical":"https:\/\/www.sejourprive.com\/en\/biens\/villa-croff-torno-come-italie\/","og_locale":"en_GB","og_type":"article","og_title":"Villa Croff, Torno, C\u00f4me, Italie - S\u00e9jour Priv\u00e9","og_description":"Sur les rives du lac de C\u00f4me, la Villa Croff d\u00e9voile son charme Belle \u00c9poque au c\u0153ur d'un parc botanique priv\u00e9. \u0152uvres d'art, antiquit\u00e9s et v\u00e9g\u00e9tation","og_url":"https:\/\/www.sejourprive.com\/en\/biens\/villa-croff-torno-come-italie\/","og_site_name":"S\u00e9jour Priv\u00e9","og_image":[{"width":1200,"height":900,"url":"https:\/\/www.sejourprive.com\/wp-content\/uploads\/2026\/03\/1-107.jpg","type":"image\/jpeg"}],"twitter_card":"summary_large_image","twitter_misc":{"Estimated reading time":"1 minute"},"schema":{"@context":"https:\/\/schema.org","@graph":[{"@type":"WebPage","@id":"https:\/\/www.sejourprive.com\/biens\/villa-croff-torno-come-italie\/","url":"https:\/\/www.sejourprive.com\/biens\/villa-croff-torno-come-italie\/","name":"Villa Croff, Torno, C\u00f4me, Italie - S\u00e9jour Priv\u00e9","isPartOf":{"@id":"https:\/\/www.sejourprive.com\/#website"},"primaryImageOfPage":{"@id":"https:\/\/www.sejourprive.com\/biens\/villa-croff-torno-come-italie\/#primaryimage"},"image":{"@id":"https:\/\/www.sejourprive.com\/biens\/villa-croff-torno-come-italie\/#primaryimage"},"thumbnailUrl":"https:\/\/www.sejourprive.com\/wp-content\/uploads\/2026\/03\/1-107.jpg","datePublished":"2026-03-12T14:21:00+00:00","description":"Sur les rives du lac de C\u00f4me, la Villa Croff d\u00e9voile son charme Belle \u00c9poque au c\u0153ur d'un parc botanique priv\u00e9. \u0152uvres d'art, antiquit\u00e9s et v\u00e9g\u00e9tation","breadcrumb":{"@id":"https:\/\/www.sejourprive.com\/biens\/villa-croff-torno-come-italie\/#breadcrumb"},"inLanguage":"en-GB","potentialAction":[{"@type":"ReadAction","target":["https:\/\/www.sejourprive.com\/biens\/villa-croff-torno-come-italie\/"]}]},{"@type":"ImageObject","inLanguage":"en-GB","@id":"https:\/\/www.sejourprive.com\/biens\/villa-croff-torno-come-italie\/#primaryimage","url":"https:\/\/www.sejourprive.com\/wp-content\/uploads\/2026\/03\/1-107.jpg","contentUrl":"https:\/\/www.sejourprive.com\/wp-content\/uploads\/2026\/03\/1-107.jpg","width":1200,"height":900},{"@type":"BreadcrumbList","@id":"https:\/\/www.sejourprive.com\/biens\/villa-croff-torno-come-italie\/#breadcrumb","itemListElement":[{"@type":"ListItem","position":1,"name":"Accueil","item":"https:\/\/www.sejourprive.com\/"},{"@type":"ListItem","position":2,"name":"Shop","item":"https:\/\/www.sejourprive.com\/shop\/"},{"@type":"ListItem","position":3,"name":"Villa Croff, Torno, C\u00f4me, Italie"}]},{"@type":"WebSite","@id":"https:\/\/www.sejourprive.com\/#website","url":"https:\/\/www.sejourprive.com\/","name":"Private Stay","description":"We design exceptional holidays for you.","publisher":{"@id":"https:\/\/www.sejourprive.com\/#organization"},"potentialAction":[{"@type":"SearchAction","target":{"@type":"EntryPoint","urlTemplate":"https:\/\/www.sejourprive.com\/?s={search_term_string}"},"query-input":{"@type":"PropertyValueSpecification","valueRequired":true,"valueName":"search_term_string"}}],"inLanguage":"en-GB"},{"@type":"Organization","@id":"https:\/\/www.sejourprive.com\/#organization","name":"Private Stay","url":"https:\/\/www.sejourprive.com\/","logo":{"@type":"ImageObject","inLanguage":"en-GB","@id":"https:\/\/www.sejourprive.com\/#\/schema\/logo\/image\/","url":"https:\/\/www.sejourprive.com\/wp-content\/uploads\/2026\/02\/SP-Apple-touch-144-couleur-1-2.png","contentUrl":"https:\/\/www.sejourprive.com\/wp-content\/uploads\/2026\/02\/SP-Apple-touch-144-couleur-1-2.png","width":145,"height":145,"caption":"S\u00e9jour Priv\u00e9"},"image":{"@id":"https:\/\/www.sejourprive.com\/#\/schema\/logo\/image\/"}}]}},"_links":{"self":[{"href":"https:\/\/www.sejourprive.com\/en\/wp-json\/wp\/v2\/product\/45842","targetHints":{"allow":["GET"]}}],"collection":[{"href":"https:\/\/www.sejourprive.com\/en\/wp-json\/wp\/v2\/product"}],"about":[{"href":"https:\/\/www.sejourprive.com\/en\/wp-json\/wp\/v2\/types\/product"}],"replies":[{"embeddable":true,"href":"https:\/\/www.sejourprive.com\/en\/wp-json\/wp\/v2\/comments?post=45842"}],"version-history":[{"count":0,"href":"https:\/\/www.sejourprive.com\/en\/wp-json\/wp\/v2\/product\/45842\/revisions"}],"wp:featuredmedia":[{"embeddable":true,"href":"https:\/\/www.sejourprive.com\/en\/wp-json\/wp\/v2\/media\/45901"}],"wp:attachment":[{"href":"https:\/\/www.sejourprive.com\/en\/wp-json\/wp\/v2\/media?parent=45842"}],"wp:term":[{"taxonomy":"product_brand","embeddable":true,"href":"https:\/\/www.sejourprive.com\/en\/wp-json\/wp\/v2\/product_brand?post=45842"},{"taxonomy":"product_cat","embeddable":true,"href":"https:\/\/www.sejourprive.com\/en\/wp-json\/wp\/v2\/product_cat?post=45842"},{"taxonomy":"product_tag","embeddable":true,"href":"https:\/\/www.sejourprive.com\/en\/wp-json\/wp\/v2\/product_tag?post=45842"}],"curies":[{"name":"wp","href":"https:\/\/api.w.org\/{rel}","templated":true}]}}

<p>On the shores of Lake Como, Villa Croff reveals its Belle Époque charm in the heart of a private botanical park. Works of art, antiques and lush vegetation combine to create a rare setting that is both vibrant and suspended in time.<span><div class="read-more-wrapper"><a class="read-more-button" data-target="read-more-69f5cd4200599" data-more-text="Read more" data-less-text="Read less"><span class="read-more-text">Read more</span></a><div id="read-more-69f5cd4200599" class="read-more-content"> </span></p>
<p>Start your day on the portico, where the sunlight dances across the lake through a veil of leaves. Stroll among the park's rare plant species, retreat to the reading room or open the doors to the grand salon to welcome friends and family. As night falls, gather on the terrace for an aperitif, with the golden light glinting off the lake and voices lingering in the soft night air.</div></div></p>

<p>Sur les rives du lac de Côme, la Villa Croff dévoile son charme Belle Époque au cœur d&#8217;un parc botanique&#8230;</p>

<!-- This site is optimized with the Yoast SEO plugin v26.6 - https://yoast.com/wordpress/plugins/seo/ -->
<title>Villa Croff, Torno, Côme, Italie - Séjour Privé</title>
<meta name="description" content="Sur les rives du lac de Côme, la Villa Croff dévoile son charme Belle Époque au cœur d&#039;un parc botanique privé. Œuvres d&#039;art, antiquités et végétation" />
<meta name="robots" content="index, follow, max-snippet:-1, max-image-preview:large, max-video-preview:-1" />
<link rel="canonical" href="https://www.sejourprive.com/en/biens/villa-croff-torno-come-italie/" />
<meta property="og:locale" content="en_GB" />
<meta property="og:type" content="article" />
<meta property="og:title" content="Villa Croff, Torno, Côme, Italie - Séjour Privé" />
<meta property="og:description" content="Sur les rives du lac de Côme, la Villa Croff dévoile son charme Belle Époque au cœur d&#039;un parc botanique privé. Œuvres d&#039;art, antiquités et végétation" />
<meta property="og:url" content="https://www.sejourprive.com/en/biens/villa-croff-torno-come-italie/" />
<meta property="og:site_name" content="Séjour Privé" />
<meta property="og:image" content="https://www.sejourprive.com/wp-content/uploads/2026/03/1-107.jpg" />
	<meta property="og:image:width" content="1200" />
	<meta property="og:image:height" content="900" />
	<meta property="og:image:type" content="image/jpeg" />
<meta name="twitter:card" content="summary_large_image" />
<meta name="twitter:label1" content="Estimated reading time" />
	<meta name="twitter:data1" content="1 minute" />
<script type="application/ld+json" class="yoast-schema-graph">{"@context":"https://schema.org","@graph":[{"@type":"WebPage","@id":"https://www.sejourprive.com/biens/villa-croff-torno-come-italie/","url":"https://www.sejourprive.com/biens/villa-croff-torno-come-italie/","name":"Villa Croff, Torno, Côme, Italie - Séjour Privé","isPartOf":{"@id":"https://www.sejourprive.com/#website"},"primaryImageOfPage":{"@id":"https://www.sejourprive.com/biens/villa-croff-torno-come-italie/#primaryimage"},"image":{"@id":"https://www.sejourprive.com/biens/villa-croff-torno-come-italie/#primaryimage"},"thumbnailUrl":"https://www.sejourprive.com/wp-content/uploads/2026/03/1-107.jpg","datePublished":"2026-03-12T14:21:00+00:00","description":"Sur les rives du lac de Côme, la Villa Croff dévoile son charme Belle Époque au cœur d'un parc botanique privé. Œuvres d'art, antiquités et végétation","breadcrumb":{"@id":"https://www.sejourprive.com/biens/villa-croff-torno-come-italie/#breadcrumb"},"inLanguage":"en-GB","potentialAction":[{"@type":"ReadAction","target":["https://www.sejourprive.com/biens/villa-croff-torno-come-italie/"]}]},{"@type":"ImageObject","inLanguage":"en-GB","@id":"https://www.sejourprive.com/biens/villa-croff-torno-come-italie/#primaryimage","url":"https://www.sejourprive.com/wp-content/uploads/2026/03/1-107.jpg","contentUrl":"https://www.sejourprive.com/wp-content/uploads/2026/03/1-107.jpg","width":1200,"height":900},{"@type":"BreadcrumbList","@id":"https://www.sejourprive.com/biens/villa-croff-torno-come-italie/#breadcrumb","itemListElement":[{"@type":"ListItem","position":1,"name":"Accueil","item":"https://www.sejourprive.com/"},{"@type":"ListItem","position":2,"name":"Shop","item":"https://www.sejourprive.com/shop/"},{"@type":"ListItem","position":3,"name":"Villa Croff, Torno, Côme, Italie"}]},{"@type":"WebSite","@id":"https://www.sejourprive.com/#website","url":"https://www.sejourprive.com/","name":"Séjour Privé","description":"Nous imaginons pour vous des séjours d’exception.","publisher":{"@id":"https://www.sejourprive.com/#organization"},"potentialAction":[{"@type":"SearchAction","target":{"@type":"EntryPoint","urlTemplate":"https://www.sejourprive.com/?s={search_term_string}"},"query-input":{"@type":"PropertyValueSpecification","valueRequired":true,"valueName":"search_term_string"}}],"inLanguage":"en-GB"},{"@type":"Organization","@id":"https://www.sejourprive.com/#organization","name":"Séjour Privé","url":"https://www.sejourprive.com/","logo":{"@type":"ImageObject","inLanguage":"en-GB","@id":"https://www.sejourprive.com/#/schema/logo/image/","url":"https://www.sejourprive.com/wp-content/uploads/2026/02/SP-Apple-touch-144-couleur-1-2.png","contentUrl":"https://www.sejourprive.com/wp-content/uploads/2026/02/SP-Apple-touch-144-couleur-1-2.png","width":145,"height":145,"caption":"Séjour Privé"},"image":{"@id":"https://www.sejourprive.com/#/schema/logo/image/"}}]}</script>
<!-- / Yoast SEO plugin. -->

Villa Croff, Torno, Côme, Italie - Séjour Privé

Sur les rives du lac de Côme, la Villa Croff dévoile son charme Belle Époque au cœur d'un parc botanique privé. Œuvres d'art, antiquités et végétation

Séjour Privé

Villa Croff, Torno, Côme, Italie
