{"id":45819,"date":"2026-03-12T15:08:38","date_gmt":"2026-03-12T14:08:38","guid":{"rendered":"https:\/\/www.sejourprive.com\/?post_type=product&#038;p=45819"},"modified":"2026-03-12T15:08:38","modified_gmt":"2026-03-12T14:08:38","slug":"villa-cerasina-amalfi-italie","status":"publish","type":"product","link":"https:\/\/www.sejourprive.com\/en\/biens\/villa-cerasina-amalfi-italie\/","title":{"rendered":"Villa Cerasina, Amalfi, Italy"},"content":{"rendered":"<p>Sculpt\u00e9e dans les falaises au-dessus d&#8217;Amalfi, la Villa Cerasina semble suspendue entre ciel et mer. Avec son architecture m\u00e9diterran\u00e9enne, ses terrasses couvertes de glycines et ses vues imprenables sur la c\u00f4te, elle offre un havre de paix \u00e0 quelques minutes seulement du c\u0153ur anim\u00e9 du village.<span><div class=\"read-more-wrapper\"><a class=\"read-more-button\" data-target=\"read-more-69f34f47c6134\" data-more-text=\"Read more\" data-less-text=\"Read less\"><span class=\"read-more-text\">Read more<\/span><\/a><div id=\"read-more-69f34f47c6134\" class=\"read-more-content\"> <\/span><\/p>\n<p>Les apr\u00e8s-midis s&#8217;\u00e9coulent au bord de la piscine panoramique, berc\u00e9s par le parfum des agrumes et le murmure de la mer. \u00c0 l&#8217;int\u00e9rieur, les pi\u00e8ces vo\u00fbt\u00e9es baign\u00e9es de soleil vous invitent \u00e0 la d\u00e9tente, tandis que la terrasse s&#8217;anime autour d&#8217;un repas partag\u00e9 en famille ou entre amis. \u00c0 la tomb\u00e9e de la nuit, le paysage se pare de douces teintes roses, parsem\u00e9es de lumi\u00e8res lointaines qui scintillent le long du littoral.<\/div><\/div><\/p>","protected":false},"excerpt":{"rendered":"<p>Sculpt\u00e9e dans les falaises au-dessus d&#8217;Amalfi, la Villa Cerasina semble suspendue entre ciel et mer. Avec son architecture m\u00e9diterran\u00e9enne, ses&#8230;<\/p>","protected":false},"featured_media":45821,"comment_status":"open","ping_status":"closed","template":"","meta":{"_acf_changed":false},"product_brand":[],"product_cat":[15],"product_tag":[],"class_list":{"0":"post-45819","1":"product","2":"type-product","3":"status-publish","4":"has-post-thumbnail","6":"product_cat-villa","7":"property_location-amalfi","8":"property_location-italie","10":"first","11":"instock","12":"sold-individually","13":"shipping-taxable","14":"purchasable","15":"product-type-simple"},"acf":[],"yoast_head":"<!-- This site is optimized with the Yoast SEO plugin v26.6 - https:\/\/yoast.com\/wordpress\/plugins\/seo\/ -->\n<title>Villa Cerasina, Amalfi, Italie - S\u00e9jour Priv\u00e9<\/title>\n<meta name=\"description\" content=\"Sculpt\u00e9e dans les falaises au-dessus d&#039;Amalfi, la Villa Cerasina semble suspendue entre ciel et mer. Avec son architecture m\u00e9diterran\u00e9enne, ses terrasses\" \/>\n<meta name=\"robots\" content=\"index, follow, max-snippet:-1, max-image-preview:large, max-video-preview:-1\" \/>\n<link rel=\"canonical\" href=\"https:\/\/www.sejourprive.com\/en\/biens\/villa-cerasina-amalfi-italie\/\" \/>\n<meta property=\"og:locale\" content=\"en_GB\" \/>\n<meta property=\"og:type\" content=\"article\" \/>\n<meta property=\"og:title\" content=\"Villa Cerasina, Amalfi, Italie - S\u00e9jour Priv\u00e9\" \/>\n<meta property=\"og:description\" content=\"Sculpt\u00e9e dans les falaises au-dessus d&#039;Amalfi, la Villa Cerasina semble suspendue entre ciel et mer. Avec son architecture m\u00e9diterran\u00e9enne, ses terrasses\" \/>\n<meta property=\"og:url\" content=\"https:\/\/www.sejourprive.com\/en\/biens\/villa-cerasina-amalfi-italie\/\" \/>\n<meta property=\"og:site_name\" content=\"S\u00e9jour Priv\u00e9\" \/>\n<meta property=\"og:image\" content=\"https:\/\/www.sejourprive.com\/wp-content\/uploads\/2026\/03\/0-101.jpg\" \/>\n\t<meta property=\"og:image:width\" content=\"1200\" \/>\n\t<meta property=\"og:image:height\" content=\"800\" \/>\n\t<meta property=\"og:image:type\" content=\"image\/jpeg\" \/>\n<meta name=\"twitter:card\" content=\"summary_large_image\" \/>\n<meta name=\"twitter:label1\" content=\"Estimated reading time\" \/>\n\t<meta name=\"twitter:data1\" content=\"1 minute\" \/>\n<script type=\"application\/ld+json\" class=\"yoast-schema-graph\">{\"@context\":\"https:\/\/schema.org\",\"@graph\":[{\"@type\":\"WebPage\",\"@id\":\"https:\/\/www.sejourprive.com\/biens\/villa-cerasina-amalfi-italie\/\",\"url\":\"https:\/\/www.sejourprive.com\/biens\/villa-cerasina-amalfi-italie\/\",\"name\":\"Villa Cerasina, Amalfi, Italie - S\u00e9jour Priv\u00e9\",\"isPartOf\":{\"@id\":\"https:\/\/www.sejourprive.com\/#website\"},\"primaryImageOfPage\":{\"@id\":\"https:\/\/www.sejourprive.com\/biens\/villa-cerasina-amalfi-italie\/#primaryimage\"},\"image\":{\"@id\":\"https:\/\/www.sejourprive.com\/biens\/villa-cerasina-amalfi-italie\/#primaryimage\"},\"thumbnailUrl\":\"https:\/\/www.sejourprive.com\/wp-content\/uploads\/2026\/03\/0-101.jpg\",\"datePublished\":\"2026-03-12T14:08:38+00:00\",\"description\":\"Sculpt\u00e9e dans les falaises au-dessus d'Amalfi, la Villa Cerasina semble suspendue entre ciel et mer. Avec son architecture m\u00e9diterran\u00e9enne, ses terrasses\",\"breadcrumb\":{\"@id\":\"https:\/\/www.sejourprive.com\/biens\/villa-cerasina-amalfi-italie\/#breadcrumb\"},\"inLanguage\":\"en-GB\",\"potentialAction\":[{\"@type\":\"ReadAction\",\"target\":[\"https:\/\/www.sejourprive.com\/biens\/villa-cerasina-amalfi-italie\/\"]}]},{\"@type\":\"ImageObject\",\"inLanguage\":\"en-GB\",\"@id\":\"https:\/\/www.sejourprive.com\/biens\/villa-cerasina-amalfi-italie\/#primaryimage\",\"url\":\"https:\/\/www.sejourprive.com\/wp-content\/uploads\/2026\/03\/0-101.jpg\",\"contentUrl\":\"https:\/\/www.sejourprive.com\/wp-content\/uploads\/2026\/03\/0-101.jpg\",\"width\":1200,\"height\":800},{\"@type\":\"BreadcrumbList\",\"@id\":\"https:\/\/www.sejourprive.com\/biens\/villa-cerasina-amalfi-italie\/#breadcrumb\",\"itemListElement\":[{\"@type\":\"ListItem\",\"position\":1,\"name\":\"Accueil\",\"item\":\"https:\/\/www.sejourprive.com\/\"},{\"@type\":\"ListItem\",\"position\":2,\"name\":\"Shop\",\"item\":\"https:\/\/www.sejourprive.com\/shop\/\"},{\"@type\":\"ListItem\",\"position\":3,\"name\":\"Villa Cerasina, Amalfi, Italie\"}]},{\"@type\":\"WebSite\",\"@id\":\"https:\/\/www.sejourprive.com\/#website\",\"url\":\"https:\/\/www.sejourprive.com\/\",\"name\":\"S\u00e9jour Priv\u00e9\",\"description\":\"Nous imaginons pour vous des s\u00e9jours d\u2019exception.\",\"publisher\":{\"@id\":\"https:\/\/www.sejourprive.com\/#organization\"},\"potentialAction\":[{\"@type\":\"SearchAction\",\"target\":{\"@type\":\"EntryPoint\",\"urlTemplate\":\"https:\/\/www.sejourprive.com\/?s={search_term_string}\"},\"query-input\":{\"@type\":\"PropertyValueSpecification\",\"valueRequired\":true,\"valueName\":\"search_term_string\"}}],\"inLanguage\":\"en-GB\"},{\"@type\":\"Organization\",\"@id\":\"https:\/\/www.sejourprive.com\/#organization\",\"name\":\"S\u00e9jour Priv\u00e9\",\"url\":\"https:\/\/www.sejourprive.com\/\",\"logo\":{\"@type\":\"ImageObject\",\"inLanguage\":\"en-GB\",\"@id\":\"https:\/\/www.sejourprive.com\/#\/schema\/logo\/image\/\",\"url\":\"https:\/\/www.sejourprive.com\/wp-content\/uploads\/2026\/02\/SP-Apple-touch-144-couleur-1-2.png\",\"contentUrl\":\"https:\/\/www.sejourprive.com\/wp-content\/uploads\/2026\/02\/SP-Apple-touch-144-couleur-1-2.png\",\"width\":145,\"height\":145,\"caption\":\"S\u00e9jour Priv\u00e9\"},\"image\":{\"@id\":\"https:\/\/www.sejourprive.com\/#\/schema\/logo\/image\/\"}}]}<\/script>\n<!-- \/ Yoast SEO plugin. -->","yoast_head_json":{"title":"Villa Cerasina, Amalfi, Italie - S\u00e9jour Priv\u00e9","description":"Sculpt\u00e9e dans les falaises au-dessus d'Amalfi, la Villa Cerasina semble suspendue entre ciel et mer. Avec son architecture m\u00e9diterran\u00e9enne, ses terrasses","robots":{"index":"index","follow":"follow","max-snippet":"max-snippet:-1","max-image-preview":"max-image-preview:large","max-video-preview":"max-video-preview:-1"},"canonical":"https:\/\/www.sejourprive.com\/en\/biens\/villa-cerasina-amalfi-italie\/","og_locale":"en_GB","og_type":"article","og_title":"Villa Cerasina, Amalfi, Italie - S\u00e9jour Priv\u00e9","og_description":"Sculpt\u00e9e dans les falaises au-dessus d'Amalfi, la Villa Cerasina semble suspendue entre ciel et mer. Avec son architecture m\u00e9diterran\u00e9enne, ses terrasses","og_url":"https:\/\/www.sejourprive.com\/en\/biens\/villa-cerasina-amalfi-italie\/","og_site_name":"S\u00e9jour Priv\u00e9","og_image":[{"width":1200,"height":800,"url":"https:\/\/www.sejourprive.com\/wp-content\/uploads\/2026\/03\/0-101.jpg","type":"image\/jpeg"}],"twitter_card":"summary_large_image","twitter_misc":{"Estimated reading time":"1 minute"},"schema":{"@context":"https:\/\/schema.org","@graph":[{"@type":"WebPage","@id":"https:\/\/www.sejourprive.com\/biens\/villa-cerasina-amalfi-italie\/","url":"https:\/\/www.sejourprive.com\/biens\/villa-cerasina-amalfi-italie\/","name":"Villa Cerasina, Amalfi, Italie - S\u00e9jour Priv\u00e9","isPartOf":{"@id":"https:\/\/www.sejourprive.com\/#website"},"primaryImageOfPage":{"@id":"https:\/\/www.sejourprive.com\/biens\/villa-cerasina-amalfi-italie\/#primaryimage"},"image":{"@id":"https:\/\/www.sejourprive.com\/biens\/villa-cerasina-amalfi-italie\/#primaryimage"},"thumbnailUrl":"https:\/\/www.sejourprive.com\/wp-content\/uploads\/2026\/03\/0-101.jpg","datePublished":"2026-03-12T14:08:38+00:00","description":"Sculpt\u00e9e dans les falaises au-dessus d'Amalfi, la Villa Cerasina semble suspendue entre ciel et mer. Avec son architecture m\u00e9diterran\u00e9enne, ses terrasses","breadcrumb":{"@id":"https:\/\/www.sejourprive.com\/biens\/villa-cerasina-amalfi-italie\/#breadcrumb"},"inLanguage":"en-GB","potentialAction":[{"@type":"ReadAction","target":["https:\/\/www.sejourprive.com\/biens\/villa-cerasina-amalfi-italie\/"]}]},{"@type":"ImageObject","inLanguage":"en-GB","@id":"https:\/\/www.sejourprive.com\/biens\/villa-cerasina-amalfi-italie\/#primaryimage","url":"https:\/\/www.sejourprive.com\/wp-content\/uploads\/2026\/03\/0-101.jpg","contentUrl":"https:\/\/www.sejourprive.com\/wp-content\/uploads\/2026\/03\/0-101.jpg","width":1200,"height":800},{"@type":"BreadcrumbList","@id":"https:\/\/www.sejourprive.com\/biens\/villa-cerasina-amalfi-italie\/#breadcrumb","itemListElement":[{"@type":"ListItem","position":1,"name":"Accueil","item":"https:\/\/www.sejourprive.com\/"},{"@type":"ListItem","position":2,"name":"Shop","item":"https:\/\/www.sejourprive.com\/shop\/"},{"@type":"ListItem","position":3,"name":"Villa Cerasina, Amalfi, Italie"}]},{"@type":"WebSite","@id":"https:\/\/www.sejourprive.com\/#website","url":"https:\/\/www.sejourprive.com\/","name":"Private Stay","description":"We design exceptional holidays for you.","publisher":{"@id":"https:\/\/www.sejourprive.com\/#organization"},"potentialAction":[{"@type":"SearchAction","target":{"@type":"EntryPoint","urlTemplate":"https:\/\/www.sejourprive.com\/?s={search_term_string}"},"query-input":{"@type":"PropertyValueSpecification","valueRequired":true,"valueName":"search_term_string"}}],"inLanguage":"en-GB"},{"@type":"Organization","@id":"https:\/\/www.sejourprive.com\/#organization","name":"Private Stay","url":"https:\/\/www.sejourprive.com\/","logo":{"@type":"ImageObject","inLanguage":"en-GB","@id":"https:\/\/www.sejourprive.com\/#\/schema\/logo\/image\/","url":"https:\/\/www.sejourprive.com\/wp-content\/uploads\/2026\/02\/SP-Apple-touch-144-couleur-1-2.png","contentUrl":"https:\/\/www.sejourprive.com\/wp-content\/uploads\/2026\/02\/SP-Apple-touch-144-couleur-1-2.png","width":145,"height":145,"caption":"S\u00e9jour Priv\u00e9"},"image":{"@id":"https:\/\/www.sejourprive.com\/#\/schema\/logo\/image\/"}}]}},"_links":{"self":[{"href":"https:\/\/www.sejourprive.com\/en\/wp-json\/wp\/v2\/product\/45819","targetHints":{"allow":["GET"]}}],"collection":[{"href":"https:\/\/www.sejourprive.com\/en\/wp-json\/wp\/v2\/product"}],"about":[{"href":"https:\/\/www.sejourprive.com\/en\/wp-json\/wp\/v2\/types\/product"}],"replies":[{"embeddable":true,"href":"https:\/\/www.sejourprive.com\/en\/wp-json\/wp\/v2\/comments?post=45819"}],"version-history":[{"count":0,"href":"https:\/\/www.sejourprive.com\/en\/wp-json\/wp\/v2\/product\/45819\/revisions"}],"wp:featuredmedia":[{"embeddable":true,"href":"https:\/\/www.sejourprive.com\/en\/wp-json\/wp\/v2\/media\/45821"}],"wp:attachment":[{"href":"https:\/\/www.sejourprive.com\/en\/wp-json\/wp\/v2\/media?parent=45819"}],"wp:term":[{"taxonomy":"product_brand","embeddable":true,"href":"https:\/\/www.sejourprive.com\/en\/wp-json\/wp\/v2\/product_brand?post=45819"},{"taxonomy":"product_cat","embeddable":true,"href":"https:\/\/www.sejourprive.com\/en\/wp-json\/wp\/v2\/product_cat?post=45819"},{"taxonomy":"product_tag","embeddable":true,"href":"https:\/\/www.sejourprive.com\/en\/wp-json\/wp\/v2\/product_tag?post=45819"}],"curies":[{"name":"wp","href":"https:\/\/api.w.org\/{rel}","templated":true}]}}

<p>Sculptée dans les falaises au-dessus d&#8217;Amalfi, la Villa Cerasina semble suspendue entre ciel et mer. Avec son architecture méditerranéenne, ses terrasses couvertes de glycines et ses vues imprenables sur la côte, elle offre un havre de paix à quelques minutes seulement du cœur animé du village.<span><div class="read-more-wrapper"><a class="read-more-button" data-target="read-more-69f34f47c6134" data-more-text="Read more" data-less-text="Read less"><span class="read-more-text">Read more</span></a><div id="read-more-69f34f47c6134" class="read-more-content"> </span></p>
<p>Les après-midis s&#8217;écoulent au bord de la piscine panoramique, bercés par le parfum des agrumes et le murmure de la mer. À l&#8217;intérieur, les pièces voûtées baignées de soleil vous invitent à la détente, tandis que la terrasse s&#8217;anime autour d&#8217;un repas partagé en famille ou entre amis. À la tombée de la nuit, le paysage se pare de douces teintes roses, parsemées de lumières lointaines qui scintillent le long du littoral.</div></div></p>

<p>Sculptée dans les falaises au-dessus d&#8217;Amalfi, la Villa Cerasina semble suspendue entre ciel et mer. Avec son architecture méditerranéenne, ses&#8230;</p>

<!-- This site is optimized with the Yoast SEO plugin v26.6 - https://yoast.com/wordpress/plugins/seo/ -->
<title>Villa Cerasina, Amalfi, Italie - Séjour Privé</title>
<meta name="description" content="Sculptée dans les falaises au-dessus d&#039;Amalfi, la Villa Cerasina semble suspendue entre ciel et mer. Avec son architecture méditerranéenne, ses terrasses" />
<meta name="robots" content="index, follow, max-snippet:-1, max-image-preview:large, max-video-preview:-1" />
<link rel="canonical" href="https://www.sejourprive.com/en/biens/villa-cerasina-amalfi-italie/" />
<meta property="og:locale" content="en_GB" />
<meta property="og:type" content="article" />
<meta property="og:title" content="Villa Cerasina, Amalfi, Italie - Séjour Privé" />
<meta property="og:description" content="Sculptée dans les falaises au-dessus d&#039;Amalfi, la Villa Cerasina semble suspendue entre ciel et mer. Avec son architecture méditerranéenne, ses terrasses" />
<meta property="og:url" content="https://www.sejourprive.com/en/biens/villa-cerasina-amalfi-italie/" />
<meta property="og:site_name" content="Séjour Privé" />
<meta property="og:image" content="https://www.sejourprive.com/wp-content/uploads/2026/03/0-101.jpg" />
	<meta property="og:image:width" content="1200" />
	<meta property="og:image:height" content="800" />
	<meta property="og:image:type" content="image/jpeg" />
<meta name="twitter:card" content="summary_large_image" />
<meta name="twitter:label1" content="Estimated reading time" />
	<meta name="twitter:data1" content="1 minute" />
<script type="application/ld+json" class="yoast-schema-graph">{"@context":"https://schema.org","@graph":[{"@type":"WebPage","@id":"https://www.sejourprive.com/biens/villa-cerasina-amalfi-italie/","url":"https://www.sejourprive.com/biens/villa-cerasina-amalfi-italie/","name":"Villa Cerasina, Amalfi, Italie - Séjour Privé","isPartOf":{"@id":"https://www.sejourprive.com/#website"},"primaryImageOfPage":{"@id":"https://www.sejourprive.com/biens/villa-cerasina-amalfi-italie/#primaryimage"},"image":{"@id":"https://www.sejourprive.com/biens/villa-cerasina-amalfi-italie/#primaryimage"},"thumbnailUrl":"https://www.sejourprive.com/wp-content/uploads/2026/03/0-101.jpg","datePublished":"2026-03-12T14:08:38+00:00","description":"Sculptée dans les falaises au-dessus d'Amalfi, la Villa Cerasina semble suspendue entre ciel et mer. Avec son architecture méditerranéenne, ses terrasses","breadcrumb":{"@id":"https://www.sejourprive.com/biens/villa-cerasina-amalfi-italie/#breadcrumb"},"inLanguage":"en-GB","potentialAction":[{"@type":"ReadAction","target":["https://www.sejourprive.com/biens/villa-cerasina-amalfi-italie/"]}]},{"@type":"ImageObject","inLanguage":"en-GB","@id":"https://www.sejourprive.com/biens/villa-cerasina-amalfi-italie/#primaryimage","url":"https://www.sejourprive.com/wp-content/uploads/2026/03/0-101.jpg","contentUrl":"https://www.sejourprive.com/wp-content/uploads/2026/03/0-101.jpg","width":1200,"height":800},{"@type":"BreadcrumbList","@id":"https://www.sejourprive.com/biens/villa-cerasina-amalfi-italie/#breadcrumb","itemListElement":[{"@type":"ListItem","position":1,"name":"Accueil","item":"https://www.sejourprive.com/"},{"@type":"ListItem","position":2,"name":"Shop","item":"https://www.sejourprive.com/shop/"},{"@type":"ListItem","position":3,"name":"Villa Cerasina, Amalfi, Italie"}]},{"@type":"WebSite","@id":"https://www.sejourprive.com/#website","url":"https://www.sejourprive.com/","name":"Séjour Privé","description":"Nous imaginons pour vous des séjours d’exception.","publisher":{"@id":"https://www.sejourprive.com/#organization"},"potentialAction":[{"@type":"SearchAction","target":{"@type":"EntryPoint","urlTemplate":"https://www.sejourprive.com/?s={search_term_string}"},"query-input":{"@type":"PropertyValueSpecification","valueRequired":true,"valueName":"search_term_string"}}],"inLanguage":"en-GB"},{"@type":"Organization","@id":"https://www.sejourprive.com/#organization","name":"Séjour Privé","url":"https://www.sejourprive.com/","logo":{"@type":"ImageObject","inLanguage":"en-GB","@id":"https://www.sejourprive.com/#/schema/logo/image/","url":"https://www.sejourprive.com/wp-content/uploads/2026/02/SP-Apple-touch-144-couleur-1-2.png","contentUrl":"https://www.sejourprive.com/wp-content/uploads/2026/02/SP-Apple-touch-144-couleur-1-2.png","width":145,"height":145,"caption":"Séjour Privé"},"image":{"@id":"https://www.sejourprive.com/#/schema/logo/image/"}}]}</script>
<!-- / Yoast SEO plugin. -->

Villa Cerasina, Amalfi, Italie - Séjour Privé

Sculptée dans les falaises au-dessus d'Amalfi, la Villa Cerasina semble suspendue entre ciel et mer. Avec son architecture méditerranéenne, ses terrasses

Séjour Privé
