{"id":45484,"date":"2026-03-11T15:29:49","date_gmt":"2026-03-11T14:29:49","guid":{"rendered":"https:\/\/www.sejourprive.com\/?post_type=product&#038;p=45484"},"modified":"2026-03-11T15:29:49","modified_gmt":"2026-03-11T14:29:49","slug":"villa-ascagne-ravello-amalfi-italie","status":"publish","type":"product","link":"https:\/\/www.sejourprive.com\/en\/biens\/villa-ascagne-ravello-amalfi-italie\/","title":{"rendered":"Villa Ascagne, Ravello, Amalfi, Italy"},"content":{"rendered":"<p>Perch\u00e9e sur les falaises de la c\u00f4te amalfitaine, la Villa Ascagne incarne l&#8217;\u00e9l\u00e9gance italienne, o\u00f9 le charme d&#8217;antan rencontre le raffinement contemporain. Face \u00e0 la mer, elle offre une escapade tranquille tout en restant proche des villages pittoresques et de la c\u00f4te anim\u00e9e.<span><div class=\"read-more-wrapper\"><a class=\"read-more-button\" data-target=\"read-more-69f2939d14fea\" data-more-text=\"Read more\" data-less-text=\"Read less\"><span class=\"read-more-text\">Read more<\/span><\/a><div id=\"read-more-69f2939d14fea\" class=\"read-more-content\"> <\/span><\/p>\n<p>\u00c0 l&#8217;aube, suivez le sentier sinueux qui longe le rivage avant de vous rafra\u00eechir dans la mer. L&#8217;apr\u00e8s-midi, d\u00e9tendez-vous \u00e0 l&#8217;ombre des citronniers en lisant un livre ou en jouant aux cartes sur la terrasse. Puis, \u00e0 la tomb\u00e9e de la nuit, d\u00eenez \u00e0 la lueur des lanternes, o\u00f9 les parfums de la mer et du basilic frais se m\u00ealent \u00e0 la chaleur d&#8217;une soir\u00e9e amalfitaine.<\/div><\/div><\/p>","protected":false},"excerpt":{"rendered":"<p>Perch\u00e9e sur les falaises de la c\u00f4te amalfitaine, la Villa Ascagne incarne l&#8217;\u00e9l\u00e9gance italienne, o\u00f9 le charme d&#8217;antan rencontre le&#8230;<\/p>","protected":false},"featured_media":45486,"comment_status":"open","ping_status":"closed","template":"","meta":{"_acf_changed":false},"product_brand":[],"product_cat":[15],"product_tag":[],"class_list":{"0":"post-45484","1":"product","2":"type-product","3":"status-publish","4":"has-post-thumbnail","6":"product_cat-villa","7":"property_location-amalfi","8":"property_location-italie","10":"first","11":"instock","12":"sold-individually","13":"shipping-taxable","14":"purchasable","15":"product-type-simple"},"acf":[],"yoast_head":"<!-- This site is optimized with the Yoast SEO plugin v26.6 - https:\/\/yoast.com\/wordpress\/plugins\/seo\/ -->\n<title>Villa Ascagne, Ravello, Amalfi, Italie - S\u00e9jour Priv\u00e9<\/title>\n<meta name=\"description\" content=\"Perch\u00e9e sur les falaises de la c\u00f4te amalfitaine, la Villa Ascagne incarne l&#039;\u00e9l\u00e9gance italienne, o\u00f9 le charme d&#039;antan rencontre le raffinement\" \/>\n<meta name=\"robots\" content=\"index, follow, max-snippet:-1, max-image-preview:large, max-video-preview:-1\" \/>\n<link rel=\"canonical\" href=\"https:\/\/www.sejourprive.com\/en\/biens\/villa-ascagne-ravello-amalfi-italie\/\" \/>\n<meta property=\"og:locale\" content=\"en_GB\" \/>\n<meta property=\"og:type\" content=\"article\" \/>\n<meta property=\"og:title\" content=\"Villa Ascagne, Ravello, Amalfi, Italie - S\u00e9jour Priv\u00e9\" \/>\n<meta property=\"og:description\" content=\"Perch\u00e9e sur les falaises de la c\u00f4te amalfitaine, la Villa Ascagne incarne l&#039;\u00e9l\u00e9gance italienne, o\u00f9 le charme d&#039;antan rencontre le raffinement\" \/>\n<meta property=\"og:url\" content=\"https:\/\/www.sejourprive.com\/en\/biens\/villa-ascagne-ravello-amalfi-italie\/\" \/>\n<meta property=\"og:site_name\" content=\"S\u00e9jour Priv\u00e9\" \/>\n<meta property=\"og:image\" content=\"https:\/\/www.sejourprive.com\/wp-content\/uploads\/2026\/03\/0-93.jpg\" \/>\n\t<meta property=\"og:image:width\" content=\"1200\" \/>\n\t<meta property=\"og:image:height\" content=\"800\" \/>\n\t<meta property=\"og:image:type\" content=\"image\/jpeg\" \/>\n<meta name=\"twitter:card\" content=\"summary_large_image\" \/>\n<meta name=\"twitter:label1\" content=\"Estimated reading time\" \/>\n\t<meta name=\"twitter:data1\" content=\"1 minute\" \/>\n<script type=\"application\/ld+json\" class=\"yoast-schema-graph\">{\"@context\":\"https:\/\/schema.org\",\"@graph\":[{\"@type\":\"WebPage\",\"@id\":\"https:\/\/www.sejourprive.com\/biens\/villa-ascagne-ravello-amalfi-italie\/\",\"url\":\"https:\/\/www.sejourprive.com\/biens\/villa-ascagne-ravello-amalfi-italie\/\",\"name\":\"Villa Ascagne, Ravello, Amalfi, Italie - S\u00e9jour Priv\u00e9\",\"isPartOf\":{\"@id\":\"https:\/\/www.sejourprive.com\/#website\"},\"primaryImageOfPage\":{\"@id\":\"https:\/\/www.sejourprive.com\/biens\/villa-ascagne-ravello-amalfi-italie\/#primaryimage\"},\"image\":{\"@id\":\"https:\/\/www.sejourprive.com\/biens\/villa-ascagne-ravello-amalfi-italie\/#primaryimage\"},\"thumbnailUrl\":\"https:\/\/www.sejourprive.com\/wp-content\/uploads\/2026\/03\/0-93.jpg\",\"datePublished\":\"2026-03-11T14:29:49+00:00\",\"description\":\"Perch\u00e9e sur les falaises de la c\u00f4te amalfitaine, la Villa Ascagne incarne l'\u00e9l\u00e9gance italienne, o\u00f9 le charme d'antan rencontre le raffinement\",\"breadcrumb\":{\"@id\":\"https:\/\/www.sejourprive.com\/biens\/villa-ascagne-ravello-amalfi-italie\/#breadcrumb\"},\"inLanguage\":\"en-GB\",\"potentialAction\":[{\"@type\":\"ReadAction\",\"target\":[\"https:\/\/www.sejourprive.com\/biens\/villa-ascagne-ravello-amalfi-italie\/\"]}]},{\"@type\":\"ImageObject\",\"inLanguage\":\"en-GB\",\"@id\":\"https:\/\/www.sejourprive.com\/biens\/villa-ascagne-ravello-amalfi-italie\/#primaryimage\",\"url\":\"https:\/\/www.sejourprive.com\/wp-content\/uploads\/2026\/03\/0-93.jpg\",\"contentUrl\":\"https:\/\/www.sejourprive.com\/wp-content\/uploads\/2026\/03\/0-93.jpg\",\"width\":1200,\"height\":800},{\"@type\":\"BreadcrumbList\",\"@id\":\"https:\/\/www.sejourprive.com\/biens\/villa-ascagne-ravello-amalfi-italie\/#breadcrumb\",\"itemListElement\":[{\"@type\":\"ListItem\",\"position\":1,\"name\":\"Accueil\",\"item\":\"https:\/\/www.sejourprive.com\/\"},{\"@type\":\"ListItem\",\"position\":2,\"name\":\"Shop\",\"item\":\"https:\/\/www.sejourprive.com\/shop\/\"},{\"@type\":\"ListItem\",\"position\":3,\"name\":\"Villa Ascagne, Ravello, Amalfi, Italie\"}]},{\"@type\":\"WebSite\",\"@id\":\"https:\/\/www.sejourprive.com\/#website\",\"url\":\"https:\/\/www.sejourprive.com\/\",\"name\":\"S\u00e9jour Priv\u00e9\",\"description\":\"Nous imaginons pour vous des s\u00e9jours d\u2019exception.\",\"publisher\":{\"@id\":\"https:\/\/www.sejourprive.com\/#organization\"},\"potentialAction\":[{\"@type\":\"SearchAction\",\"target\":{\"@type\":\"EntryPoint\",\"urlTemplate\":\"https:\/\/www.sejourprive.com\/?s={search_term_string}\"},\"query-input\":{\"@type\":\"PropertyValueSpecification\",\"valueRequired\":true,\"valueName\":\"search_term_string\"}}],\"inLanguage\":\"en-GB\"},{\"@type\":\"Organization\",\"@id\":\"https:\/\/www.sejourprive.com\/#organization\",\"name\":\"S\u00e9jour Priv\u00e9\",\"url\":\"https:\/\/www.sejourprive.com\/\",\"logo\":{\"@type\":\"ImageObject\",\"inLanguage\":\"en-GB\",\"@id\":\"https:\/\/www.sejourprive.com\/#\/schema\/logo\/image\/\",\"url\":\"https:\/\/www.sejourprive.com\/wp-content\/uploads\/2026\/02\/SP-Apple-touch-144-couleur-1-2.png\",\"contentUrl\":\"https:\/\/www.sejourprive.com\/wp-content\/uploads\/2026\/02\/SP-Apple-touch-144-couleur-1-2.png\",\"width\":145,\"height\":145,\"caption\":\"S\u00e9jour Priv\u00e9\"},\"image\":{\"@id\":\"https:\/\/www.sejourprive.com\/#\/schema\/logo\/image\/\"}}]}<\/script>\n<!-- \/ Yoast SEO plugin. -->","yoast_head_json":{"title":"Villa Ascagne, Ravello, Amalfi, Italie - S\u00e9jour Priv\u00e9","description":"Perch\u00e9e sur les falaises de la c\u00f4te amalfitaine, la Villa Ascagne incarne l'\u00e9l\u00e9gance italienne, o\u00f9 le charme d'antan rencontre le raffinement","robots":{"index":"index","follow":"follow","max-snippet":"max-snippet:-1","max-image-preview":"max-image-preview:large","max-video-preview":"max-video-preview:-1"},"canonical":"https:\/\/www.sejourprive.com\/en\/biens\/villa-ascagne-ravello-amalfi-italie\/","og_locale":"en_GB","og_type":"article","og_title":"Villa Ascagne, Ravello, Amalfi, Italie - S\u00e9jour Priv\u00e9","og_description":"Perch\u00e9e sur les falaises de la c\u00f4te amalfitaine, la Villa Ascagne incarne l'\u00e9l\u00e9gance italienne, o\u00f9 le charme d'antan rencontre le raffinement","og_url":"https:\/\/www.sejourprive.com\/en\/biens\/villa-ascagne-ravello-amalfi-italie\/","og_site_name":"S\u00e9jour Priv\u00e9","og_image":[{"width":1200,"height":800,"url":"https:\/\/www.sejourprive.com\/wp-content\/uploads\/2026\/03\/0-93.jpg","type":"image\/jpeg"}],"twitter_card":"summary_large_image","twitter_misc":{"Estimated reading time":"1 minute"},"schema":{"@context":"https:\/\/schema.org","@graph":[{"@type":"WebPage","@id":"https:\/\/www.sejourprive.com\/biens\/villa-ascagne-ravello-amalfi-italie\/","url":"https:\/\/www.sejourprive.com\/biens\/villa-ascagne-ravello-amalfi-italie\/","name":"Villa Ascagne, Ravello, Amalfi, Italie - S\u00e9jour Priv\u00e9","isPartOf":{"@id":"https:\/\/www.sejourprive.com\/#website"},"primaryImageOfPage":{"@id":"https:\/\/www.sejourprive.com\/biens\/villa-ascagne-ravello-amalfi-italie\/#primaryimage"},"image":{"@id":"https:\/\/www.sejourprive.com\/biens\/villa-ascagne-ravello-amalfi-italie\/#primaryimage"},"thumbnailUrl":"https:\/\/www.sejourprive.com\/wp-content\/uploads\/2026\/03\/0-93.jpg","datePublished":"2026-03-11T14:29:49+00:00","description":"Perch\u00e9e sur les falaises de la c\u00f4te amalfitaine, la Villa Ascagne incarne l'\u00e9l\u00e9gance italienne, o\u00f9 le charme d'antan rencontre le raffinement","breadcrumb":{"@id":"https:\/\/www.sejourprive.com\/biens\/villa-ascagne-ravello-amalfi-italie\/#breadcrumb"},"inLanguage":"en-GB","potentialAction":[{"@type":"ReadAction","target":["https:\/\/www.sejourprive.com\/biens\/villa-ascagne-ravello-amalfi-italie\/"]}]},{"@type":"ImageObject","inLanguage":"en-GB","@id":"https:\/\/www.sejourprive.com\/biens\/villa-ascagne-ravello-amalfi-italie\/#primaryimage","url":"https:\/\/www.sejourprive.com\/wp-content\/uploads\/2026\/03\/0-93.jpg","contentUrl":"https:\/\/www.sejourprive.com\/wp-content\/uploads\/2026\/03\/0-93.jpg","width":1200,"height":800},{"@type":"BreadcrumbList","@id":"https:\/\/www.sejourprive.com\/biens\/villa-ascagne-ravello-amalfi-italie\/#breadcrumb","itemListElement":[{"@type":"ListItem","position":1,"name":"Accueil","item":"https:\/\/www.sejourprive.com\/"},{"@type":"ListItem","position":2,"name":"Shop","item":"https:\/\/www.sejourprive.com\/shop\/"},{"@type":"ListItem","position":3,"name":"Villa Ascagne, Ravello, Amalfi, Italie"}]},{"@type":"WebSite","@id":"https:\/\/www.sejourprive.com\/#website","url":"https:\/\/www.sejourprive.com\/","name":"Private Stay","description":"We design exceptional holidays for you.","publisher":{"@id":"https:\/\/www.sejourprive.com\/#organization"},"potentialAction":[{"@type":"SearchAction","target":{"@type":"EntryPoint","urlTemplate":"https:\/\/www.sejourprive.com\/?s={search_term_string}"},"query-input":{"@type":"PropertyValueSpecification","valueRequired":true,"valueName":"search_term_string"}}],"inLanguage":"en-GB"},{"@type":"Organization","@id":"https:\/\/www.sejourprive.com\/#organization","name":"Private Stay","url":"https:\/\/www.sejourprive.com\/","logo":{"@type":"ImageObject","inLanguage":"en-GB","@id":"https:\/\/www.sejourprive.com\/#\/schema\/logo\/image\/","url":"https:\/\/www.sejourprive.com\/wp-content\/uploads\/2026\/02\/SP-Apple-touch-144-couleur-1-2.png","contentUrl":"https:\/\/www.sejourprive.com\/wp-content\/uploads\/2026\/02\/SP-Apple-touch-144-couleur-1-2.png","width":145,"height":145,"caption":"S\u00e9jour Priv\u00e9"},"image":{"@id":"https:\/\/www.sejourprive.com\/#\/schema\/logo\/image\/"}}]}},"_links":{"self":[{"href":"https:\/\/www.sejourprive.com\/en\/wp-json\/wp\/v2\/product\/45484","targetHints":{"allow":["GET"]}}],"collection":[{"href":"https:\/\/www.sejourprive.com\/en\/wp-json\/wp\/v2\/product"}],"about":[{"href":"https:\/\/www.sejourprive.com\/en\/wp-json\/wp\/v2\/types\/product"}],"replies":[{"embeddable":true,"href":"https:\/\/www.sejourprive.com\/en\/wp-json\/wp\/v2\/comments?post=45484"}],"version-history":[{"count":0,"href":"https:\/\/www.sejourprive.com\/en\/wp-json\/wp\/v2\/product\/45484\/revisions"}],"wp:featuredmedia":[{"embeddable":true,"href":"https:\/\/www.sejourprive.com\/en\/wp-json\/wp\/v2\/media\/45486"}],"wp:attachment":[{"href":"https:\/\/www.sejourprive.com\/en\/wp-json\/wp\/v2\/media?parent=45484"}],"wp:term":[{"taxonomy":"product_brand","embeddable":true,"href":"https:\/\/www.sejourprive.com\/en\/wp-json\/wp\/v2\/product_brand?post=45484"},{"taxonomy":"product_cat","embeddable":true,"href":"https:\/\/www.sejourprive.com\/en\/wp-json\/wp\/v2\/product_cat?post=45484"},{"taxonomy":"product_tag","embeddable":true,"href":"https:\/\/www.sejourprive.com\/en\/wp-json\/wp\/v2\/product_tag?post=45484"}],"curies":[{"name":"wp","href":"https:\/\/api.w.org\/{rel}","templated":true}]}}

<p>Perchée sur les falaises de la côte amalfitaine, la Villa Ascagne incarne l&#8217;élégance italienne, où le charme d&#8217;antan rencontre le raffinement contemporain. Face à la mer, elle offre une escapade tranquille tout en restant proche des villages pittoresques et de la côte animée.<span><div class="read-more-wrapper"><a class="read-more-button" data-target="read-more-69f2939d14fea" data-more-text="Read more" data-less-text="Read less"><span class="read-more-text">Read more</span></a><div id="read-more-69f2939d14fea" class="read-more-content"> </span></p>
<p>À l&#8217;aube, suivez le sentier sinueux qui longe le rivage avant de vous rafraîchir dans la mer. L&#8217;après-midi, détendez-vous à l&#8217;ombre des citronniers en lisant un livre ou en jouant aux cartes sur la terrasse. Puis, à la tombée de la nuit, dînez à la lueur des lanternes, où les parfums de la mer et du basilic frais se mêlent à la chaleur d&#8217;une soirée amalfitaine.</div></div></p>

<p>Perchée sur les falaises de la côte amalfitaine, la Villa Ascagne incarne l&#8217;élégance italienne, où le charme d&#8217;antan rencontre le&#8230;</p>

<!-- This site is optimized with the Yoast SEO plugin v26.6 - https://yoast.com/wordpress/plugins/seo/ -->
<title>Villa Ascagne, Ravello, Amalfi, Italie - Séjour Privé</title>
<meta name="description" content="Perchée sur les falaises de la côte amalfitaine, la Villa Ascagne incarne l&#039;élégance italienne, où le charme d&#039;antan rencontre le raffinement" />
<meta name="robots" content="index, follow, max-snippet:-1, max-image-preview:large, max-video-preview:-1" />
<link rel="canonical" href="https://www.sejourprive.com/en/biens/villa-ascagne-ravello-amalfi-italie/" />
<meta property="og:locale" content="en_GB" />
<meta property="og:type" content="article" />
<meta property="og:title" content="Villa Ascagne, Ravello, Amalfi, Italie - Séjour Privé" />
<meta property="og:description" content="Perchée sur les falaises de la côte amalfitaine, la Villa Ascagne incarne l&#039;élégance italienne, où le charme d&#039;antan rencontre le raffinement" />
<meta property="og:url" content="https://www.sejourprive.com/en/biens/villa-ascagne-ravello-amalfi-italie/" />
<meta property="og:site_name" content="Séjour Privé" />
<meta property="og:image" content="https://www.sejourprive.com/wp-content/uploads/2026/03/0-93.jpg" />
	<meta property="og:image:width" content="1200" />
	<meta property="og:image:height" content="800" />
	<meta property="og:image:type" content="image/jpeg" />
<meta name="twitter:card" content="summary_large_image" />
<meta name="twitter:label1" content="Estimated reading time" />
	<meta name="twitter:data1" content="1 minute" />
<script type="application/ld+json" class="yoast-schema-graph">{"@context":"https://schema.org","@graph":[{"@type":"WebPage","@id":"https://www.sejourprive.com/biens/villa-ascagne-ravello-amalfi-italie/","url":"https://www.sejourprive.com/biens/villa-ascagne-ravello-amalfi-italie/","name":"Villa Ascagne, Ravello, Amalfi, Italie - Séjour Privé","isPartOf":{"@id":"https://www.sejourprive.com/#website"},"primaryImageOfPage":{"@id":"https://www.sejourprive.com/biens/villa-ascagne-ravello-amalfi-italie/#primaryimage"},"image":{"@id":"https://www.sejourprive.com/biens/villa-ascagne-ravello-amalfi-italie/#primaryimage"},"thumbnailUrl":"https://www.sejourprive.com/wp-content/uploads/2026/03/0-93.jpg","datePublished":"2026-03-11T14:29:49+00:00","description":"Perchée sur les falaises de la côte amalfitaine, la Villa Ascagne incarne l'élégance italienne, où le charme d'antan rencontre le raffinement","breadcrumb":{"@id":"https://www.sejourprive.com/biens/villa-ascagne-ravello-amalfi-italie/#breadcrumb"},"inLanguage":"en-GB","potentialAction":[{"@type":"ReadAction","target":["https://www.sejourprive.com/biens/villa-ascagne-ravello-amalfi-italie/"]}]},{"@type":"ImageObject","inLanguage":"en-GB","@id":"https://www.sejourprive.com/biens/villa-ascagne-ravello-amalfi-italie/#primaryimage","url":"https://www.sejourprive.com/wp-content/uploads/2026/03/0-93.jpg","contentUrl":"https://www.sejourprive.com/wp-content/uploads/2026/03/0-93.jpg","width":1200,"height":800},{"@type":"BreadcrumbList","@id":"https://www.sejourprive.com/biens/villa-ascagne-ravello-amalfi-italie/#breadcrumb","itemListElement":[{"@type":"ListItem","position":1,"name":"Accueil","item":"https://www.sejourprive.com/"},{"@type":"ListItem","position":2,"name":"Shop","item":"https://www.sejourprive.com/shop/"},{"@type":"ListItem","position":3,"name":"Villa Ascagne, Ravello, Amalfi, Italie"}]},{"@type":"WebSite","@id":"https://www.sejourprive.com/#website","url":"https://www.sejourprive.com/","name":"Séjour Privé","description":"Nous imaginons pour vous des séjours d’exception.","publisher":{"@id":"https://www.sejourprive.com/#organization"},"potentialAction":[{"@type":"SearchAction","target":{"@type":"EntryPoint","urlTemplate":"https://www.sejourprive.com/?s={search_term_string}"},"query-input":{"@type":"PropertyValueSpecification","valueRequired":true,"valueName":"search_term_string"}}],"inLanguage":"en-GB"},{"@type":"Organization","@id":"https://www.sejourprive.com/#organization","name":"Séjour Privé","url":"https://www.sejourprive.com/","logo":{"@type":"ImageObject","inLanguage":"en-GB","@id":"https://www.sejourprive.com/#/schema/logo/image/","url":"https://www.sejourprive.com/wp-content/uploads/2026/02/SP-Apple-touch-144-couleur-1-2.png","contentUrl":"https://www.sejourprive.com/wp-content/uploads/2026/02/SP-Apple-touch-144-couleur-1-2.png","width":145,"height":145,"caption":"Séjour Privé"},"image":{"@id":"https://www.sejourprive.com/#/schema/logo/image/"}}]}</script>
<!-- / Yoast SEO plugin. -->

Villa Ascagne, Ravello, Amalfi, Italie - Séjour Privé

Perchée sur les falaises de la côte amalfitaine, la Villa Ascagne incarne l'élégance italienne, où le charme d'antan rencontre le raffinement

Séjour Privé
