{"id":44698,"date":"2026-03-10T12:03:43","date_gmt":"2026-03-10T11:03:43","guid":{"rendered":"https:\/\/www.sejourprive.com\/?post_type=product&#038;p=44698"},"modified":"2026-03-10T12:03:44","modified_gmt":"2026-03-10T11:03:44","slug":"villa-faraglio-praiano-amalfi-italie","status":"publish","type":"product","link":"https:\/\/www.sejourprive.com\/en\/biens\/villa-faraglio-praiano-amalfi-italie\/","title":{"rendered":"Villa Faraglio, Praiano, Amalfi, Italy"},"content":{"rendered":"<p>La fa\u00e7ade rouge vif et les courbes immacul\u00e9es de la Villa Faraglio sont \u00e9galement visibles depuis la mer, au pied des falaises. La d\u00e9coration int\u00e9rieure est un m\u00e9lange de motifs et de styles avec une touche kitsch tr\u00e8s vivante : un lit psych\u00e9d\u00e9lique d&#8217;Emilio Pucci, des fauteuils en peau de l\u00e9opard et des rideaux ray\u00e9s noir et blanc.<br \/>\n<span><div class=\"read-more-wrapper\"><a class=\"read-more-button\" data-target=\"read-more-69f35bedbd7b8\" data-more-text=\"Read more\" data-less-text=\"Read less\"><span class=\"read-more-text\">Read more<\/span><\/a><div id=\"read-more-69f35bedbd7b8\" class=\"read-more-content\"> <\/span><\/p>\n<p>Les salons combinent un mobilier moderne et le chic italien classique : des photographies monochromes c\u00f4toient des natures mortes, une table basse en verre ajoute une touche moderne \u00e0 la commode en bois verni, et des fauteuils baroques en velours chocolat c\u00f4toient d&#8217;\u00e9l\u00e9gants canap\u00e9s en lin blanc.<\/p>\n<p>T\u00f4t le matin, descendez jusqu&#8217;\u00e0 la petite plage de galets de Praiano, nich\u00e9e entre les falaises, pour vous allonger \u00e0 l&#8217;ombre des parasols orange ou plonger dans les eaux cristallines de la M\u00e9diterran\u00e9e. De retour \u00e0 la villa, installez-vous dans les somptueux canap\u00e9s blancs sous les parasols et sirotez une limonade fra\u00eeche ou un Spritz tout en admirant la vue sur la mer. Vous aurez ensuite le choix entre la piscine ext\u00e9rieure et la piscine int\u00e9rieure, cette derni\u00e8re faisant \u00e9galement office de hammam oriental.<\/div><\/div><\/p>","protected":false},"excerpt":{"rendered":"<p>La fa\u00e7ade rouge vif et les courbes immacul\u00e9es de la Villa Faraglio sont \u00e9galement visibles depuis la mer, au pied&#8230;<\/p>","protected":false},"featured_media":44734,"comment_status":"open","ping_status":"closed","template":"","meta":{"_acf_changed":false},"product_brand":[],"product_cat":[15],"product_tag":[],"class_list":{"0":"post-44698","1":"product","2":"type-product","3":"status-publish","4":"has-post-thumbnail","6":"product_cat-villa","7":"property_location-amalfi","8":"property_location-italie","10":"first","11":"instock","12":"sold-individually","13":"shipping-taxable","14":"purchasable","15":"product-type-simple"},"acf":[],"yoast_head":"<!-- This site is optimized with the Yoast SEO plugin v26.6 - https:\/\/yoast.com\/wordpress\/plugins\/seo\/ -->\n<title>Villa Faraglio, Praiano, Amalfi, Italie - S\u00e9jour Priv\u00e9<\/title>\n<meta name=\"description\" content=\"La fa\u00e7ade rouge vif et les courbes immacul\u00e9es de la Villa Faraglio sont \u00e9galement visibles depuis la mer, au pied des falaises. La d\u00e9coration int\u00e9rieure\" \/>\n<meta name=\"robots\" content=\"index, follow, max-snippet:-1, max-image-preview:large, max-video-preview:-1\" \/>\n<link rel=\"canonical\" href=\"https:\/\/www.sejourprive.com\/en\/biens\/villa-faraglio-praiano-amalfi-italie\/\" \/>\n<meta property=\"og:locale\" content=\"en_GB\" \/>\n<meta property=\"og:type\" content=\"article\" \/>\n<meta property=\"og:title\" content=\"Villa Faraglio, Praiano, Amalfi, Italie - S\u00e9jour Priv\u00e9\" \/>\n<meta property=\"og:description\" content=\"La fa\u00e7ade rouge vif et les courbes immacul\u00e9es de la Villa Faraglio sont \u00e9galement visibles depuis la mer, au pied des falaises. La d\u00e9coration int\u00e9rieure\" \/>\n<meta property=\"og:url\" content=\"https:\/\/www.sejourprive.com\/en\/biens\/villa-faraglio-praiano-amalfi-italie\/\" \/>\n<meta property=\"og:site_name\" content=\"S\u00e9jour Priv\u00e9\" \/>\n<meta property=\"article:modified_time\" content=\"2026-03-10T11:03:44+00:00\" \/>\n<meta property=\"og:image\" content=\"https:\/\/www.sejourprive.com\/wp-content\/uploads\/2026\/03\/1-80.jpg\" \/>\n\t<meta property=\"og:image:width\" content=\"1200\" \/>\n\t<meta property=\"og:image:height\" content=\"800\" \/>\n\t<meta property=\"og:image:type\" content=\"image\/jpeg\" \/>\n<meta name=\"twitter:card\" content=\"summary_large_image\" \/>\n<meta name=\"twitter:label1\" content=\"Estimated reading time\" \/>\n\t<meta name=\"twitter:data1\" content=\"2 minutes\" \/>\n<script type=\"application\/ld+json\" class=\"yoast-schema-graph\">{\"@context\":\"https:\/\/schema.org\",\"@graph\":[{\"@type\":\"WebPage\",\"@id\":\"https:\/\/www.sejourprive.com\/biens\/villa-faraglio-praiano-amalfi-italie\/\",\"url\":\"https:\/\/www.sejourprive.com\/biens\/villa-faraglio-praiano-amalfi-italie\/\",\"name\":\"Villa Faraglio, Praiano, Amalfi, Italie - S\u00e9jour Priv\u00e9\",\"isPartOf\":{\"@id\":\"https:\/\/www.sejourprive.com\/#website\"},\"primaryImageOfPage\":{\"@id\":\"https:\/\/www.sejourprive.com\/biens\/villa-faraglio-praiano-amalfi-italie\/#primaryimage\"},\"image\":{\"@id\":\"https:\/\/www.sejourprive.com\/biens\/villa-faraglio-praiano-amalfi-italie\/#primaryimage\"},\"thumbnailUrl\":\"https:\/\/www.sejourprive.com\/wp-content\/uploads\/2026\/03\/1-80.jpg\",\"datePublished\":\"2026-03-10T11:03:43+00:00\",\"dateModified\":\"2026-03-10T11:03:44+00:00\",\"description\":\"La fa\u00e7ade rouge vif et les courbes immacul\u00e9es de la Villa Faraglio sont \u00e9galement visibles depuis la mer, au pied des falaises. La d\u00e9coration int\u00e9rieure\",\"breadcrumb\":{\"@id\":\"https:\/\/www.sejourprive.com\/biens\/villa-faraglio-praiano-amalfi-italie\/#breadcrumb\"},\"inLanguage\":\"en-GB\",\"potentialAction\":[{\"@type\":\"ReadAction\",\"target\":[\"https:\/\/www.sejourprive.com\/biens\/villa-faraglio-praiano-amalfi-italie\/\"]}]},{\"@type\":\"ImageObject\",\"inLanguage\":\"en-GB\",\"@id\":\"https:\/\/www.sejourprive.com\/biens\/villa-faraglio-praiano-amalfi-italie\/#primaryimage\",\"url\":\"https:\/\/www.sejourprive.com\/wp-content\/uploads\/2026\/03\/1-80.jpg\",\"contentUrl\":\"https:\/\/www.sejourprive.com\/wp-content\/uploads\/2026\/03\/1-80.jpg\",\"width\":1200,\"height\":800},{\"@type\":\"BreadcrumbList\",\"@id\":\"https:\/\/www.sejourprive.com\/biens\/villa-faraglio-praiano-amalfi-italie\/#breadcrumb\",\"itemListElement\":[{\"@type\":\"ListItem\",\"position\":1,\"name\":\"Accueil\",\"item\":\"https:\/\/www.sejourprive.com\/\"},{\"@type\":\"ListItem\",\"position\":2,\"name\":\"Shop\",\"item\":\"https:\/\/www.sejourprive.com\/shop\/\"},{\"@type\":\"ListItem\",\"position\":3,\"name\":\"Villa Faraglio, Praiano, Amalfi, Italie\"}]},{\"@type\":\"WebSite\",\"@id\":\"https:\/\/www.sejourprive.com\/#website\",\"url\":\"https:\/\/www.sejourprive.com\/\",\"name\":\"S\u00e9jour Priv\u00e9\",\"description\":\"Nous imaginons pour vous des s\u00e9jours d\u2019exception.\",\"publisher\":{\"@id\":\"https:\/\/www.sejourprive.com\/#organization\"},\"potentialAction\":[{\"@type\":\"SearchAction\",\"target\":{\"@type\":\"EntryPoint\",\"urlTemplate\":\"https:\/\/www.sejourprive.com\/?s={search_term_string}\"},\"query-input\":{\"@type\":\"PropertyValueSpecification\",\"valueRequired\":true,\"valueName\":\"search_term_string\"}}],\"inLanguage\":\"en-GB\"},{\"@type\":\"Organization\",\"@id\":\"https:\/\/www.sejourprive.com\/#organization\",\"name\":\"S\u00e9jour Priv\u00e9\",\"url\":\"https:\/\/www.sejourprive.com\/\",\"logo\":{\"@type\":\"ImageObject\",\"inLanguage\":\"en-GB\",\"@id\":\"https:\/\/www.sejourprive.com\/#\/schema\/logo\/image\/\",\"url\":\"https:\/\/www.sejourprive.com\/wp-content\/uploads\/2026\/02\/SP-Apple-touch-144-couleur-1-2.png\",\"contentUrl\":\"https:\/\/www.sejourprive.com\/wp-content\/uploads\/2026\/02\/SP-Apple-touch-144-couleur-1-2.png\",\"width\":145,\"height\":145,\"caption\":\"S\u00e9jour Priv\u00e9\"},\"image\":{\"@id\":\"https:\/\/www.sejourprive.com\/#\/schema\/logo\/image\/\"}}]}<\/script>\n<!-- \/ Yoast SEO plugin. -->","yoast_head_json":{"title":"Villa Faraglio, Praiano, Amalfi, Italie - S\u00e9jour Priv\u00e9","description":"La fa\u00e7ade rouge vif et les courbes immacul\u00e9es de la Villa Faraglio sont \u00e9galement visibles depuis la mer, au pied des falaises. La d\u00e9coration int\u00e9rieure","robots":{"index":"index","follow":"follow","max-snippet":"max-snippet:-1","max-image-preview":"max-image-preview:large","max-video-preview":"max-video-preview:-1"},"canonical":"https:\/\/www.sejourprive.com\/en\/biens\/villa-faraglio-praiano-amalfi-italie\/","og_locale":"en_GB","og_type":"article","og_title":"Villa Faraglio, Praiano, Amalfi, Italie - S\u00e9jour Priv\u00e9","og_description":"La fa\u00e7ade rouge vif et les courbes immacul\u00e9es de la Villa Faraglio sont \u00e9galement visibles depuis la mer, au pied des falaises. La d\u00e9coration int\u00e9rieure","og_url":"https:\/\/www.sejourprive.com\/en\/biens\/villa-faraglio-praiano-amalfi-italie\/","og_site_name":"S\u00e9jour Priv\u00e9","article_modified_time":"2026-03-10T11:03:44+00:00","og_image":[{"width":1200,"height":800,"url":"https:\/\/www.sejourprive.com\/wp-content\/uploads\/2026\/03\/1-80.jpg","type":"image\/jpeg"}],"twitter_card":"summary_large_image","twitter_misc":{"Estimated reading time":"2 minutes"},"schema":{"@context":"https:\/\/schema.org","@graph":[{"@type":"WebPage","@id":"https:\/\/www.sejourprive.com\/biens\/villa-faraglio-praiano-amalfi-italie\/","url":"https:\/\/www.sejourprive.com\/biens\/villa-faraglio-praiano-amalfi-italie\/","name":"Villa Faraglio, Praiano, Amalfi, Italie - S\u00e9jour Priv\u00e9","isPartOf":{"@id":"https:\/\/www.sejourprive.com\/#website"},"primaryImageOfPage":{"@id":"https:\/\/www.sejourprive.com\/biens\/villa-faraglio-praiano-amalfi-italie\/#primaryimage"},"image":{"@id":"https:\/\/www.sejourprive.com\/biens\/villa-faraglio-praiano-amalfi-italie\/#primaryimage"},"thumbnailUrl":"https:\/\/www.sejourprive.com\/wp-content\/uploads\/2026\/03\/1-80.jpg","datePublished":"2026-03-10T11:03:43+00:00","dateModified":"2026-03-10T11:03:44+00:00","description":"La fa\u00e7ade rouge vif et les courbes immacul\u00e9es de la Villa Faraglio sont \u00e9galement visibles depuis la mer, au pied des falaises. La d\u00e9coration int\u00e9rieure","breadcrumb":{"@id":"https:\/\/www.sejourprive.com\/biens\/villa-faraglio-praiano-amalfi-italie\/#breadcrumb"},"inLanguage":"en-GB","potentialAction":[{"@type":"ReadAction","target":["https:\/\/www.sejourprive.com\/biens\/villa-faraglio-praiano-amalfi-italie\/"]}]},{"@type":"ImageObject","inLanguage":"en-GB","@id":"https:\/\/www.sejourprive.com\/biens\/villa-faraglio-praiano-amalfi-italie\/#primaryimage","url":"https:\/\/www.sejourprive.com\/wp-content\/uploads\/2026\/03\/1-80.jpg","contentUrl":"https:\/\/www.sejourprive.com\/wp-content\/uploads\/2026\/03\/1-80.jpg","width":1200,"height":800},{"@type":"BreadcrumbList","@id":"https:\/\/www.sejourprive.com\/biens\/villa-faraglio-praiano-amalfi-italie\/#breadcrumb","itemListElement":[{"@type":"ListItem","position":1,"name":"Accueil","item":"https:\/\/www.sejourprive.com\/"},{"@type":"ListItem","position":2,"name":"Shop","item":"https:\/\/www.sejourprive.com\/shop\/"},{"@type":"ListItem","position":3,"name":"Villa Faraglio, Praiano, Amalfi, Italie"}]},{"@type":"WebSite","@id":"https:\/\/www.sejourprive.com\/#website","url":"https:\/\/www.sejourprive.com\/","name":"Private Stay","description":"We design exceptional holidays for you.","publisher":{"@id":"https:\/\/www.sejourprive.com\/#organization"},"potentialAction":[{"@type":"SearchAction","target":{"@type":"EntryPoint","urlTemplate":"https:\/\/www.sejourprive.com\/?s={search_term_string}"},"query-input":{"@type":"PropertyValueSpecification","valueRequired":true,"valueName":"search_term_string"}}],"inLanguage":"en-GB"},{"@type":"Organization","@id":"https:\/\/www.sejourprive.com\/#organization","name":"Private Stay","url":"https:\/\/www.sejourprive.com\/","logo":{"@type":"ImageObject","inLanguage":"en-GB","@id":"https:\/\/www.sejourprive.com\/#\/schema\/logo\/image\/","url":"https:\/\/www.sejourprive.com\/wp-content\/uploads\/2026\/02\/SP-Apple-touch-144-couleur-1-2.png","contentUrl":"https:\/\/www.sejourprive.com\/wp-content\/uploads\/2026\/02\/SP-Apple-touch-144-couleur-1-2.png","width":145,"height":145,"caption":"S\u00e9jour Priv\u00e9"},"image":{"@id":"https:\/\/www.sejourprive.com\/#\/schema\/logo\/image\/"}}]}},"_links":{"self":[{"href":"https:\/\/www.sejourprive.com\/en\/wp-json\/wp\/v2\/product\/44698","targetHints":{"allow":["GET"]}}],"collection":[{"href":"https:\/\/www.sejourprive.com\/en\/wp-json\/wp\/v2\/product"}],"about":[{"href":"https:\/\/www.sejourprive.com\/en\/wp-json\/wp\/v2\/types\/product"}],"replies":[{"embeddable":true,"href":"https:\/\/www.sejourprive.com\/en\/wp-json\/wp\/v2\/comments?post=44698"}],"version-history":[{"count":0,"href":"https:\/\/www.sejourprive.com\/en\/wp-json\/wp\/v2\/product\/44698\/revisions"}],"wp:featuredmedia":[{"embeddable":true,"href":"https:\/\/www.sejourprive.com\/en\/wp-json\/wp\/v2\/media\/44734"}],"wp:attachment":[{"href":"https:\/\/www.sejourprive.com\/en\/wp-json\/wp\/v2\/media?parent=44698"}],"wp:term":[{"taxonomy":"product_brand","embeddable":true,"href":"https:\/\/www.sejourprive.com\/en\/wp-json\/wp\/v2\/product_brand?post=44698"},{"taxonomy":"product_cat","embeddable":true,"href":"https:\/\/www.sejourprive.com\/en\/wp-json\/wp\/v2\/product_cat?post=44698"},{"taxonomy":"product_tag","embeddable":true,"href":"https:\/\/www.sejourprive.com\/en\/wp-json\/wp\/v2\/product_tag?post=44698"}],"curies":[{"name":"wp","href":"https:\/\/api.w.org\/{rel}","templated":true}]}}

<p>La façade rouge vif et les courbes immaculées de la Villa Faraglio sont également visibles depuis la mer, au pied des falaises. La décoration intérieure est un mélange de motifs et de styles avec une touche kitsch très vivante : un lit psychédélique d&#8217;Emilio Pucci, des fauteuils en peau de léopard et des rideaux rayés noir et blanc.<br />
<span><div class="read-more-wrapper"><a class="read-more-button" data-target="read-more-69f35bedbd7b8" data-more-text="Read more" data-less-text="Read less"><span class="read-more-text">Read more</span></a><div id="read-more-69f35bedbd7b8" class="read-more-content"> </span></p>
<p>Les salons combinent un mobilier moderne et le chic italien classique : des photographies monochromes côtoient des natures mortes, une table basse en verre ajoute une touche moderne à la commode en bois verni, et des fauteuils baroques en velours chocolat côtoient d&#8217;élégants canapés en lin blanc.</p>
<p>Tôt le matin, descendez jusqu&#8217;à la petite plage de galets de Praiano, nichée entre les falaises, pour vous allonger à l&#8217;ombre des parasols orange ou plonger dans les eaux cristallines de la Méditerranée. De retour à la villa, installez-vous dans les somptueux canapés blancs sous les parasols et sirotez une limonade fraîche ou un Spritz tout en admirant la vue sur la mer. Vous aurez ensuite le choix entre la piscine extérieure et la piscine intérieure, cette dernière faisant également office de hammam oriental.</div></div></p>

<p>La façade rouge vif et les courbes immaculées de la Villa Faraglio sont également visibles depuis la mer, au pied&#8230;</p>

<!-- This site is optimized with the Yoast SEO plugin v26.6 - https://yoast.com/wordpress/plugins/seo/ -->
<title>Villa Faraglio, Praiano, Amalfi, Italie - Séjour Privé</title>
<meta name="description" content="La façade rouge vif et les courbes immaculées de la Villa Faraglio sont également visibles depuis la mer, au pied des falaises. La décoration intérieure" />
<meta name="robots" content="index, follow, max-snippet:-1, max-image-preview:large, max-video-preview:-1" />
<link rel="canonical" href="https://www.sejourprive.com/en/biens/villa-faraglio-praiano-amalfi-italie/" />
<meta property="og:locale" content="en_GB" />
<meta property="og:type" content="article" />
<meta property="og:title" content="Villa Faraglio, Praiano, Amalfi, Italie - Séjour Privé" />
<meta property="og:description" content="La façade rouge vif et les courbes immaculées de la Villa Faraglio sont également visibles depuis la mer, au pied des falaises. La décoration intérieure" />
<meta property="og:url" content="https://www.sejourprive.com/en/biens/villa-faraglio-praiano-amalfi-italie/" />
<meta property="og:site_name" content="Séjour Privé" />
<meta property="article:modified_time" content="2026-03-10T11:03:44+00:00" />
<meta property="og:image" content="https://www.sejourprive.com/wp-content/uploads/2026/03/1-80.jpg" />
	<meta property="og:image:width" content="1200" />
	<meta property="og:image:height" content="800" />
	<meta property="og:image:type" content="image/jpeg" />
<meta name="twitter:card" content="summary_large_image" />
<meta name="twitter:label1" content="Estimated reading time" />
	<meta name="twitter:data1" content="2 minutes" />
<script type="application/ld+json" class="yoast-schema-graph">{"@context":"https://schema.org","@graph":[{"@type":"WebPage","@id":"https://www.sejourprive.com/biens/villa-faraglio-praiano-amalfi-italie/","url":"https://www.sejourprive.com/biens/villa-faraglio-praiano-amalfi-italie/","name":"Villa Faraglio, Praiano, Amalfi, Italie - Séjour Privé","isPartOf":{"@id":"https://www.sejourprive.com/#website"},"primaryImageOfPage":{"@id":"https://www.sejourprive.com/biens/villa-faraglio-praiano-amalfi-italie/#primaryimage"},"image":{"@id":"https://www.sejourprive.com/biens/villa-faraglio-praiano-amalfi-italie/#primaryimage"},"thumbnailUrl":"https://www.sejourprive.com/wp-content/uploads/2026/03/1-80.jpg","datePublished":"2026-03-10T11:03:43+00:00","dateModified":"2026-03-10T11:03:44+00:00","description":"La façade rouge vif et les courbes immaculées de la Villa Faraglio sont également visibles depuis la mer, au pied des falaises. La décoration intérieure","breadcrumb":{"@id":"https://www.sejourprive.com/biens/villa-faraglio-praiano-amalfi-italie/#breadcrumb"},"inLanguage":"en-GB","potentialAction":[{"@type":"ReadAction","target":["https://www.sejourprive.com/biens/villa-faraglio-praiano-amalfi-italie/"]}]},{"@type":"ImageObject","inLanguage":"en-GB","@id":"https://www.sejourprive.com/biens/villa-faraglio-praiano-amalfi-italie/#primaryimage","url":"https://www.sejourprive.com/wp-content/uploads/2026/03/1-80.jpg","contentUrl":"https://www.sejourprive.com/wp-content/uploads/2026/03/1-80.jpg","width":1200,"height":800},{"@type":"BreadcrumbList","@id":"https://www.sejourprive.com/biens/villa-faraglio-praiano-amalfi-italie/#breadcrumb","itemListElement":[{"@type":"ListItem","position":1,"name":"Accueil","item":"https://www.sejourprive.com/"},{"@type":"ListItem","position":2,"name":"Shop","item":"https://www.sejourprive.com/shop/"},{"@type":"ListItem","position":3,"name":"Villa Faraglio, Praiano, Amalfi, Italie"}]},{"@type":"WebSite","@id":"https://www.sejourprive.com/#website","url":"https://www.sejourprive.com/","name":"Séjour Privé","description":"Nous imaginons pour vous des séjours d’exception.","publisher":{"@id":"https://www.sejourprive.com/#organization"},"potentialAction":[{"@type":"SearchAction","target":{"@type":"EntryPoint","urlTemplate":"https://www.sejourprive.com/?s={search_term_string}"},"query-input":{"@type":"PropertyValueSpecification","valueRequired":true,"valueName":"search_term_string"}}],"inLanguage":"en-GB"},{"@type":"Organization","@id":"https://www.sejourprive.com/#organization","name":"Séjour Privé","url":"https://www.sejourprive.com/","logo":{"@type":"ImageObject","inLanguage":"en-GB","@id":"https://www.sejourprive.com/#/schema/logo/image/","url":"https://www.sejourprive.com/wp-content/uploads/2026/02/SP-Apple-touch-144-couleur-1-2.png","contentUrl":"https://www.sejourprive.com/wp-content/uploads/2026/02/SP-Apple-touch-144-couleur-1-2.png","width":145,"height":145,"caption":"Séjour Privé"},"image":{"@id":"https://www.sejourprive.com/#/schema/logo/image/"}}]}</script>
<!-- / Yoast SEO plugin. -->

Villa Faraglio, Praiano, Amalfi, Italie - Séjour Privé

La façade rouge vif et les courbes immaculées de la Villa Faraglio sont également visibles depuis la mer, au pied des falaises. La décoration intérieure

Séjour Privé
