{"id":44419,"date":"2026-03-10T12:29:51","date_gmt":"2026-03-10T11:29:51","guid":{"rendered":"https:\/\/www.sejourprive.com\/?post_type=product&#038;p=44419"},"modified":"2026-03-10T12:29:51","modified_gmt":"2026-03-10T11:29:51","slug":"villa-deluca-pigra-come-italie","status":"publish","type":"product","link":"https:\/\/www.sejourprive.com\/en\/biens\/villa-deluca-pigra-come-italie\/","title":{"rendered":"Villa Deluca, Pigra, Como, Italy"},"content":{"rendered":"<p>A stunning villa clinging to a cliff overlooking Lake Como. Admire the breathtaking panorama from the terrace as you sip your morning coffee or read your favourite book in the elegant lounge. At sunset, admire the flamboyant hues from the infinity pool with a spritz in hand.<\/p>","protected":false},"excerpt":{"rendered":"<p>Une villa \u00e9tonnante accroch\u00e9e \u00e0 une falaise surplombant le lac de C\u00f4me. Admirez le panorama \u00e0 couper le souffle depuis&#8230;<\/p>","protected":false},"featured_media":44489,"comment_status":"open","ping_status":"closed","template":"","meta":{"_acf_changed":false},"product_brand":[],"product_cat":[15],"product_tag":[],"class_list":{"0":"post-44419","1":"product","2":"type-product","3":"status-publish","4":"has-post-thumbnail","6":"product_cat-villa","7":"property_location-come","8":"property_location-italie","10":"first","11":"instock","12":"sold-individually","13":"shipping-taxable","14":"purchasable","15":"product-type-simple"},"acf":[],"yoast_head":"<!-- This site is optimized with the Yoast SEO plugin v26.6 - https:\/\/yoast.com\/wordpress\/plugins\/seo\/ -->\n<title>Villa Deluca, Pigra, C\u00f4me, Italie - S\u00e9jour Priv\u00e9<\/title>\n<meta name=\"description\" content=\"Une villa \u00e9tonnante accroch\u00e9e \u00e0 une falaise surplombant le lac de C\u00f4me. Admirez le panorama \u00e0 couper le souffle depuis la terrasse en d\u00e9gustant votre caf\u00e9\" \/>\n<meta name=\"robots\" content=\"index, follow, max-snippet:-1, max-image-preview:large, max-video-preview:-1\" \/>\n<link rel=\"canonical\" href=\"https:\/\/www.sejourprive.com\/en\/biens\/villa-deluca-pigra-come-italie\/\" \/>\n<meta property=\"og:locale\" content=\"en_GB\" \/>\n<meta property=\"og:type\" content=\"article\" \/>\n<meta property=\"og:title\" content=\"Villa Deluca, Pigra, C\u00f4me, Italie - S\u00e9jour Priv\u00e9\" \/>\n<meta property=\"og:description\" content=\"Une villa \u00e9tonnante accroch\u00e9e \u00e0 une falaise surplombant le lac de C\u00f4me. Admirez le panorama \u00e0 couper le souffle depuis la terrasse en d\u00e9gustant votre caf\u00e9\" \/>\n<meta property=\"og:url\" content=\"https:\/\/www.sejourprive.com\/en\/biens\/villa-deluca-pigra-come-italie\/\" \/>\n<meta property=\"og:site_name\" content=\"S\u00e9jour Priv\u00e9\" \/>\n<meta property=\"og:image\" content=\"https:\/\/www.sejourprive.com\/wp-content\/uploads\/2026\/03\/29-68.jpg\" \/>\n\t<meta property=\"og:image:width\" content=\"1200\" \/>\n\t<meta property=\"og:image:height\" content=\"1600\" \/>\n\t<meta property=\"og:image:type\" content=\"image\/jpeg\" \/>\n<meta name=\"twitter:card\" content=\"summary_large_image\" \/>\n<meta name=\"twitter:label1\" content=\"Estimated reading time\" \/>\n\t<meta name=\"twitter:data1\" content=\"1 minute\" \/>\n<script type=\"application\/ld+json\" class=\"yoast-schema-graph\">{\"@context\":\"https:\/\/schema.org\",\"@graph\":[{\"@type\":\"WebPage\",\"@id\":\"https:\/\/www.sejourprive.com\/biens\/villa-deluca-pigra-come-italie\/\",\"url\":\"https:\/\/www.sejourprive.com\/biens\/villa-deluca-pigra-come-italie\/\",\"name\":\"Villa Deluca, Pigra, C\u00f4me, Italie - S\u00e9jour Priv\u00e9\",\"isPartOf\":{\"@id\":\"https:\/\/www.sejourprive.com\/#website\"},\"primaryImageOfPage\":{\"@id\":\"https:\/\/www.sejourprive.com\/biens\/villa-deluca-pigra-come-italie\/#primaryimage\"},\"image\":{\"@id\":\"https:\/\/www.sejourprive.com\/biens\/villa-deluca-pigra-come-italie\/#primaryimage\"},\"thumbnailUrl\":\"https:\/\/www.sejourprive.com\/wp-content\/uploads\/2026\/03\/29-68.jpg\",\"datePublished\":\"2026-03-10T11:29:51+00:00\",\"description\":\"Une villa \u00e9tonnante accroch\u00e9e \u00e0 une falaise surplombant le lac de C\u00f4me. Admirez le panorama \u00e0 couper le souffle depuis la terrasse en d\u00e9gustant votre caf\u00e9\",\"breadcrumb\":{\"@id\":\"https:\/\/www.sejourprive.com\/biens\/villa-deluca-pigra-come-italie\/#breadcrumb\"},\"inLanguage\":\"en-GB\",\"potentialAction\":[{\"@type\":\"ReadAction\",\"target\":[\"https:\/\/www.sejourprive.com\/biens\/villa-deluca-pigra-come-italie\/\"]}]},{\"@type\":\"ImageObject\",\"inLanguage\":\"en-GB\",\"@id\":\"https:\/\/www.sejourprive.com\/biens\/villa-deluca-pigra-come-italie\/#primaryimage\",\"url\":\"https:\/\/www.sejourprive.com\/wp-content\/uploads\/2026\/03\/29-68.jpg\",\"contentUrl\":\"https:\/\/www.sejourprive.com\/wp-content\/uploads\/2026\/03\/29-68.jpg\",\"width\":1200,\"height\":1600},{\"@type\":\"BreadcrumbList\",\"@id\":\"https:\/\/www.sejourprive.com\/biens\/villa-deluca-pigra-come-italie\/#breadcrumb\",\"itemListElement\":[{\"@type\":\"ListItem\",\"position\":1,\"name\":\"Accueil\",\"item\":\"https:\/\/www.sejourprive.com\/\"},{\"@type\":\"ListItem\",\"position\":2,\"name\":\"Shop\",\"item\":\"https:\/\/www.sejourprive.com\/shop\/\"},{\"@type\":\"ListItem\",\"position\":3,\"name\":\"Villa Deluca, Pigra, C\u00f4me, Italie\"}]},{\"@type\":\"WebSite\",\"@id\":\"https:\/\/www.sejourprive.com\/#website\",\"url\":\"https:\/\/www.sejourprive.com\/\",\"name\":\"S\u00e9jour Priv\u00e9\",\"description\":\"Nous imaginons pour vous des s\u00e9jours d\u2019exception.\",\"publisher\":{\"@id\":\"https:\/\/www.sejourprive.com\/#organization\"},\"potentialAction\":[{\"@type\":\"SearchAction\",\"target\":{\"@type\":\"EntryPoint\",\"urlTemplate\":\"https:\/\/www.sejourprive.com\/?s={search_term_string}\"},\"query-input\":{\"@type\":\"PropertyValueSpecification\",\"valueRequired\":true,\"valueName\":\"search_term_string\"}}],\"inLanguage\":\"en-GB\"},{\"@type\":\"Organization\",\"@id\":\"https:\/\/www.sejourprive.com\/#organization\",\"name\":\"S\u00e9jour Priv\u00e9\",\"url\":\"https:\/\/www.sejourprive.com\/\",\"logo\":{\"@type\":\"ImageObject\",\"inLanguage\":\"en-GB\",\"@id\":\"https:\/\/www.sejourprive.com\/#\/schema\/logo\/image\/\",\"url\":\"https:\/\/www.sejourprive.com\/wp-content\/uploads\/2026\/02\/SP-Apple-touch-144-couleur-1-2.png\",\"contentUrl\":\"https:\/\/www.sejourprive.com\/wp-content\/uploads\/2026\/02\/SP-Apple-touch-144-couleur-1-2.png\",\"width\":145,\"height\":145,\"caption\":\"S\u00e9jour Priv\u00e9\"},\"image\":{\"@id\":\"https:\/\/www.sejourprive.com\/#\/schema\/logo\/image\/\"}}]}<\/script>\n<!-- \/ Yoast SEO plugin. -->","yoast_head_json":{"title":"Villa Deluca, Pigra, C\u00f4me, Italie - S\u00e9jour Priv\u00e9","description":"Une villa \u00e9tonnante accroch\u00e9e \u00e0 une falaise surplombant le lac de C\u00f4me. Admirez le panorama \u00e0 couper le souffle depuis la terrasse en d\u00e9gustant votre caf\u00e9","robots":{"index":"index","follow":"follow","max-snippet":"max-snippet:-1","max-image-preview":"max-image-preview:large","max-video-preview":"max-video-preview:-1"},"canonical":"https:\/\/www.sejourprive.com\/en\/biens\/villa-deluca-pigra-come-italie\/","og_locale":"en_GB","og_type":"article","og_title":"Villa Deluca, Pigra, C\u00f4me, Italie - S\u00e9jour Priv\u00e9","og_description":"Une villa \u00e9tonnante accroch\u00e9e \u00e0 une falaise surplombant le lac de C\u00f4me. Admirez le panorama \u00e0 couper le souffle depuis la terrasse en d\u00e9gustant votre caf\u00e9","og_url":"https:\/\/www.sejourprive.com\/en\/biens\/villa-deluca-pigra-come-italie\/","og_site_name":"S\u00e9jour Priv\u00e9","og_image":[{"width":1200,"height":1600,"url":"https:\/\/www.sejourprive.com\/wp-content\/uploads\/2026\/03\/29-68.jpg","type":"image\/jpeg"}],"twitter_card":"summary_large_image","twitter_misc":{"Estimated reading time":"1 minute"},"schema":{"@context":"https:\/\/schema.org","@graph":[{"@type":"WebPage","@id":"https:\/\/www.sejourprive.com\/biens\/villa-deluca-pigra-come-italie\/","url":"https:\/\/www.sejourprive.com\/biens\/villa-deluca-pigra-come-italie\/","name":"Villa Deluca, Pigra, C\u00f4me, Italie - S\u00e9jour Priv\u00e9","isPartOf":{"@id":"https:\/\/www.sejourprive.com\/#website"},"primaryImageOfPage":{"@id":"https:\/\/www.sejourprive.com\/biens\/villa-deluca-pigra-come-italie\/#primaryimage"},"image":{"@id":"https:\/\/www.sejourprive.com\/biens\/villa-deluca-pigra-come-italie\/#primaryimage"},"thumbnailUrl":"https:\/\/www.sejourprive.com\/wp-content\/uploads\/2026\/03\/29-68.jpg","datePublished":"2026-03-10T11:29:51+00:00","description":"Une villa \u00e9tonnante accroch\u00e9e \u00e0 une falaise surplombant le lac de C\u00f4me. Admirez le panorama \u00e0 couper le souffle depuis la terrasse en d\u00e9gustant votre caf\u00e9","breadcrumb":{"@id":"https:\/\/www.sejourprive.com\/biens\/villa-deluca-pigra-come-italie\/#breadcrumb"},"inLanguage":"en-GB","potentialAction":[{"@type":"ReadAction","target":["https:\/\/www.sejourprive.com\/biens\/villa-deluca-pigra-come-italie\/"]}]},{"@type":"ImageObject","inLanguage":"en-GB","@id":"https:\/\/www.sejourprive.com\/biens\/villa-deluca-pigra-come-italie\/#primaryimage","url":"https:\/\/www.sejourprive.com\/wp-content\/uploads\/2026\/03\/29-68.jpg","contentUrl":"https:\/\/www.sejourprive.com\/wp-content\/uploads\/2026\/03\/29-68.jpg","width":1200,"height":1600},{"@type":"BreadcrumbList","@id":"https:\/\/www.sejourprive.com\/biens\/villa-deluca-pigra-come-italie\/#breadcrumb","itemListElement":[{"@type":"ListItem","position":1,"name":"Accueil","item":"https:\/\/www.sejourprive.com\/"},{"@type":"ListItem","position":2,"name":"Shop","item":"https:\/\/www.sejourprive.com\/shop\/"},{"@type":"ListItem","position":3,"name":"Villa Deluca, Pigra, C\u00f4me, Italie"}]},{"@type":"WebSite","@id":"https:\/\/www.sejourprive.com\/#website","url":"https:\/\/www.sejourprive.com\/","name":"Private Stay","description":"We design exceptional holidays for you.","publisher":{"@id":"https:\/\/www.sejourprive.com\/#organization"},"potentialAction":[{"@type":"SearchAction","target":{"@type":"EntryPoint","urlTemplate":"https:\/\/www.sejourprive.com\/?s={search_term_string}"},"query-input":{"@type":"PropertyValueSpecification","valueRequired":true,"valueName":"search_term_string"}}],"inLanguage":"en-GB"},{"@type":"Organization","@id":"https:\/\/www.sejourprive.com\/#organization","name":"Private Stay","url":"https:\/\/www.sejourprive.com\/","logo":{"@type":"ImageObject","inLanguage":"en-GB","@id":"https:\/\/www.sejourprive.com\/#\/schema\/logo\/image\/","url":"https:\/\/www.sejourprive.com\/wp-content\/uploads\/2026\/02\/SP-Apple-touch-144-couleur-1-2.png","contentUrl":"https:\/\/www.sejourprive.com\/wp-content\/uploads\/2026\/02\/SP-Apple-touch-144-couleur-1-2.png","width":145,"height":145,"caption":"S\u00e9jour Priv\u00e9"},"image":{"@id":"https:\/\/www.sejourprive.com\/#\/schema\/logo\/image\/"}}]}},"_links":{"self":[{"href":"https:\/\/www.sejourprive.com\/en\/wp-json\/wp\/v2\/product\/44419","targetHints":{"allow":["GET"]}}],"collection":[{"href":"https:\/\/www.sejourprive.com\/en\/wp-json\/wp\/v2\/product"}],"about":[{"href":"https:\/\/www.sejourprive.com\/en\/wp-json\/wp\/v2\/types\/product"}],"replies":[{"embeddable":true,"href":"https:\/\/www.sejourprive.com\/en\/wp-json\/wp\/v2\/comments?post=44419"}],"version-history":[{"count":0,"href":"https:\/\/www.sejourprive.com\/en\/wp-json\/wp\/v2\/product\/44419\/revisions"}],"wp:featuredmedia":[{"embeddable":true,"href":"https:\/\/www.sejourprive.com\/en\/wp-json\/wp\/v2\/media\/44489"}],"wp:attachment":[{"href":"https:\/\/www.sejourprive.com\/en\/wp-json\/wp\/v2\/media?parent=44419"}],"wp:term":[{"taxonomy":"product_brand","embeddable":true,"href":"https:\/\/www.sejourprive.com\/en\/wp-json\/wp\/v2\/product_brand?post=44419"},{"taxonomy":"product_cat","embeddable":true,"href":"https:\/\/www.sejourprive.com\/en\/wp-json\/wp\/v2\/product_cat?post=44419"},{"taxonomy":"product_tag","embeddable":true,"href":"https:\/\/www.sejourprive.com\/en\/wp-json\/wp\/v2\/product_tag?post=44419"}],"curies":[{"name":"wp","href":"https:\/\/api.w.org\/{rel}","templated":true}]}}

<p>Une villa étonnante accrochée à une falaise surplombant le lac de Côme. Admirez le panorama à couper le souffle depuis&#8230;</p>

<!-- This site is optimized with the Yoast SEO plugin v26.6 - https://yoast.com/wordpress/plugins/seo/ -->
<title>Villa Deluca, Pigra, Côme, Italie - Séjour Privé</title>
<meta name="description" content="Une villa étonnante accrochée à une falaise surplombant le lac de Côme. Admirez le panorama à couper le souffle depuis la terrasse en dégustant votre café" />
<meta name="robots" content="index, follow, max-snippet:-1, max-image-preview:large, max-video-preview:-1" />
<link rel="canonical" href="https://www.sejourprive.com/en/biens/villa-deluca-pigra-come-italie/" />
<meta property="og:locale" content="en_GB" />
<meta property="og:type" content="article" />
<meta property="og:title" content="Villa Deluca, Pigra, Côme, Italie - Séjour Privé" />
<meta property="og:description" content="Une villa étonnante accrochée à une falaise surplombant le lac de Côme. Admirez le panorama à couper le souffle depuis la terrasse en dégustant votre café" />
<meta property="og:url" content="https://www.sejourprive.com/en/biens/villa-deluca-pigra-come-italie/" />
<meta property="og:site_name" content="Séjour Privé" />
<meta property="og:image" content="https://www.sejourprive.com/wp-content/uploads/2026/03/29-68.jpg" />
	<meta property="og:image:width" content="1200" />
	<meta property="og:image:height" content="1600" />
	<meta property="og:image:type" content="image/jpeg" />
<meta name="twitter:card" content="summary_large_image" />
<meta name="twitter:label1" content="Estimated reading time" />
	<meta name="twitter:data1" content="1 minute" />
<script type="application/ld+json" class="yoast-schema-graph">{"@context":"https://schema.org","@graph":[{"@type":"WebPage","@id":"https://www.sejourprive.com/biens/villa-deluca-pigra-come-italie/","url":"https://www.sejourprive.com/biens/villa-deluca-pigra-come-italie/","name":"Villa Deluca, Pigra, Côme, Italie - Séjour Privé","isPartOf":{"@id":"https://www.sejourprive.com/#website"},"primaryImageOfPage":{"@id":"https://www.sejourprive.com/biens/villa-deluca-pigra-come-italie/#primaryimage"},"image":{"@id":"https://www.sejourprive.com/biens/villa-deluca-pigra-come-italie/#primaryimage"},"thumbnailUrl":"https://www.sejourprive.com/wp-content/uploads/2026/03/29-68.jpg","datePublished":"2026-03-10T11:29:51+00:00","description":"Une villa étonnante accrochée à une falaise surplombant le lac de Côme. Admirez le panorama à couper le souffle depuis la terrasse en dégustant votre café","breadcrumb":{"@id":"https://www.sejourprive.com/biens/villa-deluca-pigra-come-italie/#breadcrumb"},"inLanguage":"en-GB","potentialAction":[{"@type":"ReadAction","target":["https://www.sejourprive.com/biens/villa-deluca-pigra-come-italie/"]}]},{"@type":"ImageObject","inLanguage":"en-GB","@id":"https://www.sejourprive.com/biens/villa-deluca-pigra-come-italie/#primaryimage","url":"https://www.sejourprive.com/wp-content/uploads/2026/03/29-68.jpg","contentUrl":"https://www.sejourprive.com/wp-content/uploads/2026/03/29-68.jpg","width":1200,"height":1600},{"@type":"BreadcrumbList","@id":"https://www.sejourprive.com/biens/villa-deluca-pigra-come-italie/#breadcrumb","itemListElement":[{"@type":"ListItem","position":1,"name":"Accueil","item":"https://www.sejourprive.com/"},{"@type":"ListItem","position":2,"name":"Shop","item":"https://www.sejourprive.com/shop/"},{"@type":"ListItem","position":3,"name":"Villa Deluca, Pigra, Côme, Italie"}]},{"@type":"WebSite","@id":"https://www.sejourprive.com/#website","url":"https://www.sejourprive.com/","name":"Séjour Privé","description":"Nous imaginons pour vous des séjours d’exception.","publisher":{"@id":"https://www.sejourprive.com/#organization"},"potentialAction":[{"@type":"SearchAction","target":{"@type":"EntryPoint","urlTemplate":"https://www.sejourprive.com/?s={search_term_string}"},"query-input":{"@type":"PropertyValueSpecification","valueRequired":true,"valueName":"search_term_string"}}],"inLanguage":"en-GB"},{"@type":"Organization","@id":"https://www.sejourprive.com/#organization","name":"Séjour Privé","url":"https://www.sejourprive.com/","logo":{"@type":"ImageObject","inLanguage":"en-GB","@id":"https://www.sejourprive.com/#/schema/logo/image/","url":"https://www.sejourprive.com/wp-content/uploads/2026/02/SP-Apple-touch-144-couleur-1-2.png","contentUrl":"https://www.sejourprive.com/wp-content/uploads/2026/02/SP-Apple-touch-144-couleur-1-2.png","width":145,"height":145,"caption":"Séjour Privé"},"image":{"@id":"https://www.sejourprive.com/#/schema/logo/image/"}}]}</script>
<!-- / Yoast SEO plugin. -->

Villa Deluca, Pigra, Côme, Italie - Séjour Privé

Une villa étonnante accrochée à une falaise surplombant le lac de Côme. Admirez le panorama à couper le souffle depuis la terrasse en dégustant votre café

Séjour Privé

Villa Deluca, Pigra, Côme, Italie
