{"id":44337,"date":"2026-03-10T12:34:52","date_gmt":"2026-03-10T11:34:52","guid":{"rendered":"https:\/\/www.sejourprive.com\/?post_type=product&#038;p=44337"},"modified":"2026-03-10T12:34:52","modified_gmt":"2026-03-10T11:34:52","slug":"villa-bludivigna-sarteano-sienne-toscane-italie","status":"publish","type":"product","link":"https:\/\/www.sejourprive.com\/en\/biens\/villa-bludivigna-sarteano-sienne-toscane-italie\/","title":{"rendered":"Villa Bludivigna, Sarteano, Siena, Tuscany, Italy"},"content":{"rendered":"<p>Nich\u00e9e au c\u0153ur de la province toscane de Sienne, la Villa Bludivigna incarne l&#8217;essence m\u00eame de l&#8217;\u00e9l\u00e9gance italienne. Ce domaine exceptionnel allie \u00e0 la perfection architecture traditionnelle et confort moderne, offrant un havre de paix \u00e0 ceux qui recherchent la tranquillit\u00e9.<span><div class=\"read-more-wrapper\"><a class=\"read-more-button\" data-target=\"read-more-69f38bc42bcb3\" data-more-text=\"Read more\" data-less-text=\"Read less\"><span class=\"read-more-text\">Read more<\/span><\/a><div id=\"read-more-69f38bc42bcb3\" class=\"read-more-content\"> <\/span><\/p>\n<p>R\u00e9veillez-vous au chant des oiseaux et rafra\u00eechissez-vous dans la piscine ext\u00e9rieure. Savourez un petit-d\u00e9jeuner maison sur la terrasse avant de passer l&#8217;apr\u00e8s-midi \u00e0 perfectionner votre service sur le court de tennis priv\u00e9 ou \u00e0 vous d\u00e9tendre dans le sauna. \u00c0 la tomb\u00e9e de la nuit, r\u00e9unissez-vous autour du barbecue pour un d\u00eener sous les \u00e9toiles toscanes.<\/div><\/div><\/p>","protected":false},"excerpt":{"rendered":"<p>Nich\u00e9e au c\u0153ur de la province toscane de Sienne, la Villa Bludivigna incarne l&#8217;essence m\u00eame de l&#8217;\u00e9l\u00e9gance italienne. Ce domaine&#8230;<\/p>","protected":false},"featured_media":44409,"comment_status":"open","ping_status":"closed","template":"","meta":{"_acf_changed":false},"product_brand":[],"product_cat":[15],"product_tag":[],"class_list":{"0":"post-44337","1":"product","2":"type-product","3":"status-publish","4":"has-post-thumbnail","6":"product_cat-villa","7":"property_location-italie","8":"property_location-toscane","10":"first","11":"instock","12":"sold-individually","13":"shipping-taxable","14":"purchasable","15":"product-type-simple"},"acf":[],"yoast_head":"<!-- This site is optimized with the Yoast SEO plugin v26.6 - https:\/\/yoast.com\/wordpress\/plugins\/seo\/ -->\n<title>Villa Bludivigna, Sarteano, Sienne, Toscane, Italie - S\u00e9jour Priv\u00e9<\/title>\n<meta name=\"description\" content=\"Nich\u00e9e au c\u0153ur de la province toscane de Sienne, la Villa Bludivigna incarne l&#039;essence m\u00eame de l&#039;\u00e9l\u00e9gance italienne. Ce domaine exceptionnel allie \u00e0 la\" \/>\n<meta name=\"robots\" content=\"index, follow, max-snippet:-1, max-image-preview:large, max-video-preview:-1\" \/>\n<link rel=\"canonical\" href=\"https:\/\/www.sejourprive.com\/en\/biens\/villa-bludivigna-sarteano-sienne-toscane-italie\/\" \/>\n<meta property=\"og:locale\" content=\"en_GB\" \/>\n<meta property=\"og:type\" content=\"article\" \/>\n<meta property=\"og:title\" content=\"Villa Bludivigna, Sarteano, Sienne, Toscane, Italie - S\u00e9jour Priv\u00e9\" \/>\n<meta property=\"og:description\" content=\"Nich\u00e9e au c\u0153ur de la province toscane de Sienne, la Villa Bludivigna incarne l&#039;essence m\u00eame de l&#039;\u00e9l\u00e9gance italienne. Ce domaine exceptionnel allie \u00e0 la\" \/>\n<meta property=\"og:url\" content=\"https:\/\/www.sejourprive.com\/en\/biens\/villa-bludivigna-sarteano-sienne-toscane-italie\/\" \/>\n<meta property=\"og:site_name\" content=\"S\u00e9jour Priv\u00e9\" \/>\n<meta property=\"og:image\" content=\"https:\/\/www.sejourprive.com\/wp-content\/uploads\/2026\/03\/35-54.jpg\" \/>\n\t<meta property=\"og:image:width\" content=\"1200\" \/>\n\t<meta property=\"og:image:height\" content=\"800\" \/>\n\t<meta property=\"og:image:type\" content=\"image\/jpeg\" \/>\n<meta name=\"twitter:card\" content=\"summary_large_image\" \/>\n<meta name=\"twitter:label1\" content=\"Estimated reading time\" \/>\n\t<meta name=\"twitter:data1\" content=\"1 minute\" \/>\n<script type=\"application\/ld+json\" class=\"yoast-schema-graph\">{\"@context\":\"https:\/\/schema.org\",\"@graph\":[{\"@type\":\"WebPage\",\"@id\":\"https:\/\/www.sejourprive.com\/biens\/villa-bludivigna-sarteano-sienne-toscane-italie\/\",\"url\":\"https:\/\/www.sejourprive.com\/biens\/villa-bludivigna-sarteano-sienne-toscane-italie\/\",\"name\":\"Villa Bludivigna, Sarteano, Sienne, Toscane, Italie - S\u00e9jour Priv\u00e9\",\"isPartOf\":{\"@id\":\"https:\/\/www.sejourprive.com\/#website\"},\"primaryImageOfPage\":{\"@id\":\"https:\/\/www.sejourprive.com\/biens\/villa-bludivigna-sarteano-sienne-toscane-italie\/#primaryimage\"},\"image\":{\"@id\":\"https:\/\/www.sejourprive.com\/biens\/villa-bludivigna-sarteano-sienne-toscane-italie\/#primaryimage\"},\"thumbnailUrl\":\"https:\/\/www.sejourprive.com\/wp-content\/uploads\/2026\/03\/35-54.jpg\",\"datePublished\":\"2026-03-10T11:34:52+00:00\",\"description\":\"Nich\u00e9e au c\u0153ur de la province toscane de Sienne, la Villa Bludivigna incarne l'essence m\u00eame de l'\u00e9l\u00e9gance italienne. Ce domaine exceptionnel allie \u00e0 la\",\"breadcrumb\":{\"@id\":\"https:\/\/www.sejourprive.com\/biens\/villa-bludivigna-sarteano-sienne-toscane-italie\/#breadcrumb\"},\"inLanguage\":\"en-GB\",\"potentialAction\":[{\"@type\":\"ReadAction\",\"target\":[\"https:\/\/www.sejourprive.com\/biens\/villa-bludivigna-sarteano-sienne-toscane-italie\/\"]}]},{\"@type\":\"ImageObject\",\"inLanguage\":\"en-GB\",\"@id\":\"https:\/\/www.sejourprive.com\/biens\/villa-bludivigna-sarteano-sienne-toscane-italie\/#primaryimage\",\"url\":\"https:\/\/www.sejourprive.com\/wp-content\/uploads\/2026\/03\/35-54.jpg\",\"contentUrl\":\"https:\/\/www.sejourprive.com\/wp-content\/uploads\/2026\/03\/35-54.jpg\",\"width\":1200,\"height\":800},{\"@type\":\"BreadcrumbList\",\"@id\":\"https:\/\/www.sejourprive.com\/biens\/villa-bludivigna-sarteano-sienne-toscane-italie\/#breadcrumb\",\"itemListElement\":[{\"@type\":\"ListItem\",\"position\":1,\"name\":\"Accueil\",\"item\":\"https:\/\/www.sejourprive.com\/\"},{\"@type\":\"ListItem\",\"position\":2,\"name\":\"Shop\",\"item\":\"https:\/\/www.sejourprive.com\/shop\/\"},{\"@type\":\"ListItem\",\"position\":3,\"name\":\"Villa Bludivigna, Sarteano, Sienne, Toscane, Italie\"}]},{\"@type\":\"WebSite\",\"@id\":\"https:\/\/www.sejourprive.com\/#website\",\"url\":\"https:\/\/www.sejourprive.com\/\",\"name\":\"S\u00e9jour Priv\u00e9\",\"description\":\"Nous imaginons pour vous des s\u00e9jours d\u2019exception.\",\"publisher\":{\"@id\":\"https:\/\/www.sejourprive.com\/#organization\"},\"potentialAction\":[{\"@type\":\"SearchAction\",\"target\":{\"@type\":\"EntryPoint\",\"urlTemplate\":\"https:\/\/www.sejourprive.com\/?s={search_term_string}\"},\"query-input\":{\"@type\":\"PropertyValueSpecification\",\"valueRequired\":true,\"valueName\":\"search_term_string\"}}],\"inLanguage\":\"en-GB\"},{\"@type\":\"Organization\",\"@id\":\"https:\/\/www.sejourprive.com\/#organization\",\"name\":\"S\u00e9jour Priv\u00e9\",\"url\":\"https:\/\/www.sejourprive.com\/\",\"logo\":{\"@type\":\"ImageObject\",\"inLanguage\":\"en-GB\",\"@id\":\"https:\/\/www.sejourprive.com\/#\/schema\/logo\/image\/\",\"url\":\"https:\/\/www.sejourprive.com\/wp-content\/uploads\/2026\/02\/SP-Apple-touch-144-couleur-1-2.png\",\"contentUrl\":\"https:\/\/www.sejourprive.com\/wp-content\/uploads\/2026\/02\/SP-Apple-touch-144-couleur-1-2.png\",\"width\":145,\"height\":145,\"caption\":\"S\u00e9jour Priv\u00e9\"},\"image\":{\"@id\":\"https:\/\/www.sejourprive.com\/#\/schema\/logo\/image\/\"}}]}<\/script>\n<!-- \/ Yoast SEO plugin. -->","yoast_head_json":{"title":"Villa Bludivigna, Sarteano, Sienne, Toscane, Italie - S\u00e9jour Priv\u00e9","description":"Nich\u00e9e au c\u0153ur de la province toscane de Sienne, la Villa Bludivigna incarne l'essence m\u00eame de l'\u00e9l\u00e9gance italienne. Ce domaine exceptionnel allie \u00e0 la","robots":{"index":"index","follow":"follow","max-snippet":"max-snippet:-1","max-image-preview":"max-image-preview:large","max-video-preview":"max-video-preview:-1"},"canonical":"https:\/\/www.sejourprive.com\/en\/biens\/villa-bludivigna-sarteano-sienne-toscane-italie\/","og_locale":"en_GB","og_type":"article","og_title":"Villa Bludivigna, Sarteano, Sienne, Toscane, Italie - S\u00e9jour Priv\u00e9","og_description":"Nich\u00e9e au c\u0153ur de la province toscane de Sienne, la Villa Bludivigna incarne l'essence m\u00eame de l'\u00e9l\u00e9gance italienne. Ce domaine exceptionnel allie \u00e0 la","og_url":"https:\/\/www.sejourprive.com\/en\/biens\/villa-bludivigna-sarteano-sienne-toscane-italie\/","og_site_name":"S\u00e9jour Priv\u00e9","og_image":[{"width":1200,"height":800,"url":"https:\/\/www.sejourprive.com\/wp-content\/uploads\/2026\/03\/35-54.jpg","type":"image\/jpeg"}],"twitter_card":"summary_large_image","twitter_misc":{"Estimated reading time":"1 minute"},"schema":{"@context":"https:\/\/schema.org","@graph":[{"@type":"WebPage","@id":"https:\/\/www.sejourprive.com\/biens\/villa-bludivigna-sarteano-sienne-toscane-italie\/","url":"https:\/\/www.sejourprive.com\/biens\/villa-bludivigna-sarteano-sienne-toscane-italie\/","name":"Villa Bludivigna, Sarteano, Sienne, Toscane, Italie - S\u00e9jour Priv\u00e9","isPartOf":{"@id":"https:\/\/www.sejourprive.com\/#website"},"primaryImageOfPage":{"@id":"https:\/\/www.sejourprive.com\/biens\/villa-bludivigna-sarteano-sienne-toscane-italie\/#primaryimage"},"image":{"@id":"https:\/\/www.sejourprive.com\/biens\/villa-bludivigna-sarteano-sienne-toscane-italie\/#primaryimage"},"thumbnailUrl":"https:\/\/www.sejourprive.com\/wp-content\/uploads\/2026\/03\/35-54.jpg","datePublished":"2026-03-10T11:34:52+00:00","description":"Nich\u00e9e au c\u0153ur de la province toscane de Sienne, la Villa Bludivigna incarne l'essence m\u00eame de l'\u00e9l\u00e9gance italienne. Ce domaine exceptionnel allie \u00e0 la","breadcrumb":{"@id":"https:\/\/www.sejourprive.com\/biens\/villa-bludivigna-sarteano-sienne-toscane-italie\/#breadcrumb"},"inLanguage":"en-GB","potentialAction":[{"@type":"ReadAction","target":["https:\/\/www.sejourprive.com\/biens\/villa-bludivigna-sarteano-sienne-toscane-italie\/"]}]},{"@type":"ImageObject","inLanguage":"en-GB","@id":"https:\/\/www.sejourprive.com\/biens\/villa-bludivigna-sarteano-sienne-toscane-italie\/#primaryimage","url":"https:\/\/www.sejourprive.com\/wp-content\/uploads\/2026\/03\/35-54.jpg","contentUrl":"https:\/\/www.sejourprive.com\/wp-content\/uploads\/2026\/03\/35-54.jpg","width":1200,"height":800},{"@type":"BreadcrumbList","@id":"https:\/\/www.sejourprive.com\/biens\/villa-bludivigna-sarteano-sienne-toscane-italie\/#breadcrumb","itemListElement":[{"@type":"ListItem","position":1,"name":"Accueil","item":"https:\/\/www.sejourprive.com\/"},{"@type":"ListItem","position":2,"name":"Shop","item":"https:\/\/www.sejourprive.com\/shop\/"},{"@type":"ListItem","position":3,"name":"Villa Bludivigna, Sarteano, Sienne, Toscane, Italie"}]},{"@type":"WebSite","@id":"https:\/\/www.sejourprive.com\/#website","url":"https:\/\/www.sejourprive.com\/","name":"Private Stay","description":"We design exceptional holidays for you.","publisher":{"@id":"https:\/\/www.sejourprive.com\/#organization"},"potentialAction":[{"@type":"SearchAction","target":{"@type":"EntryPoint","urlTemplate":"https:\/\/www.sejourprive.com\/?s={search_term_string}"},"query-input":{"@type":"PropertyValueSpecification","valueRequired":true,"valueName":"search_term_string"}}],"inLanguage":"en-GB"},{"@type":"Organization","@id":"https:\/\/www.sejourprive.com\/#organization","name":"Private Stay","url":"https:\/\/www.sejourprive.com\/","logo":{"@type":"ImageObject","inLanguage":"en-GB","@id":"https:\/\/www.sejourprive.com\/#\/schema\/logo\/image\/","url":"https:\/\/www.sejourprive.com\/wp-content\/uploads\/2026\/02\/SP-Apple-touch-144-couleur-1-2.png","contentUrl":"https:\/\/www.sejourprive.com\/wp-content\/uploads\/2026\/02\/SP-Apple-touch-144-couleur-1-2.png","width":145,"height":145,"caption":"S\u00e9jour Priv\u00e9"},"image":{"@id":"https:\/\/www.sejourprive.com\/#\/schema\/logo\/image\/"}}]}},"_links":{"self":[{"href":"https:\/\/www.sejourprive.com\/en\/wp-json\/wp\/v2\/product\/44337","targetHints":{"allow":["GET"]}}],"collection":[{"href":"https:\/\/www.sejourprive.com\/en\/wp-json\/wp\/v2\/product"}],"about":[{"href":"https:\/\/www.sejourprive.com\/en\/wp-json\/wp\/v2\/types\/product"}],"replies":[{"embeddable":true,"href":"https:\/\/www.sejourprive.com\/en\/wp-json\/wp\/v2\/comments?post=44337"}],"version-history":[{"count":0,"href":"https:\/\/www.sejourprive.com\/en\/wp-json\/wp\/v2\/product\/44337\/revisions"}],"wp:featuredmedia":[{"embeddable":true,"href":"https:\/\/www.sejourprive.com\/en\/wp-json\/wp\/v2\/media\/44409"}],"wp:attachment":[{"href":"https:\/\/www.sejourprive.com\/en\/wp-json\/wp\/v2\/media?parent=44337"}],"wp:term":[{"taxonomy":"product_brand","embeddable":true,"href":"https:\/\/www.sejourprive.com\/en\/wp-json\/wp\/v2\/product_brand?post=44337"},{"taxonomy":"product_cat","embeddable":true,"href":"https:\/\/www.sejourprive.com\/en\/wp-json\/wp\/v2\/product_cat?post=44337"},{"taxonomy":"product_tag","embeddable":true,"href":"https:\/\/www.sejourprive.com\/en\/wp-json\/wp\/v2\/product_tag?post=44337"}],"curies":[{"name":"wp","href":"https:\/\/api.w.org\/{rel}","templated":true}]}}

<p>Nichée au cœur de la province toscane de Sienne, la Villa Bludivigna incarne l&#8217;essence même de l&#8217;élégance italienne. Ce domaine exceptionnel allie à la perfection architecture traditionnelle et confort moderne, offrant un havre de paix à ceux qui recherchent la tranquillité.<span><div class="read-more-wrapper"><a class="read-more-button" data-target="read-more-69f38bc42bcb3" data-more-text="Read more" data-less-text="Read less"><span class="read-more-text">Read more</span></a><div id="read-more-69f38bc42bcb3" class="read-more-content"> </span></p>
<p>Réveillez-vous au chant des oiseaux et rafraîchissez-vous dans la piscine extérieure. Savourez un petit-déjeuner maison sur la terrasse avant de passer l&#8217;après-midi à perfectionner votre service sur le court de tennis privé ou à vous détendre dans le sauna. À la tombée de la nuit, réunissez-vous autour du barbecue pour un dîner sous les étoiles toscanes.</div></div></p>

<p>Nichée au cœur de la province toscane de Sienne, la Villa Bludivigna incarne l&#8217;essence même de l&#8217;élégance italienne. Ce domaine&#8230;</p>

<!-- This site is optimized with the Yoast SEO plugin v26.6 - https://yoast.com/wordpress/plugins/seo/ -->
<title>Villa Bludivigna, Sarteano, Sienne, Toscane, Italie - Séjour Privé</title>
<meta name="description" content="Nichée au cœur de la province toscane de Sienne, la Villa Bludivigna incarne l&#039;essence même de l&#039;élégance italienne. Ce domaine exceptionnel allie à la" />
<meta name="robots" content="index, follow, max-snippet:-1, max-image-preview:large, max-video-preview:-1" />
<link rel="canonical" href="https://www.sejourprive.com/en/biens/villa-bludivigna-sarteano-sienne-toscane-italie/" />
<meta property="og:locale" content="en_GB" />
<meta property="og:type" content="article" />
<meta property="og:title" content="Villa Bludivigna, Sarteano, Sienne, Toscane, Italie - Séjour Privé" />
<meta property="og:description" content="Nichée au cœur de la province toscane de Sienne, la Villa Bludivigna incarne l&#039;essence même de l&#039;élégance italienne. Ce domaine exceptionnel allie à la" />
<meta property="og:url" content="https://www.sejourprive.com/en/biens/villa-bludivigna-sarteano-sienne-toscane-italie/" />
<meta property="og:site_name" content="Séjour Privé" />
<meta property="og:image" content="https://www.sejourprive.com/wp-content/uploads/2026/03/35-54.jpg" />
	<meta property="og:image:width" content="1200" />
	<meta property="og:image:height" content="800" />
	<meta property="og:image:type" content="image/jpeg" />
<meta name="twitter:card" content="summary_large_image" />
<meta name="twitter:label1" content="Estimated reading time" />
	<meta name="twitter:data1" content="1 minute" />
<script type="application/ld+json" class="yoast-schema-graph">{"@context":"https://schema.org","@graph":[{"@type":"WebPage","@id":"https://www.sejourprive.com/biens/villa-bludivigna-sarteano-sienne-toscane-italie/","url":"https://www.sejourprive.com/biens/villa-bludivigna-sarteano-sienne-toscane-italie/","name":"Villa Bludivigna, Sarteano, Sienne, Toscane, Italie - Séjour Privé","isPartOf":{"@id":"https://www.sejourprive.com/#website"},"primaryImageOfPage":{"@id":"https://www.sejourprive.com/biens/villa-bludivigna-sarteano-sienne-toscane-italie/#primaryimage"},"image":{"@id":"https://www.sejourprive.com/biens/villa-bludivigna-sarteano-sienne-toscane-italie/#primaryimage"},"thumbnailUrl":"https://www.sejourprive.com/wp-content/uploads/2026/03/35-54.jpg","datePublished":"2026-03-10T11:34:52+00:00","description":"Nichée au cœur de la province toscane de Sienne, la Villa Bludivigna incarne l'essence même de l'élégance italienne. Ce domaine exceptionnel allie à la","breadcrumb":{"@id":"https://www.sejourprive.com/biens/villa-bludivigna-sarteano-sienne-toscane-italie/#breadcrumb"},"inLanguage":"en-GB","potentialAction":[{"@type":"ReadAction","target":["https://www.sejourprive.com/biens/villa-bludivigna-sarteano-sienne-toscane-italie/"]}]},{"@type":"ImageObject","inLanguage":"en-GB","@id":"https://www.sejourprive.com/biens/villa-bludivigna-sarteano-sienne-toscane-italie/#primaryimage","url":"https://www.sejourprive.com/wp-content/uploads/2026/03/35-54.jpg","contentUrl":"https://www.sejourprive.com/wp-content/uploads/2026/03/35-54.jpg","width":1200,"height":800},{"@type":"BreadcrumbList","@id":"https://www.sejourprive.com/biens/villa-bludivigna-sarteano-sienne-toscane-italie/#breadcrumb","itemListElement":[{"@type":"ListItem","position":1,"name":"Accueil","item":"https://www.sejourprive.com/"},{"@type":"ListItem","position":2,"name":"Shop","item":"https://www.sejourprive.com/shop/"},{"@type":"ListItem","position":3,"name":"Villa Bludivigna, Sarteano, Sienne, Toscane, Italie"}]},{"@type":"WebSite","@id":"https://www.sejourprive.com/#website","url":"https://www.sejourprive.com/","name":"Séjour Privé","description":"Nous imaginons pour vous des séjours d’exception.","publisher":{"@id":"https://www.sejourprive.com/#organization"},"potentialAction":[{"@type":"SearchAction","target":{"@type":"EntryPoint","urlTemplate":"https://www.sejourprive.com/?s={search_term_string}"},"query-input":{"@type":"PropertyValueSpecification","valueRequired":true,"valueName":"search_term_string"}}],"inLanguage":"en-GB"},{"@type":"Organization","@id":"https://www.sejourprive.com/#organization","name":"Séjour Privé","url":"https://www.sejourprive.com/","logo":{"@type":"ImageObject","inLanguage":"en-GB","@id":"https://www.sejourprive.com/#/schema/logo/image/","url":"https://www.sejourprive.com/wp-content/uploads/2026/02/SP-Apple-touch-144-couleur-1-2.png","contentUrl":"https://www.sejourprive.com/wp-content/uploads/2026/02/SP-Apple-touch-144-couleur-1-2.png","width":145,"height":145,"caption":"Séjour Privé"},"image":{"@id":"https://www.sejourprive.com/#/schema/logo/image/"}}]}</script>
<!-- / Yoast SEO plugin. -->

Villa Bludivigna, Sarteano, Sienne, Toscane, Italie - Séjour Privé

Nichée au cœur de la province toscane de Sienne, la Villa Bludivigna incarne l'essence même de l'élégance italienne. Ce domaine exceptionnel allie à la

Séjour Privé
