{"id":44323,"date":"2026-03-10T12:31:37","date_gmt":"2026-03-10T11:31:37","guid":{"rendered":"https:\/\/www.sejourprive.com\/?post_type=product&#038;p=44323"},"modified":"2026-03-10T12:31:37","modified_gmt":"2026-03-10T11:31:37","slug":"villa-affluenza-san-teodoro-sardaigne-italie","status":"publish","type":"product","link":"https:\/\/www.sejourprive.com\/en\/biens\/villa-affluenza-san-teodoro-sardaigne-italie\/","title":{"rendered":"Villa Affluenza, San Teodoro, Sardinia, Italy"},"content":{"rendered":"<p>Perch\u00e9e sur l&#8217;\u00eele ensoleill\u00e9e de Sardaigne, la Villa Affluenza veille sur la mer turquoise, dans la r\u00e9serve naturelle marine de Capo Coda Cavallo. Avec son design contemporain et son environnement \u00e0 couper le souffle, elle est la toile de fond parfaite pour une retraite italienne au bord de la M\u00e9diterrann\u00e9e.<\/p>\n<p><span><div class=\"read-more-wrapper\"><a class=\"read-more-button\" data-target=\"read-more-69f2f0e77955d\" data-more-text=\"Read more\" data-less-text=\"Read less\"><span class=\"read-more-text\">Read more<\/span><\/a><div id=\"read-more-69f2f0e77955d\" class=\"read-more-content\"> <\/span>Alors que le soleil levant projette sa lumi\u00e8re dor\u00e9e sur la Villa Affluenza, savourez votre petit-d\u00e9jeuner en plein air en t\u00eate-\u00e0-t\u00eate avec l&#8217;horizon. Au cours de la journ\u00e9e, vous pourrez vous baigner dans la piscine ou le jacuzzi de la maison, dont les eaux refl\u00e8tent l&#8217;\u00e9clat du soleil, ou emprunter votre acc\u00e8s priv\u00e9 jusqu&#8217;\u00e0 la plage voisine. Puis, \u00e0 la tomb\u00e9e de la nuit, terminez votre journ\u00e9e en suivant la tradition italienne du d\u00eener al fresco et en vous r\u00e9galant des meilleurs produits locaux.<\/div><\/div><\/p>","protected":false},"excerpt":{"rendered":"<p>Perch\u00e9e sur l&#8217;\u00eele ensoleill\u00e9e de Sardaigne, la Villa Affluenza veille sur la mer turquoise, dans la r\u00e9serve naturelle marine de&#8230;<\/p>","protected":false},"featured_media":44338,"comment_status":"open","ping_status":"closed","template":"","meta":{"_acf_changed":false},"product_brand":[],"product_cat":[15],"product_tag":[],"class_list":{"0":"post-44323","1":"product","2":"type-product","3":"status-publish","4":"has-post-thumbnail","6":"product_cat-villa","7":"property_location-italie","8":"property_location-sardaigne","10":"first","11":"instock","12":"sold-individually","13":"shipping-taxable","14":"purchasable","15":"product-type-simple"},"acf":[],"yoast_head":"<!-- This site is optimized with the Yoast SEO plugin v26.6 - https:\/\/yoast.com\/wordpress\/plugins\/seo\/ -->\n<title>Villa Affluenza, San Teodoro, Sardaigne, Italie - S\u00e9jour Priv\u00e9<\/title>\n<meta name=\"description\" content=\"Perch\u00e9e sur l&#039;\u00eele ensoleill\u00e9e de Sardaigne, la Villa Affluenza veille sur la mer turquoise, dans la r\u00e9serve naturelle marine de Capo Coda Cavallo. Avec\" \/>\n<meta name=\"robots\" content=\"index, follow, max-snippet:-1, max-image-preview:large, max-video-preview:-1\" \/>\n<link rel=\"canonical\" href=\"https:\/\/www.sejourprive.com\/en\/biens\/villa-affluenza-san-teodoro-sardaigne-italie\/\" \/>\n<meta property=\"og:locale\" content=\"en_GB\" \/>\n<meta property=\"og:type\" content=\"article\" \/>\n<meta property=\"og:title\" content=\"Villa Affluenza, San Teodoro, Sardaigne, Italie - S\u00e9jour Priv\u00e9\" \/>\n<meta property=\"og:description\" content=\"Perch\u00e9e sur l&#039;\u00eele ensoleill\u00e9e de Sardaigne, la Villa Affluenza veille sur la mer turquoise, dans la r\u00e9serve naturelle marine de Capo Coda Cavallo. Avec\" \/>\n<meta property=\"og:url\" content=\"https:\/\/www.sejourprive.com\/en\/biens\/villa-affluenza-san-teodoro-sardaigne-italie\/\" \/>\n<meta property=\"og:site_name\" content=\"S\u00e9jour Priv\u00e9\" \/>\n<meta property=\"og:image\" content=\"https:\/\/www.sejourprive.com\/wp-content\/uploads\/2026\/03\/0-68.jpg\" \/>\n\t<meta property=\"og:image:width\" content=\"1200\" \/>\n\t<meta property=\"og:image:height\" content=\"800\" \/>\n\t<meta property=\"og:image:type\" content=\"image\/jpeg\" \/>\n<meta name=\"twitter:card\" content=\"summary_large_image\" \/>\n<meta name=\"twitter:label1\" content=\"Estimated reading time\" \/>\n\t<meta name=\"twitter:data1\" content=\"1 minute\" \/>\n<script type=\"application\/ld+json\" class=\"yoast-schema-graph\">{\"@context\":\"https:\/\/schema.org\",\"@graph\":[{\"@type\":\"WebPage\",\"@id\":\"https:\/\/www.sejourprive.com\/biens\/villa-affluenza-san-teodoro-sardaigne-italie\/\",\"url\":\"https:\/\/www.sejourprive.com\/biens\/villa-affluenza-san-teodoro-sardaigne-italie\/\",\"name\":\"Villa Affluenza, San Teodoro, Sardaigne, Italie - S\u00e9jour Priv\u00e9\",\"isPartOf\":{\"@id\":\"https:\/\/www.sejourprive.com\/#website\"},\"primaryImageOfPage\":{\"@id\":\"https:\/\/www.sejourprive.com\/biens\/villa-affluenza-san-teodoro-sardaigne-italie\/#primaryimage\"},\"image\":{\"@id\":\"https:\/\/www.sejourprive.com\/biens\/villa-affluenza-san-teodoro-sardaigne-italie\/#primaryimage\"},\"thumbnailUrl\":\"https:\/\/www.sejourprive.com\/wp-content\/uploads\/2026\/03\/0-68.jpg\",\"datePublished\":\"2026-03-10T11:31:37+00:00\",\"description\":\"Perch\u00e9e sur l'\u00eele ensoleill\u00e9e de Sardaigne, la Villa Affluenza veille sur la mer turquoise, dans la r\u00e9serve naturelle marine de Capo Coda Cavallo. Avec\",\"breadcrumb\":{\"@id\":\"https:\/\/www.sejourprive.com\/biens\/villa-affluenza-san-teodoro-sardaigne-italie\/#breadcrumb\"},\"inLanguage\":\"en-GB\",\"potentialAction\":[{\"@type\":\"ReadAction\",\"target\":[\"https:\/\/www.sejourprive.com\/biens\/villa-affluenza-san-teodoro-sardaigne-italie\/\"]}]},{\"@type\":\"ImageObject\",\"inLanguage\":\"en-GB\",\"@id\":\"https:\/\/www.sejourprive.com\/biens\/villa-affluenza-san-teodoro-sardaigne-italie\/#primaryimage\",\"url\":\"https:\/\/www.sejourprive.com\/wp-content\/uploads\/2026\/03\/0-68.jpg\",\"contentUrl\":\"https:\/\/www.sejourprive.com\/wp-content\/uploads\/2026\/03\/0-68.jpg\",\"width\":1200,\"height\":800},{\"@type\":\"BreadcrumbList\",\"@id\":\"https:\/\/www.sejourprive.com\/biens\/villa-affluenza-san-teodoro-sardaigne-italie\/#breadcrumb\",\"itemListElement\":[{\"@type\":\"ListItem\",\"position\":1,\"name\":\"Accueil\",\"item\":\"https:\/\/www.sejourprive.com\/\"},{\"@type\":\"ListItem\",\"position\":2,\"name\":\"Shop\",\"item\":\"https:\/\/www.sejourprive.com\/shop\/\"},{\"@type\":\"ListItem\",\"position\":3,\"name\":\"Villa Affluenza, San Teodoro, Sardaigne, Italie\"}]},{\"@type\":\"WebSite\",\"@id\":\"https:\/\/www.sejourprive.com\/#website\",\"url\":\"https:\/\/www.sejourprive.com\/\",\"name\":\"S\u00e9jour Priv\u00e9\",\"description\":\"Nous imaginons pour vous des s\u00e9jours d\u2019exception.\",\"publisher\":{\"@id\":\"https:\/\/www.sejourprive.com\/#organization\"},\"potentialAction\":[{\"@type\":\"SearchAction\",\"target\":{\"@type\":\"EntryPoint\",\"urlTemplate\":\"https:\/\/www.sejourprive.com\/?s={search_term_string}\"},\"query-input\":{\"@type\":\"PropertyValueSpecification\",\"valueRequired\":true,\"valueName\":\"search_term_string\"}}],\"inLanguage\":\"en-GB\"},{\"@type\":\"Organization\",\"@id\":\"https:\/\/www.sejourprive.com\/#organization\",\"name\":\"S\u00e9jour Priv\u00e9\",\"url\":\"https:\/\/www.sejourprive.com\/\",\"logo\":{\"@type\":\"ImageObject\",\"inLanguage\":\"en-GB\",\"@id\":\"https:\/\/www.sejourprive.com\/#\/schema\/logo\/image\/\",\"url\":\"https:\/\/www.sejourprive.com\/wp-content\/uploads\/2026\/02\/SP-Apple-touch-144-couleur-1-2.png\",\"contentUrl\":\"https:\/\/www.sejourprive.com\/wp-content\/uploads\/2026\/02\/SP-Apple-touch-144-couleur-1-2.png\",\"width\":145,\"height\":145,\"caption\":\"S\u00e9jour Priv\u00e9\"},\"image\":{\"@id\":\"https:\/\/www.sejourprive.com\/#\/schema\/logo\/image\/\"}}]}<\/script>\n<!-- \/ Yoast SEO plugin. -->","yoast_head_json":{"title":"Villa Affluenza, San Teodoro, Sardaigne, Italie - S\u00e9jour Priv\u00e9","description":"Perch\u00e9e sur l'\u00eele ensoleill\u00e9e de Sardaigne, la Villa Affluenza veille sur la mer turquoise, dans la r\u00e9serve naturelle marine de Capo Coda Cavallo. Avec","robots":{"index":"index","follow":"follow","max-snippet":"max-snippet:-1","max-image-preview":"max-image-preview:large","max-video-preview":"max-video-preview:-1"},"canonical":"https:\/\/www.sejourprive.com\/en\/biens\/villa-affluenza-san-teodoro-sardaigne-italie\/","og_locale":"en_GB","og_type":"article","og_title":"Villa Affluenza, San Teodoro, Sardaigne, Italie - S\u00e9jour Priv\u00e9","og_description":"Perch\u00e9e sur l'\u00eele ensoleill\u00e9e de Sardaigne, la Villa Affluenza veille sur la mer turquoise, dans la r\u00e9serve naturelle marine de Capo Coda Cavallo. Avec","og_url":"https:\/\/www.sejourprive.com\/en\/biens\/villa-affluenza-san-teodoro-sardaigne-italie\/","og_site_name":"S\u00e9jour Priv\u00e9","og_image":[{"width":1200,"height":800,"url":"https:\/\/www.sejourprive.com\/wp-content\/uploads\/2026\/03\/0-68.jpg","type":"image\/jpeg"}],"twitter_card":"summary_large_image","twitter_misc":{"Estimated reading time":"1 minute"},"schema":{"@context":"https:\/\/schema.org","@graph":[{"@type":"WebPage","@id":"https:\/\/www.sejourprive.com\/biens\/villa-affluenza-san-teodoro-sardaigne-italie\/","url":"https:\/\/www.sejourprive.com\/biens\/villa-affluenza-san-teodoro-sardaigne-italie\/","name":"Villa Affluenza, San Teodoro, Sardaigne, Italie - S\u00e9jour Priv\u00e9","isPartOf":{"@id":"https:\/\/www.sejourprive.com\/#website"},"primaryImageOfPage":{"@id":"https:\/\/www.sejourprive.com\/biens\/villa-affluenza-san-teodoro-sardaigne-italie\/#primaryimage"},"image":{"@id":"https:\/\/www.sejourprive.com\/biens\/villa-affluenza-san-teodoro-sardaigne-italie\/#primaryimage"},"thumbnailUrl":"https:\/\/www.sejourprive.com\/wp-content\/uploads\/2026\/03\/0-68.jpg","datePublished":"2026-03-10T11:31:37+00:00","description":"Perch\u00e9e sur l'\u00eele ensoleill\u00e9e de Sardaigne, la Villa Affluenza veille sur la mer turquoise, dans la r\u00e9serve naturelle marine de Capo Coda Cavallo. Avec","breadcrumb":{"@id":"https:\/\/www.sejourprive.com\/biens\/villa-affluenza-san-teodoro-sardaigne-italie\/#breadcrumb"},"inLanguage":"en-GB","potentialAction":[{"@type":"ReadAction","target":["https:\/\/www.sejourprive.com\/biens\/villa-affluenza-san-teodoro-sardaigne-italie\/"]}]},{"@type":"ImageObject","inLanguage":"en-GB","@id":"https:\/\/www.sejourprive.com\/biens\/villa-affluenza-san-teodoro-sardaigne-italie\/#primaryimage","url":"https:\/\/www.sejourprive.com\/wp-content\/uploads\/2026\/03\/0-68.jpg","contentUrl":"https:\/\/www.sejourprive.com\/wp-content\/uploads\/2026\/03\/0-68.jpg","width":1200,"height":800},{"@type":"BreadcrumbList","@id":"https:\/\/www.sejourprive.com\/biens\/villa-affluenza-san-teodoro-sardaigne-italie\/#breadcrumb","itemListElement":[{"@type":"ListItem","position":1,"name":"Accueil","item":"https:\/\/www.sejourprive.com\/"},{"@type":"ListItem","position":2,"name":"Shop","item":"https:\/\/www.sejourprive.com\/shop\/"},{"@type":"ListItem","position":3,"name":"Villa Affluenza, San Teodoro, Sardaigne, Italie"}]},{"@type":"WebSite","@id":"https:\/\/www.sejourprive.com\/#website","url":"https:\/\/www.sejourprive.com\/","name":"Private Stay","description":"We design exceptional holidays for you.","publisher":{"@id":"https:\/\/www.sejourprive.com\/#organization"},"potentialAction":[{"@type":"SearchAction","target":{"@type":"EntryPoint","urlTemplate":"https:\/\/www.sejourprive.com\/?s={search_term_string}"},"query-input":{"@type":"PropertyValueSpecification","valueRequired":true,"valueName":"search_term_string"}}],"inLanguage":"en-GB"},{"@type":"Organization","@id":"https:\/\/www.sejourprive.com\/#organization","name":"Private Stay","url":"https:\/\/www.sejourprive.com\/","logo":{"@type":"ImageObject","inLanguage":"en-GB","@id":"https:\/\/www.sejourprive.com\/#\/schema\/logo\/image\/","url":"https:\/\/www.sejourprive.com\/wp-content\/uploads\/2026\/02\/SP-Apple-touch-144-couleur-1-2.png","contentUrl":"https:\/\/www.sejourprive.com\/wp-content\/uploads\/2026\/02\/SP-Apple-touch-144-couleur-1-2.png","width":145,"height":145,"caption":"S\u00e9jour Priv\u00e9"},"image":{"@id":"https:\/\/www.sejourprive.com\/#\/schema\/logo\/image\/"}}]}},"_links":{"self":[{"href":"https:\/\/www.sejourprive.com\/en\/wp-json\/wp\/v2\/product\/44323","targetHints":{"allow":["GET"]}}],"collection":[{"href":"https:\/\/www.sejourprive.com\/en\/wp-json\/wp\/v2\/product"}],"about":[{"href":"https:\/\/www.sejourprive.com\/en\/wp-json\/wp\/v2\/types\/product"}],"replies":[{"embeddable":true,"href":"https:\/\/www.sejourprive.com\/en\/wp-json\/wp\/v2\/comments?post=44323"}],"version-history":[{"count":0,"href":"https:\/\/www.sejourprive.com\/en\/wp-json\/wp\/v2\/product\/44323\/revisions"}],"wp:featuredmedia":[{"embeddable":true,"href":"https:\/\/www.sejourprive.com\/en\/wp-json\/wp\/v2\/media\/44338"}],"wp:attachment":[{"href":"https:\/\/www.sejourprive.com\/en\/wp-json\/wp\/v2\/media?parent=44323"}],"wp:term":[{"taxonomy":"product_brand","embeddable":true,"href":"https:\/\/www.sejourprive.com\/en\/wp-json\/wp\/v2\/product_brand?post=44323"},{"taxonomy":"product_cat","embeddable":true,"href":"https:\/\/www.sejourprive.com\/en\/wp-json\/wp\/v2\/product_cat?post=44323"},{"taxonomy":"product_tag","embeddable":true,"href":"https:\/\/www.sejourprive.com\/en\/wp-json\/wp\/v2\/product_tag?post=44323"}],"curies":[{"name":"wp","href":"https:\/\/api.w.org\/{rel}","templated":true}]}}

<p>Perchée sur l&#8217;île ensoleillée de Sardaigne, la Villa Affluenza veille sur la mer turquoise, dans la réserve naturelle marine de Capo Coda Cavallo. Avec son design contemporain et son environnement à couper le souffle, elle est la toile de fond parfaite pour une retraite italienne au bord de la Méditerrannée.</p>
<p><span><div class="read-more-wrapper"><a class="read-more-button" data-target="read-more-69f2f0e77955d" data-more-text="Read more" data-less-text="Read less"><span class="read-more-text">Read more</span></a><div id="read-more-69f2f0e77955d" class="read-more-content"> </span>Alors que le soleil levant projette sa lumière dorée sur la Villa Affluenza, savourez votre petit-déjeuner en plein air en tête-à-tête avec l&#8217;horizon. Au cours de la journée, vous pourrez vous baigner dans la piscine ou le jacuzzi de la maison, dont les eaux reflètent l&#8217;éclat du soleil, ou emprunter votre accès privé jusqu&#8217;à la plage voisine. Puis, à la tombée de la nuit, terminez votre journée en suivant la tradition italienne du dîner al fresco et en vous régalant des meilleurs produits locaux.</div></div></p>

<p>Perchée sur l&#8217;île ensoleillée de Sardaigne, la Villa Affluenza veille sur la mer turquoise, dans la réserve naturelle marine de&#8230;</p>

<!-- This site is optimized with the Yoast SEO plugin v26.6 - https://yoast.com/wordpress/plugins/seo/ -->
<title>Villa Affluenza, San Teodoro, Sardaigne, Italie - Séjour Privé</title>
<meta name="description" content="Perchée sur l&#039;île ensoleillée de Sardaigne, la Villa Affluenza veille sur la mer turquoise, dans la réserve naturelle marine de Capo Coda Cavallo. Avec" />
<meta name="robots" content="index, follow, max-snippet:-1, max-image-preview:large, max-video-preview:-1" />
<link rel="canonical" href="https://www.sejourprive.com/en/biens/villa-affluenza-san-teodoro-sardaigne-italie/" />
<meta property="og:locale" content="en_GB" />
<meta property="og:type" content="article" />
<meta property="og:title" content="Villa Affluenza, San Teodoro, Sardaigne, Italie - Séjour Privé" />
<meta property="og:description" content="Perchée sur l&#039;île ensoleillée de Sardaigne, la Villa Affluenza veille sur la mer turquoise, dans la réserve naturelle marine de Capo Coda Cavallo. Avec" />
<meta property="og:url" content="https://www.sejourprive.com/en/biens/villa-affluenza-san-teodoro-sardaigne-italie/" />
<meta property="og:site_name" content="Séjour Privé" />
<meta property="og:image" content="https://www.sejourprive.com/wp-content/uploads/2026/03/0-68.jpg" />
	<meta property="og:image:width" content="1200" />
	<meta property="og:image:height" content="800" />
	<meta property="og:image:type" content="image/jpeg" />
<meta name="twitter:card" content="summary_large_image" />
<meta name="twitter:label1" content="Estimated reading time" />
	<meta name="twitter:data1" content="1 minute" />
<script type="application/ld+json" class="yoast-schema-graph">{"@context":"https://schema.org","@graph":[{"@type":"WebPage","@id":"https://www.sejourprive.com/biens/villa-affluenza-san-teodoro-sardaigne-italie/","url":"https://www.sejourprive.com/biens/villa-affluenza-san-teodoro-sardaigne-italie/","name":"Villa Affluenza, San Teodoro, Sardaigne, Italie - Séjour Privé","isPartOf":{"@id":"https://www.sejourprive.com/#website"},"primaryImageOfPage":{"@id":"https://www.sejourprive.com/biens/villa-affluenza-san-teodoro-sardaigne-italie/#primaryimage"},"image":{"@id":"https://www.sejourprive.com/biens/villa-affluenza-san-teodoro-sardaigne-italie/#primaryimage"},"thumbnailUrl":"https://www.sejourprive.com/wp-content/uploads/2026/03/0-68.jpg","datePublished":"2026-03-10T11:31:37+00:00","description":"Perchée sur l'île ensoleillée de Sardaigne, la Villa Affluenza veille sur la mer turquoise, dans la réserve naturelle marine de Capo Coda Cavallo. Avec","breadcrumb":{"@id":"https://www.sejourprive.com/biens/villa-affluenza-san-teodoro-sardaigne-italie/#breadcrumb"},"inLanguage":"en-GB","potentialAction":[{"@type":"ReadAction","target":["https://www.sejourprive.com/biens/villa-affluenza-san-teodoro-sardaigne-italie/"]}]},{"@type":"ImageObject","inLanguage":"en-GB","@id":"https://www.sejourprive.com/biens/villa-affluenza-san-teodoro-sardaigne-italie/#primaryimage","url":"https://www.sejourprive.com/wp-content/uploads/2026/03/0-68.jpg","contentUrl":"https://www.sejourprive.com/wp-content/uploads/2026/03/0-68.jpg","width":1200,"height":800},{"@type":"BreadcrumbList","@id":"https://www.sejourprive.com/biens/villa-affluenza-san-teodoro-sardaigne-italie/#breadcrumb","itemListElement":[{"@type":"ListItem","position":1,"name":"Accueil","item":"https://www.sejourprive.com/"},{"@type":"ListItem","position":2,"name":"Shop","item":"https://www.sejourprive.com/shop/"},{"@type":"ListItem","position":3,"name":"Villa Affluenza, San Teodoro, Sardaigne, Italie"}]},{"@type":"WebSite","@id":"https://www.sejourprive.com/#website","url":"https://www.sejourprive.com/","name":"Séjour Privé","description":"Nous imaginons pour vous des séjours d’exception.","publisher":{"@id":"https://www.sejourprive.com/#organization"},"potentialAction":[{"@type":"SearchAction","target":{"@type":"EntryPoint","urlTemplate":"https://www.sejourprive.com/?s={search_term_string}"},"query-input":{"@type":"PropertyValueSpecification","valueRequired":true,"valueName":"search_term_string"}}],"inLanguage":"en-GB"},{"@type":"Organization","@id":"https://www.sejourprive.com/#organization","name":"Séjour Privé","url":"https://www.sejourprive.com/","logo":{"@type":"ImageObject","inLanguage":"en-GB","@id":"https://www.sejourprive.com/#/schema/logo/image/","url":"https://www.sejourprive.com/wp-content/uploads/2026/02/SP-Apple-touch-144-couleur-1-2.png","contentUrl":"https://www.sejourprive.com/wp-content/uploads/2026/02/SP-Apple-touch-144-couleur-1-2.png","width":145,"height":145,"caption":"Séjour Privé"},"image":{"@id":"https://www.sejourprive.com/#/schema/logo/image/"}}]}</script>
<!-- / Yoast SEO plugin. -->

Villa Affluenza, San Teodoro, Sardaigne, Italie - Séjour Privé

Perchée sur l'île ensoleillée de Sardaigne, la Villa Affluenza veille sur la mer turquoise, dans la réserve naturelle marine de Capo Coda Cavallo. Avec

Séjour Privé
