{"id":43943,"date":"2026-03-07T16:06:12","date_gmt":"2026-03-07T15:06:12","guid":{"rendered":"https:\/\/www.sejourprive.com\/?post_type=product&#038;p=43943"},"modified":"2026-03-07T16:06:12","modified_gmt":"2026-03-07T15:06:12","slug":"castello-viti-greve-in-chianti-toscane-italie","status":"publish","type":"product","link":"https:\/\/www.sejourprive.com\/en\/biens\/castello-viti-greve-in-chianti-toscane-italie\/","title":{"rendered":"Castello Viti, Greve in Chianti, Tuscany, Italy"},"content":{"rendered":"<p>Discover Castello Viti, perched in the rolling hills of Tuscany, with spectacular views as far as the eye can see. This historic residence captivates with its elegant architecture, where every detail whispers stories of a noble past.<br \/>\n<span><div class=\"read-more-wrapper\"><a class=\"read-more-button\" data-target=\"read-more-69f2b9406e8e9\" data-more-text=\"Read more\" data-less-text=\"Read less\"><span class=\"read-more-text\">Read more<\/span><\/a><div id=\"read-more-69f2b9406e8e9\" class=\"read-more-content\"> <\/span><\/p>\n<p>With 11 bedrooms and 8 bathrooms, the castle can accommodate up to 20 people in an area of 1,350 m\u00b2, offering both space and privacy for families and friends. The estate boasts an outdoor swimming pool framed by the surrounding landscape, ideal for relaxing in the Tuscan sunshine. As night falls, enjoy an al fresco dinner in the outdoor dining room, taking in the smell of homemade pizzas cooked over an open fire and the gentle calm of the evening.  <\/p>\n<p>Why we love it:<\/p>\n<p>- Historical elegance: each room is unique and reflects the castle's noble past.<br \/>\n- The best of outdoor living: swimming pool, terraces, petanque area, gardens, outdoor cooking and dining.<br \/>\n- Fun for all the family: the cinema and games room keep everyone entertained.<\/div><\/div><\/p>","protected":false},"excerpt":{"rendered":"<p>D\u00e9couvrez Castello Viti, perch\u00e9 dans les collines vallonn\u00e9es de Toscane, avec une vue spectaculaire \u00e0 perte de vue. Cette r\u00e9sidence&#8230;<\/p>","protected":false},"featured_media":43995,"comment_status":"open","ping_status":"closed","template":"","meta":{"_acf_changed":false},"product_brand":[],"product_cat":[15],"product_tag":[],"class_list":{"0":"post-43943","1":"product","2":"type-product","3":"status-publish","4":"has-post-thumbnail","6":"product_cat-villa","7":"property_location-florence","8":"property_location-italie","10":"first","11":"instock","12":"sold-individually","13":"shipping-taxable","14":"purchasable","15":"product-type-simple"},"acf":[],"yoast_head":"<!-- This site is optimized with the Yoast SEO plugin v26.6 - https:\/\/yoast.com\/wordpress\/plugins\/seo\/ -->\n<title>Castello Viti, Greve in Chianti, Toscane, Italie - S\u00e9jour Priv\u00e9<\/title>\n<meta name=\"description\" content=\"D\u00e9couvrez Castello Viti, perch\u00e9 dans les collines vallonn\u00e9es de Toscane, avec une vue spectaculaire \u00e0 perte de vue. Cette r\u00e9sidence historique s\u00e9duit par\" \/>\n<meta name=\"robots\" content=\"index, follow, max-snippet:-1, max-image-preview:large, max-video-preview:-1\" \/>\n<link rel=\"canonical\" href=\"https:\/\/www.sejourprive.com\/en\/biens\/castello-viti-greve-in-chianti-toscane-italie\/\" \/>\n<meta property=\"og:locale\" content=\"en_GB\" \/>\n<meta property=\"og:type\" content=\"article\" \/>\n<meta property=\"og:title\" content=\"Castello Viti, Greve in Chianti, Toscane, Italie - S\u00e9jour Priv\u00e9\" \/>\n<meta property=\"og:description\" content=\"D\u00e9couvrez Castello Viti, perch\u00e9 dans les collines vallonn\u00e9es de Toscane, avec une vue spectaculaire \u00e0 perte de vue. Cette r\u00e9sidence historique s\u00e9duit par\" \/>\n<meta property=\"og:url\" content=\"https:\/\/www.sejourprive.com\/en\/biens\/castello-viti-greve-in-chianti-toscane-italie\/\" \/>\n<meta property=\"og:site_name\" content=\"S\u00e9jour Priv\u00e9\" \/>\n<meta property=\"og:image\" content=\"https:\/\/www.sejourprive.com\/wp-content\/uploads\/2026\/03\/42-24.jpg\" \/>\n\t<meta property=\"og:image:width\" content=\"1200\" \/>\n\t<meta property=\"og:image:height\" content=\"900\" \/>\n\t<meta property=\"og:image:type\" content=\"image\/jpeg\" \/>\n<meta name=\"twitter:card\" content=\"summary_large_image\" \/>\n<meta name=\"twitter:label1\" content=\"Estimated reading time\" \/>\n\t<meta name=\"twitter:data1\" content=\"2 minutes\" \/>\n<script type=\"application\/ld+json\" class=\"yoast-schema-graph\">{\"@context\":\"https:\/\/schema.org\",\"@graph\":[{\"@type\":\"WebPage\",\"@id\":\"https:\/\/www.sejourprive.com\/biens\/castello-viti-greve-in-chianti-toscane-italie\/\",\"url\":\"https:\/\/www.sejourprive.com\/biens\/castello-viti-greve-in-chianti-toscane-italie\/\",\"name\":\"Castello Viti, Greve in Chianti, Toscane, Italie - S\u00e9jour Priv\u00e9\",\"isPartOf\":{\"@id\":\"https:\/\/www.sejourprive.com\/#website\"},\"primaryImageOfPage\":{\"@id\":\"https:\/\/www.sejourprive.com\/biens\/castello-viti-greve-in-chianti-toscane-italie\/#primaryimage\"},\"image\":{\"@id\":\"https:\/\/www.sejourprive.com\/biens\/castello-viti-greve-in-chianti-toscane-italie\/#primaryimage\"},\"thumbnailUrl\":\"https:\/\/www.sejourprive.com\/wp-content\/uploads\/2026\/03\/42-24.jpg\",\"datePublished\":\"2026-03-07T15:06:12+00:00\",\"description\":\"D\u00e9couvrez Castello Viti, perch\u00e9 dans les collines vallonn\u00e9es de Toscane, avec une vue spectaculaire \u00e0 perte de vue. Cette r\u00e9sidence historique s\u00e9duit par\",\"breadcrumb\":{\"@id\":\"https:\/\/www.sejourprive.com\/biens\/castello-viti-greve-in-chianti-toscane-italie\/#breadcrumb\"},\"inLanguage\":\"en-GB\",\"potentialAction\":[{\"@type\":\"ReadAction\",\"target\":[\"https:\/\/www.sejourprive.com\/biens\/castello-viti-greve-in-chianti-toscane-italie\/\"]}]},{\"@type\":\"ImageObject\",\"inLanguage\":\"en-GB\",\"@id\":\"https:\/\/www.sejourprive.com\/biens\/castello-viti-greve-in-chianti-toscane-italie\/#primaryimage\",\"url\":\"https:\/\/www.sejourprive.com\/wp-content\/uploads\/2026\/03\/42-24.jpg\",\"contentUrl\":\"https:\/\/www.sejourprive.com\/wp-content\/uploads\/2026\/03\/42-24.jpg\",\"width\":1200,\"height\":900},{\"@type\":\"BreadcrumbList\",\"@id\":\"https:\/\/www.sejourprive.com\/biens\/castello-viti-greve-in-chianti-toscane-italie\/#breadcrumb\",\"itemListElement\":[{\"@type\":\"ListItem\",\"position\":1,\"name\":\"Accueil\",\"item\":\"https:\/\/www.sejourprive.com\/\"},{\"@type\":\"ListItem\",\"position\":2,\"name\":\"Shop\",\"item\":\"https:\/\/www.sejourprive.com\/shop\/\"},{\"@type\":\"ListItem\",\"position\":3,\"name\":\"Castello Viti, Greve in Chianti, Toscane, Italie\"}]},{\"@type\":\"WebSite\",\"@id\":\"https:\/\/www.sejourprive.com\/#website\",\"url\":\"https:\/\/www.sejourprive.com\/\",\"name\":\"S\u00e9jour Priv\u00e9\",\"description\":\"Nous imaginons pour vous des s\u00e9jours d\u2019exception.\",\"publisher\":{\"@id\":\"https:\/\/www.sejourprive.com\/#organization\"},\"potentialAction\":[{\"@type\":\"SearchAction\",\"target\":{\"@type\":\"EntryPoint\",\"urlTemplate\":\"https:\/\/www.sejourprive.com\/?s={search_term_string}\"},\"query-input\":{\"@type\":\"PropertyValueSpecification\",\"valueRequired\":true,\"valueName\":\"search_term_string\"}}],\"inLanguage\":\"en-GB\"},{\"@type\":\"Organization\",\"@id\":\"https:\/\/www.sejourprive.com\/#organization\",\"name\":\"S\u00e9jour Priv\u00e9\",\"url\":\"https:\/\/www.sejourprive.com\/\",\"logo\":{\"@type\":\"ImageObject\",\"inLanguage\":\"en-GB\",\"@id\":\"https:\/\/www.sejourprive.com\/#\/schema\/logo\/image\/\",\"url\":\"https:\/\/www.sejourprive.com\/wp-content\/uploads\/2026\/02\/SP-Apple-touch-144-couleur-1-2.png\",\"contentUrl\":\"https:\/\/www.sejourprive.com\/wp-content\/uploads\/2026\/02\/SP-Apple-touch-144-couleur-1-2.png\",\"width\":145,\"height\":145,\"caption\":\"S\u00e9jour Priv\u00e9\"},\"image\":{\"@id\":\"https:\/\/www.sejourprive.com\/#\/schema\/logo\/image\/\"}}]}<\/script>\n<!-- \/ Yoast SEO plugin. -->","yoast_head_json":{"title":"Castello Viti, Greve in Chianti, Toscane, Italie - S\u00e9jour Priv\u00e9","description":"D\u00e9couvrez Castello Viti, perch\u00e9 dans les collines vallonn\u00e9es de Toscane, avec une vue spectaculaire \u00e0 perte de vue. Cette r\u00e9sidence historique s\u00e9duit par","robots":{"index":"index","follow":"follow","max-snippet":"max-snippet:-1","max-image-preview":"max-image-preview:large","max-video-preview":"max-video-preview:-1"},"canonical":"https:\/\/www.sejourprive.com\/en\/biens\/castello-viti-greve-in-chianti-toscane-italie\/","og_locale":"en_GB","og_type":"article","og_title":"Castello Viti, Greve in Chianti, Toscane, Italie - S\u00e9jour Priv\u00e9","og_description":"D\u00e9couvrez Castello Viti, perch\u00e9 dans les collines vallonn\u00e9es de Toscane, avec une vue spectaculaire \u00e0 perte de vue. Cette r\u00e9sidence historique s\u00e9duit par","og_url":"https:\/\/www.sejourprive.com\/en\/biens\/castello-viti-greve-in-chianti-toscane-italie\/","og_site_name":"S\u00e9jour Priv\u00e9","og_image":[{"width":1200,"height":900,"url":"https:\/\/www.sejourprive.com\/wp-content\/uploads\/2026\/03\/42-24.jpg","type":"image\/jpeg"}],"twitter_card":"summary_large_image","twitter_misc":{"Estimated reading time":"2 minutes"},"schema":{"@context":"https:\/\/schema.org","@graph":[{"@type":"WebPage","@id":"https:\/\/www.sejourprive.com\/biens\/castello-viti-greve-in-chianti-toscane-italie\/","url":"https:\/\/www.sejourprive.com\/biens\/castello-viti-greve-in-chianti-toscane-italie\/","name":"Castello Viti, Greve in Chianti, Toscane, Italie - S\u00e9jour Priv\u00e9","isPartOf":{"@id":"https:\/\/www.sejourprive.com\/#website"},"primaryImageOfPage":{"@id":"https:\/\/www.sejourprive.com\/biens\/castello-viti-greve-in-chianti-toscane-italie\/#primaryimage"},"image":{"@id":"https:\/\/www.sejourprive.com\/biens\/castello-viti-greve-in-chianti-toscane-italie\/#primaryimage"},"thumbnailUrl":"https:\/\/www.sejourprive.com\/wp-content\/uploads\/2026\/03\/42-24.jpg","datePublished":"2026-03-07T15:06:12+00:00","description":"D\u00e9couvrez Castello Viti, perch\u00e9 dans les collines vallonn\u00e9es de Toscane, avec une vue spectaculaire \u00e0 perte de vue. Cette r\u00e9sidence historique s\u00e9duit par","breadcrumb":{"@id":"https:\/\/www.sejourprive.com\/biens\/castello-viti-greve-in-chianti-toscane-italie\/#breadcrumb"},"inLanguage":"en-GB","potentialAction":[{"@type":"ReadAction","target":["https:\/\/www.sejourprive.com\/biens\/castello-viti-greve-in-chianti-toscane-italie\/"]}]},{"@type":"ImageObject","inLanguage":"en-GB","@id":"https:\/\/www.sejourprive.com\/biens\/castello-viti-greve-in-chianti-toscane-italie\/#primaryimage","url":"https:\/\/www.sejourprive.com\/wp-content\/uploads\/2026\/03\/42-24.jpg","contentUrl":"https:\/\/www.sejourprive.com\/wp-content\/uploads\/2026\/03\/42-24.jpg","width":1200,"height":900},{"@type":"BreadcrumbList","@id":"https:\/\/www.sejourprive.com\/biens\/castello-viti-greve-in-chianti-toscane-italie\/#breadcrumb","itemListElement":[{"@type":"ListItem","position":1,"name":"Accueil","item":"https:\/\/www.sejourprive.com\/"},{"@type":"ListItem","position":2,"name":"Shop","item":"https:\/\/www.sejourprive.com\/shop\/"},{"@type":"ListItem","position":3,"name":"Castello Viti, Greve in Chianti, Toscane, Italie"}]},{"@type":"WebSite","@id":"https:\/\/www.sejourprive.com\/#website","url":"https:\/\/www.sejourprive.com\/","name":"Private Stay","description":"We design exceptional holidays for you.","publisher":{"@id":"https:\/\/www.sejourprive.com\/#organization"},"potentialAction":[{"@type":"SearchAction","target":{"@type":"EntryPoint","urlTemplate":"https:\/\/www.sejourprive.com\/?s={search_term_string}"},"query-input":{"@type":"PropertyValueSpecification","valueRequired":true,"valueName":"search_term_string"}}],"inLanguage":"en-GB"},{"@type":"Organization","@id":"https:\/\/www.sejourprive.com\/#organization","name":"Private Stay","url":"https:\/\/www.sejourprive.com\/","logo":{"@type":"ImageObject","inLanguage":"en-GB","@id":"https:\/\/www.sejourprive.com\/#\/schema\/logo\/image\/","url":"https:\/\/www.sejourprive.com\/wp-content\/uploads\/2026\/02\/SP-Apple-touch-144-couleur-1-2.png","contentUrl":"https:\/\/www.sejourprive.com\/wp-content\/uploads\/2026\/02\/SP-Apple-touch-144-couleur-1-2.png","width":145,"height":145,"caption":"S\u00e9jour Priv\u00e9"},"image":{"@id":"https:\/\/www.sejourprive.com\/#\/schema\/logo\/image\/"}}]}},"_links":{"self":[{"href":"https:\/\/www.sejourprive.com\/en\/wp-json\/wp\/v2\/product\/43943","targetHints":{"allow":["GET"]}}],"collection":[{"href":"https:\/\/www.sejourprive.com\/en\/wp-json\/wp\/v2\/product"}],"about":[{"href":"https:\/\/www.sejourprive.com\/en\/wp-json\/wp\/v2\/types\/product"}],"replies":[{"embeddable":true,"href":"https:\/\/www.sejourprive.com\/en\/wp-json\/wp\/v2\/comments?post=43943"}],"version-history":[{"count":0,"href":"https:\/\/www.sejourprive.com\/en\/wp-json\/wp\/v2\/product\/43943\/revisions"}],"wp:featuredmedia":[{"embeddable":true,"href":"https:\/\/www.sejourprive.com\/en\/wp-json\/wp\/v2\/media\/43995"}],"wp:attachment":[{"href":"https:\/\/www.sejourprive.com\/en\/wp-json\/wp\/v2\/media?parent=43943"}],"wp:term":[{"taxonomy":"product_brand","embeddable":true,"href":"https:\/\/www.sejourprive.com\/en\/wp-json\/wp\/v2\/product_brand?post=43943"},{"taxonomy":"product_cat","embeddable":true,"href":"https:\/\/www.sejourprive.com\/en\/wp-json\/wp\/v2\/product_cat?post=43943"},{"taxonomy":"product_tag","embeddable":true,"href":"https:\/\/www.sejourprive.com\/en\/wp-json\/wp\/v2\/product_tag?post=43943"}],"curies":[{"name":"wp","href":"https:\/\/api.w.org\/{rel}","templated":true}]}}

<p>Découvrez Castello Viti, perché dans les collines vallonnées de Toscane, avec une vue spectaculaire à perte de vue. Cette résidence&#8230;</p>

<!-- This site is optimized with the Yoast SEO plugin v26.6 - https://yoast.com/wordpress/plugins/seo/ -->
<title>Castello Viti, Greve in Chianti, Toscane, Italie - Séjour Privé</title>
<meta name="description" content="Découvrez Castello Viti, perché dans les collines vallonnées de Toscane, avec une vue spectaculaire à perte de vue. Cette résidence historique séduit par" />
<meta name="robots" content="index, follow, max-snippet:-1, max-image-preview:large, max-video-preview:-1" />
<link rel="canonical" href="https://www.sejourprive.com/en/biens/castello-viti-greve-in-chianti-toscane-italie/" />
<meta property="og:locale" content="en_GB" />
<meta property="og:type" content="article" />
<meta property="og:title" content="Castello Viti, Greve in Chianti, Toscane, Italie - Séjour Privé" />
<meta property="og:description" content="Découvrez Castello Viti, perché dans les collines vallonnées de Toscane, avec une vue spectaculaire à perte de vue. Cette résidence historique séduit par" />
<meta property="og:url" content="https://www.sejourprive.com/en/biens/castello-viti-greve-in-chianti-toscane-italie/" />
<meta property="og:site_name" content="Séjour Privé" />
<meta property="og:image" content="https://www.sejourprive.com/wp-content/uploads/2026/03/42-24.jpg" />
	<meta property="og:image:width" content="1200" />
	<meta property="og:image:height" content="900" />
	<meta property="og:image:type" content="image/jpeg" />
<meta name="twitter:card" content="summary_large_image" />
<meta name="twitter:label1" content="Estimated reading time" />
	<meta name="twitter:data1" content="2 minutes" />
<script type="application/ld+json" class="yoast-schema-graph">{"@context":"https://schema.org","@graph":[{"@type":"WebPage","@id":"https://www.sejourprive.com/biens/castello-viti-greve-in-chianti-toscane-italie/","url":"https://www.sejourprive.com/biens/castello-viti-greve-in-chianti-toscane-italie/","name":"Castello Viti, Greve in Chianti, Toscane, Italie - Séjour Privé","isPartOf":{"@id":"https://www.sejourprive.com/#website"},"primaryImageOfPage":{"@id":"https://www.sejourprive.com/biens/castello-viti-greve-in-chianti-toscane-italie/#primaryimage"},"image":{"@id":"https://www.sejourprive.com/biens/castello-viti-greve-in-chianti-toscane-italie/#primaryimage"},"thumbnailUrl":"https://www.sejourprive.com/wp-content/uploads/2026/03/42-24.jpg","datePublished":"2026-03-07T15:06:12+00:00","description":"Découvrez Castello Viti, perché dans les collines vallonnées de Toscane, avec une vue spectaculaire à perte de vue. Cette résidence historique séduit par","breadcrumb":{"@id":"https://www.sejourprive.com/biens/castello-viti-greve-in-chianti-toscane-italie/#breadcrumb"},"inLanguage":"en-GB","potentialAction":[{"@type":"ReadAction","target":["https://www.sejourprive.com/biens/castello-viti-greve-in-chianti-toscane-italie/"]}]},{"@type":"ImageObject","inLanguage":"en-GB","@id":"https://www.sejourprive.com/biens/castello-viti-greve-in-chianti-toscane-italie/#primaryimage","url":"https://www.sejourprive.com/wp-content/uploads/2026/03/42-24.jpg","contentUrl":"https://www.sejourprive.com/wp-content/uploads/2026/03/42-24.jpg","width":1200,"height":900},{"@type":"BreadcrumbList","@id":"https://www.sejourprive.com/biens/castello-viti-greve-in-chianti-toscane-italie/#breadcrumb","itemListElement":[{"@type":"ListItem","position":1,"name":"Accueil","item":"https://www.sejourprive.com/"},{"@type":"ListItem","position":2,"name":"Shop","item":"https://www.sejourprive.com/shop/"},{"@type":"ListItem","position":3,"name":"Castello Viti, Greve in Chianti, Toscane, Italie"}]},{"@type":"WebSite","@id":"https://www.sejourprive.com/#website","url":"https://www.sejourprive.com/","name":"Séjour Privé","description":"Nous imaginons pour vous des séjours d’exception.","publisher":{"@id":"https://www.sejourprive.com/#organization"},"potentialAction":[{"@type":"SearchAction","target":{"@type":"EntryPoint","urlTemplate":"https://www.sejourprive.com/?s={search_term_string}"},"query-input":{"@type":"PropertyValueSpecification","valueRequired":true,"valueName":"search_term_string"}}],"inLanguage":"en-GB"},{"@type":"Organization","@id":"https://www.sejourprive.com/#organization","name":"Séjour Privé","url":"https://www.sejourprive.com/","logo":{"@type":"ImageObject","inLanguage":"en-GB","@id":"https://www.sejourprive.com/#/schema/logo/image/","url":"https://www.sejourprive.com/wp-content/uploads/2026/02/SP-Apple-touch-144-couleur-1-2.png","contentUrl":"https://www.sejourprive.com/wp-content/uploads/2026/02/SP-Apple-touch-144-couleur-1-2.png","width":145,"height":145,"caption":"Séjour Privé"},"image":{"@id":"https://www.sejourprive.com/#/schema/logo/image/"}}]}</script>
<!-- / Yoast SEO plugin. -->

Castello Viti, Greve in Chianti, Toscane, Italie - Séjour Privé

Découvrez Castello Viti, perché dans les collines vallonnées de Toscane, avec une vue spectaculaire à perte de vue. Cette résidence historique séduit par

Séjour Privé
