{"id":43153,"date":"2026-03-05T17:29:32","date_gmt":"2026-03-05T16:29:32","guid":{"rendered":"https:\/\/www.sejourprive.com\/?post_type=product&#038;p=43153"},"modified":"2026-03-05T17:29:32","modified_gmt":"2026-03-05T16:29:32","slug":"villa-al-lago-sala-comacina-lac-de-come-italie","status":"publish","type":"product","link":"https:\/\/www.sejourprive.com\/en\/biens\/villa-al-lago-sala-comacina-lac-de-come-italie\/","title":{"rendered":"Villa Al Lago, Sala Comacina, Lake Como, Italy"},"content":{"rendered":"<p>Nestled on the peaceful shores of Lake Como, Villa al Lago offers an exquisite blend of contemporary elegance and traditional Italian charm. Its proximity to the lake guarantees breathtaking panoramic views of the lake and nature.<br \/>\n<span><div class=\"read-more-wrapper\"><a class=\"read-more-button\" data-target=\"read-more-69edf39d13ff2\" data-more-text=\"Read more\" data-less-text=\"Read less\"><span class=\"read-more-text\">Read more<\/span><\/a><div id=\"read-more-69edf39d13ff2\" class=\"read-more-content\"> <\/span><\/p>\n<p>Start your day with a soothing session in the dedicated meditation room, followed by a yoga session to gently wake up your body. Then unwind in the sauna to soothe your muscles, followed by a soak in the jacuzzi for a deeply relaxing soak. Enjoy a hearty and nourishing lunch before sitting by the infinity pool, where you can admire the breathtaking scenery and let the afternoon pass in peaceful serenity. At the end of the day, share an intimate dinner, then gather around the indoor fireplace for a chat.<\/div><\/div><\/p>","protected":false},"excerpt":{"rendered":"<p>Nich\u00e9e sur les rives paisibles du lac de C\u00f4me, la Villa al Lago offre un m\u00e9lange exquis d&#8217;\u00e9l\u00e9gance contemporaine et&#8230;<\/p>","protected":false},"featured_media":43225,"comment_status":"open","ping_status":"closed","template":"","meta":{"_acf_changed":false},"product_brand":[],"product_cat":[15],"product_tag":[],"class_list":{"0":"post-43153","1":"product","2":"type-product","3":"status-publish","4":"has-post-thumbnail","6":"product_cat-villa","7":"property_location-come","8":"property_location-italie","10":"first","11":"instock","12":"sold-individually","13":"shipping-taxable","14":"purchasable","15":"product-type-simple"},"acf":[],"yoast_head":"<!-- This site is optimized with the Yoast SEO plugin v26.6 - https:\/\/yoast.com\/wordpress\/plugins\/seo\/ -->\n<title>Villa Al Lago, Sala Comacina, Lac de C\u00f4me, Italie - S\u00e9jour Priv\u00e9<\/title>\n<meta name=\"description\" content=\"Nich\u00e9e sur les rives paisibles du lac de C\u00f4me, la Villa al Lago offre un m\u00e9lange exquis d&#039;\u00e9l\u00e9gance contemporaine et de charme italien traditionnel. Sa\" \/>\n<meta name=\"robots\" content=\"index, follow, max-snippet:-1, max-image-preview:large, max-video-preview:-1\" \/>\n<link rel=\"canonical\" href=\"https:\/\/www.sejourprive.com\/en\/biens\/villa-al-lago-sala-comacina-lac-de-come-italie\/\" \/>\n<meta property=\"og:locale\" content=\"en_GB\" \/>\n<meta property=\"og:type\" content=\"article\" \/>\n<meta property=\"og:title\" content=\"Villa Al Lago, Sala Comacina, Lac de C\u00f4me, Italie - S\u00e9jour Priv\u00e9\" \/>\n<meta property=\"og:description\" content=\"Nich\u00e9e sur les rives paisibles du lac de C\u00f4me, la Villa al Lago offre un m\u00e9lange exquis d&#039;\u00e9l\u00e9gance contemporaine et de charme italien traditionnel. Sa\" \/>\n<meta property=\"og:url\" content=\"https:\/\/www.sejourprive.com\/en\/biens\/villa-al-lago-sala-comacina-lac-de-come-italie\/\" \/>\n<meta property=\"og:site_name\" content=\"S\u00e9jour Priv\u00e9\" \/>\n<meta property=\"og:image\" content=\"https:\/\/www.sejourprive.com\/wp-content\/uploads\/2026\/03\/1-48.jpg\" \/>\n\t<meta property=\"og:image:width\" content=\"1200\" \/>\n\t<meta property=\"og:image:height\" content=\"938\" \/>\n\t<meta property=\"og:image:type\" content=\"image\/jpeg\" \/>\n<meta name=\"twitter:card\" content=\"summary_large_image\" \/>\n<meta name=\"twitter:label1\" content=\"Estimated reading time\" \/>\n\t<meta name=\"twitter:data1\" content=\"1 minute\" \/>\n<script type=\"application\/ld+json\" class=\"yoast-schema-graph\">{\"@context\":\"https:\/\/schema.org\",\"@graph\":[{\"@type\":\"WebPage\",\"@id\":\"https:\/\/www.sejourprive.com\/biens\/villa-al-lago-sala-comacina-lac-de-come-italie\/\",\"url\":\"https:\/\/www.sejourprive.com\/biens\/villa-al-lago-sala-comacina-lac-de-come-italie\/\",\"name\":\"Villa Al Lago, Sala Comacina, Lac de C\u00f4me, Italie - S\u00e9jour Priv\u00e9\",\"isPartOf\":{\"@id\":\"https:\/\/www.sejourprive.com\/#website\"},\"primaryImageOfPage\":{\"@id\":\"https:\/\/www.sejourprive.com\/biens\/villa-al-lago-sala-comacina-lac-de-come-italie\/#primaryimage\"},\"image\":{\"@id\":\"https:\/\/www.sejourprive.com\/biens\/villa-al-lago-sala-comacina-lac-de-come-italie\/#primaryimage\"},\"thumbnailUrl\":\"https:\/\/www.sejourprive.com\/wp-content\/uploads\/2026\/03\/1-48.jpg\",\"datePublished\":\"2026-03-05T16:29:32+00:00\",\"description\":\"Nich\u00e9e sur les rives paisibles du lac de C\u00f4me, la Villa al Lago offre un m\u00e9lange exquis d'\u00e9l\u00e9gance contemporaine et de charme italien traditionnel. Sa\",\"breadcrumb\":{\"@id\":\"https:\/\/www.sejourprive.com\/biens\/villa-al-lago-sala-comacina-lac-de-come-italie\/#breadcrumb\"},\"inLanguage\":\"en-GB\",\"potentialAction\":[{\"@type\":\"ReadAction\",\"target\":[\"https:\/\/www.sejourprive.com\/biens\/villa-al-lago-sala-comacina-lac-de-come-italie\/\"]}]},{\"@type\":\"ImageObject\",\"inLanguage\":\"en-GB\",\"@id\":\"https:\/\/www.sejourprive.com\/biens\/villa-al-lago-sala-comacina-lac-de-come-italie\/#primaryimage\",\"url\":\"https:\/\/www.sejourprive.com\/wp-content\/uploads\/2026\/03\/1-48.jpg\",\"contentUrl\":\"https:\/\/www.sejourprive.com\/wp-content\/uploads\/2026\/03\/1-48.jpg\",\"width\":1200,\"height\":938},{\"@type\":\"BreadcrumbList\",\"@id\":\"https:\/\/www.sejourprive.com\/biens\/villa-al-lago-sala-comacina-lac-de-come-italie\/#breadcrumb\",\"itemListElement\":[{\"@type\":\"ListItem\",\"position\":1,\"name\":\"Accueil\",\"item\":\"https:\/\/www.sejourprive.com\/\"},{\"@type\":\"ListItem\",\"position\":2,\"name\":\"Shop\",\"item\":\"https:\/\/www.sejourprive.com\/shop\/\"},{\"@type\":\"ListItem\",\"position\":3,\"name\":\"Villa Al Lago, Sala Comacina, Lac de C\u00f4me, Italie\"}]},{\"@type\":\"WebSite\",\"@id\":\"https:\/\/www.sejourprive.com\/#website\",\"url\":\"https:\/\/www.sejourprive.com\/\",\"name\":\"S\u00e9jour Priv\u00e9\",\"description\":\"Nous imaginons pour vous des s\u00e9jours d\u2019exception.\",\"publisher\":{\"@id\":\"https:\/\/www.sejourprive.com\/#organization\"},\"potentialAction\":[{\"@type\":\"SearchAction\",\"target\":{\"@type\":\"EntryPoint\",\"urlTemplate\":\"https:\/\/www.sejourprive.com\/?s={search_term_string}\"},\"query-input\":{\"@type\":\"PropertyValueSpecification\",\"valueRequired\":true,\"valueName\":\"search_term_string\"}}],\"inLanguage\":\"en-GB\"},{\"@type\":\"Organization\",\"@id\":\"https:\/\/www.sejourprive.com\/#organization\",\"name\":\"S\u00e9jour Priv\u00e9\",\"url\":\"https:\/\/www.sejourprive.com\/\",\"logo\":{\"@type\":\"ImageObject\",\"inLanguage\":\"en-GB\",\"@id\":\"https:\/\/www.sejourprive.com\/#\/schema\/logo\/image\/\",\"url\":\"https:\/\/www.sejourprive.com\/wp-content\/uploads\/2026\/02\/SP-Apple-touch-144-couleur-1-2.png\",\"contentUrl\":\"https:\/\/www.sejourprive.com\/wp-content\/uploads\/2026\/02\/SP-Apple-touch-144-couleur-1-2.png\",\"width\":145,\"height\":145,\"caption\":\"S\u00e9jour Priv\u00e9\"},\"image\":{\"@id\":\"https:\/\/www.sejourprive.com\/#\/schema\/logo\/image\/\"}}]}<\/script>\n<!-- \/ Yoast SEO plugin. -->","yoast_head_json":{"title":"Villa Al Lago, Sala Comacina, Lac de C\u00f4me, Italie - S\u00e9jour Priv\u00e9","description":"Nich\u00e9e sur les rives paisibles du lac de C\u00f4me, la Villa al Lago offre un m\u00e9lange exquis d'\u00e9l\u00e9gance contemporaine et de charme italien traditionnel. Sa","robots":{"index":"index","follow":"follow","max-snippet":"max-snippet:-1","max-image-preview":"max-image-preview:large","max-video-preview":"max-video-preview:-1"},"canonical":"https:\/\/www.sejourprive.com\/en\/biens\/villa-al-lago-sala-comacina-lac-de-come-italie\/","og_locale":"en_GB","og_type":"article","og_title":"Villa Al Lago, Sala Comacina, Lac de C\u00f4me, Italie - S\u00e9jour Priv\u00e9","og_description":"Nich\u00e9e sur les rives paisibles du lac de C\u00f4me, la Villa al Lago offre un m\u00e9lange exquis d'\u00e9l\u00e9gance contemporaine et de charme italien traditionnel. Sa","og_url":"https:\/\/www.sejourprive.com\/en\/biens\/villa-al-lago-sala-comacina-lac-de-come-italie\/","og_site_name":"S\u00e9jour Priv\u00e9","og_image":[{"width":1200,"height":938,"url":"https:\/\/www.sejourprive.com\/wp-content\/uploads\/2026\/03\/1-48.jpg","type":"image\/jpeg"}],"twitter_card":"summary_large_image","twitter_misc":{"Estimated reading time":"1 minute"},"schema":{"@context":"https:\/\/schema.org","@graph":[{"@type":"WebPage","@id":"https:\/\/www.sejourprive.com\/biens\/villa-al-lago-sala-comacina-lac-de-come-italie\/","url":"https:\/\/www.sejourprive.com\/biens\/villa-al-lago-sala-comacina-lac-de-come-italie\/","name":"Villa Al Lago, Sala Comacina, Lac de C\u00f4me, Italie - S\u00e9jour Priv\u00e9","isPartOf":{"@id":"https:\/\/www.sejourprive.com\/#website"},"primaryImageOfPage":{"@id":"https:\/\/www.sejourprive.com\/biens\/villa-al-lago-sala-comacina-lac-de-come-italie\/#primaryimage"},"image":{"@id":"https:\/\/www.sejourprive.com\/biens\/villa-al-lago-sala-comacina-lac-de-come-italie\/#primaryimage"},"thumbnailUrl":"https:\/\/www.sejourprive.com\/wp-content\/uploads\/2026\/03\/1-48.jpg","datePublished":"2026-03-05T16:29:32+00:00","description":"Nich\u00e9e sur les rives paisibles du lac de C\u00f4me, la Villa al Lago offre un m\u00e9lange exquis d'\u00e9l\u00e9gance contemporaine et de charme italien traditionnel. Sa","breadcrumb":{"@id":"https:\/\/www.sejourprive.com\/biens\/villa-al-lago-sala-comacina-lac-de-come-italie\/#breadcrumb"},"inLanguage":"en-GB","potentialAction":[{"@type":"ReadAction","target":["https:\/\/www.sejourprive.com\/biens\/villa-al-lago-sala-comacina-lac-de-come-italie\/"]}]},{"@type":"ImageObject","inLanguage":"en-GB","@id":"https:\/\/www.sejourprive.com\/biens\/villa-al-lago-sala-comacina-lac-de-come-italie\/#primaryimage","url":"https:\/\/www.sejourprive.com\/wp-content\/uploads\/2026\/03\/1-48.jpg","contentUrl":"https:\/\/www.sejourprive.com\/wp-content\/uploads\/2026\/03\/1-48.jpg","width":1200,"height":938},{"@type":"BreadcrumbList","@id":"https:\/\/www.sejourprive.com\/biens\/villa-al-lago-sala-comacina-lac-de-come-italie\/#breadcrumb","itemListElement":[{"@type":"ListItem","position":1,"name":"Accueil","item":"https:\/\/www.sejourprive.com\/"},{"@type":"ListItem","position":2,"name":"Shop","item":"https:\/\/www.sejourprive.com\/shop\/"},{"@type":"ListItem","position":3,"name":"Villa Al Lago, Sala Comacina, Lac de C\u00f4me, Italie"}]},{"@type":"WebSite","@id":"https:\/\/www.sejourprive.com\/#website","url":"https:\/\/www.sejourprive.com\/","name":"Private Stay","description":"We design exceptional holidays for you.","publisher":{"@id":"https:\/\/www.sejourprive.com\/#organization"},"potentialAction":[{"@type":"SearchAction","target":{"@type":"EntryPoint","urlTemplate":"https:\/\/www.sejourprive.com\/?s={search_term_string}"},"query-input":{"@type":"PropertyValueSpecification","valueRequired":true,"valueName":"search_term_string"}}],"inLanguage":"en-GB"},{"@type":"Organization","@id":"https:\/\/www.sejourprive.com\/#organization","name":"Private Stay","url":"https:\/\/www.sejourprive.com\/","logo":{"@type":"ImageObject","inLanguage":"en-GB","@id":"https:\/\/www.sejourprive.com\/#\/schema\/logo\/image\/","url":"https:\/\/www.sejourprive.com\/wp-content\/uploads\/2026\/02\/SP-Apple-touch-144-couleur-1-2.png","contentUrl":"https:\/\/www.sejourprive.com\/wp-content\/uploads\/2026\/02\/SP-Apple-touch-144-couleur-1-2.png","width":145,"height":145,"caption":"S\u00e9jour Priv\u00e9"},"image":{"@id":"https:\/\/www.sejourprive.com\/#\/schema\/logo\/image\/"}}]}},"_links":{"self":[{"href":"https:\/\/www.sejourprive.com\/en\/wp-json\/wp\/v2\/product\/43153","targetHints":{"allow":["GET"]}}],"collection":[{"href":"https:\/\/www.sejourprive.com\/en\/wp-json\/wp\/v2\/product"}],"about":[{"href":"https:\/\/www.sejourprive.com\/en\/wp-json\/wp\/v2\/types\/product"}],"replies":[{"embeddable":true,"href":"https:\/\/www.sejourprive.com\/en\/wp-json\/wp\/v2\/comments?post=43153"}],"version-history":[{"count":0,"href":"https:\/\/www.sejourprive.com\/en\/wp-json\/wp\/v2\/product\/43153\/revisions"}],"wp:featuredmedia":[{"embeddable":true,"href":"https:\/\/www.sejourprive.com\/en\/wp-json\/wp\/v2\/media\/43225"}],"wp:attachment":[{"href":"https:\/\/www.sejourprive.com\/en\/wp-json\/wp\/v2\/media?parent=43153"}],"wp:term":[{"taxonomy":"product_brand","embeddable":true,"href":"https:\/\/www.sejourprive.com\/en\/wp-json\/wp\/v2\/product_brand?post=43153"},{"taxonomy":"product_cat","embeddable":true,"href":"https:\/\/www.sejourprive.com\/en\/wp-json\/wp\/v2\/product_cat?post=43153"},{"taxonomy":"product_tag","embeddable":true,"href":"https:\/\/www.sejourprive.com\/en\/wp-json\/wp\/v2\/product_tag?post=43153"}],"curies":[{"name":"wp","href":"https:\/\/api.w.org\/{rel}","templated":true}]}}

<p>Nichée sur les rives paisibles du lac de Côme, la Villa al Lago offre un mélange exquis d&#8217;élégance contemporaine et&#8230;</p>

<!-- This site is optimized with the Yoast SEO plugin v26.6 - https://yoast.com/wordpress/plugins/seo/ -->
<title>Villa Al Lago, Sala Comacina, Lac de Côme, Italie - Séjour Privé</title>
<meta name="description" content="Nichée sur les rives paisibles du lac de Côme, la Villa al Lago offre un mélange exquis d&#039;élégance contemporaine et de charme italien traditionnel. Sa" />
<meta name="robots" content="index, follow, max-snippet:-1, max-image-preview:large, max-video-preview:-1" />
<link rel="canonical" href="https://www.sejourprive.com/en/biens/villa-al-lago-sala-comacina-lac-de-come-italie/" />
<meta property="og:locale" content="en_GB" />
<meta property="og:type" content="article" />
<meta property="og:title" content="Villa Al Lago, Sala Comacina, Lac de Côme, Italie - Séjour Privé" />
<meta property="og:description" content="Nichée sur les rives paisibles du lac de Côme, la Villa al Lago offre un mélange exquis d&#039;élégance contemporaine et de charme italien traditionnel. Sa" />
<meta property="og:url" content="https://www.sejourprive.com/en/biens/villa-al-lago-sala-comacina-lac-de-come-italie/" />
<meta property="og:site_name" content="Séjour Privé" />
<meta property="og:image" content="https://www.sejourprive.com/wp-content/uploads/2026/03/1-48.jpg" />
	<meta property="og:image:width" content="1200" />
	<meta property="og:image:height" content="938" />
	<meta property="og:image:type" content="image/jpeg" />
<meta name="twitter:card" content="summary_large_image" />
<meta name="twitter:label1" content="Estimated reading time" />
	<meta name="twitter:data1" content="1 minute" />
<script type="application/ld+json" class="yoast-schema-graph">{"@context":"https://schema.org","@graph":[{"@type":"WebPage","@id":"https://www.sejourprive.com/biens/villa-al-lago-sala-comacina-lac-de-come-italie/","url":"https://www.sejourprive.com/biens/villa-al-lago-sala-comacina-lac-de-come-italie/","name":"Villa Al Lago, Sala Comacina, Lac de Côme, Italie - Séjour Privé","isPartOf":{"@id":"https://www.sejourprive.com/#website"},"primaryImageOfPage":{"@id":"https://www.sejourprive.com/biens/villa-al-lago-sala-comacina-lac-de-come-italie/#primaryimage"},"image":{"@id":"https://www.sejourprive.com/biens/villa-al-lago-sala-comacina-lac-de-come-italie/#primaryimage"},"thumbnailUrl":"https://www.sejourprive.com/wp-content/uploads/2026/03/1-48.jpg","datePublished":"2026-03-05T16:29:32+00:00","description":"Nichée sur les rives paisibles du lac de Côme, la Villa al Lago offre un mélange exquis d'élégance contemporaine et de charme italien traditionnel. Sa","breadcrumb":{"@id":"https://www.sejourprive.com/biens/villa-al-lago-sala-comacina-lac-de-come-italie/#breadcrumb"},"inLanguage":"en-GB","potentialAction":[{"@type":"ReadAction","target":["https://www.sejourprive.com/biens/villa-al-lago-sala-comacina-lac-de-come-italie/"]}]},{"@type":"ImageObject","inLanguage":"en-GB","@id":"https://www.sejourprive.com/biens/villa-al-lago-sala-comacina-lac-de-come-italie/#primaryimage","url":"https://www.sejourprive.com/wp-content/uploads/2026/03/1-48.jpg","contentUrl":"https://www.sejourprive.com/wp-content/uploads/2026/03/1-48.jpg","width":1200,"height":938},{"@type":"BreadcrumbList","@id":"https://www.sejourprive.com/biens/villa-al-lago-sala-comacina-lac-de-come-italie/#breadcrumb","itemListElement":[{"@type":"ListItem","position":1,"name":"Accueil","item":"https://www.sejourprive.com/"},{"@type":"ListItem","position":2,"name":"Shop","item":"https://www.sejourprive.com/shop/"},{"@type":"ListItem","position":3,"name":"Villa Al Lago, Sala Comacina, Lac de Côme, Italie"}]},{"@type":"WebSite","@id":"https://www.sejourprive.com/#website","url":"https://www.sejourprive.com/","name":"Séjour Privé","description":"Nous imaginons pour vous des séjours d’exception.","publisher":{"@id":"https://www.sejourprive.com/#organization"},"potentialAction":[{"@type":"SearchAction","target":{"@type":"EntryPoint","urlTemplate":"https://www.sejourprive.com/?s={search_term_string}"},"query-input":{"@type":"PropertyValueSpecification","valueRequired":true,"valueName":"search_term_string"}}],"inLanguage":"en-GB"},{"@type":"Organization","@id":"https://www.sejourprive.com/#organization","name":"Séjour Privé","url":"https://www.sejourprive.com/","logo":{"@type":"ImageObject","inLanguage":"en-GB","@id":"https://www.sejourprive.com/#/schema/logo/image/","url":"https://www.sejourprive.com/wp-content/uploads/2026/02/SP-Apple-touch-144-couleur-1-2.png","contentUrl":"https://www.sejourprive.com/wp-content/uploads/2026/02/SP-Apple-touch-144-couleur-1-2.png","width":145,"height":145,"caption":"Séjour Privé"},"image":{"@id":"https://www.sejourprive.com/#/schema/logo/image/"}}]}</script>
<!-- / Yoast SEO plugin. -->

Villa Al Lago, Sala Comacina, Lac de Côme, Italie - Séjour Privé

Nichée sur les rives paisibles du lac de Côme, la Villa al Lago offre un mélange exquis d'élégance contemporaine et de charme italien traditionnel. Sa

Séjour Privé

Villa Al Lago, Sala Comacina, Lac de Côme, Italie
