{"id":43087,"date":"2026-03-05T17:36:30","date_gmt":"2026-03-05T16:36:30","guid":{"rendered":"https:\/\/www.sejourprive.com\/?post_type=product&#038;p=43087"},"modified":"2026-03-06T12:03:49","modified_gmt":"2026-03-06T11:03:49","slug":"villa-bardino-torri-del-benaco-lac-de-garde-italie","status":"publish","type":"product","link":"https:\/\/www.sejourprive.com\/en\/biens\/villa-bardino-torri-del-benaco-lac-de-garde-italie\/","title":{"rendered":"Villa Bardino, Torri Del Benaco, Lake Garda, Italy"},"content":{"rendered":"<p>Surplombant les eaux sereines du lac de Garde, la Villa Bardino s&#8217;impose dans un \u00e9crin de verdure. Son architecture contemporaine offre une vue plongeante sur le paysage, cr\u00e9ant une atmosph\u00e8re de calme absolu \u00e0 quelques pas seulement des rives du lac.<\/p>\n<p><span><div class=\"read-more-wrapper\"><a class=\"read-more-button\" data-target=\"read-more-69f4dce9efacf\" data-more-text=\"Read more\" data-less-text=\"Read less\"><span class=\"read-more-text\">Read more<\/span><\/a><div id=\"read-more-69f4dce9efacf\" class=\"read-more-content\"> <\/span>Au matin, les rayons du soleil filtrent \u00e0 travers les baies vitr\u00e9es, invitant \u00e0 savourer le petit-d\u00e9jeuner sur la terrasse panoramique. La journ\u00e9e s&#8217;\u00e9tire doucement, entre baignades dans la piscine \u00e0 d\u00e9bordement, moments de lecture sous les oliviers, ou ap\u00e9ritifs dans la v\u00e9randa vitr\u00e9e. Lorsque la nuit tombe, la lumi\u00e8re transforme la vue en une fresque enchanteresse propice \u00e0 la d\u00e9tente.<\/div><\/div><\/p>","protected":false},"excerpt":{"rendered":"<p>Surplombant les eaux sereines du lac de Garde, la Villa Bardino s&#8217;impose dans un \u00e9crin de verdure. Son architecture contemporaine&#8230;<\/p>","protected":false},"featured_media":43140,"comment_status":"open","ping_status":"closed","template":"","meta":{"_acf_changed":false},"product_brand":[],"product_cat":[15],"product_tag":[],"class_list":{"0":"post-43087","1":"product","2":"type-product","3":"status-publish","4":"has-post-thumbnail","6":"product_cat-villa","7":"property_location-italie","8":"property_location-lac-de-garde","10":"first","11":"instock","12":"sold-individually","13":"shipping-taxable","14":"purchasable","15":"product-type-simple"},"acf":[],"yoast_head":"<!-- This site is optimized with the Yoast SEO plugin v26.6 - https:\/\/yoast.com\/wordpress\/plugins\/seo\/ -->\n<title>Villa Bardino, Torri Del Benaco, Lac de Garde, Italie - S\u00e9jour Priv\u00e9<\/title>\n<meta name=\"description\" content=\"Surplombant les eaux sereines du lac de Garde, la Villa Bardino s&#039;impose dans un \u00e9crin de verdure. Son architecture contemporaine offre une vue plongeante\" \/>\n<meta name=\"robots\" content=\"index, follow, max-snippet:-1, max-image-preview:large, max-video-preview:-1\" \/>\n<link rel=\"canonical\" href=\"https:\/\/www.sejourprive.com\/en\/biens\/villa-bardino-torri-del-benaco-lac-de-garde-italie\/\" \/>\n<meta property=\"og:locale\" content=\"en_GB\" \/>\n<meta property=\"og:type\" content=\"article\" \/>\n<meta property=\"og:title\" content=\"Villa Bardino, Torri Del Benaco, Lac de Garde, Italie - S\u00e9jour Priv\u00e9\" \/>\n<meta property=\"og:description\" content=\"Surplombant les eaux sereines du lac de Garde, la Villa Bardino s&#039;impose dans un \u00e9crin de verdure. Son architecture contemporaine offre une vue plongeante\" \/>\n<meta property=\"og:url\" content=\"https:\/\/www.sejourprive.com\/en\/biens\/villa-bardino-torri-del-benaco-lac-de-garde-italie\/\" \/>\n<meta property=\"og:site_name\" content=\"S\u00e9jour Priv\u00e9\" \/>\n<meta property=\"article:modified_time\" content=\"2026-03-06T11:03:49+00:00\" \/>\n<meta property=\"og:image\" content=\"https:\/\/www.sejourprive.com\/wp-content\/uploads\/2026\/03\/0-43.jpg\" \/>\n\t<meta property=\"og:image:width\" content=\"1200\" \/>\n\t<meta property=\"og:image:height\" content=\"800\" \/>\n\t<meta property=\"og:image:type\" content=\"image\/jpeg\" \/>\n<meta name=\"twitter:card\" content=\"summary_large_image\" \/>\n<meta name=\"twitter:label1\" content=\"Estimated reading time\" \/>\n\t<meta name=\"twitter:data1\" content=\"1 minute\" \/>\n<script type=\"application\/ld+json\" class=\"yoast-schema-graph\">{\"@context\":\"https:\/\/schema.org\",\"@graph\":[{\"@type\":\"WebPage\",\"@id\":\"https:\/\/www.sejourprive.com\/biens\/villa-bardino-torri-del-benaco-lac-de-garde-italie\/\",\"url\":\"https:\/\/www.sejourprive.com\/biens\/villa-bardino-torri-del-benaco-lac-de-garde-italie\/\",\"name\":\"Villa Bardino, Torri Del Benaco, Lac de Garde, Italie - S\u00e9jour Priv\u00e9\",\"isPartOf\":{\"@id\":\"https:\/\/www.sejourprive.com\/#website\"},\"primaryImageOfPage\":{\"@id\":\"https:\/\/www.sejourprive.com\/biens\/villa-bardino-torri-del-benaco-lac-de-garde-italie\/#primaryimage\"},\"image\":{\"@id\":\"https:\/\/www.sejourprive.com\/biens\/villa-bardino-torri-del-benaco-lac-de-garde-italie\/#primaryimage\"},\"thumbnailUrl\":\"https:\/\/www.sejourprive.com\/wp-content\/uploads\/2026\/03\/0-43.jpg\",\"datePublished\":\"2026-03-05T16:36:30+00:00\",\"dateModified\":\"2026-03-06T11:03:49+00:00\",\"description\":\"Surplombant les eaux sereines du lac de Garde, la Villa Bardino s'impose dans un \u00e9crin de verdure. Son architecture contemporaine offre une vue plongeante\",\"breadcrumb\":{\"@id\":\"https:\/\/www.sejourprive.com\/biens\/villa-bardino-torri-del-benaco-lac-de-garde-italie\/#breadcrumb\"},\"inLanguage\":\"en-GB\",\"potentialAction\":[{\"@type\":\"ReadAction\",\"target\":[\"https:\/\/www.sejourprive.com\/biens\/villa-bardino-torri-del-benaco-lac-de-garde-italie\/\"]}]},{\"@type\":\"ImageObject\",\"inLanguage\":\"en-GB\",\"@id\":\"https:\/\/www.sejourprive.com\/biens\/villa-bardino-torri-del-benaco-lac-de-garde-italie\/#primaryimage\",\"url\":\"https:\/\/www.sejourprive.com\/wp-content\/uploads\/2026\/03\/0-43.jpg\",\"contentUrl\":\"https:\/\/www.sejourprive.com\/wp-content\/uploads\/2026\/03\/0-43.jpg\",\"width\":1200,\"height\":800},{\"@type\":\"BreadcrumbList\",\"@id\":\"https:\/\/www.sejourprive.com\/biens\/villa-bardino-torri-del-benaco-lac-de-garde-italie\/#breadcrumb\",\"itemListElement\":[{\"@type\":\"ListItem\",\"position\":1,\"name\":\"Accueil\",\"item\":\"https:\/\/www.sejourprive.com\/\"},{\"@type\":\"ListItem\",\"position\":2,\"name\":\"Shop\",\"item\":\"https:\/\/www.sejourprive.com\/shop\/\"},{\"@type\":\"ListItem\",\"position\":3,\"name\":\"Villa Bardino, Torri Del Benaco, Lac de Garde, Italie\"}]},{\"@type\":\"WebSite\",\"@id\":\"https:\/\/www.sejourprive.com\/#website\",\"url\":\"https:\/\/www.sejourprive.com\/\",\"name\":\"S\u00e9jour Priv\u00e9\",\"description\":\"Nous imaginons pour vous des s\u00e9jours d\u2019exception.\",\"publisher\":{\"@id\":\"https:\/\/www.sejourprive.com\/#organization\"},\"potentialAction\":[{\"@type\":\"SearchAction\",\"target\":{\"@type\":\"EntryPoint\",\"urlTemplate\":\"https:\/\/www.sejourprive.com\/?s={search_term_string}\"},\"query-input\":{\"@type\":\"PropertyValueSpecification\",\"valueRequired\":true,\"valueName\":\"search_term_string\"}}],\"inLanguage\":\"en-GB\"},{\"@type\":\"Organization\",\"@id\":\"https:\/\/www.sejourprive.com\/#organization\",\"name\":\"S\u00e9jour Priv\u00e9\",\"url\":\"https:\/\/www.sejourprive.com\/\",\"logo\":{\"@type\":\"ImageObject\",\"inLanguage\":\"en-GB\",\"@id\":\"https:\/\/www.sejourprive.com\/#\/schema\/logo\/image\/\",\"url\":\"https:\/\/www.sejourprive.com\/wp-content\/uploads\/2026\/02\/SP-Apple-touch-144-couleur-1-2.png\",\"contentUrl\":\"https:\/\/www.sejourprive.com\/wp-content\/uploads\/2026\/02\/SP-Apple-touch-144-couleur-1-2.png\",\"width\":145,\"height\":145,\"caption\":\"S\u00e9jour Priv\u00e9\"},\"image\":{\"@id\":\"https:\/\/www.sejourprive.com\/#\/schema\/logo\/image\/\"}}]}<\/script>\n<!-- \/ Yoast SEO plugin. -->","yoast_head_json":{"title":"Villa Bardino, Torri Del Benaco, Lac de Garde, Italie - S\u00e9jour Priv\u00e9","description":"Surplombant les eaux sereines du lac de Garde, la Villa Bardino s'impose dans un \u00e9crin de verdure. Son architecture contemporaine offre une vue plongeante","robots":{"index":"index","follow":"follow","max-snippet":"max-snippet:-1","max-image-preview":"max-image-preview:large","max-video-preview":"max-video-preview:-1"},"canonical":"https:\/\/www.sejourprive.com\/en\/biens\/villa-bardino-torri-del-benaco-lac-de-garde-italie\/","og_locale":"en_GB","og_type":"article","og_title":"Villa Bardino, Torri Del Benaco, Lac de Garde, Italie - S\u00e9jour Priv\u00e9","og_description":"Surplombant les eaux sereines du lac de Garde, la Villa Bardino s'impose dans un \u00e9crin de verdure. Son architecture contemporaine offre une vue plongeante","og_url":"https:\/\/www.sejourprive.com\/en\/biens\/villa-bardino-torri-del-benaco-lac-de-garde-italie\/","og_site_name":"S\u00e9jour Priv\u00e9","article_modified_time":"2026-03-06T11:03:49+00:00","og_image":[{"width":1200,"height":800,"url":"https:\/\/www.sejourprive.com\/wp-content\/uploads\/2026\/03\/0-43.jpg","type":"image\/jpeg"}],"twitter_card":"summary_large_image","twitter_misc":{"Estimated reading time":"1 minute"},"schema":{"@context":"https:\/\/schema.org","@graph":[{"@type":"WebPage","@id":"https:\/\/www.sejourprive.com\/biens\/villa-bardino-torri-del-benaco-lac-de-garde-italie\/","url":"https:\/\/www.sejourprive.com\/biens\/villa-bardino-torri-del-benaco-lac-de-garde-italie\/","name":"Villa Bardino, Torri Del Benaco, Lac de Garde, Italie - S\u00e9jour Priv\u00e9","isPartOf":{"@id":"https:\/\/www.sejourprive.com\/#website"},"primaryImageOfPage":{"@id":"https:\/\/www.sejourprive.com\/biens\/villa-bardino-torri-del-benaco-lac-de-garde-italie\/#primaryimage"},"image":{"@id":"https:\/\/www.sejourprive.com\/biens\/villa-bardino-torri-del-benaco-lac-de-garde-italie\/#primaryimage"},"thumbnailUrl":"https:\/\/www.sejourprive.com\/wp-content\/uploads\/2026\/03\/0-43.jpg","datePublished":"2026-03-05T16:36:30+00:00","dateModified":"2026-03-06T11:03:49+00:00","description":"Surplombant les eaux sereines du lac de Garde, la Villa Bardino s'impose dans un \u00e9crin de verdure. Son architecture contemporaine offre une vue plongeante","breadcrumb":{"@id":"https:\/\/www.sejourprive.com\/biens\/villa-bardino-torri-del-benaco-lac-de-garde-italie\/#breadcrumb"},"inLanguage":"en-GB","potentialAction":[{"@type":"ReadAction","target":["https:\/\/www.sejourprive.com\/biens\/villa-bardino-torri-del-benaco-lac-de-garde-italie\/"]}]},{"@type":"ImageObject","inLanguage":"en-GB","@id":"https:\/\/www.sejourprive.com\/biens\/villa-bardino-torri-del-benaco-lac-de-garde-italie\/#primaryimage","url":"https:\/\/www.sejourprive.com\/wp-content\/uploads\/2026\/03\/0-43.jpg","contentUrl":"https:\/\/www.sejourprive.com\/wp-content\/uploads\/2026\/03\/0-43.jpg","width":1200,"height":800},{"@type":"BreadcrumbList","@id":"https:\/\/www.sejourprive.com\/biens\/villa-bardino-torri-del-benaco-lac-de-garde-italie\/#breadcrumb","itemListElement":[{"@type":"ListItem","position":1,"name":"Accueil","item":"https:\/\/www.sejourprive.com\/"},{"@type":"ListItem","position":2,"name":"Shop","item":"https:\/\/www.sejourprive.com\/shop\/"},{"@type":"ListItem","position":3,"name":"Villa Bardino, Torri Del Benaco, Lac de Garde, Italie"}]},{"@type":"WebSite","@id":"https:\/\/www.sejourprive.com\/#website","url":"https:\/\/www.sejourprive.com\/","name":"Private Stay","description":"We design exceptional holidays for you.","publisher":{"@id":"https:\/\/www.sejourprive.com\/#organization"},"potentialAction":[{"@type":"SearchAction","target":{"@type":"EntryPoint","urlTemplate":"https:\/\/www.sejourprive.com\/?s={search_term_string}"},"query-input":{"@type":"PropertyValueSpecification","valueRequired":true,"valueName":"search_term_string"}}],"inLanguage":"en-GB"},{"@type":"Organization","@id":"https:\/\/www.sejourprive.com\/#organization","name":"Private Stay","url":"https:\/\/www.sejourprive.com\/","logo":{"@type":"ImageObject","inLanguage":"en-GB","@id":"https:\/\/www.sejourprive.com\/#\/schema\/logo\/image\/","url":"https:\/\/www.sejourprive.com\/wp-content\/uploads\/2026\/02\/SP-Apple-touch-144-couleur-1-2.png","contentUrl":"https:\/\/www.sejourprive.com\/wp-content\/uploads\/2026\/02\/SP-Apple-touch-144-couleur-1-2.png","width":145,"height":145,"caption":"S\u00e9jour Priv\u00e9"},"image":{"@id":"https:\/\/www.sejourprive.com\/#\/schema\/logo\/image\/"}}]}},"_links":{"self":[{"href":"https:\/\/www.sejourprive.com\/en\/wp-json\/wp\/v2\/product\/43087","targetHints":{"allow":["GET"]}}],"collection":[{"href":"https:\/\/www.sejourprive.com\/en\/wp-json\/wp\/v2\/product"}],"about":[{"href":"https:\/\/www.sejourprive.com\/en\/wp-json\/wp\/v2\/types\/product"}],"replies":[{"embeddable":true,"href":"https:\/\/www.sejourprive.com\/en\/wp-json\/wp\/v2\/comments?post=43087"}],"version-history":[{"count":0,"href":"https:\/\/www.sejourprive.com\/en\/wp-json\/wp\/v2\/product\/43087\/revisions"}],"wp:featuredmedia":[{"embeddable":true,"href":"https:\/\/www.sejourprive.com\/en\/wp-json\/wp\/v2\/media\/43140"}],"wp:attachment":[{"href":"https:\/\/www.sejourprive.com\/en\/wp-json\/wp\/v2\/media?parent=43087"}],"wp:term":[{"taxonomy":"product_brand","embeddable":true,"href":"https:\/\/www.sejourprive.com\/en\/wp-json\/wp\/v2\/product_brand?post=43087"},{"taxonomy":"product_cat","embeddable":true,"href":"https:\/\/www.sejourprive.com\/en\/wp-json\/wp\/v2\/product_cat?post=43087"},{"taxonomy":"product_tag","embeddable":true,"href":"https:\/\/www.sejourprive.com\/en\/wp-json\/wp\/v2\/product_tag?post=43087"}],"curies":[{"name":"wp","href":"https:\/\/api.w.org\/{rel}","templated":true}]}}

<p>Surplombant les eaux sereines du lac de Garde, la Villa Bardino s&#8217;impose dans un écrin de verdure. Son architecture contemporaine offre une vue plongeante sur le paysage, créant une atmosphère de calme absolu à quelques pas seulement des rives du lac.</p>
<p><span><div class="read-more-wrapper"><a class="read-more-button" data-target="read-more-69f4dce9efacf" data-more-text="Read more" data-less-text="Read less"><span class="read-more-text">Read more</span></a><div id="read-more-69f4dce9efacf" class="read-more-content"> </span>Au matin, les rayons du soleil filtrent à travers les baies vitrées, invitant à savourer le petit-déjeuner sur la terrasse panoramique. La journée s&#8217;étire doucement, entre baignades dans la piscine à débordement, moments de lecture sous les oliviers, ou apéritifs dans la véranda vitrée. Lorsque la nuit tombe, la lumière transforme la vue en une fresque enchanteresse propice à la détente.</div></div></p>

<p>Surplombant les eaux sereines du lac de Garde, la Villa Bardino s&#8217;impose dans un écrin de verdure. Son architecture contemporaine&#8230;</p>

<!-- This site is optimized with the Yoast SEO plugin v26.6 - https://yoast.com/wordpress/plugins/seo/ -->
<title>Villa Bardino, Torri Del Benaco, Lac de Garde, Italie - Séjour Privé</title>
<meta name="description" content="Surplombant les eaux sereines du lac de Garde, la Villa Bardino s&#039;impose dans un écrin de verdure. Son architecture contemporaine offre une vue plongeante" />
<meta name="robots" content="index, follow, max-snippet:-1, max-image-preview:large, max-video-preview:-1" />
<link rel="canonical" href="https://www.sejourprive.com/en/biens/villa-bardino-torri-del-benaco-lac-de-garde-italie/" />
<meta property="og:locale" content="en_GB" />
<meta property="og:type" content="article" />
<meta property="og:title" content="Villa Bardino, Torri Del Benaco, Lac de Garde, Italie - Séjour Privé" />
<meta property="og:description" content="Surplombant les eaux sereines du lac de Garde, la Villa Bardino s&#039;impose dans un écrin de verdure. Son architecture contemporaine offre une vue plongeante" />
<meta property="og:url" content="https://www.sejourprive.com/en/biens/villa-bardino-torri-del-benaco-lac-de-garde-italie/" />
<meta property="og:site_name" content="Séjour Privé" />
<meta property="article:modified_time" content="2026-03-06T11:03:49+00:00" />
<meta property="og:image" content="https://www.sejourprive.com/wp-content/uploads/2026/03/0-43.jpg" />
	<meta property="og:image:width" content="1200" />
	<meta property="og:image:height" content="800" />
	<meta property="og:image:type" content="image/jpeg" />
<meta name="twitter:card" content="summary_large_image" />
<meta name="twitter:label1" content="Estimated reading time" />
	<meta name="twitter:data1" content="1 minute" />
<script type="application/ld+json" class="yoast-schema-graph">{"@context":"https://schema.org","@graph":[{"@type":"WebPage","@id":"https://www.sejourprive.com/biens/villa-bardino-torri-del-benaco-lac-de-garde-italie/","url":"https://www.sejourprive.com/biens/villa-bardino-torri-del-benaco-lac-de-garde-italie/","name":"Villa Bardino, Torri Del Benaco, Lac de Garde, Italie - Séjour Privé","isPartOf":{"@id":"https://www.sejourprive.com/#website"},"primaryImageOfPage":{"@id":"https://www.sejourprive.com/biens/villa-bardino-torri-del-benaco-lac-de-garde-italie/#primaryimage"},"image":{"@id":"https://www.sejourprive.com/biens/villa-bardino-torri-del-benaco-lac-de-garde-italie/#primaryimage"},"thumbnailUrl":"https://www.sejourprive.com/wp-content/uploads/2026/03/0-43.jpg","datePublished":"2026-03-05T16:36:30+00:00","dateModified":"2026-03-06T11:03:49+00:00","description":"Surplombant les eaux sereines du lac de Garde, la Villa Bardino s'impose dans un écrin de verdure. Son architecture contemporaine offre une vue plongeante","breadcrumb":{"@id":"https://www.sejourprive.com/biens/villa-bardino-torri-del-benaco-lac-de-garde-italie/#breadcrumb"},"inLanguage":"en-GB","potentialAction":[{"@type":"ReadAction","target":["https://www.sejourprive.com/biens/villa-bardino-torri-del-benaco-lac-de-garde-italie/"]}]},{"@type":"ImageObject","inLanguage":"en-GB","@id":"https://www.sejourprive.com/biens/villa-bardino-torri-del-benaco-lac-de-garde-italie/#primaryimage","url":"https://www.sejourprive.com/wp-content/uploads/2026/03/0-43.jpg","contentUrl":"https://www.sejourprive.com/wp-content/uploads/2026/03/0-43.jpg","width":1200,"height":800},{"@type":"BreadcrumbList","@id":"https://www.sejourprive.com/biens/villa-bardino-torri-del-benaco-lac-de-garde-italie/#breadcrumb","itemListElement":[{"@type":"ListItem","position":1,"name":"Accueil","item":"https://www.sejourprive.com/"},{"@type":"ListItem","position":2,"name":"Shop","item":"https://www.sejourprive.com/shop/"},{"@type":"ListItem","position":3,"name":"Villa Bardino, Torri Del Benaco, Lac de Garde, Italie"}]},{"@type":"WebSite","@id":"https://www.sejourprive.com/#website","url":"https://www.sejourprive.com/","name":"Séjour Privé","description":"Nous imaginons pour vous des séjours d’exception.","publisher":{"@id":"https://www.sejourprive.com/#organization"},"potentialAction":[{"@type":"SearchAction","target":{"@type":"EntryPoint","urlTemplate":"https://www.sejourprive.com/?s={search_term_string}"},"query-input":{"@type":"PropertyValueSpecification","valueRequired":true,"valueName":"search_term_string"}}],"inLanguage":"en-GB"},{"@type":"Organization","@id":"https://www.sejourprive.com/#organization","name":"Séjour Privé","url":"https://www.sejourprive.com/","logo":{"@type":"ImageObject","inLanguage":"en-GB","@id":"https://www.sejourprive.com/#/schema/logo/image/","url":"https://www.sejourprive.com/wp-content/uploads/2026/02/SP-Apple-touch-144-couleur-1-2.png","contentUrl":"https://www.sejourprive.com/wp-content/uploads/2026/02/SP-Apple-touch-144-couleur-1-2.png","width":145,"height":145,"caption":"Séjour Privé"},"image":{"@id":"https://www.sejourprive.com/#/schema/logo/image/"}}]}</script>
<!-- / Yoast SEO plugin. -->

Villa Bardino, Torri Del Benaco, Lac de Garde, Italie - Séjour Privé

Surplombant les eaux sereines du lac de Garde, la Villa Bardino s'impose dans un écrin de verdure. Son architecture contemporaine offre une vue plongeante

Séjour Privé
