{"id":42678,"date":"2026-03-05T18:09:34","date_gmt":"2026-03-05T17:09:34","guid":{"rendered":"https:\/\/www.sejourprive.com\/?post_type=product&#038;p=42678"},"modified":"2026-03-05T18:09:34","modified_gmt":"2026-03-05T17:09:34","slug":"villa-lysia-liscia-di-vacca-sardaigne-italie","status":"publish","type":"product","link":"https:\/\/www.sejourprive.com\/en\/biens\/villa-lysia-liscia-di-vacca-sardaigne-italie\/","title":{"rendered":"Villa Lysia, Liscia di Vacca, Sardinia, Italy"},"content":{"rendered":"<p>Cette villa contemporaine en bord de mer se distingue par sa luminosit\u00e9 et ses espaces ouverts, con\u00e7us pour profiter pleinement de la lumi\u00e8re et de l&#8217;horizon. Les terrasses et les jardins s&#8217;ouvrent sur la M\u00e9diterran\u00e9e, offrant des vues apaisantes et un cadre propice \u00e0 la d\u00e9tente, id\u00e9al pour des s\u00e9jours en famille ou entre amis.<br \/>\n<span><div class=\"read-more-wrapper\"><a class=\"read-more-button\" data-target=\"read-more-69f54be21e0fe\" data-more-text=\"Read more\" data-less-text=\"Read less\"><span class=\"read-more-text\">Read more<\/span><\/a><div id=\"read-more-69f54be21e0fe\" class=\"read-more-content\"> <\/span><\/p>\n<p>Les journ\u00e9es s&#8217;organisent naturellement autour de la piscine face \u00e0 la mer, des longs d\u00e9jeuners sur la terrasse et des moments partag\u00e9s dans les espaces ext\u00e9rieurs. Au cr\u00e9puscule, le salon baign\u00e9 de lumi\u00e8re et les terrasses couvertes invitent \u00e0 passer des soir\u00e9es douces et conviviales, tandis que les chambres avec vue sur la mer prolongent cette atmosph\u00e8re de calme et de confort.<\/div><\/div><\/p>","protected":false},"excerpt":{"rendered":"<p>Cette villa contemporaine en bord de mer se distingue par sa luminosit\u00e9 et ses espaces ouverts, con\u00e7us pour profiter pleinement&#8230;<\/p>","protected":false},"featured_media":42731,"comment_status":"open","ping_status":"closed","template":"","meta":{"_acf_changed":false},"product_brand":[],"product_cat":[15],"product_tag":[],"class_list":{"0":"post-42678","1":"product","2":"type-product","3":"status-publish","4":"has-post-thumbnail","6":"product_cat-villa","7":"property_location-italie","8":"property_location-sardaigne","10":"first","11":"instock","12":"sold-individually","13":"shipping-taxable","14":"purchasable","15":"product-type-simple"},"acf":[],"yoast_head":"<!-- This site is optimized with the Yoast SEO plugin v26.6 - https:\/\/yoast.com\/wordpress\/plugins\/seo\/ -->\n<title>Villa Lysia, Liscia di Vacca, Sardaigne, Italie - S\u00e9jour Priv\u00e9<\/title>\n<meta name=\"description\" content=\"Cette villa contemporaine en bord de mer se distingue par sa luminosit\u00e9 et ses espaces ouverts, con\u00e7us pour profiter pleinement de la lumi\u00e8re et de\" \/>\n<meta name=\"robots\" content=\"index, follow, max-snippet:-1, max-image-preview:large, max-video-preview:-1\" \/>\n<link rel=\"canonical\" href=\"https:\/\/www.sejourprive.com\/en\/biens\/villa-lysia-liscia-di-vacca-sardaigne-italie\/\" \/>\n<meta property=\"og:locale\" content=\"en_GB\" \/>\n<meta property=\"og:type\" content=\"article\" \/>\n<meta property=\"og:title\" content=\"Villa Lysia, Liscia di Vacca, Sardaigne, Italie - S\u00e9jour Priv\u00e9\" \/>\n<meta property=\"og:description\" content=\"Cette villa contemporaine en bord de mer se distingue par sa luminosit\u00e9 et ses espaces ouverts, con\u00e7us pour profiter pleinement de la lumi\u00e8re et de\" \/>\n<meta property=\"og:url\" content=\"https:\/\/www.sejourprive.com\/en\/biens\/villa-lysia-liscia-di-vacca-sardaigne-italie\/\" \/>\n<meta property=\"og:site_name\" content=\"S\u00e9jour Priv\u00e9\" \/>\n<meta property=\"og:image\" content=\"https:\/\/www.sejourprive.com\/wp-content\/uploads\/2026\/03\/0-33.jpg\" \/>\n\t<meta property=\"og:image:width\" content=\"1200\" \/>\n\t<meta property=\"og:image:height\" content=\"750\" \/>\n\t<meta property=\"og:image:type\" content=\"image\/jpeg\" \/>\n<meta name=\"twitter:card\" content=\"summary_large_image\" \/>\n<meta name=\"twitter:label1\" content=\"Estimated reading time\" \/>\n\t<meta name=\"twitter:data1\" content=\"1 minute\" \/>\n<script type=\"application\/ld+json\" class=\"yoast-schema-graph\">{\"@context\":\"https:\/\/schema.org\",\"@graph\":[{\"@type\":\"WebPage\",\"@id\":\"https:\/\/www.sejourprive.com\/biens\/villa-lysia-liscia-di-vacca-sardaigne-italie\/\",\"url\":\"https:\/\/www.sejourprive.com\/biens\/villa-lysia-liscia-di-vacca-sardaigne-italie\/\",\"name\":\"Villa Lysia, Liscia di Vacca, Sardaigne, Italie - S\u00e9jour Priv\u00e9\",\"isPartOf\":{\"@id\":\"https:\/\/www.sejourprive.com\/#website\"},\"primaryImageOfPage\":{\"@id\":\"https:\/\/www.sejourprive.com\/biens\/villa-lysia-liscia-di-vacca-sardaigne-italie\/#primaryimage\"},\"image\":{\"@id\":\"https:\/\/www.sejourprive.com\/biens\/villa-lysia-liscia-di-vacca-sardaigne-italie\/#primaryimage\"},\"thumbnailUrl\":\"https:\/\/www.sejourprive.com\/wp-content\/uploads\/2026\/03\/0-33.jpg\",\"datePublished\":\"2026-03-05T17:09:34+00:00\",\"description\":\"Cette villa contemporaine en bord de mer se distingue par sa luminosit\u00e9 et ses espaces ouverts, con\u00e7us pour profiter pleinement de la lumi\u00e8re et de\",\"breadcrumb\":{\"@id\":\"https:\/\/www.sejourprive.com\/biens\/villa-lysia-liscia-di-vacca-sardaigne-italie\/#breadcrumb\"},\"inLanguage\":\"en-GB\",\"potentialAction\":[{\"@type\":\"ReadAction\",\"target\":[\"https:\/\/www.sejourprive.com\/biens\/villa-lysia-liscia-di-vacca-sardaigne-italie\/\"]}]},{\"@type\":\"ImageObject\",\"inLanguage\":\"en-GB\",\"@id\":\"https:\/\/www.sejourprive.com\/biens\/villa-lysia-liscia-di-vacca-sardaigne-italie\/#primaryimage\",\"url\":\"https:\/\/www.sejourprive.com\/wp-content\/uploads\/2026\/03\/0-33.jpg\",\"contentUrl\":\"https:\/\/www.sejourprive.com\/wp-content\/uploads\/2026\/03\/0-33.jpg\",\"width\":1200,\"height\":750},{\"@type\":\"BreadcrumbList\",\"@id\":\"https:\/\/www.sejourprive.com\/biens\/villa-lysia-liscia-di-vacca-sardaigne-italie\/#breadcrumb\",\"itemListElement\":[{\"@type\":\"ListItem\",\"position\":1,\"name\":\"Accueil\",\"item\":\"https:\/\/www.sejourprive.com\/\"},{\"@type\":\"ListItem\",\"position\":2,\"name\":\"Shop\",\"item\":\"https:\/\/www.sejourprive.com\/shop\/\"},{\"@type\":\"ListItem\",\"position\":3,\"name\":\"Villa Lysia, Liscia di Vacca, Sardaigne, Italie\"}]},{\"@type\":\"WebSite\",\"@id\":\"https:\/\/www.sejourprive.com\/#website\",\"url\":\"https:\/\/www.sejourprive.com\/\",\"name\":\"S\u00e9jour Priv\u00e9\",\"description\":\"Nous imaginons pour vous des s\u00e9jours d\u2019exception.\",\"publisher\":{\"@id\":\"https:\/\/www.sejourprive.com\/#organization\"},\"potentialAction\":[{\"@type\":\"SearchAction\",\"target\":{\"@type\":\"EntryPoint\",\"urlTemplate\":\"https:\/\/www.sejourprive.com\/?s={search_term_string}\"},\"query-input\":{\"@type\":\"PropertyValueSpecification\",\"valueRequired\":true,\"valueName\":\"search_term_string\"}}],\"inLanguage\":\"en-GB\"},{\"@type\":\"Organization\",\"@id\":\"https:\/\/www.sejourprive.com\/#organization\",\"name\":\"S\u00e9jour Priv\u00e9\",\"url\":\"https:\/\/www.sejourprive.com\/\",\"logo\":{\"@type\":\"ImageObject\",\"inLanguage\":\"en-GB\",\"@id\":\"https:\/\/www.sejourprive.com\/#\/schema\/logo\/image\/\",\"url\":\"https:\/\/www.sejourprive.com\/wp-content\/uploads\/2026\/02\/SP-Apple-touch-144-couleur-1-2.png\",\"contentUrl\":\"https:\/\/www.sejourprive.com\/wp-content\/uploads\/2026\/02\/SP-Apple-touch-144-couleur-1-2.png\",\"width\":145,\"height\":145,\"caption\":\"S\u00e9jour Priv\u00e9\"},\"image\":{\"@id\":\"https:\/\/www.sejourprive.com\/#\/schema\/logo\/image\/\"}}]}<\/script>\n<!-- \/ Yoast SEO plugin. -->","yoast_head_json":{"title":"Villa Lysia, Liscia di Vacca, Sardaigne, Italie - S\u00e9jour Priv\u00e9","description":"Cette villa contemporaine en bord de mer se distingue par sa luminosit\u00e9 et ses espaces ouverts, con\u00e7us pour profiter pleinement de la lumi\u00e8re et de","robots":{"index":"index","follow":"follow","max-snippet":"max-snippet:-1","max-image-preview":"max-image-preview:large","max-video-preview":"max-video-preview:-1"},"canonical":"https:\/\/www.sejourprive.com\/en\/biens\/villa-lysia-liscia-di-vacca-sardaigne-italie\/","og_locale":"en_GB","og_type":"article","og_title":"Villa Lysia, Liscia di Vacca, Sardaigne, Italie - S\u00e9jour Priv\u00e9","og_description":"Cette villa contemporaine en bord de mer se distingue par sa luminosit\u00e9 et ses espaces ouverts, con\u00e7us pour profiter pleinement de la lumi\u00e8re et de","og_url":"https:\/\/www.sejourprive.com\/en\/biens\/villa-lysia-liscia-di-vacca-sardaigne-italie\/","og_site_name":"S\u00e9jour Priv\u00e9","og_image":[{"width":1200,"height":750,"url":"https:\/\/www.sejourprive.com\/wp-content\/uploads\/2026\/03\/0-33.jpg","type":"image\/jpeg"}],"twitter_card":"summary_large_image","twitter_misc":{"Estimated reading time":"1 minute"},"schema":{"@context":"https:\/\/schema.org","@graph":[{"@type":"WebPage","@id":"https:\/\/www.sejourprive.com\/biens\/villa-lysia-liscia-di-vacca-sardaigne-italie\/","url":"https:\/\/www.sejourprive.com\/biens\/villa-lysia-liscia-di-vacca-sardaigne-italie\/","name":"Villa Lysia, Liscia di Vacca, Sardaigne, Italie - S\u00e9jour Priv\u00e9","isPartOf":{"@id":"https:\/\/www.sejourprive.com\/#website"},"primaryImageOfPage":{"@id":"https:\/\/www.sejourprive.com\/biens\/villa-lysia-liscia-di-vacca-sardaigne-italie\/#primaryimage"},"image":{"@id":"https:\/\/www.sejourprive.com\/biens\/villa-lysia-liscia-di-vacca-sardaigne-italie\/#primaryimage"},"thumbnailUrl":"https:\/\/www.sejourprive.com\/wp-content\/uploads\/2026\/03\/0-33.jpg","datePublished":"2026-03-05T17:09:34+00:00","description":"Cette villa contemporaine en bord de mer se distingue par sa luminosit\u00e9 et ses espaces ouverts, con\u00e7us pour profiter pleinement de la lumi\u00e8re et de","breadcrumb":{"@id":"https:\/\/www.sejourprive.com\/biens\/villa-lysia-liscia-di-vacca-sardaigne-italie\/#breadcrumb"},"inLanguage":"en-GB","potentialAction":[{"@type":"ReadAction","target":["https:\/\/www.sejourprive.com\/biens\/villa-lysia-liscia-di-vacca-sardaigne-italie\/"]}]},{"@type":"ImageObject","inLanguage":"en-GB","@id":"https:\/\/www.sejourprive.com\/biens\/villa-lysia-liscia-di-vacca-sardaigne-italie\/#primaryimage","url":"https:\/\/www.sejourprive.com\/wp-content\/uploads\/2026\/03\/0-33.jpg","contentUrl":"https:\/\/www.sejourprive.com\/wp-content\/uploads\/2026\/03\/0-33.jpg","width":1200,"height":750},{"@type":"BreadcrumbList","@id":"https:\/\/www.sejourprive.com\/biens\/villa-lysia-liscia-di-vacca-sardaigne-italie\/#breadcrumb","itemListElement":[{"@type":"ListItem","position":1,"name":"Accueil","item":"https:\/\/www.sejourprive.com\/"},{"@type":"ListItem","position":2,"name":"Shop","item":"https:\/\/www.sejourprive.com\/shop\/"},{"@type":"ListItem","position":3,"name":"Villa Lysia, Liscia di Vacca, Sardaigne, Italie"}]},{"@type":"WebSite","@id":"https:\/\/www.sejourprive.com\/#website","url":"https:\/\/www.sejourprive.com\/","name":"Private Stay","description":"We design exceptional holidays for you.","publisher":{"@id":"https:\/\/www.sejourprive.com\/#organization"},"potentialAction":[{"@type":"SearchAction","target":{"@type":"EntryPoint","urlTemplate":"https:\/\/www.sejourprive.com\/?s={search_term_string}"},"query-input":{"@type":"PropertyValueSpecification","valueRequired":true,"valueName":"search_term_string"}}],"inLanguage":"en-GB"},{"@type":"Organization","@id":"https:\/\/www.sejourprive.com\/#organization","name":"Private Stay","url":"https:\/\/www.sejourprive.com\/","logo":{"@type":"ImageObject","inLanguage":"en-GB","@id":"https:\/\/www.sejourprive.com\/#\/schema\/logo\/image\/","url":"https:\/\/www.sejourprive.com\/wp-content\/uploads\/2026\/02\/SP-Apple-touch-144-couleur-1-2.png","contentUrl":"https:\/\/www.sejourprive.com\/wp-content\/uploads\/2026\/02\/SP-Apple-touch-144-couleur-1-2.png","width":145,"height":145,"caption":"S\u00e9jour Priv\u00e9"},"image":{"@id":"https:\/\/www.sejourprive.com\/#\/schema\/logo\/image\/"}}]}},"_links":{"self":[{"href":"https:\/\/www.sejourprive.com\/en\/wp-json\/wp\/v2\/product\/42678","targetHints":{"allow":["GET"]}}],"collection":[{"href":"https:\/\/www.sejourprive.com\/en\/wp-json\/wp\/v2\/product"}],"about":[{"href":"https:\/\/www.sejourprive.com\/en\/wp-json\/wp\/v2\/types\/product"}],"replies":[{"embeddable":true,"href":"https:\/\/www.sejourprive.com\/en\/wp-json\/wp\/v2\/comments?post=42678"}],"version-history":[{"count":0,"href":"https:\/\/www.sejourprive.com\/en\/wp-json\/wp\/v2\/product\/42678\/revisions"}],"wp:featuredmedia":[{"embeddable":true,"href":"https:\/\/www.sejourprive.com\/en\/wp-json\/wp\/v2\/media\/42731"}],"wp:attachment":[{"href":"https:\/\/www.sejourprive.com\/en\/wp-json\/wp\/v2\/media?parent=42678"}],"wp:term":[{"taxonomy":"product_brand","embeddable":true,"href":"https:\/\/www.sejourprive.com\/en\/wp-json\/wp\/v2\/product_brand?post=42678"},{"taxonomy":"product_cat","embeddable":true,"href":"https:\/\/www.sejourprive.com\/en\/wp-json\/wp\/v2\/product_cat?post=42678"},{"taxonomy":"product_tag","embeddable":true,"href":"https:\/\/www.sejourprive.com\/en\/wp-json\/wp\/v2\/product_tag?post=42678"}],"curies":[{"name":"wp","href":"https:\/\/api.w.org\/{rel}","templated":true}]}}

<p>Cette villa contemporaine en bord de mer se distingue par sa luminosité et ses espaces ouverts, conçus pour profiter pleinement de la lumière et de l&#8217;horizon. Les terrasses et les jardins s&#8217;ouvrent sur la Méditerranée, offrant des vues apaisantes et un cadre propice à la détente, idéal pour des séjours en famille ou entre amis.<br />
<span><div class="read-more-wrapper"><a class="read-more-button" data-target="read-more-69f54be21e0fe" data-more-text="Read more" data-less-text="Read less"><span class="read-more-text">Read more</span></a><div id="read-more-69f54be21e0fe" class="read-more-content"> </span></p>
<p>Les journées s&#8217;organisent naturellement autour de la piscine face à la mer, des longs déjeuners sur la terrasse et des moments partagés dans les espaces extérieurs. Au crépuscule, le salon baigné de lumière et les terrasses couvertes invitent à passer des soirées douces et conviviales, tandis que les chambres avec vue sur la mer prolongent cette atmosphère de calme et de confort.</div></div></p>

<p>Cette villa contemporaine en bord de mer se distingue par sa luminosité et ses espaces ouverts, conçus pour profiter pleinement&#8230;</p>

<!-- This site is optimized with the Yoast SEO plugin v26.6 - https://yoast.com/wordpress/plugins/seo/ -->
<title>Villa Lysia, Liscia di Vacca, Sardaigne, Italie - Séjour Privé</title>
<meta name="description" content="Cette villa contemporaine en bord de mer se distingue par sa luminosité et ses espaces ouverts, conçus pour profiter pleinement de la lumière et de" />
<meta name="robots" content="index, follow, max-snippet:-1, max-image-preview:large, max-video-preview:-1" />
<link rel="canonical" href="https://www.sejourprive.com/en/biens/villa-lysia-liscia-di-vacca-sardaigne-italie/" />
<meta property="og:locale" content="en_GB" />
<meta property="og:type" content="article" />
<meta property="og:title" content="Villa Lysia, Liscia di Vacca, Sardaigne, Italie - Séjour Privé" />
<meta property="og:description" content="Cette villa contemporaine en bord de mer se distingue par sa luminosité et ses espaces ouverts, conçus pour profiter pleinement de la lumière et de" />
<meta property="og:url" content="https://www.sejourprive.com/en/biens/villa-lysia-liscia-di-vacca-sardaigne-italie/" />
<meta property="og:site_name" content="Séjour Privé" />
<meta property="og:image" content="https://www.sejourprive.com/wp-content/uploads/2026/03/0-33.jpg" />
	<meta property="og:image:width" content="1200" />
	<meta property="og:image:height" content="750" />
	<meta property="og:image:type" content="image/jpeg" />
<meta name="twitter:card" content="summary_large_image" />
<meta name="twitter:label1" content="Estimated reading time" />
	<meta name="twitter:data1" content="1 minute" />
<script type="application/ld+json" class="yoast-schema-graph">{"@context":"https://schema.org","@graph":[{"@type":"WebPage","@id":"https://www.sejourprive.com/biens/villa-lysia-liscia-di-vacca-sardaigne-italie/","url":"https://www.sejourprive.com/biens/villa-lysia-liscia-di-vacca-sardaigne-italie/","name":"Villa Lysia, Liscia di Vacca, Sardaigne, Italie - Séjour Privé","isPartOf":{"@id":"https://www.sejourprive.com/#website"},"primaryImageOfPage":{"@id":"https://www.sejourprive.com/biens/villa-lysia-liscia-di-vacca-sardaigne-italie/#primaryimage"},"image":{"@id":"https://www.sejourprive.com/biens/villa-lysia-liscia-di-vacca-sardaigne-italie/#primaryimage"},"thumbnailUrl":"https://www.sejourprive.com/wp-content/uploads/2026/03/0-33.jpg","datePublished":"2026-03-05T17:09:34+00:00","description":"Cette villa contemporaine en bord de mer se distingue par sa luminosité et ses espaces ouverts, conçus pour profiter pleinement de la lumière et de","breadcrumb":{"@id":"https://www.sejourprive.com/biens/villa-lysia-liscia-di-vacca-sardaigne-italie/#breadcrumb"},"inLanguage":"en-GB","potentialAction":[{"@type":"ReadAction","target":["https://www.sejourprive.com/biens/villa-lysia-liscia-di-vacca-sardaigne-italie/"]}]},{"@type":"ImageObject","inLanguage":"en-GB","@id":"https://www.sejourprive.com/biens/villa-lysia-liscia-di-vacca-sardaigne-italie/#primaryimage","url":"https://www.sejourprive.com/wp-content/uploads/2026/03/0-33.jpg","contentUrl":"https://www.sejourprive.com/wp-content/uploads/2026/03/0-33.jpg","width":1200,"height":750},{"@type":"BreadcrumbList","@id":"https://www.sejourprive.com/biens/villa-lysia-liscia-di-vacca-sardaigne-italie/#breadcrumb","itemListElement":[{"@type":"ListItem","position":1,"name":"Accueil","item":"https://www.sejourprive.com/"},{"@type":"ListItem","position":2,"name":"Shop","item":"https://www.sejourprive.com/shop/"},{"@type":"ListItem","position":3,"name":"Villa Lysia, Liscia di Vacca, Sardaigne, Italie"}]},{"@type":"WebSite","@id":"https://www.sejourprive.com/#website","url":"https://www.sejourprive.com/","name":"Séjour Privé","description":"Nous imaginons pour vous des séjours d’exception.","publisher":{"@id":"https://www.sejourprive.com/#organization"},"potentialAction":[{"@type":"SearchAction","target":{"@type":"EntryPoint","urlTemplate":"https://www.sejourprive.com/?s={search_term_string}"},"query-input":{"@type":"PropertyValueSpecification","valueRequired":true,"valueName":"search_term_string"}}],"inLanguage":"en-GB"},{"@type":"Organization","@id":"https://www.sejourprive.com/#organization","name":"Séjour Privé","url":"https://www.sejourprive.com/","logo":{"@type":"ImageObject","inLanguage":"en-GB","@id":"https://www.sejourprive.com/#/schema/logo/image/","url":"https://www.sejourprive.com/wp-content/uploads/2026/02/SP-Apple-touch-144-couleur-1-2.png","contentUrl":"https://www.sejourprive.com/wp-content/uploads/2026/02/SP-Apple-touch-144-couleur-1-2.png","width":145,"height":145,"caption":"Séjour Privé"},"image":{"@id":"https://www.sejourprive.com/#/schema/logo/image/"}}]}</script>
<!-- / Yoast SEO plugin. -->

Villa Lysia, Liscia di Vacca, Sardaigne, Italie - Séjour Privé

Cette villa contemporaine en bord de mer se distingue par sa luminosité et ses espaces ouverts, conçus pour profiter pleinement de la lumière et de

Séjour Privé
