{"id":42587,"date":"2026-03-05T17:01:18","date_gmt":"2026-03-05T16:01:18","guid":{"rendered":"https:\/\/www.sejourprive.com\/?post_type=product&#038;p=42587"},"modified":"2026-03-05T17:01:18","modified_gmt":"2026-03-05T16:01:18","slug":"villa-delle-rocche-punta-sardegna-sardaigne-italie","status":"publish","type":"product","link":"https:\/\/www.sejourprive.com\/en\/biens\/villa-delle-rocche-punta-sardegna-sardaigne-italie\/","title":{"rendered":"Villa Delle Rocche, Punta Sardegna, Sardinia, Italy"},"content":{"rendered":"<p>Dans une r\u00e9serve naturelle paisible du sud de la Sardaigne, la Villa Delle Rocche s&#8217;int\u00e8gre harmonieusement dans le paysage, nich\u00e9e entre le maquis parfum\u00e9 et la mer scintillante. Loin du bruit du monde, elle offre un cadre intime, parfait pour se reposer et se reconnecter.<br \/>\n<span><div class=\"read-more-wrapper\"><a class=\"read-more-button\" data-target=\"read-more-69f751dddb19e\" data-more-text=\"Read more\" data-less-text=\"Read less\"><span class=\"read-more-text\">Read more<\/span><\/a><div id=\"read-more-69f751dddb19e\" class=\"read-more-content\"> <\/span><\/p>\n<p>Plongez dans l&#8217;eau rafra\u00eechissante d\u00e8s les premi\u00e8res lueurs du jour, puis laissez la matin\u00e9e se d\u00e9rouler lentement dans le jardin, entour\u00e9 du silence et du parfum des figuiers. Partez \u00e0 la d\u00e9couverte des criques voisines ou laissez simplement l&#8217;apr\u00e8s-midi s&#8217;\u00e9couler sous la pergola. \u00c0 la tomb\u00e9e de la nuit, blottissez-vous pr\u00e8s de la chemin\u00e9e, une couverture sur les genoux, tandis que le temps ralentit sous la lueur dor\u00e9e des lampes.<\/div><\/div><\/p>","protected":false},"excerpt":{"rendered":"<p>Dans une r\u00e9serve naturelle paisible du sud de la Sardaigne, la Villa Delle Rocche s&#8217;int\u00e8gre harmonieusement dans le paysage, nich\u00e9e&#8230;<\/p>","protected":false},"featured_media":42650,"comment_status":"open","ping_status":"closed","template":"","meta":{"_acf_changed":false},"product_brand":[],"product_cat":[15],"product_tag":[],"class_list":{"0":"post-42587","1":"product","2":"type-product","3":"status-publish","4":"has-post-thumbnail","6":"product_cat-villa","7":"property_location-italie","8":"property_location-sardaigne","10":"first","11":"instock","12":"sold-individually","13":"shipping-taxable","14":"purchasable","15":"product-type-simple"},"acf":[],"yoast_head":"<!-- This site is optimized with the Yoast SEO plugin v26.6 - https:\/\/yoast.com\/wordpress\/plugins\/seo\/ -->\n<title>Villa Delle Rocche, Punta Sardegna, Sardaigne, Italie - S\u00e9jour Priv\u00e9<\/title>\n<meta name=\"description\" content=\"Dans une r\u00e9serve naturelle paisible du sud de la Sardaigne, la Villa Delle Rocche s&#039;int\u00e8gre harmonieusement dans le paysage, nich\u00e9e entre le maquis\" \/>\n<meta name=\"robots\" content=\"index, follow, max-snippet:-1, max-image-preview:large, max-video-preview:-1\" \/>\n<link rel=\"canonical\" href=\"https:\/\/www.sejourprive.com\/en\/biens\/villa-delle-rocche-punta-sardegna-sardaigne-italie\/\" \/>\n<meta property=\"og:locale\" content=\"en_GB\" \/>\n<meta property=\"og:type\" content=\"article\" \/>\n<meta property=\"og:title\" content=\"Villa Delle Rocche, Punta Sardegna, Sardaigne, Italie - S\u00e9jour Priv\u00e9\" \/>\n<meta property=\"og:description\" content=\"Dans une r\u00e9serve naturelle paisible du sud de la Sardaigne, la Villa Delle Rocche s&#039;int\u00e8gre harmonieusement dans le paysage, nich\u00e9e entre le maquis\" \/>\n<meta property=\"og:url\" content=\"https:\/\/www.sejourprive.com\/en\/biens\/villa-delle-rocche-punta-sardegna-sardaigne-italie\/\" \/>\n<meta property=\"og:site_name\" content=\"S\u00e9jour Priv\u00e9\" \/>\n<meta property=\"og:image\" content=\"https:\/\/www.sejourprive.com\/wp-content\/uploads\/2026\/03\/3-34.jpg\" \/>\n\t<meta property=\"og:image:width\" content=\"1200\" \/>\n\t<meta property=\"og:image:height\" content=\"800\" \/>\n\t<meta property=\"og:image:type\" content=\"image\/jpeg\" \/>\n<meta name=\"twitter:card\" content=\"summary_large_image\" \/>\n<meta name=\"twitter:label1\" content=\"Estimated reading time\" \/>\n\t<meta name=\"twitter:data1\" content=\"1 minute\" \/>\n<script type=\"application\/ld+json\" class=\"yoast-schema-graph\">{\"@context\":\"https:\/\/schema.org\",\"@graph\":[{\"@type\":\"WebPage\",\"@id\":\"https:\/\/www.sejourprive.com\/biens\/villa-delle-rocche-punta-sardegna-sardaigne-italie\/\",\"url\":\"https:\/\/www.sejourprive.com\/biens\/villa-delle-rocche-punta-sardegna-sardaigne-italie\/\",\"name\":\"Villa Delle Rocche, Punta Sardegna, Sardaigne, Italie - S\u00e9jour Priv\u00e9\",\"isPartOf\":{\"@id\":\"https:\/\/www.sejourprive.com\/#website\"},\"primaryImageOfPage\":{\"@id\":\"https:\/\/www.sejourprive.com\/biens\/villa-delle-rocche-punta-sardegna-sardaigne-italie\/#primaryimage\"},\"image\":{\"@id\":\"https:\/\/www.sejourprive.com\/biens\/villa-delle-rocche-punta-sardegna-sardaigne-italie\/#primaryimage\"},\"thumbnailUrl\":\"https:\/\/www.sejourprive.com\/wp-content\/uploads\/2026\/03\/3-34.jpg\",\"datePublished\":\"2026-03-05T16:01:18+00:00\",\"description\":\"Dans une r\u00e9serve naturelle paisible du sud de la Sardaigne, la Villa Delle Rocche s'int\u00e8gre harmonieusement dans le paysage, nich\u00e9e entre le maquis\",\"breadcrumb\":{\"@id\":\"https:\/\/www.sejourprive.com\/biens\/villa-delle-rocche-punta-sardegna-sardaigne-italie\/#breadcrumb\"},\"inLanguage\":\"en-GB\",\"potentialAction\":[{\"@type\":\"ReadAction\",\"target\":[\"https:\/\/www.sejourprive.com\/biens\/villa-delle-rocche-punta-sardegna-sardaigne-italie\/\"]}]},{\"@type\":\"ImageObject\",\"inLanguage\":\"en-GB\",\"@id\":\"https:\/\/www.sejourprive.com\/biens\/villa-delle-rocche-punta-sardegna-sardaigne-italie\/#primaryimage\",\"url\":\"https:\/\/www.sejourprive.com\/wp-content\/uploads\/2026\/03\/3-34.jpg\",\"contentUrl\":\"https:\/\/www.sejourprive.com\/wp-content\/uploads\/2026\/03\/3-34.jpg\",\"width\":1200,\"height\":800},{\"@type\":\"BreadcrumbList\",\"@id\":\"https:\/\/www.sejourprive.com\/biens\/villa-delle-rocche-punta-sardegna-sardaigne-italie\/#breadcrumb\",\"itemListElement\":[{\"@type\":\"ListItem\",\"position\":1,\"name\":\"Accueil\",\"item\":\"https:\/\/www.sejourprive.com\/\"},{\"@type\":\"ListItem\",\"position\":2,\"name\":\"Shop\",\"item\":\"https:\/\/www.sejourprive.com\/shop\/\"},{\"@type\":\"ListItem\",\"position\":3,\"name\":\"Villa Delle Rocche, Punta Sardegna, Sardaigne, Italie\"}]},{\"@type\":\"WebSite\",\"@id\":\"https:\/\/www.sejourprive.com\/#website\",\"url\":\"https:\/\/www.sejourprive.com\/\",\"name\":\"S\u00e9jour Priv\u00e9\",\"description\":\"Nous imaginons pour vous des s\u00e9jours d\u2019exception.\",\"publisher\":{\"@id\":\"https:\/\/www.sejourprive.com\/#organization\"},\"potentialAction\":[{\"@type\":\"SearchAction\",\"target\":{\"@type\":\"EntryPoint\",\"urlTemplate\":\"https:\/\/www.sejourprive.com\/?s={search_term_string}\"},\"query-input\":{\"@type\":\"PropertyValueSpecification\",\"valueRequired\":true,\"valueName\":\"search_term_string\"}}],\"inLanguage\":\"en-GB\"},{\"@type\":\"Organization\",\"@id\":\"https:\/\/www.sejourprive.com\/#organization\",\"name\":\"S\u00e9jour Priv\u00e9\",\"url\":\"https:\/\/www.sejourprive.com\/\",\"logo\":{\"@type\":\"ImageObject\",\"inLanguage\":\"en-GB\",\"@id\":\"https:\/\/www.sejourprive.com\/#\/schema\/logo\/image\/\",\"url\":\"https:\/\/www.sejourprive.com\/wp-content\/uploads\/2026\/02\/SP-Apple-touch-144-couleur-1-2.png\",\"contentUrl\":\"https:\/\/www.sejourprive.com\/wp-content\/uploads\/2026\/02\/SP-Apple-touch-144-couleur-1-2.png\",\"width\":145,\"height\":145,\"caption\":\"S\u00e9jour Priv\u00e9\"},\"image\":{\"@id\":\"https:\/\/www.sejourprive.com\/#\/schema\/logo\/image\/\"}}]}<\/script>\n<!-- \/ Yoast SEO plugin. -->","yoast_head_json":{"title":"Villa Delle Rocche, Punta Sardegna, Sardaigne, Italie - S\u00e9jour Priv\u00e9","description":"Dans une r\u00e9serve naturelle paisible du sud de la Sardaigne, la Villa Delle Rocche s'int\u00e8gre harmonieusement dans le paysage, nich\u00e9e entre le maquis","robots":{"index":"index","follow":"follow","max-snippet":"max-snippet:-1","max-image-preview":"max-image-preview:large","max-video-preview":"max-video-preview:-1"},"canonical":"https:\/\/www.sejourprive.com\/en\/biens\/villa-delle-rocche-punta-sardegna-sardaigne-italie\/","og_locale":"en_GB","og_type":"article","og_title":"Villa Delle Rocche, Punta Sardegna, Sardaigne, Italie - S\u00e9jour Priv\u00e9","og_description":"Dans une r\u00e9serve naturelle paisible du sud de la Sardaigne, la Villa Delle Rocche s'int\u00e8gre harmonieusement dans le paysage, nich\u00e9e entre le maquis","og_url":"https:\/\/www.sejourprive.com\/en\/biens\/villa-delle-rocche-punta-sardegna-sardaigne-italie\/","og_site_name":"S\u00e9jour Priv\u00e9","og_image":[{"width":1200,"height":800,"url":"https:\/\/www.sejourprive.com\/wp-content\/uploads\/2026\/03\/3-34.jpg","type":"image\/jpeg"}],"twitter_card":"summary_large_image","twitter_misc":{"Estimated reading time":"1 minute"},"schema":{"@context":"https:\/\/schema.org","@graph":[{"@type":"WebPage","@id":"https:\/\/www.sejourprive.com\/biens\/villa-delle-rocche-punta-sardegna-sardaigne-italie\/","url":"https:\/\/www.sejourprive.com\/biens\/villa-delle-rocche-punta-sardegna-sardaigne-italie\/","name":"Villa Delle Rocche, Punta Sardegna, Sardaigne, Italie - S\u00e9jour Priv\u00e9","isPartOf":{"@id":"https:\/\/www.sejourprive.com\/#website"},"primaryImageOfPage":{"@id":"https:\/\/www.sejourprive.com\/biens\/villa-delle-rocche-punta-sardegna-sardaigne-italie\/#primaryimage"},"image":{"@id":"https:\/\/www.sejourprive.com\/biens\/villa-delle-rocche-punta-sardegna-sardaigne-italie\/#primaryimage"},"thumbnailUrl":"https:\/\/www.sejourprive.com\/wp-content\/uploads\/2026\/03\/3-34.jpg","datePublished":"2026-03-05T16:01:18+00:00","description":"Dans une r\u00e9serve naturelle paisible du sud de la Sardaigne, la Villa Delle Rocche s'int\u00e8gre harmonieusement dans le paysage, nich\u00e9e entre le maquis","breadcrumb":{"@id":"https:\/\/www.sejourprive.com\/biens\/villa-delle-rocche-punta-sardegna-sardaigne-italie\/#breadcrumb"},"inLanguage":"en-GB","potentialAction":[{"@type":"ReadAction","target":["https:\/\/www.sejourprive.com\/biens\/villa-delle-rocche-punta-sardegna-sardaigne-italie\/"]}]},{"@type":"ImageObject","inLanguage":"en-GB","@id":"https:\/\/www.sejourprive.com\/biens\/villa-delle-rocche-punta-sardegna-sardaigne-italie\/#primaryimage","url":"https:\/\/www.sejourprive.com\/wp-content\/uploads\/2026\/03\/3-34.jpg","contentUrl":"https:\/\/www.sejourprive.com\/wp-content\/uploads\/2026\/03\/3-34.jpg","width":1200,"height":800},{"@type":"BreadcrumbList","@id":"https:\/\/www.sejourprive.com\/biens\/villa-delle-rocche-punta-sardegna-sardaigne-italie\/#breadcrumb","itemListElement":[{"@type":"ListItem","position":1,"name":"Accueil","item":"https:\/\/www.sejourprive.com\/"},{"@type":"ListItem","position":2,"name":"Shop","item":"https:\/\/www.sejourprive.com\/shop\/"},{"@type":"ListItem","position":3,"name":"Villa Delle Rocche, Punta Sardegna, Sardaigne, Italie"}]},{"@type":"WebSite","@id":"https:\/\/www.sejourprive.com\/#website","url":"https:\/\/www.sejourprive.com\/","name":"Private Stay","description":"We design exceptional holidays for you.","publisher":{"@id":"https:\/\/www.sejourprive.com\/#organization"},"potentialAction":[{"@type":"SearchAction","target":{"@type":"EntryPoint","urlTemplate":"https:\/\/www.sejourprive.com\/?s={search_term_string}"},"query-input":{"@type":"PropertyValueSpecification","valueRequired":true,"valueName":"search_term_string"}}],"inLanguage":"en-GB"},{"@type":"Organization","@id":"https:\/\/www.sejourprive.com\/#organization","name":"Private Stay","url":"https:\/\/www.sejourprive.com\/","logo":{"@type":"ImageObject","inLanguage":"en-GB","@id":"https:\/\/www.sejourprive.com\/#\/schema\/logo\/image\/","url":"https:\/\/www.sejourprive.com\/wp-content\/uploads\/2026\/02\/SP-Apple-touch-144-couleur-1-2.png","contentUrl":"https:\/\/www.sejourprive.com\/wp-content\/uploads\/2026\/02\/SP-Apple-touch-144-couleur-1-2.png","width":145,"height":145,"caption":"S\u00e9jour Priv\u00e9"},"image":{"@id":"https:\/\/www.sejourprive.com\/#\/schema\/logo\/image\/"}}]}},"_links":{"self":[{"href":"https:\/\/www.sejourprive.com\/en\/wp-json\/wp\/v2\/product\/42587","targetHints":{"allow":["GET"]}}],"collection":[{"href":"https:\/\/www.sejourprive.com\/en\/wp-json\/wp\/v2\/product"}],"about":[{"href":"https:\/\/www.sejourprive.com\/en\/wp-json\/wp\/v2\/types\/product"}],"replies":[{"embeddable":true,"href":"https:\/\/www.sejourprive.com\/en\/wp-json\/wp\/v2\/comments?post=42587"}],"version-history":[{"count":0,"href":"https:\/\/www.sejourprive.com\/en\/wp-json\/wp\/v2\/product\/42587\/revisions"}],"wp:featuredmedia":[{"embeddable":true,"href":"https:\/\/www.sejourprive.com\/en\/wp-json\/wp\/v2\/media\/42650"}],"wp:attachment":[{"href":"https:\/\/www.sejourprive.com\/en\/wp-json\/wp\/v2\/media?parent=42587"}],"wp:term":[{"taxonomy":"product_brand","embeddable":true,"href":"https:\/\/www.sejourprive.com\/en\/wp-json\/wp\/v2\/product_brand?post=42587"},{"taxonomy":"product_cat","embeddable":true,"href":"https:\/\/www.sejourprive.com\/en\/wp-json\/wp\/v2\/product_cat?post=42587"},{"taxonomy":"product_tag","embeddable":true,"href":"https:\/\/www.sejourprive.com\/en\/wp-json\/wp\/v2\/product_tag?post=42587"}],"curies":[{"name":"wp","href":"https:\/\/api.w.org\/{rel}","templated":true}]}}

<p>Dans une réserve naturelle paisible du sud de la Sardaigne, la Villa Delle Rocche s&#8217;intègre harmonieusement dans le paysage, nichée entre le maquis parfumé et la mer scintillante. Loin du bruit du monde, elle offre un cadre intime, parfait pour se reposer et se reconnecter.<br />
<span><div class="read-more-wrapper"><a class="read-more-button" data-target="read-more-69f751dddb19e" data-more-text="Read more" data-less-text="Read less"><span class="read-more-text">Read more</span></a><div id="read-more-69f751dddb19e" class="read-more-content"> </span></p>
<p>Plongez dans l&#8217;eau rafraîchissante dès les premières lueurs du jour, puis laissez la matinée se dérouler lentement dans le jardin, entouré du silence et du parfum des figuiers. Partez à la découverte des criques voisines ou laissez simplement l&#8217;après-midi s&#8217;écouler sous la pergola. À la tombée de la nuit, blottissez-vous près de la cheminée, une couverture sur les genoux, tandis que le temps ralentit sous la lueur dorée des lampes.</div></div></p>

<p>Dans une réserve naturelle paisible du sud de la Sardaigne, la Villa Delle Rocche s&#8217;intègre harmonieusement dans le paysage, nichée&#8230;</p>

<!-- This site is optimized with the Yoast SEO plugin v26.6 - https://yoast.com/wordpress/plugins/seo/ -->
<title>Villa Delle Rocche, Punta Sardegna, Sardaigne, Italie - Séjour Privé</title>
<meta name="description" content="Dans une réserve naturelle paisible du sud de la Sardaigne, la Villa Delle Rocche s&#039;intègre harmonieusement dans le paysage, nichée entre le maquis" />
<meta name="robots" content="index, follow, max-snippet:-1, max-image-preview:large, max-video-preview:-1" />
<link rel="canonical" href="https://www.sejourprive.com/en/biens/villa-delle-rocche-punta-sardegna-sardaigne-italie/" />
<meta property="og:locale" content="en_GB" />
<meta property="og:type" content="article" />
<meta property="og:title" content="Villa Delle Rocche, Punta Sardegna, Sardaigne, Italie - Séjour Privé" />
<meta property="og:description" content="Dans une réserve naturelle paisible du sud de la Sardaigne, la Villa Delle Rocche s&#039;intègre harmonieusement dans le paysage, nichée entre le maquis" />
<meta property="og:url" content="https://www.sejourprive.com/en/biens/villa-delle-rocche-punta-sardegna-sardaigne-italie/" />
<meta property="og:site_name" content="Séjour Privé" />
<meta property="og:image" content="https://www.sejourprive.com/wp-content/uploads/2026/03/3-34.jpg" />
	<meta property="og:image:width" content="1200" />
	<meta property="og:image:height" content="800" />
	<meta property="og:image:type" content="image/jpeg" />
<meta name="twitter:card" content="summary_large_image" />
<meta name="twitter:label1" content="Estimated reading time" />
	<meta name="twitter:data1" content="1 minute" />
<script type="application/ld+json" class="yoast-schema-graph">{"@context":"https://schema.org","@graph":[{"@type":"WebPage","@id":"https://www.sejourprive.com/biens/villa-delle-rocche-punta-sardegna-sardaigne-italie/","url":"https://www.sejourprive.com/biens/villa-delle-rocche-punta-sardegna-sardaigne-italie/","name":"Villa Delle Rocche, Punta Sardegna, Sardaigne, Italie - Séjour Privé","isPartOf":{"@id":"https://www.sejourprive.com/#website"},"primaryImageOfPage":{"@id":"https://www.sejourprive.com/biens/villa-delle-rocche-punta-sardegna-sardaigne-italie/#primaryimage"},"image":{"@id":"https://www.sejourprive.com/biens/villa-delle-rocche-punta-sardegna-sardaigne-italie/#primaryimage"},"thumbnailUrl":"https://www.sejourprive.com/wp-content/uploads/2026/03/3-34.jpg","datePublished":"2026-03-05T16:01:18+00:00","description":"Dans une réserve naturelle paisible du sud de la Sardaigne, la Villa Delle Rocche s'intègre harmonieusement dans le paysage, nichée entre le maquis","breadcrumb":{"@id":"https://www.sejourprive.com/biens/villa-delle-rocche-punta-sardegna-sardaigne-italie/#breadcrumb"},"inLanguage":"en-GB","potentialAction":[{"@type":"ReadAction","target":["https://www.sejourprive.com/biens/villa-delle-rocche-punta-sardegna-sardaigne-italie/"]}]},{"@type":"ImageObject","inLanguage":"en-GB","@id":"https://www.sejourprive.com/biens/villa-delle-rocche-punta-sardegna-sardaigne-italie/#primaryimage","url":"https://www.sejourprive.com/wp-content/uploads/2026/03/3-34.jpg","contentUrl":"https://www.sejourprive.com/wp-content/uploads/2026/03/3-34.jpg","width":1200,"height":800},{"@type":"BreadcrumbList","@id":"https://www.sejourprive.com/biens/villa-delle-rocche-punta-sardegna-sardaigne-italie/#breadcrumb","itemListElement":[{"@type":"ListItem","position":1,"name":"Accueil","item":"https://www.sejourprive.com/"},{"@type":"ListItem","position":2,"name":"Shop","item":"https://www.sejourprive.com/shop/"},{"@type":"ListItem","position":3,"name":"Villa Delle Rocche, Punta Sardegna, Sardaigne, Italie"}]},{"@type":"WebSite","@id":"https://www.sejourprive.com/#website","url":"https://www.sejourprive.com/","name":"Séjour Privé","description":"Nous imaginons pour vous des séjours d’exception.","publisher":{"@id":"https://www.sejourprive.com/#organization"},"potentialAction":[{"@type":"SearchAction","target":{"@type":"EntryPoint","urlTemplate":"https://www.sejourprive.com/?s={search_term_string}"},"query-input":{"@type":"PropertyValueSpecification","valueRequired":true,"valueName":"search_term_string"}}],"inLanguage":"en-GB"},{"@type":"Organization","@id":"https://www.sejourprive.com/#organization","name":"Séjour Privé","url":"https://www.sejourprive.com/","logo":{"@type":"ImageObject","inLanguage":"en-GB","@id":"https://www.sejourprive.com/#/schema/logo/image/","url":"https://www.sejourprive.com/wp-content/uploads/2026/02/SP-Apple-touch-144-couleur-1-2.png","contentUrl":"https://www.sejourprive.com/wp-content/uploads/2026/02/SP-Apple-touch-144-couleur-1-2.png","width":145,"height":145,"caption":"Séjour Privé"},"image":{"@id":"https://www.sejourprive.com/#/schema/logo/image/"}}]}</script>
<!-- / Yoast SEO plugin. -->

Villa Delle Rocche, Punta Sardegna, Sardaigne, Italie - Séjour Privé

Dans une réserve naturelle paisible du sud de la Sardaigne, la Villa Delle Rocche s'intègre harmonieusement dans le paysage, nichée entre le maquis

Séjour Privé
