{"id":34597,"date":"2026-02-20T16:38:17","date_gmt":"2026-02-20T15:38:17","guid":{"rendered":"https:\/\/www.sejourprive.com\/?post_type=product&#038;p=34597"},"modified":"2026-02-20T16:38:17","modified_gmt":"2026-02-20T15:38:17","slug":"villa-celeste-ibiza-iles-baleares-espagne","status":"publish","type":"product","link":"https:\/\/www.sejourprive.com\/en\/biens\/villa-celeste-ibiza-iles-baleares-espagne\/","title":{"rendered":"Villa C\u00e9leste, Ibiza, Balearic Islands, Spain"},"content":{"rendered":"<p>La Villa Celeste pr\u00e9sente un style moderne \u00e9tonnant, tr\u00e8s bien adapt\u00e9 \u00e0 son emplacement \u00e0 Roca Llisa, \u00e0 seulement 200 m\u00e8tres de la mer. La Villa est immerg\u00e9e dans des vues sur la mer, embrassant la piscine \u00e0 d\u00e9bordement et les multiples espaces de d\u00e9tente. Imaginez vous r\u00e9veiller et descendre prendre votre petit-d\u00e9jeuner sur la terrasse, fa\u00e7ade \u00e0 la mer \u00e9tincelante en direction de Formentera. L\u2019architecture ouverte et spacieuse de la villa, et sa multitude de baies vitr\u00e9es, laissent entrer la lumi\u00e8re du soleil, cr\u00e9ant une atmosph\u00e8re lumineuse et a\u00e9rienne.<\/p>\n<p><span><div class=\"read-more-wrapper\"><a class=\"read-more-button\" data-target=\"read-more-69f48bb48c358\" data-more-text=\"Read more\" data-less-text=\"Read less\"><span class=\"read-more-text\">Read more<\/span><\/a><div id=\"read-more-69f48bb48c358\" class=\"read-more-content\"> <\/span>Entour\u00e9e par la nature, la Villa Celeste cr\u00e9e une atmosph\u00e8re magique sur les c\u00f4tes d&#8217;Ibiza. Le style contemporain et \u00e9l\u00e9gant de sa d\u00e9coration int\u00e9rieure met en valeur la splendeur de la Villa Celeste. La maison d&#8217;h\u00f4tes offre plus d&#8217;intimit\u00e9 et de vie priv\u00e9e gr\u00e2ce \u00e0 ses normes de luxe \u00e9lev\u00e9es et \u00e0 son design harmonieux. En partageant cette agr\u00e9able villa avec vos proches, vous vivrez une exp\u00e9rience inoubliable.<\/div><\/div><\/p>","protected":false},"excerpt":{"rendered":"<p>La Villa Celeste pr\u00e9sente un style moderne \u00e9tonnant, tr\u00e8s bien adapt\u00e9 \u00e0 son emplacement \u00e0 Roca Llisa, \u00e0 seulement 200&#8230;<\/p>","protected":false},"featured_media":34681,"comment_status":"open","ping_status":"closed","template":"","meta":{"_acf_changed":false},"product_brand":[],"product_cat":[15],"product_tag":[],"class_list":{"0":"post-34597","1":"product","2":"type-product","3":"status-publish","4":"has-post-thumbnail","6":"product_cat-villa","7":"property_location-espagne","8":"property_location-ibiza","10":"first","11":"instock","12":"sold-individually","13":"shipping-taxable","14":"purchasable","15":"product-type-simple"},"acf":[],"yoast_head":"<!-- This site is optimized with the Yoast SEO plugin v26.6 - https:\/\/yoast.com\/wordpress\/plugins\/seo\/ -->\n<title>Villa C\u00e9leste, Ibiza, \u00celes Bal\u00e9ares, Espagne - S\u00e9jour Priv\u00e9<\/title>\n<meta name=\"description\" content=\"La Villa Celeste pr\u00e9sente un style moderne \u00e9tonnant, tr\u00e8s bien adapt\u00e9 \u00e0 son emplacement \u00e0 Roca Llisa, \u00e0 seulement 200 m\u00e8tres de la mer. La Villa est\" \/>\n<meta name=\"robots\" content=\"index, follow, max-snippet:-1, max-image-preview:large, max-video-preview:-1\" \/>\n<link rel=\"canonical\" href=\"https:\/\/www.sejourprive.com\/en\/biens\/villa-celeste-ibiza-iles-baleares-espagne\/\" \/>\n<meta property=\"og:locale\" content=\"en_GB\" \/>\n<meta property=\"og:type\" content=\"article\" \/>\n<meta property=\"og:title\" content=\"Villa C\u00e9leste, Ibiza, \u00celes Bal\u00e9ares, Espagne - S\u00e9jour Priv\u00e9\" \/>\n<meta property=\"og:description\" content=\"La Villa Celeste pr\u00e9sente un style moderne \u00e9tonnant, tr\u00e8s bien adapt\u00e9 \u00e0 son emplacement \u00e0 Roca Llisa, \u00e0 seulement 200 m\u00e8tres de la mer. La Villa est\" \/>\n<meta property=\"og:url\" content=\"https:\/\/www.sejourprive.com\/en\/biens\/villa-celeste-ibiza-iles-baleares-espagne\/\" \/>\n<meta property=\"og:site_name\" content=\"S\u00e9jour Priv\u00e9\" \/>\n<meta property=\"og:image\" content=\"https:\/\/www.sejourprive.com\/wp-content\/uploads\/2026\/02\/1-107.jpg\" \/>\n\t<meta property=\"og:image:width\" content=\"1200\" \/>\n\t<meta property=\"og:image:height\" content=\"801\" \/>\n\t<meta property=\"og:image:type\" content=\"image\/jpeg\" \/>\n<meta name=\"twitter:card\" content=\"summary_large_image\" \/>\n<meta name=\"twitter:label1\" content=\"Estimated reading time\" \/>\n\t<meta name=\"twitter:data1\" content=\"2 minutes\" \/>\n<script type=\"application\/ld+json\" class=\"yoast-schema-graph\">{\"@context\":\"https:\/\/schema.org\",\"@graph\":[{\"@type\":\"WebPage\",\"@id\":\"https:\/\/www.sejourprive.com\/biens\/villa-celeste-ibiza-iles-baleares-espagne\/\",\"url\":\"https:\/\/www.sejourprive.com\/biens\/villa-celeste-ibiza-iles-baleares-espagne\/\",\"name\":\"Villa C\u00e9leste, Ibiza, \u00celes Bal\u00e9ares, Espagne - S\u00e9jour Priv\u00e9\",\"isPartOf\":{\"@id\":\"https:\/\/www.sejourprive.com\/#website\"},\"primaryImageOfPage\":{\"@id\":\"https:\/\/www.sejourprive.com\/biens\/villa-celeste-ibiza-iles-baleares-espagne\/#primaryimage\"},\"image\":{\"@id\":\"https:\/\/www.sejourprive.com\/biens\/villa-celeste-ibiza-iles-baleares-espagne\/#primaryimage\"},\"thumbnailUrl\":\"https:\/\/www.sejourprive.com\/wp-content\/uploads\/2026\/02\/1-107.jpg\",\"datePublished\":\"2026-02-20T15:38:17+00:00\",\"description\":\"La Villa Celeste pr\u00e9sente un style moderne \u00e9tonnant, tr\u00e8s bien adapt\u00e9 \u00e0 son emplacement \u00e0 Roca Llisa, \u00e0 seulement 200 m\u00e8tres de la mer. La Villa est\",\"breadcrumb\":{\"@id\":\"https:\/\/www.sejourprive.com\/biens\/villa-celeste-ibiza-iles-baleares-espagne\/#breadcrumb\"},\"inLanguage\":\"en-GB\",\"potentialAction\":[{\"@type\":\"ReadAction\",\"target\":[\"https:\/\/www.sejourprive.com\/biens\/villa-celeste-ibiza-iles-baleares-espagne\/\"]}]},{\"@type\":\"ImageObject\",\"inLanguage\":\"en-GB\",\"@id\":\"https:\/\/www.sejourprive.com\/biens\/villa-celeste-ibiza-iles-baleares-espagne\/#primaryimage\",\"url\":\"https:\/\/www.sejourprive.com\/wp-content\/uploads\/2026\/02\/1-107.jpg\",\"contentUrl\":\"https:\/\/www.sejourprive.com\/wp-content\/uploads\/2026\/02\/1-107.jpg\",\"width\":1200,\"height\":801},{\"@type\":\"BreadcrumbList\",\"@id\":\"https:\/\/www.sejourprive.com\/biens\/villa-celeste-ibiza-iles-baleares-espagne\/#breadcrumb\",\"itemListElement\":[{\"@type\":\"ListItem\",\"position\":1,\"name\":\"Accueil\",\"item\":\"https:\/\/www.sejourprive.com\/\"},{\"@type\":\"ListItem\",\"position\":2,\"name\":\"Shop\",\"item\":\"https:\/\/www.sejourprive.com\/shop\/\"},{\"@type\":\"ListItem\",\"position\":3,\"name\":\"Villa C\u00e9leste, Ibiza, \u00celes Bal\u00e9ares, Espagne\"}]},{\"@type\":\"WebSite\",\"@id\":\"https:\/\/www.sejourprive.com\/#website\",\"url\":\"https:\/\/www.sejourprive.com\/\",\"name\":\"S\u00e9jour Priv\u00e9\",\"description\":\"Nous imaginons pour vous des s\u00e9jours d\u2019exception.\",\"publisher\":{\"@id\":\"https:\/\/www.sejourprive.com\/#organization\"},\"potentialAction\":[{\"@type\":\"SearchAction\",\"target\":{\"@type\":\"EntryPoint\",\"urlTemplate\":\"https:\/\/www.sejourprive.com\/?s={search_term_string}\"},\"query-input\":{\"@type\":\"PropertyValueSpecification\",\"valueRequired\":true,\"valueName\":\"search_term_string\"}}],\"inLanguage\":\"en-GB\"},{\"@type\":\"Organization\",\"@id\":\"https:\/\/www.sejourprive.com\/#organization\",\"name\":\"S\u00e9jour Priv\u00e9\",\"url\":\"https:\/\/www.sejourprive.com\/\",\"logo\":{\"@type\":\"ImageObject\",\"inLanguage\":\"en-GB\",\"@id\":\"https:\/\/www.sejourprive.com\/#\/schema\/logo\/image\/\",\"url\":\"https:\/\/www.sejourprive.com\/wp-content\/uploads\/2026\/02\/SP-Apple-touch-144-couleur-1-2.png\",\"contentUrl\":\"https:\/\/www.sejourprive.com\/wp-content\/uploads\/2026\/02\/SP-Apple-touch-144-couleur-1-2.png\",\"width\":145,\"height\":145,\"caption\":\"S\u00e9jour Priv\u00e9\"},\"image\":{\"@id\":\"https:\/\/www.sejourprive.com\/#\/schema\/logo\/image\/\"}}]}<\/script>\n<!-- \/ Yoast SEO plugin. -->","yoast_head_json":{"title":"Villa C\u00e9leste, Ibiza, \u00celes Bal\u00e9ares, Espagne - S\u00e9jour Priv\u00e9","description":"La Villa Celeste pr\u00e9sente un style moderne \u00e9tonnant, tr\u00e8s bien adapt\u00e9 \u00e0 son emplacement \u00e0 Roca Llisa, \u00e0 seulement 200 m\u00e8tres de la mer. La Villa est","robots":{"index":"index","follow":"follow","max-snippet":"max-snippet:-1","max-image-preview":"max-image-preview:large","max-video-preview":"max-video-preview:-1"},"canonical":"https:\/\/www.sejourprive.com\/en\/biens\/villa-celeste-ibiza-iles-baleares-espagne\/","og_locale":"en_GB","og_type":"article","og_title":"Villa C\u00e9leste, Ibiza, \u00celes Bal\u00e9ares, Espagne - S\u00e9jour Priv\u00e9","og_description":"La Villa Celeste pr\u00e9sente un style moderne \u00e9tonnant, tr\u00e8s bien adapt\u00e9 \u00e0 son emplacement \u00e0 Roca Llisa, \u00e0 seulement 200 m\u00e8tres de la mer. La Villa est","og_url":"https:\/\/www.sejourprive.com\/en\/biens\/villa-celeste-ibiza-iles-baleares-espagne\/","og_site_name":"S\u00e9jour Priv\u00e9","og_image":[{"width":1200,"height":801,"url":"https:\/\/www.sejourprive.com\/wp-content\/uploads\/2026\/02\/1-107.jpg","type":"image\/jpeg"}],"twitter_card":"summary_large_image","twitter_misc":{"Estimated reading time":"2 minutes"},"schema":{"@context":"https:\/\/schema.org","@graph":[{"@type":"WebPage","@id":"https:\/\/www.sejourprive.com\/biens\/villa-celeste-ibiza-iles-baleares-espagne\/","url":"https:\/\/www.sejourprive.com\/biens\/villa-celeste-ibiza-iles-baleares-espagne\/","name":"Villa C\u00e9leste, Ibiza, \u00celes Bal\u00e9ares, Espagne - S\u00e9jour Priv\u00e9","isPartOf":{"@id":"https:\/\/www.sejourprive.com\/#website"},"primaryImageOfPage":{"@id":"https:\/\/www.sejourprive.com\/biens\/villa-celeste-ibiza-iles-baleares-espagne\/#primaryimage"},"image":{"@id":"https:\/\/www.sejourprive.com\/biens\/villa-celeste-ibiza-iles-baleares-espagne\/#primaryimage"},"thumbnailUrl":"https:\/\/www.sejourprive.com\/wp-content\/uploads\/2026\/02\/1-107.jpg","datePublished":"2026-02-20T15:38:17+00:00","description":"La Villa Celeste pr\u00e9sente un style moderne \u00e9tonnant, tr\u00e8s bien adapt\u00e9 \u00e0 son emplacement \u00e0 Roca Llisa, \u00e0 seulement 200 m\u00e8tres de la mer. La Villa est","breadcrumb":{"@id":"https:\/\/www.sejourprive.com\/biens\/villa-celeste-ibiza-iles-baleares-espagne\/#breadcrumb"},"inLanguage":"en-GB","potentialAction":[{"@type":"ReadAction","target":["https:\/\/www.sejourprive.com\/biens\/villa-celeste-ibiza-iles-baleares-espagne\/"]}]},{"@type":"ImageObject","inLanguage":"en-GB","@id":"https:\/\/www.sejourprive.com\/biens\/villa-celeste-ibiza-iles-baleares-espagne\/#primaryimage","url":"https:\/\/www.sejourprive.com\/wp-content\/uploads\/2026\/02\/1-107.jpg","contentUrl":"https:\/\/www.sejourprive.com\/wp-content\/uploads\/2026\/02\/1-107.jpg","width":1200,"height":801},{"@type":"BreadcrumbList","@id":"https:\/\/www.sejourprive.com\/biens\/villa-celeste-ibiza-iles-baleares-espagne\/#breadcrumb","itemListElement":[{"@type":"ListItem","position":1,"name":"Accueil","item":"https:\/\/www.sejourprive.com\/"},{"@type":"ListItem","position":2,"name":"Shop","item":"https:\/\/www.sejourprive.com\/shop\/"},{"@type":"ListItem","position":3,"name":"Villa C\u00e9leste, Ibiza, \u00celes Bal\u00e9ares, Espagne"}]},{"@type":"WebSite","@id":"https:\/\/www.sejourprive.com\/#website","url":"https:\/\/www.sejourprive.com\/","name":"Private Stay","description":"We design exceptional holidays for you.","publisher":{"@id":"https:\/\/www.sejourprive.com\/#organization"},"potentialAction":[{"@type":"SearchAction","target":{"@type":"EntryPoint","urlTemplate":"https:\/\/www.sejourprive.com\/?s={search_term_string}"},"query-input":{"@type":"PropertyValueSpecification","valueRequired":true,"valueName":"search_term_string"}}],"inLanguage":"en-GB"},{"@type":"Organization","@id":"https:\/\/www.sejourprive.com\/#organization","name":"Private Stay","url":"https:\/\/www.sejourprive.com\/","logo":{"@type":"ImageObject","inLanguage":"en-GB","@id":"https:\/\/www.sejourprive.com\/#\/schema\/logo\/image\/","url":"https:\/\/www.sejourprive.com\/wp-content\/uploads\/2026\/02\/SP-Apple-touch-144-couleur-1-2.png","contentUrl":"https:\/\/www.sejourprive.com\/wp-content\/uploads\/2026\/02\/SP-Apple-touch-144-couleur-1-2.png","width":145,"height":145,"caption":"S\u00e9jour Priv\u00e9"},"image":{"@id":"https:\/\/www.sejourprive.com\/#\/schema\/logo\/image\/"}}]}},"_links":{"self":[{"href":"https:\/\/www.sejourprive.com\/en\/wp-json\/wp\/v2\/product\/34597","targetHints":{"allow":["GET"]}}],"collection":[{"href":"https:\/\/www.sejourprive.com\/en\/wp-json\/wp\/v2\/product"}],"about":[{"href":"https:\/\/www.sejourprive.com\/en\/wp-json\/wp\/v2\/types\/product"}],"replies":[{"embeddable":true,"href":"https:\/\/www.sejourprive.com\/en\/wp-json\/wp\/v2\/comments?post=34597"}],"version-history":[{"count":0,"href":"https:\/\/www.sejourprive.com\/en\/wp-json\/wp\/v2\/product\/34597\/revisions"}],"wp:featuredmedia":[{"embeddable":true,"href":"https:\/\/www.sejourprive.com\/en\/wp-json\/wp\/v2\/media\/34681"}],"wp:attachment":[{"href":"https:\/\/www.sejourprive.com\/en\/wp-json\/wp\/v2\/media?parent=34597"}],"wp:term":[{"taxonomy":"product_brand","embeddable":true,"href":"https:\/\/www.sejourprive.com\/en\/wp-json\/wp\/v2\/product_brand?post=34597"},{"taxonomy":"product_cat","embeddable":true,"href":"https:\/\/www.sejourprive.com\/en\/wp-json\/wp\/v2\/product_cat?post=34597"},{"taxonomy":"product_tag","embeddable":true,"href":"https:\/\/www.sejourprive.com\/en\/wp-json\/wp\/v2\/product_tag?post=34597"}],"curies":[{"name":"wp","href":"https:\/\/api.w.org\/{rel}","templated":true}]}}

Villa Céleste, Ibiza, Balearic Islands, Spain

<p>La Villa Celeste présente un style moderne étonnant, très bien adapté à son emplacement à Roca Llisa, à seulement 200 mètres de la mer. La Villa est immergée dans des vues sur la mer, embrassant la piscine à débordement et les multiples espaces de détente. Imaginez vous réveiller et descendre prendre votre petit-déjeuner sur la terrasse, façade à la mer étincelante en direction de Formentera. L’architecture ouverte et spacieuse de la villa, et sa multitude de baies vitrées, laissent entrer la lumière du soleil, créant une atmosphère lumineuse et aérienne.</p>
<p><span><div class="read-more-wrapper"><a class="read-more-button" data-target="read-more-69f48bb48c358" data-more-text="Read more" data-less-text="Read less"><span class="read-more-text">Read more</span></a><div id="read-more-69f48bb48c358" class="read-more-content"> </span>Entourée par la nature, la Villa Celeste crée une atmosphère magique sur les côtes d&#8217;Ibiza. Le style contemporain et élégant de sa décoration intérieure met en valeur la splendeur de la Villa Celeste. La maison d&#8217;hôtes offre plus d&#8217;intimité et de vie privée grâce à ses normes de luxe élevées et à son design harmonieux. En partageant cette agréable villa avec vos proches, vous vivrez une expérience inoubliable.</div></div></p>

<p>La Villa Celeste présente un style moderne étonnant, très bien adapté à son emplacement à Roca Llisa, à seulement 200&#8230;</p>

<!-- This site is optimized with the Yoast SEO plugin v26.6 - https://yoast.com/wordpress/plugins/seo/ -->
<title>Villa Céleste, Ibiza, Îles Baléares, Espagne - Séjour Privé</title>
<meta name="description" content="La Villa Celeste présente un style moderne étonnant, très bien adapté à son emplacement à Roca Llisa, à seulement 200 mètres de la mer. La Villa est" />
<meta name="robots" content="index, follow, max-snippet:-1, max-image-preview:large, max-video-preview:-1" />
<link rel="canonical" href="https://www.sejourprive.com/en/biens/villa-celeste-ibiza-iles-baleares-espagne/" />
<meta property="og:locale" content="en_GB" />
<meta property="og:type" content="article" />
<meta property="og:title" content="Villa Céleste, Ibiza, Îles Baléares, Espagne - Séjour Privé" />
<meta property="og:description" content="La Villa Celeste présente un style moderne étonnant, très bien adapté à son emplacement à Roca Llisa, à seulement 200 mètres de la mer. La Villa est" />
<meta property="og:url" content="https://www.sejourprive.com/en/biens/villa-celeste-ibiza-iles-baleares-espagne/" />
<meta property="og:site_name" content="Séjour Privé" />
<meta property="og:image" content="https://www.sejourprive.com/wp-content/uploads/2026/02/1-107.jpg" />
	<meta property="og:image:width" content="1200" />
	<meta property="og:image:height" content="801" />
	<meta property="og:image:type" content="image/jpeg" />
<meta name="twitter:card" content="summary_large_image" />
<meta name="twitter:label1" content="Estimated reading time" />
	<meta name="twitter:data1" content="2 minutes" />
<script type="application/ld+json" class="yoast-schema-graph">{"@context":"https://schema.org","@graph":[{"@type":"WebPage","@id":"https://www.sejourprive.com/biens/villa-celeste-ibiza-iles-baleares-espagne/","url":"https://www.sejourprive.com/biens/villa-celeste-ibiza-iles-baleares-espagne/","name":"Villa Céleste, Ibiza, Îles Baléares, Espagne - Séjour Privé","isPartOf":{"@id":"https://www.sejourprive.com/#website"},"primaryImageOfPage":{"@id":"https://www.sejourprive.com/biens/villa-celeste-ibiza-iles-baleares-espagne/#primaryimage"},"image":{"@id":"https://www.sejourprive.com/biens/villa-celeste-ibiza-iles-baleares-espagne/#primaryimage"},"thumbnailUrl":"https://www.sejourprive.com/wp-content/uploads/2026/02/1-107.jpg","datePublished":"2026-02-20T15:38:17+00:00","description":"La Villa Celeste présente un style moderne étonnant, très bien adapté à son emplacement à Roca Llisa, à seulement 200 mètres de la mer. La Villa est","breadcrumb":{"@id":"https://www.sejourprive.com/biens/villa-celeste-ibiza-iles-baleares-espagne/#breadcrumb"},"inLanguage":"en-GB","potentialAction":[{"@type":"ReadAction","target":["https://www.sejourprive.com/biens/villa-celeste-ibiza-iles-baleares-espagne/"]}]},{"@type":"ImageObject","inLanguage":"en-GB","@id":"https://www.sejourprive.com/biens/villa-celeste-ibiza-iles-baleares-espagne/#primaryimage","url":"https://www.sejourprive.com/wp-content/uploads/2026/02/1-107.jpg","contentUrl":"https://www.sejourprive.com/wp-content/uploads/2026/02/1-107.jpg","width":1200,"height":801},{"@type":"BreadcrumbList","@id":"https://www.sejourprive.com/biens/villa-celeste-ibiza-iles-baleares-espagne/#breadcrumb","itemListElement":[{"@type":"ListItem","position":1,"name":"Accueil","item":"https://www.sejourprive.com/"},{"@type":"ListItem","position":2,"name":"Shop","item":"https://www.sejourprive.com/shop/"},{"@type":"ListItem","position":3,"name":"Villa Céleste, Ibiza, Îles Baléares, Espagne"}]},{"@type":"WebSite","@id":"https://www.sejourprive.com/#website","url":"https://www.sejourprive.com/","name":"Séjour Privé","description":"Nous imaginons pour vous des séjours d’exception.","publisher":{"@id":"https://www.sejourprive.com/#organization"},"potentialAction":[{"@type":"SearchAction","target":{"@type":"EntryPoint","urlTemplate":"https://www.sejourprive.com/?s={search_term_string}"},"query-input":{"@type":"PropertyValueSpecification","valueRequired":true,"valueName":"search_term_string"}}],"inLanguage":"en-GB"},{"@type":"Organization","@id":"https://www.sejourprive.com/#organization","name":"Séjour Privé","url":"https://www.sejourprive.com/","logo":{"@type":"ImageObject","inLanguage":"en-GB","@id":"https://www.sejourprive.com/#/schema/logo/image/","url":"https://www.sejourprive.com/wp-content/uploads/2026/02/SP-Apple-touch-144-couleur-1-2.png","contentUrl":"https://www.sejourprive.com/wp-content/uploads/2026/02/SP-Apple-touch-144-couleur-1-2.png","width":145,"height":145,"caption":"Séjour Privé"},"image":{"@id":"https://www.sejourprive.com/#/schema/logo/image/"}}]}</script>
<!-- / Yoast SEO plugin. -->

Villa Céleste, Ibiza, Îles Baléares, Espagne - Séjour Privé

La Villa Celeste présente un style moderne étonnant, très bien adapté à son emplacement à Roca Llisa, à seulement 200 mètres de la mer. La Villa est

Séjour Privé

Villa Céleste, Ibiza, Îles Baléares, Espagne
