{"id":33366,"date":"2026-02-19T16:00:54","date_gmt":"2026-02-19T15:00:54","guid":{"rendered":"https:\/\/www.sejourprive.com\/?post_type=product&#038;p=33366"},"modified":"2026-02-19T16:00:55","modified_gmt":"2026-02-19T15:00:55","slug":"villa-rovira-ibiza-iles-baleares-espagne","status":"publish","type":"product","link":"https:\/\/www.sejourprive.com\/en\/biens\/villa-rovira-ibiza-iles-baleares-espagne\/","title":{"rendered":"Villa Rovira, Ibiza, Balearic Islands, Spain"},"content":{"rendered":"<p>\u00c0 quelques minutes seulement des c\u00f4tes turquoise de Cala Conta et \u00e0 une minute des sables dor\u00e9s de Cala Bassa, cette villa est un joyau cach\u00e9 o\u00f9 le design contemporain \u00e9pur\u00e9 rencontre la beaut\u00e9 sauvage des paysages d&#8217;Ibiza. Les baies vitr\u00e9es du sol au plafond inondent les int\u00e9rieurs de lumi\u00e8re naturelle, mettant en valeur les lignes architecturales \u00e9pur\u00e9es et la d\u00e9coration raffin\u00e9e qui allie \u00e9l\u00e9gance moderne et atmosph\u00e8re chaleureuse et accueillante.<\/p>\n<p><span><div class=\"read-more-wrapper\"><a class=\"read-more-button\" data-target=\"read-more-69f088a5440f3\" data-more-text=\"Read more\" data-less-text=\"Read less\"><span class=\"read-more-text\">Read more<\/span><\/a><div id=\"read-more-69f088a5440f3\" class=\"read-more-content\"> <\/span><br \/>\n\u00c0 l&#8217;ext\u00e9rieur, le jardin paysager de la villa devient un havre de loisirs et de nature. Suivez un charmant sentier bord\u00e9 d&#8217;oliviers pour d\u00e9couvrir un potager tranquille, parfait pour ceux qui appr\u00e9cient la vie biologique. Les amateurs de sport appr\u00e9cieront le terrain de volley-ball priv\u00e9, id\u00e9al pour des matchs amicaux sous le soleil.<\/p>\n<p>Commencez votre journ\u00e9e par une baignade dans la piscine, puis d\u00e9tendez-vous sur la grande terrasse ensoleill\u00e9e ou savourez un repas en plein air dans la salle \u00e0 manger ombrag\u00e9e, pr\u00e9par\u00e9 dans la cuisine ext\u00e9rieure enti\u00e8rement \u00e9quip\u00e9e. Au coucher du soleil, retrouvez-vous dans les \u00e9l\u00e9gants espaces de vie ou partez \u00e0 la d\u00e9couverte de la vie nocturne anim\u00e9e d&#8217;Ibiza, sachant que votre havre de paix n&#8217;est qu&#8217;\u00e0 quelques minutes en voiture.<\/div><\/div><\/p>","protected":false},"excerpt":{"rendered":"<p>\u00c0 quelques minutes seulement des c\u00f4tes turquoise de Cala Conta et \u00e0 une minute des sables dor\u00e9s de Cala Bassa,&#8230;<\/p>","protected":false},"featured_media":33447,"comment_status":"open","ping_status":"closed","template":"","meta":{"_acf_changed":false},"product_brand":[],"product_cat":[15],"product_tag":[],"class_list":{"0":"post-33366","1":"product","2":"type-product","3":"status-publish","4":"has-post-thumbnail","6":"product_cat-villa","7":"property_location-espagne","8":"property_location-ibiza","10":"first","11":"instock","12":"sold-individually","13":"shipping-taxable","14":"purchasable","15":"product-type-simple"},"acf":[],"yoast_head":"<!-- This site is optimized with the Yoast SEO plugin v26.6 - https:\/\/yoast.com\/wordpress\/plugins\/seo\/ -->\n<title>Villa Rovira, Ibiza, \u00celes Bal\u00e9ares, Espagne - S\u00e9jour Priv\u00e9<\/title>\n<meta name=\"description\" content=\"\u00c0 quelques minutes seulement des c\u00f4tes turquoise de Cala Conta et \u00e0 une minute des sables dor\u00e9s de Cala Bassa, cette villa est un joyau cach\u00e9 o\u00f9 le design\" \/>\n<meta name=\"robots\" content=\"index, follow, max-snippet:-1, max-image-preview:large, max-video-preview:-1\" \/>\n<link rel=\"canonical\" href=\"https:\/\/www.sejourprive.com\/en\/biens\/villa-rovira-ibiza-iles-baleares-espagne\/\" \/>\n<meta property=\"og:locale\" content=\"en_GB\" \/>\n<meta property=\"og:type\" content=\"article\" \/>\n<meta property=\"og:title\" content=\"Villa Rovira, Ibiza, \u00celes Bal\u00e9ares, Espagne - S\u00e9jour Priv\u00e9\" \/>\n<meta property=\"og:description\" content=\"\u00c0 quelques minutes seulement des c\u00f4tes turquoise de Cala Conta et \u00e0 une minute des sables dor\u00e9s de Cala Bassa, cette villa est un joyau cach\u00e9 o\u00f9 le design\" \/>\n<meta property=\"og:url\" content=\"https:\/\/www.sejourprive.com\/en\/biens\/villa-rovira-ibiza-iles-baleares-espagne\/\" \/>\n<meta property=\"og:site_name\" content=\"S\u00e9jour Priv\u00e9\" \/>\n<meta property=\"article:modified_time\" content=\"2026-02-19T15:00:55+00:00\" \/>\n<meta property=\"og:image\" content=\"https:\/\/www.sejourprive.com\/wp-content\/uploads\/2026\/02\/1-92.jpg\" \/>\n\t<meta property=\"og:image:width\" content=\"1200\" \/>\n\t<meta property=\"og:image:height\" content=\"900\" \/>\n\t<meta property=\"og:image:type\" content=\"image\/jpeg\" \/>\n<meta name=\"twitter:card\" content=\"summary_large_image\" \/>\n<meta name=\"twitter:label1\" content=\"Estimated reading time\" \/>\n\t<meta name=\"twitter:data1\" content=\"2 minutes\" \/>\n<script type=\"application\/ld+json\" class=\"yoast-schema-graph\">{\"@context\":\"https:\/\/schema.org\",\"@graph\":[{\"@type\":\"WebPage\",\"@id\":\"https:\/\/www.sejourprive.com\/biens\/villa-rovira-ibiza-iles-baleares-espagne\/\",\"url\":\"https:\/\/www.sejourprive.com\/biens\/villa-rovira-ibiza-iles-baleares-espagne\/\",\"name\":\"Villa Rovira, Ibiza, \u00celes Bal\u00e9ares, Espagne - S\u00e9jour Priv\u00e9\",\"isPartOf\":{\"@id\":\"https:\/\/www.sejourprive.com\/#website\"},\"primaryImageOfPage\":{\"@id\":\"https:\/\/www.sejourprive.com\/biens\/villa-rovira-ibiza-iles-baleares-espagne\/#primaryimage\"},\"image\":{\"@id\":\"https:\/\/www.sejourprive.com\/biens\/villa-rovira-ibiza-iles-baleares-espagne\/#primaryimage\"},\"thumbnailUrl\":\"https:\/\/www.sejourprive.com\/wp-content\/uploads\/2026\/02\/1-92.jpg\",\"datePublished\":\"2026-02-19T15:00:54+00:00\",\"dateModified\":\"2026-02-19T15:00:55+00:00\",\"description\":\"\u00c0 quelques minutes seulement des c\u00f4tes turquoise de Cala Conta et \u00e0 une minute des sables dor\u00e9s de Cala Bassa, cette villa est un joyau cach\u00e9 o\u00f9 le design\",\"breadcrumb\":{\"@id\":\"https:\/\/www.sejourprive.com\/biens\/villa-rovira-ibiza-iles-baleares-espagne\/#breadcrumb\"},\"inLanguage\":\"en-GB\",\"potentialAction\":[{\"@type\":\"ReadAction\",\"target\":[\"https:\/\/www.sejourprive.com\/biens\/villa-rovira-ibiza-iles-baleares-espagne\/\"]}]},{\"@type\":\"ImageObject\",\"inLanguage\":\"en-GB\",\"@id\":\"https:\/\/www.sejourprive.com\/biens\/villa-rovira-ibiza-iles-baleares-espagne\/#primaryimage\",\"url\":\"https:\/\/www.sejourprive.com\/wp-content\/uploads\/2026\/02\/1-92.jpg\",\"contentUrl\":\"https:\/\/www.sejourprive.com\/wp-content\/uploads\/2026\/02\/1-92.jpg\",\"width\":1200,\"height\":900},{\"@type\":\"BreadcrumbList\",\"@id\":\"https:\/\/www.sejourprive.com\/biens\/villa-rovira-ibiza-iles-baleares-espagne\/#breadcrumb\",\"itemListElement\":[{\"@type\":\"ListItem\",\"position\":1,\"name\":\"Accueil\",\"item\":\"https:\/\/www.sejourprive.com\/\"},{\"@type\":\"ListItem\",\"position\":2,\"name\":\"Shop\",\"item\":\"https:\/\/www.sejourprive.com\/shop\/\"},{\"@type\":\"ListItem\",\"position\":3,\"name\":\"Villa Rovira, Ibiza, \u00celes Bal\u00e9ares, Espagne\"}]},{\"@type\":\"WebSite\",\"@id\":\"https:\/\/www.sejourprive.com\/#website\",\"url\":\"https:\/\/www.sejourprive.com\/\",\"name\":\"S\u00e9jour Priv\u00e9\",\"description\":\"Nous imaginons pour vous des s\u00e9jours d\u2019exception.\",\"publisher\":{\"@id\":\"https:\/\/www.sejourprive.com\/#organization\"},\"potentialAction\":[{\"@type\":\"SearchAction\",\"target\":{\"@type\":\"EntryPoint\",\"urlTemplate\":\"https:\/\/www.sejourprive.com\/?s={search_term_string}\"},\"query-input\":{\"@type\":\"PropertyValueSpecification\",\"valueRequired\":true,\"valueName\":\"search_term_string\"}}],\"inLanguage\":\"en-GB\"},{\"@type\":\"Organization\",\"@id\":\"https:\/\/www.sejourprive.com\/#organization\",\"name\":\"S\u00e9jour Priv\u00e9\",\"url\":\"https:\/\/www.sejourprive.com\/\",\"logo\":{\"@type\":\"ImageObject\",\"inLanguage\":\"en-GB\",\"@id\":\"https:\/\/www.sejourprive.com\/#\/schema\/logo\/image\/\",\"url\":\"https:\/\/www.sejourprive.com\/wp-content\/uploads\/2026\/02\/SP-Apple-touch-144-couleur-1-2.png\",\"contentUrl\":\"https:\/\/www.sejourprive.com\/wp-content\/uploads\/2026\/02\/SP-Apple-touch-144-couleur-1-2.png\",\"width\":145,\"height\":145,\"caption\":\"S\u00e9jour Priv\u00e9\"},\"image\":{\"@id\":\"https:\/\/www.sejourprive.com\/#\/schema\/logo\/image\/\"}}]}<\/script>\n<!-- \/ Yoast SEO plugin. -->","yoast_head_json":{"title":"Villa Rovira, Ibiza, \u00celes Bal\u00e9ares, Espagne - S\u00e9jour Priv\u00e9","description":"\u00c0 quelques minutes seulement des c\u00f4tes turquoise de Cala Conta et \u00e0 une minute des sables dor\u00e9s de Cala Bassa, cette villa est un joyau cach\u00e9 o\u00f9 le design","robots":{"index":"index","follow":"follow","max-snippet":"max-snippet:-1","max-image-preview":"max-image-preview:large","max-video-preview":"max-video-preview:-1"},"canonical":"https:\/\/www.sejourprive.com\/en\/biens\/villa-rovira-ibiza-iles-baleares-espagne\/","og_locale":"en_GB","og_type":"article","og_title":"Villa Rovira, Ibiza, \u00celes Bal\u00e9ares, Espagne - S\u00e9jour Priv\u00e9","og_description":"\u00c0 quelques minutes seulement des c\u00f4tes turquoise de Cala Conta et \u00e0 une minute des sables dor\u00e9s de Cala Bassa, cette villa est un joyau cach\u00e9 o\u00f9 le design","og_url":"https:\/\/www.sejourprive.com\/en\/biens\/villa-rovira-ibiza-iles-baleares-espagne\/","og_site_name":"S\u00e9jour Priv\u00e9","article_modified_time":"2026-02-19T15:00:55+00:00","og_image":[{"width":1200,"height":900,"url":"https:\/\/www.sejourprive.com\/wp-content\/uploads\/2026\/02\/1-92.jpg","type":"image\/jpeg"}],"twitter_card":"summary_large_image","twitter_misc":{"Estimated reading time":"2 minutes"},"schema":{"@context":"https:\/\/schema.org","@graph":[{"@type":"WebPage","@id":"https:\/\/www.sejourprive.com\/biens\/villa-rovira-ibiza-iles-baleares-espagne\/","url":"https:\/\/www.sejourprive.com\/biens\/villa-rovira-ibiza-iles-baleares-espagne\/","name":"Villa Rovira, Ibiza, \u00celes Bal\u00e9ares, Espagne - S\u00e9jour Priv\u00e9","isPartOf":{"@id":"https:\/\/www.sejourprive.com\/#website"},"primaryImageOfPage":{"@id":"https:\/\/www.sejourprive.com\/biens\/villa-rovira-ibiza-iles-baleares-espagne\/#primaryimage"},"image":{"@id":"https:\/\/www.sejourprive.com\/biens\/villa-rovira-ibiza-iles-baleares-espagne\/#primaryimage"},"thumbnailUrl":"https:\/\/www.sejourprive.com\/wp-content\/uploads\/2026\/02\/1-92.jpg","datePublished":"2026-02-19T15:00:54+00:00","dateModified":"2026-02-19T15:00:55+00:00","description":"\u00c0 quelques minutes seulement des c\u00f4tes turquoise de Cala Conta et \u00e0 une minute des sables dor\u00e9s de Cala Bassa, cette villa est un joyau cach\u00e9 o\u00f9 le design","breadcrumb":{"@id":"https:\/\/www.sejourprive.com\/biens\/villa-rovira-ibiza-iles-baleares-espagne\/#breadcrumb"},"inLanguage":"en-GB","potentialAction":[{"@type":"ReadAction","target":["https:\/\/www.sejourprive.com\/biens\/villa-rovira-ibiza-iles-baleares-espagne\/"]}]},{"@type":"ImageObject","inLanguage":"en-GB","@id":"https:\/\/www.sejourprive.com\/biens\/villa-rovira-ibiza-iles-baleares-espagne\/#primaryimage","url":"https:\/\/www.sejourprive.com\/wp-content\/uploads\/2026\/02\/1-92.jpg","contentUrl":"https:\/\/www.sejourprive.com\/wp-content\/uploads\/2026\/02\/1-92.jpg","width":1200,"height":900},{"@type":"BreadcrumbList","@id":"https:\/\/www.sejourprive.com\/biens\/villa-rovira-ibiza-iles-baleares-espagne\/#breadcrumb","itemListElement":[{"@type":"ListItem","position":1,"name":"Accueil","item":"https:\/\/www.sejourprive.com\/"},{"@type":"ListItem","position":2,"name":"Shop","item":"https:\/\/www.sejourprive.com\/shop\/"},{"@type":"ListItem","position":3,"name":"Villa Rovira, Ibiza, \u00celes Bal\u00e9ares, Espagne"}]},{"@type":"WebSite","@id":"https:\/\/www.sejourprive.com\/#website","url":"https:\/\/www.sejourprive.com\/","name":"Private Stay","description":"We design exceptional holidays for you.","publisher":{"@id":"https:\/\/www.sejourprive.com\/#organization"},"potentialAction":[{"@type":"SearchAction","target":{"@type":"EntryPoint","urlTemplate":"https:\/\/www.sejourprive.com\/?s={search_term_string}"},"query-input":{"@type":"PropertyValueSpecification","valueRequired":true,"valueName":"search_term_string"}}],"inLanguage":"en-GB"},{"@type":"Organization","@id":"https:\/\/www.sejourprive.com\/#organization","name":"Private Stay","url":"https:\/\/www.sejourprive.com\/","logo":{"@type":"ImageObject","inLanguage":"en-GB","@id":"https:\/\/www.sejourprive.com\/#\/schema\/logo\/image\/","url":"https:\/\/www.sejourprive.com\/wp-content\/uploads\/2026\/02\/SP-Apple-touch-144-couleur-1-2.png","contentUrl":"https:\/\/www.sejourprive.com\/wp-content\/uploads\/2026\/02\/SP-Apple-touch-144-couleur-1-2.png","width":145,"height":145,"caption":"S\u00e9jour Priv\u00e9"},"image":{"@id":"https:\/\/www.sejourprive.com\/#\/schema\/logo\/image\/"}}]}},"_links":{"self":[{"href":"https:\/\/www.sejourprive.com\/en\/wp-json\/wp\/v2\/product\/33366","targetHints":{"allow":["GET"]}}],"collection":[{"href":"https:\/\/www.sejourprive.com\/en\/wp-json\/wp\/v2\/product"}],"about":[{"href":"https:\/\/www.sejourprive.com\/en\/wp-json\/wp\/v2\/types\/product"}],"replies":[{"embeddable":true,"href":"https:\/\/www.sejourprive.com\/en\/wp-json\/wp\/v2\/comments?post=33366"}],"version-history":[{"count":0,"href":"https:\/\/www.sejourprive.com\/en\/wp-json\/wp\/v2\/product\/33366\/revisions"}],"wp:featuredmedia":[{"embeddable":true,"href":"https:\/\/www.sejourprive.com\/en\/wp-json\/wp\/v2\/media\/33447"}],"wp:attachment":[{"href":"https:\/\/www.sejourprive.com\/en\/wp-json\/wp\/v2\/media?parent=33366"}],"wp:term":[{"taxonomy":"product_brand","embeddable":true,"href":"https:\/\/www.sejourprive.com\/en\/wp-json\/wp\/v2\/product_brand?post=33366"},{"taxonomy":"product_cat","embeddable":true,"href":"https:\/\/www.sejourprive.com\/en\/wp-json\/wp\/v2\/product_cat?post=33366"},{"taxonomy":"product_tag","embeddable":true,"href":"https:\/\/www.sejourprive.com\/en\/wp-json\/wp\/v2\/product_tag?post=33366"}],"curies":[{"name":"wp","href":"https:\/\/api.w.org\/{rel}","templated":true}]}}

<p>À quelques minutes seulement des côtes turquoise de Cala Conta et à une minute des sables dorés de Cala Bassa, cette villa est un joyau caché où le design contemporain épuré rencontre la beauté sauvage des paysages d&#8217;Ibiza. Les baies vitrées du sol au plafond inondent les intérieurs de lumière naturelle, mettant en valeur les lignes architecturales épurées et la décoration raffinée qui allie élégance moderne et atmosphère chaleureuse et accueillante.</p>
<p><span><div class="read-more-wrapper"><a class="read-more-button" data-target="read-more-69f088a5440f3" data-more-text="Read more" data-less-text="Read less"><span class="read-more-text">Read more</span></a><div id="read-more-69f088a5440f3" class="read-more-content"> </span><br />
À l&#8217;extérieur, le jardin paysager de la villa devient un havre de loisirs et de nature. Suivez un charmant sentier bordé d&#8217;oliviers pour découvrir un potager tranquille, parfait pour ceux qui apprécient la vie biologique. Les amateurs de sport apprécieront le terrain de volley-ball privé, idéal pour des matchs amicaux sous le soleil.</p>
<p>Commencez votre journée par une baignade dans la piscine, puis détendez-vous sur la grande terrasse ensoleillée ou savourez un repas en plein air dans la salle à manger ombragée, préparé dans la cuisine extérieure entièrement équipée. Au coucher du soleil, retrouvez-vous dans les élégants espaces de vie ou partez à la découverte de la vie nocturne animée d&#8217;Ibiza, sachant que votre havre de paix n&#8217;est qu&#8217;à quelques minutes en voiture.</div></div></p>

<p>À quelques minutes seulement des côtes turquoise de Cala Conta et à une minute des sables dorés de Cala Bassa,&#8230;</p>

<!-- This site is optimized with the Yoast SEO plugin v26.6 - https://yoast.com/wordpress/plugins/seo/ -->
<title>Villa Rovira, Ibiza, Îles Baléares, Espagne - Séjour Privé</title>
<meta name="description" content="À quelques minutes seulement des côtes turquoise de Cala Conta et à une minute des sables dorés de Cala Bassa, cette villa est un joyau caché où le design" />
<meta name="robots" content="index, follow, max-snippet:-1, max-image-preview:large, max-video-preview:-1" />
<link rel="canonical" href="https://www.sejourprive.com/en/biens/villa-rovira-ibiza-iles-baleares-espagne/" />
<meta property="og:locale" content="en_GB" />
<meta property="og:type" content="article" />
<meta property="og:title" content="Villa Rovira, Ibiza, Îles Baléares, Espagne - Séjour Privé" />
<meta property="og:description" content="À quelques minutes seulement des côtes turquoise de Cala Conta et à une minute des sables dorés de Cala Bassa, cette villa est un joyau caché où le design" />
<meta property="og:url" content="https://www.sejourprive.com/en/biens/villa-rovira-ibiza-iles-baleares-espagne/" />
<meta property="og:site_name" content="Séjour Privé" />
<meta property="article:modified_time" content="2026-02-19T15:00:55+00:00" />
<meta property="og:image" content="https://www.sejourprive.com/wp-content/uploads/2026/02/1-92.jpg" />
	<meta property="og:image:width" content="1200" />
	<meta property="og:image:height" content="900" />
	<meta property="og:image:type" content="image/jpeg" />
<meta name="twitter:card" content="summary_large_image" />
<meta name="twitter:label1" content="Estimated reading time" />
	<meta name="twitter:data1" content="2 minutes" />
<script type="application/ld+json" class="yoast-schema-graph">{"@context":"https://schema.org","@graph":[{"@type":"WebPage","@id":"https://www.sejourprive.com/biens/villa-rovira-ibiza-iles-baleares-espagne/","url":"https://www.sejourprive.com/biens/villa-rovira-ibiza-iles-baleares-espagne/","name":"Villa Rovira, Ibiza, Îles Baléares, Espagne - Séjour Privé","isPartOf":{"@id":"https://www.sejourprive.com/#website"},"primaryImageOfPage":{"@id":"https://www.sejourprive.com/biens/villa-rovira-ibiza-iles-baleares-espagne/#primaryimage"},"image":{"@id":"https://www.sejourprive.com/biens/villa-rovira-ibiza-iles-baleares-espagne/#primaryimage"},"thumbnailUrl":"https://www.sejourprive.com/wp-content/uploads/2026/02/1-92.jpg","datePublished":"2026-02-19T15:00:54+00:00","dateModified":"2026-02-19T15:00:55+00:00","description":"À quelques minutes seulement des côtes turquoise de Cala Conta et à une minute des sables dorés de Cala Bassa, cette villa est un joyau caché où le design","breadcrumb":{"@id":"https://www.sejourprive.com/biens/villa-rovira-ibiza-iles-baleares-espagne/#breadcrumb"},"inLanguage":"en-GB","potentialAction":[{"@type":"ReadAction","target":["https://www.sejourprive.com/biens/villa-rovira-ibiza-iles-baleares-espagne/"]}]},{"@type":"ImageObject","inLanguage":"en-GB","@id":"https://www.sejourprive.com/biens/villa-rovira-ibiza-iles-baleares-espagne/#primaryimage","url":"https://www.sejourprive.com/wp-content/uploads/2026/02/1-92.jpg","contentUrl":"https://www.sejourprive.com/wp-content/uploads/2026/02/1-92.jpg","width":1200,"height":900},{"@type":"BreadcrumbList","@id":"https://www.sejourprive.com/biens/villa-rovira-ibiza-iles-baleares-espagne/#breadcrumb","itemListElement":[{"@type":"ListItem","position":1,"name":"Accueil","item":"https://www.sejourprive.com/"},{"@type":"ListItem","position":2,"name":"Shop","item":"https://www.sejourprive.com/shop/"},{"@type":"ListItem","position":3,"name":"Villa Rovira, Ibiza, Îles Baléares, Espagne"}]},{"@type":"WebSite","@id":"https://www.sejourprive.com/#website","url":"https://www.sejourprive.com/","name":"Séjour Privé","description":"Nous imaginons pour vous des séjours d’exception.","publisher":{"@id":"https://www.sejourprive.com/#organization"},"potentialAction":[{"@type":"SearchAction","target":{"@type":"EntryPoint","urlTemplate":"https://www.sejourprive.com/?s={search_term_string}"},"query-input":{"@type":"PropertyValueSpecification","valueRequired":true,"valueName":"search_term_string"}}],"inLanguage":"en-GB"},{"@type":"Organization","@id":"https://www.sejourprive.com/#organization","name":"Séjour Privé","url":"https://www.sejourprive.com/","logo":{"@type":"ImageObject","inLanguage":"en-GB","@id":"https://www.sejourprive.com/#/schema/logo/image/","url":"https://www.sejourprive.com/wp-content/uploads/2026/02/SP-Apple-touch-144-couleur-1-2.png","contentUrl":"https://www.sejourprive.com/wp-content/uploads/2026/02/SP-Apple-touch-144-couleur-1-2.png","width":145,"height":145,"caption":"Séjour Privé"},"image":{"@id":"https://www.sejourprive.com/#/schema/logo/image/"}}]}</script>
<!-- / Yoast SEO plugin. -->

Villa Rovira, Ibiza, Îles Baléares, Espagne - Séjour Privé

À quelques minutes seulement des côtes turquoise de Cala Conta et à une minute des sables dorés de Cala Bassa, cette villa est un joyau caché où le design

Séjour Privé

Villa Rovira, Ibiza, Îles Baléares, Espagne
