{"id":32837,"date":"2026-02-19T15:35:25","date_gmt":"2026-02-19T14:35:25","guid":{"rendered":"https:\/\/www.sejourprive.com\/?post_type=product&#038;p=32837"},"modified":"2026-02-19T15:35:25","modified_gmt":"2026-02-19T14:35:25","slug":"villa-sol-y-luna-ibiza-iles-baleares-espagne","status":"publish","type":"product","link":"https:\/\/www.sejourprive.com\/en\/biens\/villa-sol-y-luna-ibiza-iles-baleares-espagne\/","title":{"rendered":"Villa Sol y Luna, Ibiza, Balearic Islands, Spain"},"content":{"rendered":"<p>Perch\u00e9e au sommet de la colline de Benimussa et entour\u00e9e de 20 000 m\u00b2 de nature m\u00e9diterran\u00e9enne pr\u00e9serv\u00e9e, cette finca isol\u00e9e d&#8217;Ibiza offre un havre de paix empreint d&#8217;un luxe discret. Sans aucun voisin \u00e0 l&#8217;horizon, c&#8217;est l&#8217;endroit id\u00e9al pour se d\u00e9connecter et se d\u00e9tendre. <\/p>\n<p><span><div class=\"read-more-wrapper\"><a class=\"read-more-button\" data-target=\"read-more-69ede3cc572a2\" data-more-text=\"Read more\" data-less-text=\"Read less\"><span class=\"read-more-text\">Read more<\/span><\/a><div id=\"read-more-69ede3cc572a2\" class=\"read-more-content\"> <\/span><br \/>\nCommencez votre journ\u00e9e par une s\u00e9ance de yoga au lever du soleil sur la terrasse ombrag\u00e9e par les pins, suivie d&#8217;un petit-d\u00e9jeuner en plein air, berc\u00e9 par le chant des oiseaux. Passez l&#8217;apr\u00e8s-midi \u00e0 vous pr\u00e9lasser au bord de la piscine pendant que les enfants jouent en toute s\u00e9curit\u00e9 dans la partie peu profonde, ou explorez les sentiers tranquilles autour de la propri\u00e9t\u00e9. Le soir venu, allumez le four \u00e0 pizza et r\u00e9unissez-vous autour de la table \u00e0 manger en plein air pour un repas sous les \u00e9toiles, terminant la journ\u00e9e en harmonie avec la nature et la beaut\u00e9 tranquille des collines.<\/div><\/div><\/p>","protected":false},"excerpt":{"rendered":"<p>Perch\u00e9e au sommet de la colline de Benimussa et entour\u00e9e de 20 000 m\u00b2 de nature m\u00e9diterran\u00e9enne pr\u00e9serv\u00e9e, cette finca&#8230;<\/p>","protected":false},"featured_media":32886,"comment_status":"open","ping_status":"closed","template":"","meta":{"_acf_changed":false},"product_brand":[],"product_cat":[15],"product_tag":[],"class_list":{"0":"post-32837","1":"product","2":"type-product","3":"status-publish","4":"has-post-thumbnail","6":"product_cat-villa","7":"property_location-espagne","8":"property_location-ibiza","10":"first","11":"instock","12":"sold-individually","13":"shipping-taxable","14":"purchasable","15":"product-type-simple"},"acf":[],"yoast_head":"<!-- This site is optimized with the Yoast SEO plugin v26.6 - https:\/\/yoast.com\/wordpress\/plugins\/seo\/ -->\n<title>Villa Sol y Luna, Ibiza, \u00celes Bal\u00e9ares, Espagne - S\u00e9jour Priv\u00e9<\/title>\n<meta name=\"description\" content=\"Perch\u00e9e au sommet de la colline de Benimussa et entour\u00e9e de 20 000 m\u00b2 de nature m\u00e9diterran\u00e9enne pr\u00e9serv\u00e9e, cette finca isol\u00e9e d&#039;Ibiza offre un havre de\" \/>\n<meta name=\"robots\" content=\"index, follow, max-snippet:-1, max-image-preview:large, max-video-preview:-1\" \/>\n<link rel=\"canonical\" href=\"https:\/\/www.sejourprive.com\/en\/biens\/villa-sol-y-luna-ibiza-iles-baleares-espagne\/\" \/>\n<meta property=\"og:locale\" content=\"en_GB\" \/>\n<meta property=\"og:type\" content=\"article\" \/>\n<meta property=\"og:title\" content=\"Villa Sol y Luna, Ibiza, \u00celes Bal\u00e9ares, Espagne - S\u00e9jour Priv\u00e9\" \/>\n<meta property=\"og:description\" content=\"Perch\u00e9e au sommet de la colline de Benimussa et entour\u00e9e de 20 000 m\u00b2 de nature m\u00e9diterran\u00e9enne pr\u00e9serv\u00e9e, cette finca isol\u00e9e d&#039;Ibiza offre un havre de\" \/>\n<meta property=\"og:url\" content=\"https:\/\/www.sejourprive.com\/en\/biens\/villa-sol-y-luna-ibiza-iles-baleares-espagne\/\" \/>\n<meta property=\"og:site_name\" content=\"S\u00e9jour Priv\u00e9\" \/>\n<meta property=\"og:image\" content=\"https:\/\/www.sejourprive.com\/wp-content\/uploads\/2026\/02\/2-87.jpg\" \/>\n\t<meta property=\"og:image:width\" content=\"1200\" \/>\n\t<meta property=\"og:image:height\" content=\"801\" \/>\n\t<meta property=\"og:image:type\" content=\"image\/jpeg\" \/>\n<meta name=\"twitter:card\" content=\"summary_large_image\" \/>\n<meta name=\"twitter:label1\" content=\"Estimated reading time\" \/>\n\t<meta name=\"twitter:data1\" content=\"1 minute\" \/>\n<script type=\"application\/ld+json\" class=\"yoast-schema-graph\">{\"@context\":\"https:\/\/schema.org\",\"@graph\":[{\"@type\":\"WebPage\",\"@id\":\"https:\/\/www.sejourprive.com\/biens\/villa-sol-y-luna-ibiza-iles-baleares-espagne\/\",\"url\":\"https:\/\/www.sejourprive.com\/biens\/villa-sol-y-luna-ibiza-iles-baleares-espagne\/\",\"name\":\"Villa Sol y Luna, Ibiza, \u00celes Bal\u00e9ares, Espagne - S\u00e9jour Priv\u00e9\",\"isPartOf\":{\"@id\":\"https:\/\/www.sejourprive.com\/#website\"},\"primaryImageOfPage\":{\"@id\":\"https:\/\/www.sejourprive.com\/biens\/villa-sol-y-luna-ibiza-iles-baleares-espagne\/#primaryimage\"},\"image\":{\"@id\":\"https:\/\/www.sejourprive.com\/biens\/villa-sol-y-luna-ibiza-iles-baleares-espagne\/#primaryimage\"},\"thumbnailUrl\":\"https:\/\/www.sejourprive.com\/wp-content\/uploads\/2026\/02\/2-87.jpg\",\"datePublished\":\"2026-02-19T14:35:25+00:00\",\"description\":\"Perch\u00e9e au sommet de la colline de Benimussa et entour\u00e9e de 20 000 m\u00b2 de nature m\u00e9diterran\u00e9enne pr\u00e9serv\u00e9e, cette finca isol\u00e9e d'Ibiza offre un havre de\",\"breadcrumb\":{\"@id\":\"https:\/\/www.sejourprive.com\/biens\/villa-sol-y-luna-ibiza-iles-baleares-espagne\/#breadcrumb\"},\"inLanguage\":\"en-GB\",\"potentialAction\":[{\"@type\":\"ReadAction\",\"target\":[\"https:\/\/www.sejourprive.com\/biens\/villa-sol-y-luna-ibiza-iles-baleares-espagne\/\"]}]},{\"@type\":\"ImageObject\",\"inLanguage\":\"en-GB\",\"@id\":\"https:\/\/www.sejourprive.com\/biens\/villa-sol-y-luna-ibiza-iles-baleares-espagne\/#primaryimage\",\"url\":\"https:\/\/www.sejourprive.com\/wp-content\/uploads\/2026\/02\/2-87.jpg\",\"contentUrl\":\"https:\/\/www.sejourprive.com\/wp-content\/uploads\/2026\/02\/2-87.jpg\",\"width\":1200,\"height\":801},{\"@type\":\"BreadcrumbList\",\"@id\":\"https:\/\/www.sejourprive.com\/biens\/villa-sol-y-luna-ibiza-iles-baleares-espagne\/#breadcrumb\",\"itemListElement\":[{\"@type\":\"ListItem\",\"position\":1,\"name\":\"Accueil\",\"item\":\"https:\/\/www.sejourprive.com\/\"},{\"@type\":\"ListItem\",\"position\":2,\"name\":\"Shop\",\"item\":\"https:\/\/www.sejourprive.com\/shop\/\"},{\"@type\":\"ListItem\",\"position\":3,\"name\":\"Villa Sol y Luna, Ibiza, \u00celes Bal\u00e9ares, Espagne\"}]},{\"@type\":\"WebSite\",\"@id\":\"https:\/\/www.sejourprive.com\/#website\",\"url\":\"https:\/\/www.sejourprive.com\/\",\"name\":\"S\u00e9jour Priv\u00e9\",\"description\":\"Nous imaginons pour vous des s\u00e9jours d\u2019exception.\",\"publisher\":{\"@id\":\"https:\/\/www.sejourprive.com\/#organization\"},\"potentialAction\":[{\"@type\":\"SearchAction\",\"target\":{\"@type\":\"EntryPoint\",\"urlTemplate\":\"https:\/\/www.sejourprive.com\/?s={search_term_string}\"},\"query-input\":{\"@type\":\"PropertyValueSpecification\",\"valueRequired\":true,\"valueName\":\"search_term_string\"}}],\"inLanguage\":\"en-GB\"},{\"@type\":\"Organization\",\"@id\":\"https:\/\/www.sejourprive.com\/#organization\",\"name\":\"S\u00e9jour Priv\u00e9\",\"url\":\"https:\/\/www.sejourprive.com\/\",\"logo\":{\"@type\":\"ImageObject\",\"inLanguage\":\"en-GB\",\"@id\":\"https:\/\/www.sejourprive.com\/#\/schema\/logo\/image\/\",\"url\":\"https:\/\/www.sejourprive.com\/wp-content\/uploads\/2026\/02\/SP-Apple-touch-144-couleur-1-2.png\",\"contentUrl\":\"https:\/\/www.sejourprive.com\/wp-content\/uploads\/2026\/02\/SP-Apple-touch-144-couleur-1-2.png\",\"width\":145,\"height\":145,\"caption\":\"S\u00e9jour Priv\u00e9\"},\"image\":{\"@id\":\"https:\/\/www.sejourprive.com\/#\/schema\/logo\/image\/\"}}]}<\/script>\n<!-- \/ Yoast SEO plugin. -->","yoast_head_json":{"title":"Villa Sol y Luna, Ibiza, \u00celes Bal\u00e9ares, Espagne - S\u00e9jour Priv\u00e9","description":"Perch\u00e9e au sommet de la colline de Benimussa et entour\u00e9e de 20 000 m\u00b2 de nature m\u00e9diterran\u00e9enne pr\u00e9serv\u00e9e, cette finca isol\u00e9e d'Ibiza offre un havre de","robots":{"index":"index","follow":"follow","max-snippet":"max-snippet:-1","max-image-preview":"max-image-preview:large","max-video-preview":"max-video-preview:-1"},"canonical":"https:\/\/www.sejourprive.com\/en\/biens\/villa-sol-y-luna-ibiza-iles-baleares-espagne\/","og_locale":"en_GB","og_type":"article","og_title":"Villa Sol y Luna, Ibiza, \u00celes Bal\u00e9ares, Espagne - S\u00e9jour Priv\u00e9","og_description":"Perch\u00e9e au sommet de la colline de Benimussa et entour\u00e9e de 20 000 m\u00b2 de nature m\u00e9diterran\u00e9enne pr\u00e9serv\u00e9e, cette finca isol\u00e9e d'Ibiza offre un havre de","og_url":"https:\/\/www.sejourprive.com\/en\/biens\/villa-sol-y-luna-ibiza-iles-baleares-espagne\/","og_site_name":"S\u00e9jour Priv\u00e9","og_image":[{"width":1200,"height":801,"url":"https:\/\/www.sejourprive.com\/wp-content\/uploads\/2026\/02\/2-87.jpg","type":"image\/jpeg"}],"twitter_card":"summary_large_image","twitter_misc":{"Estimated reading time":"1 minute"},"schema":{"@context":"https:\/\/schema.org","@graph":[{"@type":"WebPage","@id":"https:\/\/www.sejourprive.com\/biens\/villa-sol-y-luna-ibiza-iles-baleares-espagne\/","url":"https:\/\/www.sejourprive.com\/biens\/villa-sol-y-luna-ibiza-iles-baleares-espagne\/","name":"Villa Sol y Luna, Ibiza, \u00celes Bal\u00e9ares, Espagne - S\u00e9jour Priv\u00e9","isPartOf":{"@id":"https:\/\/www.sejourprive.com\/#website"},"primaryImageOfPage":{"@id":"https:\/\/www.sejourprive.com\/biens\/villa-sol-y-luna-ibiza-iles-baleares-espagne\/#primaryimage"},"image":{"@id":"https:\/\/www.sejourprive.com\/biens\/villa-sol-y-luna-ibiza-iles-baleares-espagne\/#primaryimage"},"thumbnailUrl":"https:\/\/www.sejourprive.com\/wp-content\/uploads\/2026\/02\/2-87.jpg","datePublished":"2026-02-19T14:35:25+00:00","description":"Perch\u00e9e au sommet de la colline de Benimussa et entour\u00e9e de 20 000 m\u00b2 de nature m\u00e9diterran\u00e9enne pr\u00e9serv\u00e9e, cette finca isol\u00e9e d'Ibiza offre un havre de","breadcrumb":{"@id":"https:\/\/www.sejourprive.com\/biens\/villa-sol-y-luna-ibiza-iles-baleares-espagne\/#breadcrumb"},"inLanguage":"en-GB","potentialAction":[{"@type":"ReadAction","target":["https:\/\/www.sejourprive.com\/biens\/villa-sol-y-luna-ibiza-iles-baleares-espagne\/"]}]},{"@type":"ImageObject","inLanguage":"en-GB","@id":"https:\/\/www.sejourprive.com\/biens\/villa-sol-y-luna-ibiza-iles-baleares-espagne\/#primaryimage","url":"https:\/\/www.sejourprive.com\/wp-content\/uploads\/2026\/02\/2-87.jpg","contentUrl":"https:\/\/www.sejourprive.com\/wp-content\/uploads\/2026\/02\/2-87.jpg","width":1200,"height":801},{"@type":"BreadcrumbList","@id":"https:\/\/www.sejourprive.com\/biens\/villa-sol-y-luna-ibiza-iles-baleares-espagne\/#breadcrumb","itemListElement":[{"@type":"ListItem","position":1,"name":"Accueil","item":"https:\/\/www.sejourprive.com\/"},{"@type":"ListItem","position":2,"name":"Shop","item":"https:\/\/www.sejourprive.com\/shop\/"},{"@type":"ListItem","position":3,"name":"Villa Sol y Luna, Ibiza, \u00celes Bal\u00e9ares, Espagne"}]},{"@type":"WebSite","@id":"https:\/\/www.sejourprive.com\/#website","url":"https:\/\/www.sejourprive.com\/","name":"Private Stay","description":"We design exceptional holidays for you.","publisher":{"@id":"https:\/\/www.sejourprive.com\/#organization"},"potentialAction":[{"@type":"SearchAction","target":{"@type":"EntryPoint","urlTemplate":"https:\/\/www.sejourprive.com\/?s={search_term_string}"},"query-input":{"@type":"PropertyValueSpecification","valueRequired":true,"valueName":"search_term_string"}}],"inLanguage":"en-GB"},{"@type":"Organization","@id":"https:\/\/www.sejourprive.com\/#organization","name":"Private Stay","url":"https:\/\/www.sejourprive.com\/","logo":{"@type":"ImageObject","inLanguage":"en-GB","@id":"https:\/\/www.sejourprive.com\/#\/schema\/logo\/image\/","url":"https:\/\/www.sejourprive.com\/wp-content\/uploads\/2026\/02\/SP-Apple-touch-144-couleur-1-2.png","contentUrl":"https:\/\/www.sejourprive.com\/wp-content\/uploads\/2026\/02\/SP-Apple-touch-144-couleur-1-2.png","width":145,"height":145,"caption":"S\u00e9jour Priv\u00e9"},"image":{"@id":"https:\/\/www.sejourprive.com\/#\/schema\/logo\/image\/"}}]}},"_links":{"self":[{"href":"https:\/\/www.sejourprive.com\/en\/wp-json\/wp\/v2\/product\/32837","targetHints":{"allow":["GET"]}}],"collection":[{"href":"https:\/\/www.sejourprive.com\/en\/wp-json\/wp\/v2\/product"}],"about":[{"href":"https:\/\/www.sejourprive.com\/en\/wp-json\/wp\/v2\/types\/product"}],"replies":[{"embeddable":true,"href":"https:\/\/www.sejourprive.com\/en\/wp-json\/wp\/v2\/comments?post=32837"}],"version-history":[{"count":0,"href":"https:\/\/www.sejourprive.com\/en\/wp-json\/wp\/v2\/product\/32837\/revisions"}],"wp:featuredmedia":[{"embeddable":true,"href":"https:\/\/www.sejourprive.com\/en\/wp-json\/wp\/v2\/media\/32886"}],"wp:attachment":[{"href":"https:\/\/www.sejourprive.com\/en\/wp-json\/wp\/v2\/media?parent=32837"}],"wp:term":[{"taxonomy":"product_brand","embeddable":true,"href":"https:\/\/www.sejourprive.com\/en\/wp-json\/wp\/v2\/product_brand?post=32837"},{"taxonomy":"product_cat","embeddable":true,"href":"https:\/\/www.sejourprive.com\/en\/wp-json\/wp\/v2\/product_cat?post=32837"},{"taxonomy":"product_tag","embeddable":true,"href":"https:\/\/www.sejourprive.com\/en\/wp-json\/wp\/v2\/product_tag?post=32837"}],"curies":[{"name":"wp","href":"https:\/\/api.w.org\/{rel}","templated":true}]}}

<p>Perchée au sommet de la colline de Benimussa et entourée de 20 000 m² de nature méditerranéenne préservée, cette finca isolée d&#8217;Ibiza offre un havre de paix empreint d&#8217;un luxe discret. Sans aucun voisin à l&#8217;horizon, c&#8217;est l&#8217;endroit idéal pour se déconnecter et se détendre. </p>
<p><span><div class="read-more-wrapper"><a class="read-more-button" data-target="read-more-69ede3cc572a2" data-more-text="Read more" data-less-text="Read less"><span class="read-more-text">Read more</span></a><div id="read-more-69ede3cc572a2" class="read-more-content"> </span><br />
Commencez votre journée par une séance de yoga au lever du soleil sur la terrasse ombragée par les pins, suivie d&#8217;un petit-déjeuner en plein air, bercé par le chant des oiseaux. Passez l&#8217;après-midi à vous prélasser au bord de la piscine pendant que les enfants jouent en toute sécurité dans la partie peu profonde, ou explorez les sentiers tranquilles autour de la propriété. Le soir venu, allumez le four à pizza et réunissez-vous autour de la table à manger en plein air pour un repas sous les étoiles, terminant la journée en harmonie avec la nature et la beauté tranquille des collines.</div></div></p>

<p>Perchée au sommet de la colline de Benimussa et entourée de 20 000 m² de nature méditerranéenne préservée, cette finca&#8230;</p>

<!-- This site is optimized with the Yoast SEO plugin v26.6 - https://yoast.com/wordpress/plugins/seo/ -->
<title>Villa Sol y Luna, Ibiza, Îles Baléares, Espagne - Séjour Privé</title>
<meta name="description" content="Perchée au sommet de la colline de Benimussa et entourée de 20 000 m² de nature méditerranéenne préservée, cette finca isolée d&#039;Ibiza offre un havre de" />
<meta name="robots" content="index, follow, max-snippet:-1, max-image-preview:large, max-video-preview:-1" />
<link rel="canonical" href="https://www.sejourprive.com/en/biens/villa-sol-y-luna-ibiza-iles-baleares-espagne/" />
<meta property="og:locale" content="en_GB" />
<meta property="og:type" content="article" />
<meta property="og:title" content="Villa Sol y Luna, Ibiza, Îles Baléares, Espagne - Séjour Privé" />
<meta property="og:description" content="Perchée au sommet de la colline de Benimussa et entourée de 20 000 m² de nature méditerranéenne préservée, cette finca isolée d&#039;Ibiza offre un havre de" />
<meta property="og:url" content="https://www.sejourprive.com/en/biens/villa-sol-y-luna-ibiza-iles-baleares-espagne/" />
<meta property="og:site_name" content="Séjour Privé" />
<meta property="og:image" content="https://www.sejourprive.com/wp-content/uploads/2026/02/2-87.jpg" />
	<meta property="og:image:width" content="1200" />
	<meta property="og:image:height" content="801" />
	<meta property="og:image:type" content="image/jpeg" />
<meta name="twitter:card" content="summary_large_image" />
<meta name="twitter:label1" content="Estimated reading time" />
	<meta name="twitter:data1" content="1 minute" />
<script type="application/ld+json" class="yoast-schema-graph">{"@context":"https://schema.org","@graph":[{"@type":"WebPage","@id":"https://www.sejourprive.com/biens/villa-sol-y-luna-ibiza-iles-baleares-espagne/","url":"https://www.sejourprive.com/biens/villa-sol-y-luna-ibiza-iles-baleares-espagne/","name":"Villa Sol y Luna, Ibiza, Îles Baléares, Espagne - Séjour Privé","isPartOf":{"@id":"https://www.sejourprive.com/#website"},"primaryImageOfPage":{"@id":"https://www.sejourprive.com/biens/villa-sol-y-luna-ibiza-iles-baleares-espagne/#primaryimage"},"image":{"@id":"https://www.sejourprive.com/biens/villa-sol-y-luna-ibiza-iles-baleares-espagne/#primaryimage"},"thumbnailUrl":"https://www.sejourprive.com/wp-content/uploads/2026/02/2-87.jpg","datePublished":"2026-02-19T14:35:25+00:00","description":"Perchée au sommet de la colline de Benimussa et entourée de 20 000 m² de nature méditerranéenne préservée, cette finca isolée d'Ibiza offre un havre de","breadcrumb":{"@id":"https://www.sejourprive.com/biens/villa-sol-y-luna-ibiza-iles-baleares-espagne/#breadcrumb"},"inLanguage":"en-GB","potentialAction":[{"@type":"ReadAction","target":["https://www.sejourprive.com/biens/villa-sol-y-luna-ibiza-iles-baleares-espagne/"]}]},{"@type":"ImageObject","inLanguage":"en-GB","@id":"https://www.sejourprive.com/biens/villa-sol-y-luna-ibiza-iles-baleares-espagne/#primaryimage","url":"https://www.sejourprive.com/wp-content/uploads/2026/02/2-87.jpg","contentUrl":"https://www.sejourprive.com/wp-content/uploads/2026/02/2-87.jpg","width":1200,"height":801},{"@type":"BreadcrumbList","@id":"https://www.sejourprive.com/biens/villa-sol-y-luna-ibiza-iles-baleares-espagne/#breadcrumb","itemListElement":[{"@type":"ListItem","position":1,"name":"Accueil","item":"https://www.sejourprive.com/"},{"@type":"ListItem","position":2,"name":"Shop","item":"https://www.sejourprive.com/shop/"},{"@type":"ListItem","position":3,"name":"Villa Sol y Luna, Ibiza, Îles Baléares, Espagne"}]},{"@type":"WebSite","@id":"https://www.sejourprive.com/#website","url":"https://www.sejourprive.com/","name":"Séjour Privé","description":"Nous imaginons pour vous des séjours d’exception.","publisher":{"@id":"https://www.sejourprive.com/#organization"},"potentialAction":[{"@type":"SearchAction","target":{"@type":"EntryPoint","urlTemplate":"https://www.sejourprive.com/?s={search_term_string}"},"query-input":{"@type":"PropertyValueSpecification","valueRequired":true,"valueName":"search_term_string"}}],"inLanguage":"en-GB"},{"@type":"Organization","@id":"https://www.sejourprive.com/#organization","name":"Séjour Privé","url":"https://www.sejourprive.com/","logo":{"@type":"ImageObject","inLanguage":"en-GB","@id":"https://www.sejourprive.com/#/schema/logo/image/","url":"https://www.sejourprive.com/wp-content/uploads/2026/02/SP-Apple-touch-144-couleur-1-2.png","contentUrl":"https://www.sejourprive.com/wp-content/uploads/2026/02/SP-Apple-touch-144-couleur-1-2.png","width":145,"height":145,"caption":"Séjour Privé"},"image":{"@id":"https://www.sejourprive.com/#/schema/logo/image/"}}]}</script>
<!-- / Yoast SEO plugin. -->

Villa Sol y Luna, Ibiza, Îles Baléares, Espagne - Séjour Privé

Perchée au sommet de la colline de Benimussa et entourée de 20 000 m² de nature méditerranéenne préservée, cette finca isolée d'Ibiza offre un havre de

Séjour Privé

Villa Sol y Luna, Ibiza, Îles Baléares, Espagne
