{"id":32801,"date":"2026-02-19T16:22:26","date_gmt":"2026-02-19T15:22:26","guid":{"rendered":"https:\/\/www.sejourprive.com\/?post_type=product&#038;p=32801"},"modified":"2026-02-19T16:22:26","modified_gmt":"2026-02-19T15:22:26","slug":"villa-idil-ibiza-iles-baleares","status":"publish","type":"product","link":"https:\/\/www.sejourprive.com\/en\/biens\/villa-idil-ibiza-iles-baleares\/","title":{"rendered":"Villa Idil, Ibiza, Balearic Islands"},"content":{"rendered":"<p>La Villa Idil, nich\u00e9e au c\u0153ur d&#8217;un \u00e9crin naturel, est un refuge o\u00f9 l\u2019architecture moderne et la beaut\u00e9 brute du paysage se rencontrent dans une harmonie parfaite. Ici, chaque d\u00e9tail est pens\u00e9 pour offrir une exp\u00e9rience de s\u00e9r\u00e9nit\u00e9 loin du tumulte quotidien.<\/p>\n<p><span><div class=\"read-more-wrapper\"><a class=\"read-more-button\" data-target=\"read-more-69f7271ceaa73\" data-more-text=\"Read more\" data-less-text=\"Read less\"><span class=\"read-more-text\">Read more<\/span><\/a><div id=\"read-more-69f7271ceaa73\" class=\"read-more-content\"> <\/span>Wake up to the gentle murmur of the waves and enjoy a swim in the infinity pool, which seems to merge with the sea horizon. In the afternoon, the light-filled terrace invites contemplation, while the nearby coastal paths beckon adventure. At dusk, the outdoor dining room transforms into a magical place to enjoy dinner under the stars.<\/div><\/div><\/p>","protected":false},"excerpt":{"rendered":"<p>La Villa Idil, nich\u00e9e au c\u0153ur d&#8217;un \u00e9crin naturel, est un refuge o\u00f9 l\u2019architecture moderne et la beaut\u00e9 brute du&#8230;<\/p>","protected":false},"featured_media":32848,"comment_status":"open","ping_status":"closed","template":"","meta":{"_acf_changed":false},"product_brand":[],"product_cat":[15],"product_tag":[],"class_list":{"0":"post-32801","1":"product","2":"type-product","3":"status-publish","4":"has-post-thumbnail","6":"product_cat-villa","7":"property_location-espagne","8":"property_location-ibiza","10":"first","11":"instock","12":"sold-individually","13":"shipping-taxable","14":"purchasable","15":"product-type-simple"},"acf":[],"yoast_head":"<!-- This site is optimized with the Yoast SEO plugin v26.6 - https:\/\/yoast.com\/wordpress\/plugins\/seo\/ -->\n<title>Villa Idil, Ibiza, \u00celes Bal\u00e9ares - S\u00e9jour Priv\u00e9<\/title>\n<meta name=\"description\" content=\"La Villa Idil, nich\u00e9e au c\u0153ur d&#039;un \u00e9crin naturel, est un refuge o\u00f9 l\u2019architecture moderne et la beaut\u00e9 brute du paysage se rencontrent dans une harmonie\" \/>\n<meta name=\"robots\" content=\"index, follow, max-snippet:-1, max-image-preview:large, max-video-preview:-1\" \/>\n<link rel=\"canonical\" href=\"https:\/\/www.sejourprive.com\/en\/biens\/villa-idil-ibiza-iles-baleares\/\" \/>\n<meta property=\"og:locale\" content=\"en_GB\" \/>\n<meta property=\"og:type\" content=\"article\" \/>\n<meta property=\"og:title\" content=\"Villa Idil, Ibiza, \u00celes Bal\u00e9ares - S\u00e9jour Priv\u00e9\" \/>\n<meta property=\"og:description\" content=\"La Villa Idil, nich\u00e9e au c\u0153ur d&#039;un \u00e9crin naturel, est un refuge o\u00f9 l\u2019architecture moderne et la beaut\u00e9 brute du paysage se rencontrent dans une harmonie\" \/>\n<meta property=\"og:url\" content=\"https:\/\/www.sejourprive.com\/en\/biens\/villa-idil-ibiza-iles-baleares\/\" \/>\n<meta property=\"og:site_name\" content=\"S\u00e9jour Priv\u00e9\" \/>\n<meta property=\"og:image\" content=\"https:\/\/www.sejourprive.com\/wp-content\/uploads\/2026\/02\/0-83.jpg\" \/>\n\t<meta property=\"og:image:width\" content=\"1200\" \/>\n\t<meta property=\"og:image:height\" content=\"800\" \/>\n\t<meta property=\"og:image:type\" content=\"image\/jpeg\" \/>\n<meta name=\"twitter:card\" content=\"summary_large_image\" \/>\n<meta name=\"twitter:label1\" content=\"Estimated reading time\" \/>\n\t<meta name=\"twitter:data1\" content=\"1 minute\" \/>\n<script type=\"application\/ld+json\" class=\"yoast-schema-graph\">{\"@context\":\"https:\/\/schema.org\",\"@graph\":[{\"@type\":\"WebPage\",\"@id\":\"https:\/\/www.sejourprive.com\/biens\/villa-idil-ibiza-iles-baleares\/\",\"url\":\"https:\/\/www.sejourprive.com\/biens\/villa-idil-ibiza-iles-baleares\/\",\"name\":\"Villa Idil, Ibiza, \u00celes Bal\u00e9ares - S\u00e9jour Priv\u00e9\",\"isPartOf\":{\"@id\":\"https:\/\/www.sejourprive.com\/#website\"},\"primaryImageOfPage\":{\"@id\":\"https:\/\/www.sejourprive.com\/biens\/villa-idil-ibiza-iles-baleares\/#primaryimage\"},\"image\":{\"@id\":\"https:\/\/www.sejourprive.com\/biens\/villa-idil-ibiza-iles-baleares\/#primaryimage\"},\"thumbnailUrl\":\"https:\/\/www.sejourprive.com\/wp-content\/uploads\/2026\/02\/0-83.jpg\",\"datePublished\":\"2026-02-19T15:22:26+00:00\",\"description\":\"La Villa Idil, nich\u00e9e au c\u0153ur d'un \u00e9crin naturel, est un refuge o\u00f9 l\u2019architecture moderne et la beaut\u00e9 brute du paysage se rencontrent dans une harmonie\",\"breadcrumb\":{\"@id\":\"https:\/\/www.sejourprive.com\/biens\/villa-idil-ibiza-iles-baleares\/#breadcrumb\"},\"inLanguage\":\"en-GB\",\"potentialAction\":[{\"@type\":\"ReadAction\",\"target\":[\"https:\/\/www.sejourprive.com\/biens\/villa-idil-ibiza-iles-baleares\/\"]}]},{\"@type\":\"ImageObject\",\"inLanguage\":\"en-GB\",\"@id\":\"https:\/\/www.sejourprive.com\/biens\/villa-idil-ibiza-iles-baleares\/#primaryimage\",\"url\":\"https:\/\/www.sejourprive.com\/wp-content\/uploads\/2026\/02\/0-83.jpg\",\"contentUrl\":\"https:\/\/www.sejourprive.com\/wp-content\/uploads\/2026\/02\/0-83.jpg\",\"width\":1200,\"height\":800},{\"@type\":\"BreadcrumbList\",\"@id\":\"https:\/\/www.sejourprive.com\/biens\/villa-idil-ibiza-iles-baleares\/#breadcrumb\",\"itemListElement\":[{\"@type\":\"ListItem\",\"position\":1,\"name\":\"Accueil\",\"item\":\"https:\/\/www.sejourprive.com\/\"},{\"@type\":\"ListItem\",\"position\":2,\"name\":\"Shop\",\"item\":\"https:\/\/www.sejourprive.com\/shop\/\"},{\"@type\":\"ListItem\",\"position\":3,\"name\":\"Villa Idil, Ibiza, \u00celes Bal\u00e9ares\"}]},{\"@type\":\"WebSite\",\"@id\":\"https:\/\/www.sejourprive.com\/#website\",\"url\":\"https:\/\/www.sejourprive.com\/\",\"name\":\"S\u00e9jour Priv\u00e9\",\"description\":\"Nous imaginons pour vous des s\u00e9jours d\u2019exception.\",\"publisher\":{\"@id\":\"https:\/\/www.sejourprive.com\/#organization\"},\"potentialAction\":[{\"@type\":\"SearchAction\",\"target\":{\"@type\":\"EntryPoint\",\"urlTemplate\":\"https:\/\/www.sejourprive.com\/?s={search_term_string}\"},\"query-input\":{\"@type\":\"PropertyValueSpecification\",\"valueRequired\":true,\"valueName\":\"search_term_string\"}}],\"inLanguage\":\"en-GB\"},{\"@type\":\"Organization\",\"@id\":\"https:\/\/www.sejourprive.com\/#organization\",\"name\":\"S\u00e9jour Priv\u00e9\",\"url\":\"https:\/\/www.sejourprive.com\/\",\"logo\":{\"@type\":\"ImageObject\",\"inLanguage\":\"en-GB\",\"@id\":\"https:\/\/www.sejourprive.com\/#\/schema\/logo\/image\/\",\"url\":\"https:\/\/www.sejourprive.com\/wp-content\/uploads\/2026\/02\/SP-Apple-touch-144-couleur-1-2.png\",\"contentUrl\":\"https:\/\/www.sejourprive.com\/wp-content\/uploads\/2026\/02\/SP-Apple-touch-144-couleur-1-2.png\",\"width\":145,\"height\":145,\"caption\":\"S\u00e9jour Priv\u00e9\"},\"image\":{\"@id\":\"https:\/\/www.sejourprive.com\/#\/schema\/logo\/image\/\"}}]}<\/script>\n<!-- \/ Yoast SEO plugin. -->","yoast_head_json":{"title":"Villa Idil, Ibiza, \u00celes Bal\u00e9ares - S\u00e9jour Priv\u00e9","description":"La Villa Idil, nich\u00e9e au c\u0153ur d'un \u00e9crin naturel, est un refuge o\u00f9 l\u2019architecture moderne et la beaut\u00e9 brute du paysage se rencontrent dans une harmonie","robots":{"index":"index","follow":"follow","max-snippet":"max-snippet:-1","max-image-preview":"max-image-preview:large","max-video-preview":"max-video-preview:-1"},"canonical":"https:\/\/www.sejourprive.com\/en\/biens\/villa-idil-ibiza-iles-baleares\/","og_locale":"en_GB","og_type":"article","og_title":"Villa Idil, Ibiza, \u00celes Bal\u00e9ares - S\u00e9jour Priv\u00e9","og_description":"La Villa Idil, nich\u00e9e au c\u0153ur d'un \u00e9crin naturel, est un refuge o\u00f9 l\u2019architecture moderne et la beaut\u00e9 brute du paysage se rencontrent dans une harmonie","og_url":"https:\/\/www.sejourprive.com\/en\/biens\/villa-idil-ibiza-iles-baleares\/","og_site_name":"S\u00e9jour Priv\u00e9","og_image":[{"width":1200,"height":800,"url":"https:\/\/www.sejourprive.com\/wp-content\/uploads\/2026\/02\/0-83.jpg","type":"image\/jpeg"}],"twitter_card":"summary_large_image","twitter_misc":{"Estimated reading time":"1 minute"},"schema":{"@context":"https:\/\/schema.org","@graph":[{"@type":"WebPage","@id":"https:\/\/www.sejourprive.com\/biens\/villa-idil-ibiza-iles-baleares\/","url":"https:\/\/www.sejourprive.com\/biens\/villa-idil-ibiza-iles-baleares\/","name":"Villa Idil, Ibiza, \u00celes Bal\u00e9ares - S\u00e9jour Priv\u00e9","isPartOf":{"@id":"https:\/\/www.sejourprive.com\/#website"},"primaryImageOfPage":{"@id":"https:\/\/www.sejourprive.com\/biens\/villa-idil-ibiza-iles-baleares\/#primaryimage"},"image":{"@id":"https:\/\/www.sejourprive.com\/biens\/villa-idil-ibiza-iles-baleares\/#primaryimage"},"thumbnailUrl":"https:\/\/www.sejourprive.com\/wp-content\/uploads\/2026\/02\/0-83.jpg","datePublished":"2026-02-19T15:22:26+00:00","description":"La Villa Idil, nich\u00e9e au c\u0153ur d'un \u00e9crin naturel, est un refuge o\u00f9 l\u2019architecture moderne et la beaut\u00e9 brute du paysage se rencontrent dans une harmonie","breadcrumb":{"@id":"https:\/\/www.sejourprive.com\/biens\/villa-idil-ibiza-iles-baleares\/#breadcrumb"},"inLanguage":"en-GB","potentialAction":[{"@type":"ReadAction","target":["https:\/\/www.sejourprive.com\/biens\/villa-idil-ibiza-iles-baleares\/"]}]},{"@type":"ImageObject","inLanguage":"en-GB","@id":"https:\/\/www.sejourprive.com\/biens\/villa-idil-ibiza-iles-baleares\/#primaryimage","url":"https:\/\/www.sejourprive.com\/wp-content\/uploads\/2026\/02\/0-83.jpg","contentUrl":"https:\/\/www.sejourprive.com\/wp-content\/uploads\/2026\/02\/0-83.jpg","width":1200,"height":800},{"@type":"BreadcrumbList","@id":"https:\/\/www.sejourprive.com\/biens\/villa-idil-ibiza-iles-baleares\/#breadcrumb","itemListElement":[{"@type":"ListItem","position":1,"name":"Accueil","item":"https:\/\/www.sejourprive.com\/"},{"@type":"ListItem","position":2,"name":"Shop","item":"https:\/\/www.sejourprive.com\/shop\/"},{"@type":"ListItem","position":3,"name":"Villa Idil, Ibiza, \u00celes Bal\u00e9ares"}]},{"@type":"WebSite","@id":"https:\/\/www.sejourprive.com\/#website","url":"https:\/\/www.sejourprive.com\/","name":"Private Stay","description":"We design exceptional holidays for you.","publisher":{"@id":"https:\/\/www.sejourprive.com\/#organization"},"potentialAction":[{"@type":"SearchAction","target":{"@type":"EntryPoint","urlTemplate":"https:\/\/www.sejourprive.com\/?s={search_term_string}"},"query-input":{"@type":"PropertyValueSpecification","valueRequired":true,"valueName":"search_term_string"}}],"inLanguage":"en-GB"},{"@type":"Organization","@id":"https:\/\/www.sejourprive.com\/#organization","name":"Private Stay","url":"https:\/\/www.sejourprive.com\/","logo":{"@type":"ImageObject","inLanguage":"en-GB","@id":"https:\/\/www.sejourprive.com\/#\/schema\/logo\/image\/","url":"https:\/\/www.sejourprive.com\/wp-content\/uploads\/2026\/02\/SP-Apple-touch-144-couleur-1-2.png","contentUrl":"https:\/\/www.sejourprive.com\/wp-content\/uploads\/2026\/02\/SP-Apple-touch-144-couleur-1-2.png","width":145,"height":145,"caption":"S\u00e9jour Priv\u00e9"},"image":{"@id":"https:\/\/www.sejourprive.com\/#\/schema\/logo\/image\/"}}]}},"_links":{"self":[{"href":"https:\/\/www.sejourprive.com\/en\/wp-json\/wp\/v2\/product\/32801","targetHints":{"allow":["GET"]}}],"collection":[{"href":"https:\/\/www.sejourprive.com\/en\/wp-json\/wp\/v2\/product"}],"about":[{"href":"https:\/\/www.sejourprive.com\/en\/wp-json\/wp\/v2\/types\/product"}],"replies":[{"embeddable":true,"href":"https:\/\/www.sejourprive.com\/en\/wp-json\/wp\/v2\/comments?post=32801"}],"version-history":[{"count":0,"href":"https:\/\/www.sejourprive.com\/en\/wp-json\/wp\/v2\/product\/32801\/revisions"}],"wp:featuredmedia":[{"embeddable":true,"href":"https:\/\/www.sejourprive.com\/en\/wp-json\/wp\/v2\/media\/32848"}],"wp:attachment":[{"href":"https:\/\/www.sejourprive.com\/en\/wp-json\/wp\/v2\/media?parent=32801"}],"wp:term":[{"taxonomy":"product_brand","embeddable":true,"href":"https:\/\/www.sejourprive.com\/en\/wp-json\/wp\/v2\/product_brand?post=32801"},{"taxonomy":"product_cat","embeddable":true,"href":"https:\/\/www.sejourprive.com\/en\/wp-json\/wp\/v2\/product_cat?post=32801"},{"taxonomy":"product_tag","embeddable":true,"href":"https:\/\/www.sejourprive.com\/en\/wp-json\/wp\/v2\/product_tag?post=32801"}],"curies":[{"name":"wp","href":"https:\/\/api.w.org\/{rel}","templated":true}]}}

<p>La Villa Idil, nichée au cœur d&#8217;un écrin naturel, est un refuge où l’architecture moderne et la beauté brute du paysage se rencontrent dans une harmonie parfaite. Ici, chaque détail est pensé pour offrir une expérience de sérénité loin du tumulte quotidien.</p>
<p><span><div class="read-more-wrapper"><a class="read-more-button" data-target="read-more-69f7271ceaa73" data-more-text="Read more" data-less-text="Read less"><span class="read-more-text">Read more</span></a><div id="read-more-69f7271ceaa73" class="read-more-content"> </span>Wake up to the gentle murmur of the waves and enjoy a swim in the infinity pool, which seems to merge with the sea horizon. In the afternoon, the light-filled terrace invites contemplation, while the nearby coastal paths beckon adventure. At dusk, the outdoor dining room transforms into a magical place to enjoy dinner under the stars.</div></div></p>

<p>La Villa Idil, nichée au cœur d&#8217;un écrin naturel, est un refuge où l’architecture moderne et la beauté brute du&#8230;</p>

<!-- This site is optimized with the Yoast SEO plugin v26.6 - https://yoast.com/wordpress/plugins/seo/ -->
<title>Villa Idil, Ibiza, Îles Baléares - Séjour Privé</title>
<meta name="description" content="La Villa Idil, nichée au cœur d&#039;un écrin naturel, est un refuge où l’architecture moderne et la beauté brute du paysage se rencontrent dans une harmonie" />
<meta name="robots" content="index, follow, max-snippet:-1, max-image-preview:large, max-video-preview:-1" />
<link rel="canonical" href="https://www.sejourprive.com/en/biens/villa-idil-ibiza-iles-baleares/" />
<meta property="og:locale" content="en_GB" />
<meta property="og:type" content="article" />
<meta property="og:title" content="Villa Idil, Ibiza, Îles Baléares - Séjour Privé" />
<meta property="og:description" content="La Villa Idil, nichée au cœur d&#039;un écrin naturel, est un refuge où l’architecture moderne et la beauté brute du paysage se rencontrent dans une harmonie" />
<meta property="og:url" content="https://www.sejourprive.com/en/biens/villa-idil-ibiza-iles-baleares/" />
<meta property="og:site_name" content="Séjour Privé" />
<meta property="og:image" content="https://www.sejourprive.com/wp-content/uploads/2026/02/0-83.jpg" />
	<meta property="og:image:width" content="1200" />
	<meta property="og:image:height" content="800" />
	<meta property="og:image:type" content="image/jpeg" />
<meta name="twitter:card" content="summary_large_image" />
<meta name="twitter:label1" content="Estimated reading time" />
	<meta name="twitter:data1" content="1 minute" />
<script type="application/ld+json" class="yoast-schema-graph">{"@context":"https://schema.org","@graph":[{"@type":"WebPage","@id":"https://www.sejourprive.com/biens/villa-idil-ibiza-iles-baleares/","url":"https://www.sejourprive.com/biens/villa-idil-ibiza-iles-baleares/","name":"Villa Idil, Ibiza, Îles Baléares - Séjour Privé","isPartOf":{"@id":"https://www.sejourprive.com/#website"},"primaryImageOfPage":{"@id":"https://www.sejourprive.com/biens/villa-idil-ibiza-iles-baleares/#primaryimage"},"image":{"@id":"https://www.sejourprive.com/biens/villa-idil-ibiza-iles-baleares/#primaryimage"},"thumbnailUrl":"https://www.sejourprive.com/wp-content/uploads/2026/02/0-83.jpg","datePublished":"2026-02-19T15:22:26+00:00","description":"La Villa Idil, nichée au cœur d'un écrin naturel, est un refuge où l’architecture moderne et la beauté brute du paysage se rencontrent dans une harmonie","breadcrumb":{"@id":"https://www.sejourprive.com/biens/villa-idil-ibiza-iles-baleares/#breadcrumb"},"inLanguage":"en-GB","potentialAction":[{"@type":"ReadAction","target":["https://www.sejourprive.com/biens/villa-idil-ibiza-iles-baleares/"]}]},{"@type":"ImageObject","inLanguage":"en-GB","@id":"https://www.sejourprive.com/biens/villa-idil-ibiza-iles-baleares/#primaryimage","url":"https://www.sejourprive.com/wp-content/uploads/2026/02/0-83.jpg","contentUrl":"https://www.sejourprive.com/wp-content/uploads/2026/02/0-83.jpg","width":1200,"height":800},{"@type":"BreadcrumbList","@id":"https://www.sejourprive.com/biens/villa-idil-ibiza-iles-baleares/#breadcrumb","itemListElement":[{"@type":"ListItem","position":1,"name":"Accueil","item":"https://www.sejourprive.com/"},{"@type":"ListItem","position":2,"name":"Shop","item":"https://www.sejourprive.com/shop/"},{"@type":"ListItem","position":3,"name":"Villa Idil, Ibiza, Îles Baléares"}]},{"@type":"WebSite","@id":"https://www.sejourprive.com/#website","url":"https://www.sejourprive.com/","name":"Séjour Privé","description":"Nous imaginons pour vous des séjours d’exception.","publisher":{"@id":"https://www.sejourprive.com/#organization"},"potentialAction":[{"@type":"SearchAction","target":{"@type":"EntryPoint","urlTemplate":"https://www.sejourprive.com/?s={search_term_string}"},"query-input":{"@type":"PropertyValueSpecification","valueRequired":true,"valueName":"search_term_string"}}],"inLanguage":"en-GB"},{"@type":"Organization","@id":"https://www.sejourprive.com/#organization","name":"Séjour Privé","url":"https://www.sejourprive.com/","logo":{"@type":"ImageObject","inLanguage":"en-GB","@id":"https://www.sejourprive.com/#/schema/logo/image/","url":"https://www.sejourprive.com/wp-content/uploads/2026/02/SP-Apple-touch-144-couleur-1-2.png","contentUrl":"https://www.sejourprive.com/wp-content/uploads/2026/02/SP-Apple-touch-144-couleur-1-2.png","width":145,"height":145,"caption":"Séjour Privé"},"image":{"@id":"https://www.sejourprive.com/#/schema/logo/image/"}}]}</script>
<!-- / Yoast SEO plugin. -->

Villa Idil, Ibiza, Îles Baléares - Séjour Privé

La Villa Idil, nichée au cœur d'un écrin naturel, est un refuge où l’architecture moderne et la beauté brute du paysage se rencontrent dans une harmonie

Séjour Privé

Villa Idil, Ibiza, Îles Baléares
