{"id":30806,"date":"2026-02-17T14:43:27","date_gmt":"2026-02-17T13:43:27","guid":{"rendered":"https:\/\/www.sejourprive.com\/?post_type=product&#038;p=30806"},"modified":"2026-02-17T14:45:27","modified_gmt":"2026-02-17T13:45:27","slug":"villa-lagna-gassin-cote-dazur-france","status":"publish","type":"product","link":"https:\/\/www.sejourprive.com\/en\/biens\/villa-lagna-gassin-cote-dazur-france\/","title":{"rendered":"Villa Lagna, Gassin, C\u00f4te d'Azur, France"},"content":{"rendered":"<p>\u00c0 Gassin, la Villa Lagna se niche entre ciel et mer, d\u00e9voilant une architecture \u00e9l\u00e9gante aux lignes \u00e9pur\u00e9es. Son jardin m\u00e9diterran\u00e9en, parfum\u00e9 par les pins, se fond harmonieusement dans le paysage, tandis que la mer scintille au loin.<\/p>\n<p><span><div class=\"read-more-wrapper\"><a class=\"read-more-button\" data-target=\"read-more-69f5755563a7b\" data-more-text=\"Read more\" data-less-text=\"Read less\"><span class=\"read-more-text\">Read more<\/span><\/a><div id=\"read-more-69f5755563a7b\" class=\"read-more-content\"> <\/span><br \/>\nLa journ\u00e9e commence par une s\u00e9ance de yoga sur la terrasse ou quelques mouvements d&#8217;aquabike dans la piscine chauff\u00e9e. Le d\u00e9jeuner rassemble la famille autour de la plancha avant de laisser place \u00e0 un apr\u00e8s-midi de farniente dans le salon ext\u00e9rieur ou \u00e0 des promenades paisibles dans le jardin.<\/div><\/div><\/p>","protected":false},"excerpt":{"rendered":"<p>\u00c0 Gassin, la Villa Lagna se niche entre ciel et mer, d\u00e9voilant une architecture \u00e9l\u00e9gante aux lignes \u00e9pur\u00e9es. Son jardin&#8230;<\/p>","protected":false},"featured_media":30871,"comment_status":"open","ping_status":"closed","template":"","meta":{"_acf_changed":false},"product_brand":[],"product_cat":[15],"product_tag":[],"class_list":{"0":"post-30806","1":"product","2":"type-product","3":"status-publish","4":"has-post-thumbnail","6":"product_cat-villa","7":"property_location-france","8":"property_location-saint-tropez-et-alentours","10":"first","11":"instock","12":"sold-individually","13":"shipping-taxable","14":"purchasable","15":"product-type-simple"},"acf":[],"yoast_head":"<!-- This site is optimized with the Yoast SEO plugin v26.6 - https:\/\/yoast.com\/wordpress\/plugins\/seo\/ -->\n<title>Villa Lagna, Gassin, C\u00f4te d&#039;Azur, France - S\u00e9jour Priv\u00e9<\/title>\n<meta name=\"description\" content=\"\u00c0 Gassin, la Villa Lagna se niche entre ciel et mer, d\u00e9voilant une architecture \u00e9l\u00e9gante aux lignes \u00e9pur\u00e9es. Son jardin m\u00e9diterran\u00e9en, parfum\u00e9 par les\" \/>\n<meta name=\"robots\" content=\"index, follow, max-snippet:-1, max-image-preview:large, max-video-preview:-1\" \/>\n<link rel=\"canonical\" href=\"https:\/\/www.sejourprive.com\/en\/biens\/villa-lagna-gassin-cote-dazur-france\/\" \/>\n<meta property=\"og:locale\" content=\"en_GB\" \/>\n<meta property=\"og:type\" content=\"article\" \/>\n<meta property=\"og:title\" content=\"Villa Lagna, Gassin, C\u00f4te d&#039;Azur, France - S\u00e9jour Priv\u00e9\" \/>\n<meta property=\"og:description\" content=\"\u00c0 Gassin, la Villa Lagna se niche entre ciel et mer, d\u00e9voilant une architecture \u00e9l\u00e9gante aux lignes \u00e9pur\u00e9es. Son jardin m\u00e9diterran\u00e9en, parfum\u00e9 par les\" \/>\n<meta property=\"og:url\" content=\"https:\/\/www.sejourprive.com\/en\/biens\/villa-lagna-gassin-cote-dazur-france\/\" \/>\n<meta property=\"og:site_name\" content=\"S\u00e9jour Priv\u00e9\" \/>\n<meta property=\"article:modified_time\" content=\"2026-02-17T13:45:27+00:00\" \/>\n<meta property=\"og:image\" content=\"https:\/\/www.sejourprive.com\/wp-content\/uploads\/2026\/02\/24-50.jpg\" \/>\n\t<meta property=\"og:image:width\" content=\"1200\" \/>\n\t<meta property=\"og:image:height\" content=\"801\" \/>\n\t<meta property=\"og:image:type\" content=\"image\/jpeg\" \/>\n<meta name=\"twitter:card\" content=\"summary_large_image\" \/>\n<meta name=\"twitter:label1\" content=\"Estimated reading time\" \/>\n\t<meta name=\"twitter:data1\" content=\"1 minute\" \/>\n<script type=\"application\/ld+json\" class=\"yoast-schema-graph\">{\"@context\":\"https:\/\/schema.org\",\"@graph\":[{\"@type\":\"WebPage\",\"@id\":\"https:\/\/www.sejourprive.com\/biens\/villa-lagna-gassin-cote-dazur-france\/\",\"url\":\"https:\/\/www.sejourprive.com\/biens\/villa-lagna-gassin-cote-dazur-france\/\",\"name\":\"Villa Lagna, Gassin, C\u00f4te d'Azur, France - S\u00e9jour Priv\u00e9\",\"isPartOf\":{\"@id\":\"https:\/\/www.sejourprive.com\/#website\"},\"primaryImageOfPage\":{\"@id\":\"https:\/\/www.sejourprive.com\/biens\/villa-lagna-gassin-cote-dazur-france\/#primaryimage\"},\"image\":{\"@id\":\"https:\/\/www.sejourprive.com\/biens\/villa-lagna-gassin-cote-dazur-france\/#primaryimage\"},\"thumbnailUrl\":\"https:\/\/www.sejourprive.com\/wp-content\/uploads\/2026\/02\/24-50.jpg\",\"datePublished\":\"2026-02-17T13:43:27+00:00\",\"dateModified\":\"2026-02-17T13:45:27+00:00\",\"description\":\"\u00c0 Gassin, la Villa Lagna se niche entre ciel et mer, d\u00e9voilant une architecture \u00e9l\u00e9gante aux lignes \u00e9pur\u00e9es. Son jardin m\u00e9diterran\u00e9en, parfum\u00e9 par les\",\"breadcrumb\":{\"@id\":\"https:\/\/www.sejourprive.com\/biens\/villa-lagna-gassin-cote-dazur-france\/#breadcrumb\"},\"inLanguage\":\"en-GB\",\"potentialAction\":[{\"@type\":\"ReadAction\",\"target\":[\"https:\/\/www.sejourprive.com\/biens\/villa-lagna-gassin-cote-dazur-france\/\"]}]},{\"@type\":\"ImageObject\",\"inLanguage\":\"en-GB\",\"@id\":\"https:\/\/www.sejourprive.com\/biens\/villa-lagna-gassin-cote-dazur-france\/#primaryimage\",\"url\":\"https:\/\/www.sejourprive.com\/wp-content\/uploads\/2026\/02\/24-50.jpg\",\"contentUrl\":\"https:\/\/www.sejourprive.com\/wp-content\/uploads\/2026\/02\/24-50.jpg\",\"width\":1200,\"height\":801},{\"@type\":\"BreadcrumbList\",\"@id\":\"https:\/\/www.sejourprive.com\/biens\/villa-lagna-gassin-cote-dazur-france\/#breadcrumb\",\"itemListElement\":[{\"@type\":\"ListItem\",\"position\":1,\"name\":\"Accueil\",\"item\":\"https:\/\/www.sejourprive.com\/\"},{\"@type\":\"ListItem\",\"position\":2,\"name\":\"Shop\",\"item\":\"https:\/\/www.sejourprive.com\/shop\/\"},{\"@type\":\"ListItem\",\"position\":3,\"name\":\"Villa Lagna, Gassin, C\u00f4te d&#8217;Azur, France\"}]},{\"@type\":\"WebSite\",\"@id\":\"https:\/\/www.sejourprive.com\/#website\",\"url\":\"https:\/\/www.sejourprive.com\/\",\"name\":\"S\u00e9jour Priv\u00e9\",\"description\":\"Nous imaginons pour vous des s\u00e9jours d\u2019exception.\",\"publisher\":{\"@id\":\"https:\/\/www.sejourprive.com\/#organization\"},\"potentialAction\":[{\"@type\":\"SearchAction\",\"target\":{\"@type\":\"EntryPoint\",\"urlTemplate\":\"https:\/\/www.sejourprive.com\/?s={search_term_string}\"},\"query-input\":{\"@type\":\"PropertyValueSpecification\",\"valueRequired\":true,\"valueName\":\"search_term_string\"}}],\"inLanguage\":\"en-GB\"},{\"@type\":\"Organization\",\"@id\":\"https:\/\/www.sejourprive.com\/#organization\",\"name\":\"S\u00e9jour Priv\u00e9\",\"url\":\"https:\/\/www.sejourprive.com\/\",\"logo\":{\"@type\":\"ImageObject\",\"inLanguage\":\"en-GB\",\"@id\":\"https:\/\/www.sejourprive.com\/#\/schema\/logo\/image\/\",\"url\":\"https:\/\/www.sejourprive.com\/wp-content\/uploads\/2026\/02\/SP-Apple-touch-144-couleur-1-2.png\",\"contentUrl\":\"https:\/\/www.sejourprive.com\/wp-content\/uploads\/2026\/02\/SP-Apple-touch-144-couleur-1-2.png\",\"width\":145,\"height\":145,\"caption\":\"S\u00e9jour Priv\u00e9\"},\"image\":{\"@id\":\"https:\/\/www.sejourprive.com\/#\/schema\/logo\/image\/\"}}]}<\/script>\n<!-- \/ Yoast SEO plugin. -->","yoast_head_json":{"title":"Villa Lagna, Gassin, C\u00f4te d'Azur, France - S\u00e9jour Priv\u00e9","description":"\u00c0 Gassin, la Villa Lagna se niche entre ciel et mer, d\u00e9voilant une architecture \u00e9l\u00e9gante aux lignes \u00e9pur\u00e9es. Son jardin m\u00e9diterran\u00e9en, parfum\u00e9 par les","robots":{"index":"index","follow":"follow","max-snippet":"max-snippet:-1","max-image-preview":"max-image-preview:large","max-video-preview":"max-video-preview:-1"},"canonical":"https:\/\/www.sejourprive.com\/en\/biens\/villa-lagna-gassin-cote-dazur-france\/","og_locale":"en_GB","og_type":"article","og_title":"Villa Lagna, Gassin, C\u00f4te d'Azur, France - S\u00e9jour Priv\u00e9","og_description":"\u00c0 Gassin, la Villa Lagna se niche entre ciel et mer, d\u00e9voilant une architecture \u00e9l\u00e9gante aux lignes \u00e9pur\u00e9es. Son jardin m\u00e9diterran\u00e9en, parfum\u00e9 par les","og_url":"https:\/\/www.sejourprive.com\/en\/biens\/villa-lagna-gassin-cote-dazur-france\/","og_site_name":"S\u00e9jour Priv\u00e9","article_modified_time":"2026-02-17T13:45:27+00:00","og_image":[{"width":1200,"height":801,"url":"https:\/\/www.sejourprive.com\/wp-content\/uploads\/2026\/02\/24-50.jpg","type":"image\/jpeg"}],"twitter_card":"summary_large_image","twitter_misc":{"Estimated reading time":"1 minute"},"schema":{"@context":"https:\/\/schema.org","@graph":[{"@type":"WebPage","@id":"https:\/\/www.sejourprive.com\/biens\/villa-lagna-gassin-cote-dazur-france\/","url":"https:\/\/www.sejourprive.com\/biens\/villa-lagna-gassin-cote-dazur-france\/","name":"Villa Lagna, Gassin, C\u00f4te d'Azur, France - S\u00e9jour Priv\u00e9","isPartOf":{"@id":"https:\/\/www.sejourprive.com\/#website"},"primaryImageOfPage":{"@id":"https:\/\/www.sejourprive.com\/biens\/villa-lagna-gassin-cote-dazur-france\/#primaryimage"},"image":{"@id":"https:\/\/www.sejourprive.com\/biens\/villa-lagna-gassin-cote-dazur-france\/#primaryimage"},"thumbnailUrl":"https:\/\/www.sejourprive.com\/wp-content\/uploads\/2026\/02\/24-50.jpg","datePublished":"2026-02-17T13:43:27+00:00","dateModified":"2026-02-17T13:45:27+00:00","description":"\u00c0 Gassin, la Villa Lagna se niche entre ciel et mer, d\u00e9voilant une architecture \u00e9l\u00e9gante aux lignes \u00e9pur\u00e9es. Son jardin m\u00e9diterran\u00e9en, parfum\u00e9 par les","breadcrumb":{"@id":"https:\/\/www.sejourprive.com\/biens\/villa-lagna-gassin-cote-dazur-france\/#breadcrumb"},"inLanguage":"en-GB","potentialAction":[{"@type":"ReadAction","target":["https:\/\/www.sejourprive.com\/biens\/villa-lagna-gassin-cote-dazur-france\/"]}]},{"@type":"ImageObject","inLanguage":"en-GB","@id":"https:\/\/www.sejourprive.com\/biens\/villa-lagna-gassin-cote-dazur-france\/#primaryimage","url":"https:\/\/www.sejourprive.com\/wp-content\/uploads\/2026\/02\/24-50.jpg","contentUrl":"https:\/\/www.sejourprive.com\/wp-content\/uploads\/2026\/02\/24-50.jpg","width":1200,"height":801},{"@type":"BreadcrumbList","@id":"https:\/\/www.sejourprive.com\/biens\/villa-lagna-gassin-cote-dazur-france\/#breadcrumb","itemListElement":[{"@type":"ListItem","position":1,"name":"Accueil","item":"https:\/\/www.sejourprive.com\/"},{"@type":"ListItem","position":2,"name":"Shop","item":"https:\/\/www.sejourprive.com\/shop\/"},{"@type":"ListItem","position":3,"name":"Villa Lagna, Gassin, C\u00f4te d&#8217;Azur, France"}]},{"@type":"WebSite","@id":"https:\/\/www.sejourprive.com\/#website","url":"https:\/\/www.sejourprive.com\/","name":"Private Stay","description":"We design exceptional holidays for you.","publisher":{"@id":"https:\/\/www.sejourprive.com\/#organization"},"potentialAction":[{"@type":"SearchAction","target":{"@type":"EntryPoint","urlTemplate":"https:\/\/www.sejourprive.com\/?s={search_term_string}"},"query-input":{"@type":"PropertyValueSpecification","valueRequired":true,"valueName":"search_term_string"}}],"inLanguage":"en-GB"},{"@type":"Organization","@id":"https:\/\/www.sejourprive.com\/#organization","name":"Private Stay","url":"https:\/\/www.sejourprive.com\/","logo":{"@type":"ImageObject","inLanguage":"en-GB","@id":"https:\/\/www.sejourprive.com\/#\/schema\/logo\/image\/","url":"https:\/\/www.sejourprive.com\/wp-content\/uploads\/2026\/02\/SP-Apple-touch-144-couleur-1-2.png","contentUrl":"https:\/\/www.sejourprive.com\/wp-content\/uploads\/2026\/02\/SP-Apple-touch-144-couleur-1-2.png","width":145,"height":145,"caption":"S\u00e9jour Priv\u00e9"},"image":{"@id":"https:\/\/www.sejourprive.com\/#\/schema\/logo\/image\/"}}]}},"_links":{"self":[{"href":"https:\/\/www.sejourprive.com\/en\/wp-json\/wp\/v2\/product\/30806","targetHints":{"allow":["GET"]}}],"collection":[{"href":"https:\/\/www.sejourprive.com\/en\/wp-json\/wp\/v2\/product"}],"about":[{"href":"https:\/\/www.sejourprive.com\/en\/wp-json\/wp\/v2\/types\/product"}],"replies":[{"embeddable":true,"href":"https:\/\/www.sejourprive.com\/en\/wp-json\/wp\/v2\/comments?post=30806"}],"version-history":[{"count":0,"href":"https:\/\/www.sejourprive.com\/en\/wp-json\/wp\/v2\/product\/30806\/revisions"}],"wp:featuredmedia":[{"embeddable":true,"href":"https:\/\/www.sejourprive.com\/en\/wp-json\/wp\/v2\/media\/30871"}],"wp:attachment":[{"href":"https:\/\/www.sejourprive.com\/en\/wp-json\/wp\/v2\/media?parent=30806"}],"wp:term":[{"taxonomy":"product_brand","embeddable":true,"href":"https:\/\/www.sejourprive.com\/en\/wp-json\/wp\/v2\/product_brand?post=30806"},{"taxonomy":"product_cat","embeddable":true,"href":"https:\/\/www.sejourprive.com\/en\/wp-json\/wp\/v2\/product_cat?post=30806"},{"taxonomy":"product_tag","embeddable":true,"href":"https:\/\/www.sejourprive.com\/en\/wp-json\/wp\/v2\/product_tag?post=30806"}],"curies":[{"name":"wp","href":"https:\/\/api.w.org\/{rel}","templated":true}]}}

Villa Lagna, Gassin, Côte d'Azur, France

<p>À Gassin, la Villa Lagna se niche entre ciel et mer, dévoilant une architecture élégante aux lignes épurées. Son jardin méditerranéen, parfumé par les pins, se fond harmonieusement dans le paysage, tandis que la mer scintille au loin.</p>
<p><span><div class="read-more-wrapper"><a class="read-more-button" data-target="read-more-69f5755563a7b" data-more-text="Read more" data-less-text="Read less"><span class="read-more-text">Read more</span></a><div id="read-more-69f5755563a7b" class="read-more-content"> </span><br />
La journée commence par une séance de yoga sur la terrasse ou quelques mouvements d&#8217;aquabike dans la piscine chauffée. Le déjeuner rassemble la famille autour de la plancha avant de laisser place à un après-midi de farniente dans le salon extérieur ou à des promenades paisibles dans le jardin.</div></div></p>

<p>À Gassin, la Villa Lagna se niche entre ciel et mer, dévoilant une architecture élégante aux lignes épurées. Son jardin&#8230;</p>

<!-- This site is optimized with the Yoast SEO plugin v26.6 - https://yoast.com/wordpress/plugins/seo/ -->
<title>Villa Lagna, Gassin, Côte d&#039;Azur, France - Séjour Privé</title>
<meta name="description" content="À Gassin, la Villa Lagna se niche entre ciel et mer, dévoilant une architecture élégante aux lignes épurées. Son jardin méditerranéen, parfumé par les" />
<meta name="robots" content="index, follow, max-snippet:-1, max-image-preview:large, max-video-preview:-1" />
<link rel="canonical" href="https://www.sejourprive.com/en/biens/villa-lagna-gassin-cote-dazur-france/" />
<meta property="og:locale" content="en_GB" />
<meta property="og:type" content="article" />
<meta property="og:title" content="Villa Lagna, Gassin, Côte d&#039;Azur, France - Séjour Privé" />
<meta property="og:description" content="À Gassin, la Villa Lagna se niche entre ciel et mer, dévoilant une architecture élégante aux lignes épurées. Son jardin méditerranéen, parfumé par les" />
<meta property="og:url" content="https://www.sejourprive.com/en/biens/villa-lagna-gassin-cote-dazur-france/" />
<meta property="og:site_name" content="Séjour Privé" />
<meta property="article:modified_time" content="2026-02-17T13:45:27+00:00" />
<meta property="og:image" content="https://www.sejourprive.com/wp-content/uploads/2026/02/24-50.jpg" />
	<meta property="og:image:width" content="1200" />
	<meta property="og:image:height" content="801" />
	<meta property="og:image:type" content="image/jpeg" />
<meta name="twitter:card" content="summary_large_image" />
<meta name="twitter:label1" content="Estimated reading time" />
	<meta name="twitter:data1" content="1 minute" />
<script type="application/ld+json" class="yoast-schema-graph">{"@context":"https://schema.org","@graph":[{"@type":"WebPage","@id":"https://www.sejourprive.com/biens/villa-lagna-gassin-cote-dazur-france/","url":"https://www.sejourprive.com/biens/villa-lagna-gassin-cote-dazur-france/","name":"Villa Lagna, Gassin, Côte d'Azur, France - Séjour Privé","isPartOf":{"@id":"https://www.sejourprive.com/#website"},"primaryImageOfPage":{"@id":"https://www.sejourprive.com/biens/villa-lagna-gassin-cote-dazur-france/#primaryimage"},"image":{"@id":"https://www.sejourprive.com/biens/villa-lagna-gassin-cote-dazur-france/#primaryimage"},"thumbnailUrl":"https://www.sejourprive.com/wp-content/uploads/2026/02/24-50.jpg","datePublished":"2026-02-17T13:43:27+00:00","dateModified":"2026-02-17T13:45:27+00:00","description":"À Gassin, la Villa Lagna se niche entre ciel et mer, dévoilant une architecture élégante aux lignes épurées. Son jardin méditerranéen, parfumé par les","breadcrumb":{"@id":"https://www.sejourprive.com/biens/villa-lagna-gassin-cote-dazur-france/#breadcrumb"},"inLanguage":"en-GB","potentialAction":[{"@type":"ReadAction","target":["https://www.sejourprive.com/biens/villa-lagna-gassin-cote-dazur-france/"]}]},{"@type":"ImageObject","inLanguage":"en-GB","@id":"https://www.sejourprive.com/biens/villa-lagna-gassin-cote-dazur-france/#primaryimage","url":"https://www.sejourprive.com/wp-content/uploads/2026/02/24-50.jpg","contentUrl":"https://www.sejourprive.com/wp-content/uploads/2026/02/24-50.jpg","width":1200,"height":801},{"@type":"BreadcrumbList","@id":"https://www.sejourprive.com/biens/villa-lagna-gassin-cote-dazur-france/#breadcrumb","itemListElement":[{"@type":"ListItem","position":1,"name":"Accueil","item":"https://www.sejourprive.com/"},{"@type":"ListItem","position":2,"name":"Shop","item":"https://www.sejourprive.com/shop/"},{"@type":"ListItem","position":3,"name":"Villa Lagna, Gassin, Côte d&#8217;Azur, France"}]},{"@type":"WebSite","@id":"https://www.sejourprive.com/#website","url":"https://www.sejourprive.com/","name":"Séjour Privé","description":"Nous imaginons pour vous des séjours d’exception.","publisher":{"@id":"https://www.sejourprive.com/#organization"},"potentialAction":[{"@type":"SearchAction","target":{"@type":"EntryPoint","urlTemplate":"https://www.sejourprive.com/?s={search_term_string}"},"query-input":{"@type":"PropertyValueSpecification","valueRequired":true,"valueName":"search_term_string"}}],"inLanguage":"en-GB"},{"@type":"Organization","@id":"https://www.sejourprive.com/#organization","name":"Séjour Privé","url":"https://www.sejourprive.com/","logo":{"@type":"ImageObject","inLanguage":"en-GB","@id":"https://www.sejourprive.com/#/schema/logo/image/","url":"https://www.sejourprive.com/wp-content/uploads/2026/02/SP-Apple-touch-144-couleur-1-2.png","contentUrl":"https://www.sejourprive.com/wp-content/uploads/2026/02/SP-Apple-touch-144-couleur-1-2.png","width":145,"height":145,"caption":"Séjour Privé"},"image":{"@id":"https://www.sejourprive.com/#/schema/logo/image/"}}]}</script>
<!-- / Yoast SEO plugin. -->

Villa Lagna, Gassin, Côte d'Azur, France - Séjour Privé

À Gassin, la Villa Lagna se niche entre ciel et mer, dévoilant une architecture élégante aux lignes épurées. Son jardin méditerranéen, parfumé par les

Séjour Privé

Villa Lagna, Gassin, Côte d&#8217;Azur, France
