{"id":13752,"date":"2026-01-13T15:50:45","date_gmt":"2026-01-13T14:50:45","guid":{"rendered":"https:\/\/www.sejourprive.com\/?post_type=product&#038;p=13752"},"modified":"2026-02-11T14:59:16","modified_gmt":"2026-02-11T13:59:16","slug":"villa-ariel-elia-mykonos-grece","status":"publish","type":"product","link":"https:\/\/www.sejourprive.com\/en\/biens\/villa-ariel-elia-mykonos-grece\/","title":{"rendered":"Villa Ariel, Elia, Mykonos Greece"},"content":{"rendered":"<p>Nestling above Elia beach, with uninterrupted views of the<br \/>\nAegean Sea as far as the eye can see, Ariel is a stunning luxury villa in Mykonos<br \/>\nfor up to 14 people. This white and stone beauty is<br \/>\n10 km from the hustle and bustle of the city, guaranteeing you a<br \/>\nan incomparable stay in total peace and tranquillity, while still being close enough to all the major tourist attractions.<br \/>\nto help you discover the vibrant side of the world's No. 1 summer destination<br \/>\n<span><div class=\"read-more-wrapper\"><a class=\"read-more-button\" data-target=\"read-more-69f7304d874b4\" data-more-text=\"Read more\" data-less-text=\"Read less\"><span class=\"read-more-text\">Read more<\/span><\/a><div id=\"read-more-69f7304d874b4\" class=\"read-more-content\"> <\/span><br \/>\nNearest beach: 800 m (Elia)<br \/>\nNearest town: 9 km (Mykonos)<br \/>\nAirport: 11 km <\/p>\n<p>The impressive pool terrace is a summer oasis floating above the sea.<br \/>\nsea, offering breathtaking panoramic views of the landscape,<br \/>\nrich in contrasts. The rocky, earthy colours of the<br \/>\nsurrounding cliffs merge into the peaceful light blue of the\u2019<br \/>\nhorizon, creating a soothing atmosphere. The property offers<br \/>\ntotal protection from the wind, well-tended gardens and vast outdoor spaces, ,<br \/>\n ideal for relaxation, all-day gatherings and sunbathing<br \/>\naround the infinity pool and enjoy some memorable moments<br \/>\nunder the stars.<br \/>\n<\/div><\/div><\/p>","protected":false},"excerpt":{"rendered":"<p>Nich\u00e9e au-dessus de la plage d&#8217;Elia, offrant une vue imprenable sur la mer \u00c9g\u00e9e \u00e0 perte de vue, Ariel est&#8230;<\/p>","protected":false},"featured_media":13782,"comment_status":"open","ping_status":"closed","template":"","meta":{"_acf_changed":false},"product_brand":[],"product_cat":[15],"product_tag":[],"class_list":{"0":"post-13752","1":"product","2":"type-product","3":"status-publish","4":"has-post-thumbnail","6":"product_cat-villa","7":"property_location-mykonos","9":"first","10":"instock","11":"sold-individually","12":"shipping-taxable","13":"purchasable","14":"product-type-simple"},"acf":[],"yoast_head":"<!-- This site is optimized with the Yoast SEO plugin v26.6 - https:\/\/yoast.com\/wordpress\/plugins\/seo\/ -->\n<title>Villa Ariel, Elia, Mykonos Gr\u00e8ce - S\u00e9jour Priv\u00e9<\/title>\n<meta name=\"description\" content=\"Nich\u00e9e au-dessus de la plage d&#039;Elia, offrant une vue imprenable sur la mer \u00c9g\u00e9e \u00e0 perte de vue, Ariel est une \u00e9tonnante villa de luxe \u00e0 Mykonos pouvant\" \/>\n<meta name=\"robots\" content=\"index, follow, max-snippet:-1, max-image-preview:large, max-video-preview:-1\" \/>\n<link rel=\"canonical\" href=\"https:\/\/www.sejourprive.com\/en\/biens\/villa-ariel-elia-mykonos-grece\/\" \/>\n<meta property=\"og:locale\" content=\"en_GB\" \/>\n<meta property=\"og:type\" content=\"article\" \/>\n<meta property=\"og:title\" content=\"Villa Ariel, Elia, Mykonos Gr\u00e8ce - S\u00e9jour Priv\u00e9\" \/>\n<meta property=\"og:description\" content=\"Nich\u00e9e au-dessus de la plage d&#039;Elia, offrant une vue imprenable sur la mer \u00c9g\u00e9e \u00e0 perte de vue, Ariel est une \u00e9tonnante villa de luxe \u00e0 Mykonos pouvant\" \/>\n<meta property=\"og:url\" content=\"https:\/\/www.sejourprive.com\/en\/biens\/villa-ariel-elia-mykonos-grece\/\" \/>\n<meta property=\"og:site_name\" content=\"S\u00e9jour Priv\u00e9\" \/>\n<meta property=\"article:modified_time\" content=\"2026-02-11T13:59:16+00:00\" \/>\n<meta property=\"og:image\" content=\"https:\/\/www.sejourprive.com\/wp-content\/uploads\/2026\/01\/Ariel-35-scaled.jpg\" \/>\n\t<meta property=\"og:image:width\" content=\"2560\" \/>\n\t<meta property=\"og:image:height\" content=\"1707\" \/>\n\t<meta property=\"og:image:type\" content=\"image\/jpeg\" \/>\n<meta name=\"twitter:card\" content=\"summary_large_image\" \/>\n<meta name=\"twitter:label1\" content=\"Estimated reading time\" \/>\n\t<meta name=\"twitter:data1\" content=\"2 minutes\" \/>\n<script type=\"application\/ld+json\" class=\"yoast-schema-graph\">{\"@context\":\"https:\/\/schema.org\",\"@graph\":[{\"@type\":\"WebPage\",\"@id\":\"https:\/\/www.sejourprive.com\/biens\/villa-ariel-elia-mykonos-grece\/\",\"url\":\"https:\/\/www.sejourprive.com\/biens\/villa-ariel-elia-mykonos-grece\/\",\"name\":\"Villa Ariel, Elia, Mykonos Gr\u00e8ce - S\u00e9jour Priv\u00e9\",\"isPartOf\":{\"@id\":\"https:\/\/www.sejourprive.com\/#website\"},\"primaryImageOfPage\":{\"@id\":\"https:\/\/www.sejourprive.com\/biens\/villa-ariel-elia-mykonos-grece\/#primaryimage\"},\"image\":{\"@id\":\"https:\/\/www.sejourprive.com\/biens\/villa-ariel-elia-mykonos-grece\/#primaryimage\"},\"thumbnailUrl\":\"https:\/\/www.sejourprive.com\/wp-content\/uploads\/2026\/01\/Ariel-35-scaled.jpg\",\"datePublished\":\"2026-01-13T14:50:45+00:00\",\"dateModified\":\"2026-02-11T13:59:16+00:00\",\"description\":\"Nich\u00e9e au-dessus de la plage d'Elia, offrant une vue imprenable sur la mer \u00c9g\u00e9e \u00e0 perte de vue, Ariel est une \u00e9tonnante villa de luxe \u00e0 Mykonos pouvant\",\"breadcrumb\":{\"@id\":\"https:\/\/www.sejourprive.com\/biens\/villa-ariel-elia-mykonos-grece\/#breadcrumb\"},\"inLanguage\":\"en-GB\",\"potentialAction\":[{\"@type\":\"ReadAction\",\"target\":[\"https:\/\/www.sejourprive.com\/biens\/villa-ariel-elia-mykonos-grece\/\"]}]},{\"@type\":\"ImageObject\",\"inLanguage\":\"en-GB\",\"@id\":\"https:\/\/www.sejourprive.com\/biens\/villa-ariel-elia-mykonos-grece\/#primaryimage\",\"url\":\"https:\/\/www.sejourprive.com\/wp-content\/uploads\/2026\/01\/Ariel-35-scaled.jpg\",\"contentUrl\":\"https:\/\/www.sejourprive.com\/wp-content\/uploads\/2026\/01\/Ariel-35-scaled.jpg\",\"width\":2560,\"height\":1707},{\"@type\":\"BreadcrumbList\",\"@id\":\"https:\/\/www.sejourprive.com\/biens\/villa-ariel-elia-mykonos-grece\/#breadcrumb\",\"itemListElement\":[{\"@type\":\"ListItem\",\"position\":1,\"name\":\"Accueil\",\"item\":\"https:\/\/www.sejourprive.com\/\"},{\"@type\":\"ListItem\",\"position\":2,\"name\":\"Shop\",\"item\":\"https:\/\/www.sejourprive.com\/shop\/\"},{\"@type\":\"ListItem\",\"position\":3,\"name\":\"Villa Ariel, Elia, Mykonos Gr\u00e8ce\"}]},{\"@type\":\"WebSite\",\"@id\":\"https:\/\/www.sejourprive.com\/#website\",\"url\":\"https:\/\/www.sejourprive.com\/\",\"name\":\"S\u00e9jour Priv\u00e9\",\"description\":\"Nous imaginons pour vous des s\u00e9jours d\u2019exception.\",\"publisher\":{\"@id\":\"https:\/\/www.sejourprive.com\/#organization\"},\"potentialAction\":[{\"@type\":\"SearchAction\",\"target\":{\"@type\":\"EntryPoint\",\"urlTemplate\":\"https:\/\/www.sejourprive.com\/?s={search_term_string}\"},\"query-input\":{\"@type\":\"PropertyValueSpecification\",\"valueRequired\":true,\"valueName\":\"search_term_string\"}}],\"inLanguage\":\"en-GB\"},{\"@type\":\"Organization\",\"@id\":\"https:\/\/www.sejourprive.com\/#organization\",\"name\":\"S\u00e9jour Priv\u00e9\",\"url\":\"https:\/\/www.sejourprive.com\/\",\"logo\":{\"@type\":\"ImageObject\",\"inLanguage\":\"en-GB\",\"@id\":\"https:\/\/www.sejourprive.com\/#\/schema\/logo\/image\/\",\"url\":\"https:\/\/www.sejourprive.com\/wp-content\/uploads\/2026\/02\/SP-Apple-touch-144-couleur-1-2.png\",\"contentUrl\":\"https:\/\/www.sejourprive.com\/wp-content\/uploads\/2026\/02\/SP-Apple-touch-144-couleur-1-2.png\",\"width\":145,\"height\":145,\"caption\":\"S\u00e9jour Priv\u00e9\"},\"image\":{\"@id\":\"https:\/\/www.sejourprive.com\/#\/schema\/logo\/image\/\"}}]}<\/script>\n<!-- \/ Yoast SEO plugin. -->","yoast_head_json":{"title":"Villa Ariel, Elia, Mykonos Gr\u00e8ce - S\u00e9jour Priv\u00e9","description":"Nich\u00e9e au-dessus de la plage d'Elia, offrant une vue imprenable sur la mer \u00c9g\u00e9e \u00e0 perte de vue, Ariel est une \u00e9tonnante villa de luxe \u00e0 Mykonos pouvant","robots":{"index":"index","follow":"follow","max-snippet":"max-snippet:-1","max-image-preview":"max-image-preview:large","max-video-preview":"max-video-preview:-1"},"canonical":"https:\/\/www.sejourprive.com\/en\/biens\/villa-ariel-elia-mykonos-grece\/","og_locale":"en_GB","og_type":"article","og_title":"Villa Ariel, Elia, Mykonos Gr\u00e8ce - S\u00e9jour Priv\u00e9","og_description":"Nich\u00e9e au-dessus de la plage d'Elia, offrant une vue imprenable sur la mer \u00c9g\u00e9e \u00e0 perte de vue, Ariel est une \u00e9tonnante villa de luxe \u00e0 Mykonos pouvant","og_url":"https:\/\/www.sejourprive.com\/en\/biens\/villa-ariel-elia-mykonos-grece\/","og_site_name":"S\u00e9jour Priv\u00e9","article_modified_time":"2026-02-11T13:59:16+00:00","og_image":[{"width":2560,"height":1707,"url":"https:\/\/www.sejourprive.com\/wp-content\/uploads\/2026\/01\/Ariel-35-scaled.jpg","type":"image\/jpeg"}],"twitter_card":"summary_large_image","twitter_misc":{"Estimated reading time":"2 minutes"},"schema":{"@context":"https:\/\/schema.org","@graph":[{"@type":"WebPage","@id":"https:\/\/www.sejourprive.com\/biens\/villa-ariel-elia-mykonos-grece\/","url":"https:\/\/www.sejourprive.com\/biens\/villa-ariel-elia-mykonos-grece\/","name":"Villa Ariel, Elia, Mykonos Gr\u00e8ce - S\u00e9jour Priv\u00e9","isPartOf":{"@id":"https:\/\/www.sejourprive.com\/#website"},"primaryImageOfPage":{"@id":"https:\/\/www.sejourprive.com\/biens\/villa-ariel-elia-mykonos-grece\/#primaryimage"},"image":{"@id":"https:\/\/www.sejourprive.com\/biens\/villa-ariel-elia-mykonos-grece\/#primaryimage"},"thumbnailUrl":"https:\/\/www.sejourprive.com\/wp-content\/uploads\/2026\/01\/Ariel-35-scaled.jpg","datePublished":"2026-01-13T14:50:45+00:00","dateModified":"2026-02-11T13:59:16+00:00","description":"Nich\u00e9e au-dessus de la plage d'Elia, offrant une vue imprenable sur la mer \u00c9g\u00e9e \u00e0 perte de vue, Ariel est une \u00e9tonnante villa de luxe \u00e0 Mykonos pouvant","breadcrumb":{"@id":"https:\/\/www.sejourprive.com\/biens\/villa-ariel-elia-mykonos-grece\/#breadcrumb"},"inLanguage":"en-GB","potentialAction":[{"@type":"ReadAction","target":["https:\/\/www.sejourprive.com\/biens\/villa-ariel-elia-mykonos-grece\/"]}]},{"@type":"ImageObject","inLanguage":"en-GB","@id":"https:\/\/www.sejourprive.com\/biens\/villa-ariel-elia-mykonos-grece\/#primaryimage","url":"https:\/\/www.sejourprive.com\/wp-content\/uploads\/2026\/01\/Ariel-35-scaled.jpg","contentUrl":"https:\/\/www.sejourprive.com\/wp-content\/uploads\/2026\/01\/Ariel-35-scaled.jpg","width":2560,"height":1707},{"@type":"BreadcrumbList","@id":"https:\/\/www.sejourprive.com\/biens\/villa-ariel-elia-mykonos-grece\/#breadcrumb","itemListElement":[{"@type":"ListItem","position":1,"name":"Accueil","item":"https:\/\/www.sejourprive.com\/"},{"@type":"ListItem","position":2,"name":"Shop","item":"https:\/\/www.sejourprive.com\/shop\/"},{"@type":"ListItem","position":3,"name":"Villa Ariel, Elia, Mykonos Gr\u00e8ce"}]},{"@type":"WebSite","@id":"https:\/\/www.sejourprive.com\/#website","url":"https:\/\/www.sejourprive.com\/","name":"Private Stay","description":"We design exceptional holidays for you.","publisher":{"@id":"https:\/\/www.sejourprive.com\/#organization"},"potentialAction":[{"@type":"SearchAction","target":{"@type":"EntryPoint","urlTemplate":"https:\/\/www.sejourprive.com\/?s={search_term_string}"},"query-input":{"@type":"PropertyValueSpecification","valueRequired":true,"valueName":"search_term_string"}}],"inLanguage":"en-GB"},{"@type":"Organization","@id":"https:\/\/www.sejourprive.com\/#organization","name":"Private Stay","url":"https:\/\/www.sejourprive.com\/","logo":{"@type":"ImageObject","inLanguage":"en-GB","@id":"https:\/\/www.sejourprive.com\/#\/schema\/logo\/image\/","url":"https:\/\/www.sejourprive.com\/wp-content\/uploads\/2026\/02\/SP-Apple-touch-144-couleur-1-2.png","contentUrl":"https:\/\/www.sejourprive.com\/wp-content\/uploads\/2026\/02\/SP-Apple-touch-144-couleur-1-2.png","width":145,"height":145,"caption":"S\u00e9jour Priv\u00e9"},"image":{"@id":"https:\/\/www.sejourprive.com\/#\/schema\/logo\/image\/"}}]}},"_links":{"self":[{"href":"https:\/\/www.sejourprive.com\/en\/wp-json\/wp\/v2\/product\/13752","targetHints":{"allow":["GET"]}}],"collection":[{"href":"https:\/\/www.sejourprive.com\/en\/wp-json\/wp\/v2\/product"}],"about":[{"href":"https:\/\/www.sejourprive.com\/en\/wp-json\/wp\/v2\/types\/product"}],"replies":[{"embeddable":true,"href":"https:\/\/www.sejourprive.com\/en\/wp-json\/wp\/v2\/comments?post=13752"}],"version-history":[{"count":0,"href":"https:\/\/www.sejourprive.com\/en\/wp-json\/wp\/v2\/product\/13752\/revisions"}],"wp:featuredmedia":[{"embeddable":true,"href":"https:\/\/www.sejourprive.com\/en\/wp-json\/wp\/v2\/media\/13782"}],"wp:attachment":[{"href":"https:\/\/www.sejourprive.com\/en\/wp-json\/wp\/v2\/media?parent=13752"}],"wp:term":[{"taxonomy":"product_brand","embeddable":true,"href":"https:\/\/www.sejourprive.com\/en\/wp-json\/wp\/v2\/product_brand?post=13752"},{"taxonomy":"product_cat","embeddable":true,"href":"https:\/\/www.sejourprive.com\/en\/wp-json\/wp\/v2\/product_cat?post=13752"},{"taxonomy":"product_tag","embeddable":true,"href":"https:\/\/www.sejourprive.com\/en\/wp-json\/wp\/v2\/product_tag?post=13752"}],"curies":[{"name":"wp","href":"https:\/\/api.w.org\/{rel}","templated":true}]}}

<p>Nichée au-dessus de la plage d&#8217;Elia, offrant une vue imprenable sur la mer Égée à perte de vue, Ariel est&#8230;</p>

<!-- This site is optimized with the Yoast SEO plugin v26.6 - https://yoast.com/wordpress/plugins/seo/ -->
<title>Villa Ariel, Elia, Mykonos Grèce - Séjour Privé</title>
<meta name="description" content="Nichée au-dessus de la plage d&#039;Elia, offrant une vue imprenable sur la mer Égée à perte de vue, Ariel est une étonnante villa de luxe à Mykonos pouvant" />
<meta name="robots" content="index, follow, max-snippet:-1, max-image-preview:large, max-video-preview:-1" />
<link rel="canonical" href="https://www.sejourprive.com/en/biens/villa-ariel-elia-mykonos-grece/" />
<meta property="og:locale" content="en_GB" />
<meta property="og:type" content="article" />
<meta property="og:title" content="Villa Ariel, Elia, Mykonos Grèce - Séjour Privé" />
<meta property="og:description" content="Nichée au-dessus de la plage d&#039;Elia, offrant une vue imprenable sur la mer Égée à perte de vue, Ariel est une étonnante villa de luxe à Mykonos pouvant" />
<meta property="og:url" content="https://www.sejourprive.com/en/biens/villa-ariel-elia-mykonos-grece/" />
<meta property="og:site_name" content="Séjour Privé" />
<meta property="article:modified_time" content="2026-02-11T13:59:16+00:00" />
<meta property="og:image" content="https://www.sejourprive.com/wp-content/uploads/2026/01/Ariel-35-scaled.jpg" />
	<meta property="og:image:width" content="2560" />
	<meta property="og:image:height" content="1707" />
	<meta property="og:image:type" content="image/jpeg" />
<meta name="twitter:card" content="summary_large_image" />
<meta name="twitter:label1" content="Estimated reading time" />
	<meta name="twitter:data1" content="2 minutes" />
<script type="application/ld+json" class="yoast-schema-graph">{"@context":"https://schema.org","@graph":[{"@type":"WebPage","@id":"https://www.sejourprive.com/biens/villa-ariel-elia-mykonos-grece/","url":"https://www.sejourprive.com/biens/villa-ariel-elia-mykonos-grece/","name":"Villa Ariel, Elia, Mykonos Grèce - Séjour Privé","isPartOf":{"@id":"https://www.sejourprive.com/#website"},"primaryImageOfPage":{"@id":"https://www.sejourprive.com/biens/villa-ariel-elia-mykonos-grece/#primaryimage"},"image":{"@id":"https://www.sejourprive.com/biens/villa-ariel-elia-mykonos-grece/#primaryimage"},"thumbnailUrl":"https://www.sejourprive.com/wp-content/uploads/2026/01/Ariel-35-scaled.jpg","datePublished":"2026-01-13T14:50:45+00:00","dateModified":"2026-02-11T13:59:16+00:00","description":"Nichée au-dessus de la plage d'Elia, offrant une vue imprenable sur la mer Égée à perte de vue, Ariel est une étonnante villa de luxe à Mykonos pouvant","breadcrumb":{"@id":"https://www.sejourprive.com/biens/villa-ariel-elia-mykonos-grece/#breadcrumb"},"inLanguage":"en-GB","potentialAction":[{"@type":"ReadAction","target":["https://www.sejourprive.com/biens/villa-ariel-elia-mykonos-grece/"]}]},{"@type":"ImageObject","inLanguage":"en-GB","@id":"https://www.sejourprive.com/biens/villa-ariel-elia-mykonos-grece/#primaryimage","url":"https://www.sejourprive.com/wp-content/uploads/2026/01/Ariel-35-scaled.jpg","contentUrl":"https://www.sejourprive.com/wp-content/uploads/2026/01/Ariel-35-scaled.jpg","width":2560,"height":1707},{"@type":"BreadcrumbList","@id":"https://www.sejourprive.com/biens/villa-ariel-elia-mykonos-grece/#breadcrumb","itemListElement":[{"@type":"ListItem","position":1,"name":"Accueil","item":"https://www.sejourprive.com/"},{"@type":"ListItem","position":2,"name":"Shop","item":"https://www.sejourprive.com/shop/"},{"@type":"ListItem","position":3,"name":"Villa Ariel, Elia, Mykonos Grèce"}]},{"@type":"WebSite","@id":"https://www.sejourprive.com/#website","url":"https://www.sejourprive.com/","name":"Séjour Privé","description":"Nous imaginons pour vous des séjours d’exception.","publisher":{"@id":"https://www.sejourprive.com/#organization"},"potentialAction":[{"@type":"SearchAction","target":{"@type":"EntryPoint","urlTemplate":"https://www.sejourprive.com/?s={search_term_string}"},"query-input":{"@type":"PropertyValueSpecification","valueRequired":true,"valueName":"search_term_string"}}],"inLanguage":"en-GB"},{"@type":"Organization","@id":"https://www.sejourprive.com/#organization","name":"Séjour Privé","url":"https://www.sejourprive.com/","logo":{"@type":"ImageObject","inLanguage":"en-GB","@id":"https://www.sejourprive.com/#/schema/logo/image/","url":"https://www.sejourprive.com/wp-content/uploads/2026/02/SP-Apple-touch-144-couleur-1-2.png","contentUrl":"https://www.sejourprive.com/wp-content/uploads/2026/02/SP-Apple-touch-144-couleur-1-2.png","width":145,"height":145,"caption":"Séjour Privé"},"image":{"@id":"https://www.sejourprive.com/#/schema/logo/image/"}}]}</script>
<!-- / Yoast SEO plugin. -->

Villa Ariel, Elia, Mykonos Grèce - Séjour Privé

Nichée au-dessus de la plage d'Elia, offrant une vue imprenable sur la mer Égée à perte de vue, Ariel est une étonnante villa de luxe à Mykonos pouvant

Séjour Privé

Villa Ariel, Elia, Mykonos Grèce
