{"id":12659,"date":"2026-01-09T13:33:16","date_gmt":"2026-01-09T12:33:16","guid":{"rendered":"https:\/\/www.sejourprive.com\/?post_type=product&#038;p=12659"},"modified":"2026-02-11T22:26:25","modified_gmt":"2026-02-11T21:26:25","slug":"gobelins-elegant-appartement-au-coeur-du-marais","status":"publish","type":"product","link":"https:\/\/www.sejourprive.com\/en\/biens\/gobelins-elegant-appartement-au-coeur-du-marais\/","title":{"rendered":"Gobelins | Elegant flat in the heart of the Marais"},"content":{"rendered":"<p>Just a stone's throw from the Marais district and the Picasso national museum, this flat enjoys a privileged location in the heart of one of Paris's most emblematic and lively districts. Just 50 metres from the Picasso museum and a five-minute walk from Place des Vosges, it offers an exceptional living environment, ideal for couples, solo travellers or business trips. Housed in a magnificent 17th\u1d49 century mansion listed as a Historic Monument, it combines historic charm with Parisian elegance.<\/p>\n<p><span><div class=\"read-more-wrapper\"><a class=\"read-more-button\" data-target=\"read-more-69f2bade407e7\" data-more-text=\"Read more\" data-less-text=\"Read less\"><span class=\"read-more-text\">Read more<\/span><\/a><div id=\"read-more-69f2bade407e7\" class=\"read-more-content\"> <\/span>Located in the 3\u1d49 arrondissement, in the heart of the famous Marais district, the flat is surrounded by art galleries, lively bars, renowned restaurants and original boutiques. Must-see addresses such as Merci and the BHV Marais are just a few steps away, making this an ideal starting point for discovering Paris on foot.<\/p>\n<p>The flat, located on the second floor without a lift, has a unique decor combining antique furniture, engravings and carefully sourced objects. It can comfortably accommodate up to four people thanks to an elegant bedroom and a new sofa bed, both fitted with top-of-the-range bedding. The exceptional four-metre high ceilings provide a particularly light and spacious feel. All linen is provided, and every item of bedding has been chosen for optimum comfort, with mattresses, mattress toppers, high-quality pillows, individual protective undersheets and top-of-the-range duvets.<\/p>\n<p>The separate kitchen is fully equipped for independent living. The flat also features two flat-screen TVs, free Wi-Fi internet access, a separate toilet and a separate bathroom with shower and bathtub. Offering comfort, character and an exceptional location, this is the ideal address for an authentic and refined Parisian experience.<\/div><\/div><\/p>","protected":false},"excerpt":{"rendered":"<p>\u00c0 deux pas du Marais et du mus\u00e9e national Picasso, cet appartement b\u00e9n\u00e9ficie d&#8217;un emplacement privil\u00e9gi\u00e9 au c\u0153ur de l&#8217;un&#8230;<\/p>","protected":false},"featured_media":13817,"comment_status":"open","ping_status":"closed","template":"","meta":{"_acf_changed":false},"product_brand":[],"product_cat":[95],"product_tag":[118],"class_list":{"0":"post-12659","1":"product","2":"type-product","3":"status-publish","4":"has-post-thumbnail","6":"product_cat-appartement","7":"product_tag-paris","8":"property_location-france","9":"property_location-paris","11":"first","12":"instock","13":"sold-individually","14":"shipping-taxable","15":"purchasable","16":"product-type-simple"},"acf":[],"yoast_head":"<!-- This site is optimized with the Yoast SEO plugin v26.6 - https:\/\/yoast.com\/wordpress\/plugins\/seo\/ -->\n<title>Gobelins | \u00c9l\u00e9gant appartement au c\u0153ur du Marais - S\u00e9jour Priv\u00e9<\/title>\n<meta name=\"description\" content=\"\u00c0 deux pas du Marais et du mus\u00e9e national Picasso, cet appartement b\u00e9n\u00e9ficie d&#039;un emplacement privil\u00e9gi\u00e9 au c\u0153ur de l&#039;un des quartiers les plus\" \/>\n<meta name=\"robots\" content=\"index, follow, max-snippet:-1, max-image-preview:large, max-video-preview:-1\" \/>\n<link rel=\"canonical\" href=\"https:\/\/www.sejourprive.com\/en\/biens\/gobelins-elegant-appartement-au-coeur-du-marais\/\" \/>\n<meta property=\"og:locale\" content=\"en_GB\" \/>\n<meta property=\"og:type\" content=\"article\" \/>\n<meta property=\"og:title\" content=\"Gobelins | \u00c9l\u00e9gant appartement au c\u0153ur du Marais - S\u00e9jour Priv\u00e9\" \/>\n<meta property=\"og:description\" content=\"\u00c0 deux pas du Marais et du mus\u00e9e national Picasso, cet appartement b\u00e9n\u00e9ficie d&#039;un emplacement privil\u00e9gi\u00e9 au c\u0153ur de l&#039;un des quartiers les plus\" \/>\n<meta property=\"og:url\" content=\"https:\/\/www.sejourprive.com\/en\/biens\/gobelins-elegant-appartement-au-coeur-du-marais\/\" \/>\n<meta property=\"og:site_name\" content=\"S\u00e9jour Priv\u00e9\" \/>\n<meta property=\"article:modified_time\" content=\"2026-02-11T21:26:25+00:00\" \/>\n<meta property=\"og:image\" content=\"https:\/\/www.sejourprive.com\/wp-content\/uploads\/2026\/01\/6_Gobelins_14_2x-scaled.jpg\" \/>\n\t<meta property=\"og:image:width\" content=\"2560\" \/>\n\t<meta property=\"og:image:height\" content=\"1707\" \/>\n\t<meta property=\"og:image:type\" content=\"image\/jpeg\" \/>\n<meta name=\"twitter:card\" content=\"summary_large_image\" \/>\n<meta name=\"twitter:label1\" content=\"Estimated reading time\" \/>\n\t<meta name=\"twitter:data1\" content=\"2 minutes\" \/>\n<script type=\"application\/ld+json\" class=\"yoast-schema-graph\">{\"@context\":\"https:\/\/schema.org\",\"@graph\":[{\"@type\":\"WebPage\",\"@id\":\"https:\/\/www.sejourprive.com\/biens\/gobelins-elegant-appartement-au-coeur-du-marais\/\",\"url\":\"https:\/\/www.sejourprive.com\/biens\/gobelins-elegant-appartement-au-coeur-du-marais\/\",\"name\":\"Gobelins | \u00c9l\u00e9gant appartement au c\u0153ur du Marais - S\u00e9jour Priv\u00e9\",\"isPartOf\":{\"@id\":\"https:\/\/www.sejourprive.com\/#website\"},\"primaryImageOfPage\":{\"@id\":\"https:\/\/www.sejourprive.com\/biens\/gobelins-elegant-appartement-au-coeur-du-marais\/#primaryimage\"},\"image\":{\"@id\":\"https:\/\/www.sejourprive.com\/biens\/gobelins-elegant-appartement-au-coeur-du-marais\/#primaryimage\"},\"thumbnailUrl\":\"https:\/\/www.sejourprive.com\/wp-content\/uploads\/2026\/01\/6_Gobelins_14_2x-scaled.jpg\",\"datePublished\":\"2026-01-09T12:33:16+00:00\",\"dateModified\":\"2026-02-11T21:26:25+00:00\",\"description\":\"\u00c0 deux pas du Marais et du mus\u00e9e national Picasso, cet appartement b\u00e9n\u00e9ficie d'un emplacement privil\u00e9gi\u00e9 au c\u0153ur de l'un des quartiers les plus\",\"breadcrumb\":{\"@id\":\"https:\/\/www.sejourprive.com\/biens\/gobelins-elegant-appartement-au-coeur-du-marais\/#breadcrumb\"},\"inLanguage\":\"en-GB\",\"potentialAction\":[{\"@type\":\"ReadAction\",\"target\":[\"https:\/\/www.sejourprive.com\/biens\/gobelins-elegant-appartement-au-coeur-du-marais\/\"]}]},{\"@type\":\"ImageObject\",\"inLanguage\":\"en-GB\",\"@id\":\"https:\/\/www.sejourprive.com\/biens\/gobelins-elegant-appartement-au-coeur-du-marais\/#primaryimage\",\"url\":\"https:\/\/www.sejourprive.com\/wp-content\/uploads\/2026\/01\/6_Gobelins_14_2x-scaled.jpg\",\"contentUrl\":\"https:\/\/www.sejourprive.com\/wp-content\/uploads\/2026\/01\/6_Gobelins_14_2x-scaled.jpg\",\"width\":2560,\"height\":1707},{\"@type\":\"BreadcrumbList\",\"@id\":\"https:\/\/www.sejourprive.com\/biens\/gobelins-elegant-appartement-au-coeur-du-marais\/#breadcrumb\",\"itemListElement\":[{\"@type\":\"ListItem\",\"position\":1,\"name\":\"Accueil\",\"item\":\"https:\/\/www.sejourprive.com\/\"},{\"@type\":\"ListItem\",\"position\":2,\"name\":\"Shop\",\"item\":\"https:\/\/www.sejourprive.com\/shop\/\"},{\"@type\":\"ListItem\",\"position\":3,\"name\":\"Gobelins | \u00c9l\u00e9gant appartement au c\u0153ur du Marais\"}]},{\"@type\":\"WebSite\",\"@id\":\"https:\/\/www.sejourprive.com\/#website\",\"url\":\"https:\/\/www.sejourprive.com\/\",\"name\":\"S\u00e9jour Priv\u00e9\",\"description\":\"Nous imaginons pour vous des s\u00e9jours d\u2019exception.\",\"publisher\":{\"@id\":\"https:\/\/www.sejourprive.com\/#organization\"},\"potentialAction\":[{\"@type\":\"SearchAction\",\"target\":{\"@type\":\"EntryPoint\",\"urlTemplate\":\"https:\/\/www.sejourprive.com\/?s={search_term_string}\"},\"query-input\":{\"@type\":\"PropertyValueSpecification\",\"valueRequired\":true,\"valueName\":\"search_term_string\"}}],\"inLanguage\":\"en-GB\"},{\"@type\":\"Organization\",\"@id\":\"https:\/\/www.sejourprive.com\/#organization\",\"name\":\"S\u00e9jour Priv\u00e9\",\"url\":\"https:\/\/www.sejourprive.com\/\",\"logo\":{\"@type\":\"ImageObject\",\"inLanguage\":\"en-GB\",\"@id\":\"https:\/\/www.sejourprive.com\/#\/schema\/logo\/image\/\",\"url\":\"https:\/\/www.sejourprive.com\/wp-content\/uploads\/2026\/02\/SP-Apple-touch-144-couleur-1-2.png\",\"contentUrl\":\"https:\/\/www.sejourprive.com\/wp-content\/uploads\/2026\/02\/SP-Apple-touch-144-couleur-1-2.png\",\"width\":145,\"height\":145,\"caption\":\"S\u00e9jour Priv\u00e9\"},\"image\":{\"@id\":\"https:\/\/www.sejourprive.com\/#\/schema\/logo\/image\/\"}}]}<\/script>\n<!-- \/ Yoast SEO plugin. -->","yoast_head_json":{"title":"Gobelins | \u00c9l\u00e9gant appartement au c\u0153ur du Marais - S\u00e9jour Priv\u00e9","description":"\u00c0 deux pas du Marais et du mus\u00e9e national Picasso, cet appartement b\u00e9n\u00e9ficie d'un emplacement privil\u00e9gi\u00e9 au c\u0153ur de l'un des quartiers les plus","robots":{"index":"index","follow":"follow","max-snippet":"max-snippet:-1","max-image-preview":"max-image-preview:large","max-video-preview":"max-video-preview:-1"},"canonical":"https:\/\/www.sejourprive.com\/en\/biens\/gobelins-elegant-appartement-au-coeur-du-marais\/","og_locale":"en_GB","og_type":"article","og_title":"Gobelins | \u00c9l\u00e9gant appartement au c\u0153ur du Marais - S\u00e9jour Priv\u00e9","og_description":"\u00c0 deux pas du Marais et du mus\u00e9e national Picasso, cet appartement b\u00e9n\u00e9ficie d'un emplacement privil\u00e9gi\u00e9 au c\u0153ur de l'un des quartiers les plus","og_url":"https:\/\/www.sejourprive.com\/en\/biens\/gobelins-elegant-appartement-au-coeur-du-marais\/","og_site_name":"S\u00e9jour Priv\u00e9","article_modified_time":"2026-02-11T21:26:25+00:00","og_image":[{"width":2560,"height":1707,"url":"https:\/\/www.sejourprive.com\/wp-content\/uploads\/2026\/01\/6_Gobelins_14_2x-scaled.jpg","type":"image\/jpeg"}],"twitter_card":"summary_large_image","twitter_misc":{"Estimated reading time":"2 minutes"},"schema":{"@context":"https:\/\/schema.org","@graph":[{"@type":"WebPage","@id":"https:\/\/www.sejourprive.com\/biens\/gobelins-elegant-appartement-au-coeur-du-marais\/","url":"https:\/\/www.sejourprive.com\/biens\/gobelins-elegant-appartement-au-coeur-du-marais\/","name":"Gobelins | \u00c9l\u00e9gant appartement au c\u0153ur du Marais - S\u00e9jour Priv\u00e9","isPartOf":{"@id":"https:\/\/www.sejourprive.com\/#website"},"primaryImageOfPage":{"@id":"https:\/\/www.sejourprive.com\/biens\/gobelins-elegant-appartement-au-coeur-du-marais\/#primaryimage"},"image":{"@id":"https:\/\/www.sejourprive.com\/biens\/gobelins-elegant-appartement-au-coeur-du-marais\/#primaryimage"},"thumbnailUrl":"https:\/\/www.sejourprive.com\/wp-content\/uploads\/2026\/01\/6_Gobelins_14_2x-scaled.jpg","datePublished":"2026-01-09T12:33:16+00:00","dateModified":"2026-02-11T21:26:25+00:00","description":"\u00c0 deux pas du Marais et du mus\u00e9e national Picasso, cet appartement b\u00e9n\u00e9ficie d'un emplacement privil\u00e9gi\u00e9 au c\u0153ur de l'un des quartiers les plus","breadcrumb":{"@id":"https:\/\/www.sejourprive.com\/biens\/gobelins-elegant-appartement-au-coeur-du-marais\/#breadcrumb"},"inLanguage":"en-GB","potentialAction":[{"@type":"ReadAction","target":["https:\/\/www.sejourprive.com\/biens\/gobelins-elegant-appartement-au-coeur-du-marais\/"]}]},{"@type":"ImageObject","inLanguage":"en-GB","@id":"https:\/\/www.sejourprive.com\/biens\/gobelins-elegant-appartement-au-coeur-du-marais\/#primaryimage","url":"https:\/\/www.sejourprive.com\/wp-content\/uploads\/2026\/01\/6_Gobelins_14_2x-scaled.jpg","contentUrl":"https:\/\/www.sejourprive.com\/wp-content\/uploads\/2026\/01\/6_Gobelins_14_2x-scaled.jpg","width":2560,"height":1707},{"@type":"BreadcrumbList","@id":"https:\/\/www.sejourprive.com\/biens\/gobelins-elegant-appartement-au-coeur-du-marais\/#breadcrumb","itemListElement":[{"@type":"ListItem","position":1,"name":"Accueil","item":"https:\/\/www.sejourprive.com\/"},{"@type":"ListItem","position":2,"name":"Shop","item":"https:\/\/www.sejourprive.com\/shop\/"},{"@type":"ListItem","position":3,"name":"Gobelins | \u00c9l\u00e9gant appartement au c\u0153ur du Marais"}]},{"@type":"WebSite","@id":"https:\/\/www.sejourprive.com\/#website","url":"https:\/\/www.sejourprive.com\/","name":"Private Stay","description":"We design exceptional holidays for you.","publisher":{"@id":"https:\/\/www.sejourprive.com\/#organization"},"potentialAction":[{"@type":"SearchAction","target":{"@type":"EntryPoint","urlTemplate":"https:\/\/www.sejourprive.com\/?s={search_term_string}"},"query-input":{"@type":"PropertyValueSpecification","valueRequired":true,"valueName":"search_term_string"}}],"inLanguage":"en-GB"},{"@type":"Organization","@id":"https:\/\/www.sejourprive.com\/#organization","name":"Private Stay","url":"https:\/\/www.sejourprive.com\/","logo":{"@type":"ImageObject","inLanguage":"en-GB","@id":"https:\/\/www.sejourprive.com\/#\/schema\/logo\/image\/","url":"https:\/\/www.sejourprive.com\/wp-content\/uploads\/2026\/02\/SP-Apple-touch-144-couleur-1-2.png","contentUrl":"https:\/\/www.sejourprive.com\/wp-content\/uploads\/2026\/02\/SP-Apple-touch-144-couleur-1-2.png","width":145,"height":145,"caption":"S\u00e9jour Priv\u00e9"},"image":{"@id":"https:\/\/www.sejourprive.com\/#\/schema\/logo\/image\/"}}]}},"_links":{"self":[{"href":"https:\/\/www.sejourprive.com\/en\/wp-json\/wp\/v2\/product\/12659","targetHints":{"allow":["GET"]}}],"collection":[{"href":"https:\/\/www.sejourprive.com\/en\/wp-json\/wp\/v2\/product"}],"about":[{"href":"https:\/\/www.sejourprive.com\/en\/wp-json\/wp\/v2\/types\/product"}],"replies":[{"embeddable":true,"href":"https:\/\/www.sejourprive.com\/en\/wp-json\/wp\/v2\/comments?post=12659"}],"version-history":[{"count":0,"href":"https:\/\/www.sejourprive.com\/en\/wp-json\/wp\/v2\/product\/12659\/revisions"}],"wp:featuredmedia":[{"embeddable":true,"href":"https:\/\/www.sejourprive.com\/en\/wp-json\/wp\/v2\/media\/13817"}],"wp:attachment":[{"href":"https:\/\/www.sejourprive.com\/en\/wp-json\/wp\/v2\/media?parent=12659"}],"wp:term":[{"taxonomy":"product_brand","embeddable":true,"href":"https:\/\/www.sejourprive.com\/en\/wp-json\/wp\/v2\/product_brand?post=12659"},{"taxonomy":"product_cat","embeddable":true,"href":"https:\/\/www.sejourprive.com\/en\/wp-json\/wp\/v2\/product_cat?post=12659"},{"taxonomy":"product_tag","embeddable":true,"href":"https:\/\/www.sejourprive.com\/en\/wp-json\/wp\/v2\/product_tag?post=12659"}],"curies":[{"name":"wp","href":"https:\/\/api.w.org\/{rel}","templated":true}]}}

<p>Just a stone's throw from the Marais district and the Picasso national museum, this flat enjoys a privileged location in the heart of one of Paris's most emblematic and lively districts. Just 50 metres from the Picasso museum and a five-minute walk from Place des Vosges, it offers an exceptional living environment, ideal for couples, solo travellers or business trips. Housed in a magnificent 17thᵉ century mansion listed as a Historic Monument, it combines historic charm with Parisian elegance.</p>
<p><span><div class="read-more-wrapper"><a class="read-more-button" data-target="read-more-69f2bade407e7" data-more-text="Read more" data-less-text="Read less"><span class="read-more-text">Read more</span></a><div id="read-more-69f2bade407e7" class="read-more-content"> </span>Located in the 3ᵉ arrondissement, in the heart of the famous Marais district, the flat is surrounded by art galleries, lively bars, renowned restaurants and original boutiques. Must-see addresses such as Merci and the BHV Marais are just a few steps away, making this an ideal starting point for discovering Paris on foot.</p>
<p>The flat, located on the second floor without a lift, has a unique decor combining antique furniture, engravings and carefully sourced objects. It can comfortably accommodate up to four people thanks to an elegant bedroom and a new sofa bed, both fitted with top-of-the-range bedding. The exceptional four-metre high ceilings provide a particularly light and spacious feel. All linen is provided, and every item of bedding has been chosen for optimum comfort, with mattresses, mattress toppers, high-quality pillows, individual protective undersheets and top-of-the-range duvets.</p>
<p>The separate kitchen is fully equipped for independent living. The flat also features two flat-screen TVs, free Wi-Fi internet access, a separate toilet and a separate bathroom with shower and bathtub. Offering comfort, character and an exceptional location, this is the ideal address for an authentic and refined Parisian experience.</div></div></p>

<p>À deux pas du Marais et du musée national Picasso, cet appartement bénéficie d&#8217;un emplacement privilégié au cœur de l&#8217;un&#8230;</p>

<!-- This site is optimized with the Yoast SEO plugin v26.6 - https://yoast.com/wordpress/plugins/seo/ -->
<title>Gobelins | Élégant appartement au cœur du Marais - Séjour Privé</title>
<meta name="description" content="À deux pas du Marais et du musée national Picasso, cet appartement bénéficie d&#039;un emplacement privilégié au cœur de l&#039;un des quartiers les plus" />
<meta name="robots" content="index, follow, max-snippet:-1, max-image-preview:large, max-video-preview:-1" />
<link rel="canonical" href="https://www.sejourprive.com/en/biens/gobelins-elegant-appartement-au-coeur-du-marais/" />
<meta property="og:locale" content="en_GB" />
<meta property="og:type" content="article" />
<meta property="og:title" content="Gobelins | Élégant appartement au cœur du Marais - Séjour Privé" />
<meta property="og:description" content="À deux pas du Marais et du musée national Picasso, cet appartement bénéficie d&#039;un emplacement privilégié au cœur de l&#039;un des quartiers les plus" />
<meta property="og:url" content="https://www.sejourprive.com/en/biens/gobelins-elegant-appartement-au-coeur-du-marais/" />
<meta property="og:site_name" content="Séjour Privé" />
<meta property="article:modified_time" content="2026-02-11T21:26:25+00:00" />
<meta property="og:image" content="https://www.sejourprive.com/wp-content/uploads/2026/01/6_Gobelins_14_2x-scaled.jpg" />
	<meta property="og:image:width" content="2560" />
	<meta property="og:image:height" content="1707" />
	<meta property="og:image:type" content="image/jpeg" />
<meta name="twitter:card" content="summary_large_image" />
<meta name="twitter:label1" content="Estimated reading time" />
	<meta name="twitter:data1" content="2 minutes" />
<script type="application/ld+json" class="yoast-schema-graph">{"@context":"https://schema.org","@graph":[{"@type":"WebPage","@id":"https://www.sejourprive.com/biens/gobelins-elegant-appartement-au-coeur-du-marais/","url":"https://www.sejourprive.com/biens/gobelins-elegant-appartement-au-coeur-du-marais/","name":"Gobelins | Élégant appartement au cœur du Marais - Séjour Privé","isPartOf":{"@id":"https://www.sejourprive.com/#website"},"primaryImageOfPage":{"@id":"https://www.sejourprive.com/biens/gobelins-elegant-appartement-au-coeur-du-marais/#primaryimage"},"image":{"@id":"https://www.sejourprive.com/biens/gobelins-elegant-appartement-au-coeur-du-marais/#primaryimage"},"thumbnailUrl":"https://www.sejourprive.com/wp-content/uploads/2026/01/6_Gobelins_14_2x-scaled.jpg","datePublished":"2026-01-09T12:33:16+00:00","dateModified":"2026-02-11T21:26:25+00:00","description":"À deux pas du Marais et du musée national Picasso, cet appartement bénéficie d'un emplacement privilégié au cœur de l'un des quartiers les plus","breadcrumb":{"@id":"https://www.sejourprive.com/biens/gobelins-elegant-appartement-au-coeur-du-marais/#breadcrumb"},"inLanguage":"en-GB","potentialAction":[{"@type":"ReadAction","target":["https://www.sejourprive.com/biens/gobelins-elegant-appartement-au-coeur-du-marais/"]}]},{"@type":"ImageObject","inLanguage":"en-GB","@id":"https://www.sejourprive.com/biens/gobelins-elegant-appartement-au-coeur-du-marais/#primaryimage","url":"https://www.sejourprive.com/wp-content/uploads/2026/01/6_Gobelins_14_2x-scaled.jpg","contentUrl":"https://www.sejourprive.com/wp-content/uploads/2026/01/6_Gobelins_14_2x-scaled.jpg","width":2560,"height":1707},{"@type":"BreadcrumbList","@id":"https://www.sejourprive.com/biens/gobelins-elegant-appartement-au-coeur-du-marais/#breadcrumb","itemListElement":[{"@type":"ListItem","position":1,"name":"Accueil","item":"https://www.sejourprive.com/"},{"@type":"ListItem","position":2,"name":"Shop","item":"https://www.sejourprive.com/shop/"},{"@type":"ListItem","position":3,"name":"Gobelins | Élégant appartement au cœur du Marais"}]},{"@type":"WebSite","@id":"https://www.sejourprive.com/#website","url":"https://www.sejourprive.com/","name":"Séjour Privé","description":"Nous imaginons pour vous des séjours d’exception.","publisher":{"@id":"https://www.sejourprive.com/#organization"},"potentialAction":[{"@type":"SearchAction","target":{"@type":"EntryPoint","urlTemplate":"https://www.sejourprive.com/?s={search_term_string}"},"query-input":{"@type":"PropertyValueSpecification","valueRequired":true,"valueName":"search_term_string"}}],"inLanguage":"en-GB"},{"@type":"Organization","@id":"https://www.sejourprive.com/#organization","name":"Séjour Privé","url":"https://www.sejourprive.com/","logo":{"@type":"ImageObject","inLanguage":"en-GB","@id":"https://www.sejourprive.com/#/schema/logo/image/","url":"https://www.sejourprive.com/wp-content/uploads/2026/02/SP-Apple-touch-144-couleur-1-2.png","contentUrl":"https://www.sejourprive.com/wp-content/uploads/2026/02/SP-Apple-touch-144-couleur-1-2.png","width":145,"height":145,"caption":"Séjour Privé"},"image":{"@id":"https://www.sejourprive.com/#/schema/logo/image/"}}]}</script>
<!-- / Yoast SEO plugin. -->

Gobelins | Élégant appartement au cœur du Marais - Séjour Privé

À deux pas du Marais et du musée national Picasso, cet appartement bénéficie d'un emplacement privilégié au cœur de l'un des quartiers les plus

Séjour Privé

Gobelins | Élégant appartement au cœur du Marais
